{"id":213165,"date":"2026-04-20T23:38:21","date_gmt":"2026-04-21T05:38:21","guid":{"rendered":"https:\/\/compuviper.mx\/tienda\/producto\/dahua-dhi-art-arc3000h-03-w2-kit-de-alarma-inalmbrico-con-conexin-wifi-y-ethernet-monitoreo-por-app-incluye-panel-wifi-ethernet-un-sensor-de-movimiento-un-contacto-magntico-un-control-remo\/"},"modified":"2026-04-20T23:38:21","modified_gmt":"2026-04-21T05:38:21","slug":"dahua-dhi-art-arc3000h-03-w2-kit-de-alarma-inalmbrico-con-conexin-wifi-y-ethernet-monitoreo-por-app-incluye-panel-wifi-ethernet-un-sensor-de-movimiento-un-contacto-magntico-un-control-remoto","status":"publish","type":"product","link":"https:\/\/compuviper.mx\/tienda\/producto\/dahua-dhi-art-arc3000h-03-w2-kit-de-alarma-inalmbrico-con-conexin-wifi-y-ethernet-monitoreo-por-app-incluye-panel-wifi-ethernet-un-sensor-de-movimiento-un-contacto-magntico-un-control-remoto\/","title":{"rendered":"Dahua Dhi-art-arc3000h-03-w2 Kit De Alarma  Inalmbrico Con Conexin Wifi Y Ethernet \/ Monitoreo Por App \/ Incluye Panel Wifi Ethernet Un Sensor De Movimiento Un Contacto Magntico Un Control Remoto"},"content":{"rendered":"<table class=\"descripcion\">\n<tr>\n<td>Dimensiones empaque 219,0 mm \u00d7 187,0 mm \u00d7 91,0 mm (largo \u00d7 ancho \u00d7 alto)<\/td>\n<\/tr>\n<tr>\n<td>Peso bruto 1,150 g<\/td>\n<\/tr>\n<tr>\n<td>Carcasa de policarbonato y pl\u00e1stico abs color blanco<\/td>\n<\/tr>\n<tr>\n<td>Funci\u00f3n de salto de frecuencia (433,1 mhz\u0096434,6 mhz) y tecnolog\u00eda de comunicaci\u00f3n bidireccional encriptada en aes128 garantizando la estabilidad de la comunicaci\u00f3n<\/td>\n<\/tr>\n<tr>\n<td>Actualizaci\u00f3n en la nube y recuperaci\u00f3n autom\u00e1tica de errores de actualizaci\u00f3n<\/td>\n<\/tr>\n<tr>\n<td>(especificaciones en particular de cada dispositivo en su respectiva p\u00e1gina)<\/td>\n<\/tr>\n<\/table>\n","protected":false},"excerpt":{"rendered":"<p>Un dise\u00f1o completamente actual y un sistema tecnol\u00f3gico avanzado hacen que la nueva generaci\u00f3n de productos de alarma de intrusi\u00f3n inal\u00e1mbrica por medio de un hub, sea mucho m\u00e1s f\u00e1cil de instalar, se vea mejor, se comunique de manera m\u00e1s confiable y funcione de manera estable. Desde la comodidad de las aplicaciones m\u00f3viles dmss (ios y android), administre y controle sus dispositivos, reciba notificaciones en tiempo real, realice operaciones remotas y m\u00e1s. El kit contiene un concentrador de alarma de intrusi\u00f3n (hub) modelo dhi-arc3000h-w2 para comunicaciones por cable ethernet o wifi, un sensor de movimiento modelo dhi-ard1233-w2, un contacto magn\u00e9tico modelo dhi-ard323-w2 y un control remoto dhi-ara24-w2. Caracter\u00edsticas principales. Conexi\u00f3n del hub por medio de red ethernet por cable, o wifi. Admite 150 perif\u00e9ricos inal\u00e1mbricos (6 sirenas, 64 llaveros inal\u00e1mbricos). Visualizaci\u00f3n del estado de los perif\u00e9ricos (intensidad de la se\u00f1al, nivel de bater\u00eda, temperatura, versi\u00f3n del programa). Reposici\u00f3n autom\u00e1tica de red (anr). Enlace de video en la aplicaci\u00f3n. Alarma de emergencia sos. La funci\u00f3n de salto de frecuencia y la tecnolog\u00eda de comunicaci\u00f3n bidireccional garantizan la estabilidad de la comunicaci\u00f3n. Actualizaci\u00f3n en la nube y recuperaci\u00f3n autom\u00e1tica de fallas de actualizaci\u00f3n. Protecci\u00f3n inteligente. Con la funci\u00f3n de salto de frecuencia (433,1 mhz\u0096434,6 mhz) y tecnolog\u00eda de comunicaci\u00f3n bidireccional encriptada en aes128, garantiza la estabilidad de la comunicaci\u00f3n. Adem\u00e1s, el dar de alta los dispositivos a trav\u00e9s de la app dmss por medio de c\u00f3digo qr, hace muy sencilla la instalaci\u00f3n del sistema de alarma y sus dispositivos. La mayor\u00eda de los dispositivos cuentan con indicador led de status de alarma, tamper antisabotaje, medici\u00f3n y alarma de bater\u00eda baja del dispositivo, medici\u00f3n de temperatura ambiente, detecci\u00f3n de intensidad de se\u00f1al, vinculaci\u00f3n alarma &#8211; sirena cuando se activa una alarma, integraci\u00f3n alarma &#8211; video a trav\u00e9s de la app dmss cuando se activa una alarma, configuraci\u00f3n remota, actualizaci\u00f3n en la nube y comprobaci\u00f3n del estado a trav\u00e9s de la aplicaci\u00f3n m\u00f3vil.<\/p>\n","protected":false},"featured_media":213166,"comment_status":"open","ping_status":"open","template":"","meta":[],"product_cat":[1592,1594],"product_tag":[1555],"acf":[],"yoast_head":"<!-- This site is optimized with the Yoast SEO plugin v21.7 - https:\/\/yoast.com\/wordpress\/plugins\/seo\/ -->\n<title>[ Dahua ] &#129351; Dhi-art-arc3000h-03-w2 Kit De Alarma Inalmbrico Con Conexin Wifi Y Ethernet \/ Monitoreo Por App \/ Incluye Panel Wifi Ethernet Un Sensor De Movimiento Un Contacto Magntico Un Control Remoto<\/title>\n<meta name=\"description\" content=\"Compra Dhi-art-arc3000h-03-w2 Kit De Alarma Inalmbrico Con Conexin Wifi Y Ethernet \/ Monitoreo Por App \/ Incluye Panel Wifi Ethernet Un Sensor De Movimiento Un Contacto Magntico Un Control Remoto + Env\u00edo a domicilio + Pago seguro + Garant\u00eda\" \/>\n<meta name=\"robots\" content=\"index, follow, max-snippet:-1, max-image-preview:large, max-video-preview:-1\" \/>\n<link rel=\"canonical\" href=\"https:\/\/compuviper.mx\/tienda\/producto\/dahua-dhi-art-arc3000h-03-w2-kit-de-alarma-inalmbrico-con-conexin-wifi-y-ethernet-monitoreo-por-app-incluye-panel-wifi-ethernet-un-sensor-de-movimiento-un-contacto-magntico-un-control-remoto\/\" \/>\n<meta property=\"og:locale\" content=\"es_MX\" \/>\n<meta property=\"og:type\" content=\"article\" \/>\n<meta property=\"og:title\" content=\"[ Dahua ] &#129351; Dhi-art-arc3000h-03-w2 Kit De Alarma Inalmbrico Con Conexin Wifi Y Ethernet \/ Monitoreo Por App \/ Incluye Panel Wifi Ethernet Un Sensor De Movimiento Un Contacto Magntico Un Control Remoto\" \/>\n<meta property=\"og:description\" content=\"Compra Dhi-art-arc3000h-03-w2 Kit De Alarma Inalmbrico Con Conexin Wifi Y Ethernet \/ Monitoreo Por App \/ Incluye Panel Wifi Ethernet Un Sensor De Movimiento Un Contacto Magntico Un Control Remoto + Env\u00edo a domicilio + Pago seguro + Garant\u00eda\" \/>\n<meta property=\"og:url\" content=\"https:\/\/compuviper.mx\/tienda\/producto\/dahua-dhi-art-arc3000h-03-w2-kit-de-alarma-inalmbrico-con-conexin-wifi-y-ethernet-monitoreo-por-app-incluye-panel-wifi-ethernet-un-sensor-de-movimiento-un-contacto-magntico-un-control-remoto\/\" \/>\n<meta property=\"og:site_name\" content=\"Compuviper\" \/>\n<meta property=\"article:publisher\" content=\"https:\/\/www.facebook.com\/compuviper\" \/>\n<meta property=\"og:image\" content=\"https:\/\/compuviper.mx\/tienda\/wp-content\/uploads\/2023\/12\/Kit-de-alarma-dahua-inalambrico-con-conexion-wifi-y-ethernet-monitoreo-por-app-incluye-panel-wifi-ethernet-un-sensor-de-movimiento-un-contacto-magnetico-un-control-remoto.jpg\" \/>\n\t<meta property=\"og:image:width\" content=\"200\" \/>\n\t<meta property=\"og:image:height\" content=\"200\" \/>\n\t<meta property=\"og:image:type\" content=\"image\/jpeg\" \/>\n<meta name=\"twitter:card\" content=\"summary_large_image\" \/>\n<meta name=\"twitter:label1\" content=\"Precio\" \/>\n\t<meta name=\"twitter:data1\" content=\"&#36;2,180 con IVA\" \/>\n\t<meta name=\"twitter:label2\" content=\"Availability\" \/>\n\t<meta name=\"twitter:data2\" content=\"Out of stock\" \/>\n<script type=\"application\/ld+json\" class=\"yoast-schema-graph\">{\"@context\":\"https:\/\/schema.org\",\"@graph\":[{\"@type\":\"WebPage\",\"@id\":\"https:\/\/compuviper.mx\/tienda\/producto\/dahua-dhi-art-arc3000h-03-w2-kit-de-alarma-inalmbrico-con-conexin-wifi-y-ethernet-monitoreo-por-app-incluye-panel-wifi-ethernet-un-sensor-de-movimiento-un-contacto-magntico-un-control-remoto\/\",\"url\":\"https:\/\/compuviper.mx\/tienda\/producto\/dahua-dhi-art-arc3000h-03-w2-kit-de-alarma-inalmbrico-con-conexin-wifi-y-ethernet-monitoreo-por-app-incluye-panel-wifi-ethernet-un-sensor-de-movimiento-un-contacto-magntico-un-control-remoto\/\",\"name\":\"[ Dahua ] &#129351; Dhi-art-arc3000h-03-w2 Kit De Alarma Inalmbrico Con Conexin Wifi Y Ethernet \/ Monitoreo Por App \/ Incluye Panel Wifi Ethernet Un Sensor De Movimiento Un Contacto Magntico Un Control Remoto\",\"isPartOf\":{\"@id\":\"https:\/\/compuviper.mx\/tienda\/#website\"},\"datePublished\":\"2026-04-21T05:38:21+00:00\",\"dateModified\":\"2026-04-21T05:38:21+00:00\",\"description\":\"Compra Dhi-art-arc3000h-03-w2 Kit De Alarma Inalmbrico Con Conexin Wifi Y Ethernet \/ Monitoreo Por App \/ Incluye Panel Wifi Ethernet Un Sensor De Movimiento Un Contacto Magntico Un Control Remoto + Env\u00edo a domicilio + Pago seguro + Garant\u00eda\",\"breadcrumb\":{\"@id\":\"https:\/\/compuviper.mx\/tienda\/producto\/dahua-dhi-art-arc3000h-03-w2-kit-de-alarma-inalmbrico-con-conexin-wifi-y-ethernet-monitoreo-por-app-incluye-panel-wifi-ethernet-un-sensor-de-movimiento-un-contacto-magntico-un-control-remoto\/#breadcrumb\"},\"inLanguage\":\"es-MX\",\"potentialAction\":[{\"@type\":\"ReadAction\",\"target\":[\"https:\/\/compuviper.mx\/tienda\/producto\/dahua-dhi-art-arc3000h-03-w2-kit-de-alarma-inalmbrico-con-conexin-wifi-y-ethernet-monitoreo-por-app-incluye-panel-wifi-ethernet-un-sensor-de-movimiento-un-contacto-magntico-un-control-remoto\/\"]}]},{\"@type\":\"BreadcrumbList\",\"@id\":\"https:\/\/compuviper.mx\/tienda\/producto\/dahua-dhi-art-arc3000h-03-w2-kit-de-alarma-inalmbrico-con-conexin-wifi-y-ethernet-monitoreo-por-app-incluye-panel-wifi-ethernet-un-sensor-de-movimiento-un-contacto-magntico-un-control-remoto\/#breadcrumb\",\"itemListElement\":[{\"@type\":\"ListItem\",\"position\":1,\"name\":\"Inicio\",\"item\":\"https:\/\/compuviper.mx\/tienda\/\"},{\"@type\":\"ListItem\",\"position\":2,\"name\":\"Productos\",\"item\":\"https:\/\/compuviper.mx\/tienda\/productos\/\"},{\"@type\":\"ListItem\",\"position\":3,\"name\":\"Alarmas\",\"item\":\"https:\/\/compuviper.mx\/tienda\/categoria-producto\/alarmas\/\"},{\"@type\":\"ListItem\",\"position\":4,\"name\":\"Panel De Alarma\",\"item\":\"https:\/\/compuviper.mx\/tienda\/categoria-producto\/alarmas\/panel-de-alarma\/\"},{\"@type\":\"ListItem\",\"position\":5,\"name\":\"Dahua Dhi-art-arc3000h-03-w2 Kit De Alarma Inalmbrico Con Conexin Wifi Y Ethernet \/ Monitoreo Por App \/ Incluye Panel Wifi Ethernet Un Sensor De Movimiento Un Contacto Magntico Un Control Remoto\"}]},{\"@type\":\"WebSite\",\"@id\":\"https:\/\/compuviper.mx\/tienda\/#website\",\"url\":\"https:\/\/compuviper.mx\/tienda\/\",\"name\":\"Compuviper\",\"description\":\"Proveedor de Computadoras, Laptops, Servidores, Monitores, Puntos de Venta, Teclados,   Impresoras, T\u00f3ner, C\u00e1maras de Seguridad y m\u00e1s en tu tienda en l\u00ednea\",\"publisher\":{\"@id\":\"https:\/\/compuviper.mx\/tienda\/#organization\"},\"potentialAction\":[{\"@type\":\"SearchAction\",\"target\":{\"@type\":\"EntryPoint\",\"urlTemplate\":\"https:\/\/compuviper.mx\/tienda\/?s={search_term_string}\"},\"query-input\":\"required name=search_term_string\"}],\"inLanguage\":\"es-MX\"},{\"@type\":\"Organization\",\"@id\":\"https:\/\/compuviper.mx\/tienda\/#organization\",\"name\":\"Compuviper\",\"url\":\"https:\/\/compuviper.mx\/tienda\/\",\"logo\":{\"@type\":\"ImageObject\",\"inLanguage\":\"es-MX\",\"@id\":\"https:\/\/compuviper.mx\/tienda\/#\/schema\/logo\/image\/\",\"url\":\"https:\/\/compuviper.mx\/tienda\/wp-content\/uploads\/2021\/08\/Logo-Compuviper-10.png\",\"contentUrl\":\"https:\/\/compuviper.mx\/tienda\/wp-content\/uploads\/2021\/08\/Logo-Compuviper-10.png\",\"width\":1000,\"height\":500,\"caption\":\"Compuviper\"},\"image\":{\"@id\":\"https:\/\/compuviper.mx\/tienda\/#\/schema\/logo\/image\/\"},\"sameAs\":[\"https:\/\/www.facebook.com\/compuviper\",\"https:\/\/www.youtube.com\/channel\/UCf73dERp9Y3cfOq7q8BhLjA?view_as=subscriber\"]}]}<\/script>\n<meta property=\"product:brand\" content=\"DAHUA\" \/>\n<meta property=\"product:price:amount\" content=\"2180\" \/>\n<meta property=\"product:price:currency\" content=\"MXN\" \/>\n<meta property=\"og:availability\" content=\"out of stock\" \/>\n<meta property=\"product:availability\" content=\"out of stock\" \/>\n<meta property=\"product:retailer_item_id\" content=\"DHI-ART-ARC3000H-03-W2\" \/>\n<meta property=\"product:condition\" content=\"new\" \/>\n<!-- \/ Yoast SEO plugin. -->","yoast_head_json":{"title":"[ Dahua ] &#129351; Dhi-art-arc3000h-03-w2 Kit De Alarma Inalmbrico Con Conexin Wifi Y Ethernet \/ Monitoreo Por App \/ Incluye Panel Wifi Ethernet Un Sensor De Movimiento Un Contacto Magntico Un Control Remoto","description":"Compra Dhi-art-arc3000h-03-w2 Kit De Alarma Inalmbrico Con Conexin Wifi Y Ethernet \/ Monitoreo Por App \/ Incluye Panel Wifi Ethernet Un Sensor De Movimiento Un Contacto Magntico Un Control Remoto + Env\u00edo a domicilio + Pago seguro + Garant\u00eda","robots":{"index":"index","follow":"follow","max-snippet":"max-snippet:-1","max-image-preview":"max-image-preview:large","max-video-preview":"max-video-preview:-1"},"canonical":"https:\/\/compuviper.mx\/tienda\/producto\/dahua-dhi-art-arc3000h-03-w2-kit-de-alarma-inalmbrico-con-conexin-wifi-y-ethernet-monitoreo-por-app-incluye-panel-wifi-ethernet-un-sensor-de-movimiento-un-contacto-magntico-un-control-remoto\/","og_locale":"es_MX","og_type":"article","og_title":"[ Dahua ] &#129351; Dhi-art-arc3000h-03-w2 Kit De Alarma Inalmbrico Con Conexin Wifi Y Ethernet \/ Monitoreo Por App \/ Incluye Panel Wifi Ethernet Un Sensor De Movimiento Un Contacto Magntico Un Control Remoto","og_description":"Compra Dhi-art-arc3000h-03-w2 Kit De Alarma Inalmbrico Con Conexin Wifi Y Ethernet \/ Monitoreo Por App \/ Incluye Panel Wifi Ethernet Un Sensor De Movimiento Un Contacto Magntico Un Control Remoto + Env\u00edo a domicilio + Pago seguro + Garant\u00eda","og_url":"https:\/\/compuviper.mx\/tienda\/producto\/dahua-dhi-art-arc3000h-03-w2-kit-de-alarma-inalmbrico-con-conexin-wifi-y-ethernet-monitoreo-por-app-incluye-panel-wifi-ethernet-un-sensor-de-movimiento-un-contacto-magntico-un-control-remoto\/","og_site_name":"Compuviper","article_publisher":"https:\/\/www.facebook.com\/compuviper","og_image":[{"width":200,"height":200,"url":"https:\/\/compuviper.mx\/tienda\/wp-content\/uploads\/2023\/12\/Kit-de-alarma-dahua-inalambrico-con-conexion-wifi-y-ethernet-monitoreo-por-app-incluye-panel-wifi-ethernet-un-sensor-de-movimiento-un-contacto-magnetico-un-control-remoto.jpg","type":"image\/jpeg"}],"twitter_card":"summary_large_image","twitter_misc":{"Precio":"&#36;2,180 con IVA","Availability":"Out of stock"},"schema":{"@context":"https:\/\/schema.org","@graph":[{"@type":"WebPage","@id":"https:\/\/compuviper.mx\/tienda\/producto\/dahua-dhi-art-arc3000h-03-w2-kit-de-alarma-inalmbrico-con-conexin-wifi-y-ethernet-monitoreo-por-app-incluye-panel-wifi-ethernet-un-sensor-de-movimiento-un-contacto-magntico-un-control-remoto\/","url":"https:\/\/compuviper.mx\/tienda\/producto\/dahua-dhi-art-arc3000h-03-w2-kit-de-alarma-inalmbrico-con-conexin-wifi-y-ethernet-monitoreo-por-app-incluye-panel-wifi-ethernet-un-sensor-de-movimiento-un-contacto-magntico-un-control-remoto\/","name":"[ Dahua ] &#129351; Dhi-art-arc3000h-03-w2 Kit De Alarma Inalmbrico Con Conexin Wifi Y Ethernet \/ Monitoreo Por App \/ Incluye Panel Wifi Ethernet Un Sensor De Movimiento Un Contacto Magntico Un Control Remoto","isPartOf":{"@id":"https:\/\/compuviper.mx\/tienda\/#website"},"datePublished":"2026-04-21T05:38:21+00:00","dateModified":"2026-04-21T05:38:21+00:00","description":"Compra Dhi-art-arc3000h-03-w2 Kit De Alarma Inalmbrico Con Conexin Wifi Y Ethernet \/ Monitoreo Por App \/ Incluye Panel Wifi Ethernet Un Sensor De Movimiento Un Contacto Magntico Un Control Remoto + Env\u00edo a domicilio + Pago seguro + Garant\u00eda","breadcrumb":{"@id":"https:\/\/compuviper.mx\/tienda\/producto\/dahua-dhi-art-arc3000h-03-w2-kit-de-alarma-inalmbrico-con-conexin-wifi-y-ethernet-monitoreo-por-app-incluye-panel-wifi-ethernet-un-sensor-de-movimiento-un-contacto-magntico-un-control-remoto\/#breadcrumb"},"inLanguage":"es-MX","potentialAction":[{"@type":"ReadAction","target":["https:\/\/compuviper.mx\/tienda\/producto\/dahua-dhi-art-arc3000h-03-w2-kit-de-alarma-inalmbrico-con-conexin-wifi-y-ethernet-monitoreo-por-app-incluye-panel-wifi-ethernet-un-sensor-de-movimiento-un-contacto-magntico-un-control-remoto\/"]}]},{"@type":"BreadcrumbList","@id":"https:\/\/compuviper.mx\/tienda\/producto\/dahua-dhi-art-arc3000h-03-w2-kit-de-alarma-inalmbrico-con-conexin-wifi-y-ethernet-monitoreo-por-app-incluye-panel-wifi-ethernet-un-sensor-de-movimiento-un-contacto-magntico-un-control-remoto\/#breadcrumb","itemListElement":[{"@type":"ListItem","position":1,"name":"Inicio","item":"https:\/\/compuviper.mx\/tienda\/"},{"@type":"ListItem","position":2,"name":"Productos","item":"https:\/\/compuviper.mx\/tienda\/productos\/"},{"@type":"ListItem","position":3,"name":"Alarmas","item":"https:\/\/compuviper.mx\/tienda\/categoria-producto\/alarmas\/"},{"@type":"ListItem","position":4,"name":"Panel De Alarma","item":"https:\/\/compuviper.mx\/tienda\/categoria-producto\/alarmas\/panel-de-alarma\/"},{"@type":"ListItem","position":5,"name":"Dahua Dhi-art-arc3000h-03-w2 Kit De Alarma Inalmbrico Con Conexin Wifi Y Ethernet \/ Monitoreo Por App \/ Incluye Panel Wifi Ethernet Un Sensor De Movimiento Un Contacto Magntico Un Control Remoto"}]},{"@type":"WebSite","@id":"https:\/\/compuviper.mx\/tienda\/#website","url":"https:\/\/compuviper.mx\/tienda\/","name":"Compuviper","description":"Proveedor de Computadoras, Laptops, Servidores, Monitores, Puntos de Venta, Teclados,   Impresoras, T\u00f3ner, C\u00e1maras de Seguridad y m\u00e1s en tu tienda en l\u00ednea","publisher":{"@id":"https:\/\/compuviper.mx\/tienda\/#organization"},"potentialAction":[{"@type":"SearchAction","target":{"@type":"EntryPoint","urlTemplate":"https:\/\/compuviper.mx\/tienda\/?s={search_term_string}"},"query-input":"required name=search_term_string"}],"inLanguage":"es-MX"},{"@type":"Organization","@id":"https:\/\/compuviper.mx\/tienda\/#organization","name":"Compuviper","url":"https:\/\/compuviper.mx\/tienda\/","logo":{"@type":"ImageObject","inLanguage":"es-MX","@id":"https:\/\/compuviper.mx\/tienda\/#\/schema\/logo\/image\/","url":"https:\/\/compuviper.mx\/tienda\/wp-content\/uploads\/2021\/08\/Logo-Compuviper-10.png","contentUrl":"https:\/\/compuviper.mx\/tienda\/wp-content\/uploads\/2021\/08\/Logo-Compuviper-10.png","width":1000,"height":500,"caption":"Compuviper"},"image":{"@id":"https:\/\/compuviper.mx\/tienda\/#\/schema\/logo\/image\/"},"sameAs":["https:\/\/www.facebook.com\/compuviper","https:\/\/www.youtube.com\/channel\/UCf73dERp9Y3cfOq7q8BhLjA?view_as=subscriber"]}]},"product_brand":"DAHUA","product_price_amount":"2180","product_price_currency":"MXN","og_availability":"out of stock","product_availability":"out of stock","product_retailer_item_id":"DHI-ART-ARC3000H-03-W2","product_condition":"new"},"_links":{"self":[{"href":"https:\/\/compuviper.mx\/tienda\/wp-json\/wp\/v2\/product\/213165"}],"collection":[{"href":"https:\/\/compuviper.mx\/tienda\/wp-json\/wp\/v2\/product"}],"about":[{"href":"https:\/\/compuviper.mx\/tienda\/wp-json\/wp\/v2\/types\/product"}],"replies":[{"embeddable":true,"href":"https:\/\/compuviper.mx\/tienda\/wp-json\/wp\/v2\/comments?post=213165"}],"wp:featuredmedia":[{"embeddable":true,"href":"https:\/\/compuviper.mx\/tienda\/wp-json\/wp\/v2\/media\/213166"}],"wp:attachment":[{"href":"https:\/\/compuviper.mx\/tienda\/wp-json\/wp\/v2\/media?parent=213165"}],"wp:term":[{"taxonomy":"product_cat","embeddable":true,"href":"https:\/\/compuviper.mx\/tienda\/wp-json\/wp\/v2\/product_cat?post=213165"},{"taxonomy":"product_tag","embeddable":true,"href":"https:\/\/compuviper.mx\/tienda\/wp-json\/wp\/v2\/product_tag?post=213165"}],"curies":[{"name":"wp","href":"https:\/\/api.w.org\/{rel}","templated":true}]}}