{"id":213089,"date":"2026-04-01T23:35:24","date_gmt":"2026-04-02T05:35:24","guid":{"rendered":"https:\/\/compuviper.mx\/tienda\/producto\/manhattan-462112-soporte-tableta-antirrobo-multipropsito-negro\/"},"modified":"2026-04-01T23:35:25","modified_gmt":"2026-04-02T05:35:25","slug":"manhattan-462112-soporte-tableta-antirrobo-multipropsito-negro","status":"publish","type":"product","link":"https:\/\/compuviper.mx\/tienda\/producto\/manhattan-462112-soporte-tableta-antirrobo-multipropsito-negro\/","title":{"rendered":"Manhattan 462112 Soporte Tableta,,, Antirrobo, Multipropsito, Negro"},"content":{"rendered":"<table class=\"descripcion\">\n<tr>\n<td>Este soporte para tablet o ipad 2 en 1, soporte de escritorio con cerradura y<\/td>\n<\/tr>\n<tr>\n<td>Soporte de montaje en pared de manhattan dise\u00f1ado para una f\u00e1cil interacci\u00f3n.<\/td>\n<\/tr>\n<tr>\n<td>Puedes colocarlo sobre una mesa con la opci\u00f3n adicional de atornillarlo all\u00ed para<\/td>\n<\/tr>\n<tr>\n<td>Un soporte a prueba de manipulaciones, o puedes montarlo en una pared.<\/td>\n<\/tr>\n<tr>\n<td>Como soporte antirrobo para tableta con movimiento completo inspirado en el<\/td>\n<\/tr>\n<tr>\n<td>Comercio minorista, puedes usarlo como terminal de punto de venta, para el<\/td>\n<\/tr>\n<tr>\n<td>Registro de invitados en un mostrador, para mostrar se\u00f1alizaci\u00f3n digital, en stands de ferias comerciales y m\u00e1s. tambi\u00e9n puedes usarlo simplemente como<\/td>\n<\/tr>\n<tr>\n<td>Una segunda pantalla en tu escritorio. es compatible con tabletas ipad\u00ae,<\/td>\n<\/tr>\n<tr>\n<td>Samsung\u00ae y microsoft\u00ae y muchas m\u00e1s.<\/td>\n<\/tr>\n<\/table>\n","protected":false},"excerpt":{"rendered":"<p>Features.  Soporte de quiosco seguro y antirrobo que se ajusta para adaptarse a. Todas las marcas y tama\u00f1os de tabletas de 7.9a 10.5.  Para usar como una base independiente que se puede atornillar a un. Escritorio o un soporte que se puede montar en una pared. Incluye los. Materiales para el montaje.  Rotaci\u00f3n completa de 360\u00b0 para orientaci\u00f3n de pantalla horizontal o. Vertical.  Inclinaci\u00f3n de +\/- 70\u00b0 y giro de 330\u00b0 para facilitar y hacer m\u00e1s c\u00f3moda. La vista del dispositivo.  Asegurado con cerradura de llave, dos llaves incluidas.  Acomodo interno de los cables para mantenerlos ocultos dentro del. Poste.  Construcci\u00f3n robusta de acero con recubrimiento de polvo antiest\u00e1tico.  Dise\u00f1o abierto para acceso completo a todos los puertos, botones. C\u00e1mara frontal y trasera.  Parte posterior suave y almohadillas de espuma incluidas para evitar. Ara\u00f1azos en tu dispositivo.  Compatible con la mayor\u00eda de tabletas de 7.9 a 10.5 como ipad\u00ae. Ipad air\u00ae, ipad mini\u00ae, samsung\u00ae galaxy tab, microsoft\u00ae surface?. Pro y surface go. Ideal como segunda pantalla en tu escritorio, una terminal de punto de. Venta, para el registro de invitados en un mostrador, para colocar. Se\u00f1alizaci\u00f3n digital, en stands de ferias comerciales y m\u00e1s. Especificaciones. Generalidades. \u0095 certificaciones: rohs. \u0095 rotaci\u00f3n: 360?. \u0095 inclinaci\u00f3n: +\/- 70?. \u0095 giratorio: 330?. \u0095 brazos expandibles.  &#8211; altura ajustable: 196 a 270 mm.  &#8211; ancho ajustable: 134 a 197 mm. \u0095 dimensiones del poste (largo x ancho x alto): 30 x 30 x 227 mm. \u0095 dimensiones de la base (largo x ancho x alto): 86 x 86 x 23 mm. \u0095 peso neto: 1 kg. \u0095 peso bruto: 1,23 kg. \u0095 materiales: acero y pl\u00e1stico. Contenido del paquete. \u0095 soporte para tablet o ipad 2 en 1, soporte de escritorio con cerradura y. Soporte de montaje en pared. \u0095 material para montaje e instrucciones. \u0095 cerradura con dos llaves<\/p>\n","protected":false},"featured_media":213090,"comment_status":"open","ping_status":"open","template":"","meta":[],"product_cat":[2321,2265],"product_tag":[1487],"acf":[],"yoast_head":"<!-- This site is optimized with the Yoast SEO plugin v21.7 - https:\/\/yoast.com\/wordpress\/plugins\/seo\/ -->\n<title>[ Manhattan ] &#129351; 462112 Soporte Tableta,,, Antirrobo, Multipropsito, Negro<\/title>\n<meta name=\"description\" content=\"Compra 462112 Soporte Tableta,,, Antirrobo, Multipropsito, Negro + Env\u00edo a domicilio + Pago seguro + Garant\u00eda\" \/>\n<meta name=\"robots\" content=\"index, follow, max-snippet:-1, max-image-preview:large, max-video-preview:-1\" \/>\n<link rel=\"canonical\" href=\"https:\/\/compuviper.mx\/tienda\/producto\/manhattan-462112-soporte-tableta-antirrobo-multipropsito-negro\/\" \/>\n<meta property=\"og:locale\" content=\"es_MX\" \/>\n<meta property=\"og:type\" content=\"article\" \/>\n<meta property=\"og:title\" content=\"[ Manhattan ] &#129351; 462112 Soporte Tableta,,, Antirrobo, Multipropsito, Negro\" \/>\n<meta property=\"og:description\" content=\"Compra 462112 Soporte Tableta,,, Antirrobo, Multipropsito, Negro + Env\u00edo a domicilio + Pago seguro + Garant\u00eda\" \/>\n<meta property=\"og:url\" content=\"https:\/\/compuviper.mx\/tienda\/producto\/manhattan-462112-soporte-tableta-antirrobo-multipropsito-negro\/\" \/>\n<meta property=\"og:site_name\" content=\"Compuviper\" \/>\n<meta property=\"article:publisher\" content=\"https:\/\/www.facebook.com\/compuviper\" \/>\n<meta property=\"article:modified_time\" content=\"2026-04-02T05:35:25+00:00\" \/>\n<meta property=\"og:image\" content=\"https:\/\/compuviper.mx\/tienda\/wp-content\/uploads\/2023\/12\/Soporte-tabletamanhattan462112-antirrobo-multiproposito-negro.jpg\" \/>\n\t<meta property=\"og:image:width\" content=\"200\" \/>\n\t<meta property=\"og:image:height\" content=\"200\" \/>\n\t<meta property=\"og:image:type\" content=\"image\/jpeg\" \/>\n<meta name=\"twitter:card\" content=\"summary_large_image\" \/>\n<meta name=\"twitter:label1\" content=\"Precio\" \/>\n\t<meta name=\"twitter:data1\" content=\"&#36;734 con IVA\" \/>\n\t<meta name=\"twitter:label2\" content=\"Availability\" \/>\n\t<meta name=\"twitter:data2\" content=\"In stock\" \/>\n<script type=\"application\/ld+json\" class=\"yoast-schema-graph\">{\"@context\":\"https:\/\/schema.org\",\"@graph\":[{\"@type\":\"WebPage\",\"@id\":\"https:\/\/compuviper.mx\/tienda\/producto\/manhattan-462112-soporte-tableta-antirrobo-multipropsito-negro\/\",\"url\":\"https:\/\/compuviper.mx\/tienda\/producto\/manhattan-462112-soporte-tableta-antirrobo-multipropsito-negro\/\",\"name\":\"[ Manhattan ] &#129351; 462112 Soporte Tableta,,, Antirrobo, Multipropsito, Negro\",\"isPartOf\":{\"@id\":\"https:\/\/compuviper.mx\/tienda\/#website\"},\"datePublished\":\"2026-04-02T05:35:24+00:00\",\"dateModified\":\"2026-04-02T05:35:25+00:00\",\"description\":\"Compra 462112 Soporte Tableta,,, Antirrobo, Multipropsito, Negro + Env\u00edo a domicilio + Pago seguro + Garant\u00eda\",\"breadcrumb\":{\"@id\":\"https:\/\/compuviper.mx\/tienda\/producto\/manhattan-462112-soporte-tableta-antirrobo-multipropsito-negro\/#breadcrumb\"},\"inLanguage\":\"es-MX\",\"potentialAction\":[{\"@type\":\"ReadAction\",\"target\":[\"https:\/\/compuviper.mx\/tienda\/producto\/manhattan-462112-soporte-tableta-antirrobo-multipropsito-negro\/\"]}]},{\"@type\":\"BreadcrumbList\",\"@id\":\"https:\/\/compuviper.mx\/tienda\/producto\/manhattan-462112-soporte-tableta-antirrobo-multipropsito-negro\/#breadcrumb\",\"itemListElement\":[{\"@type\":\"ListItem\",\"position\":1,\"name\":\"Inicio\",\"item\":\"https:\/\/compuviper.mx\/tienda\/\"},{\"@type\":\"ListItem\",\"position\":2,\"name\":\"Productos\",\"item\":\"https:\/\/compuviper.mx\/tienda\/productos\/\"},{\"@type\":\"ListItem\",\"position\":3,\"name\":\"Soportes Y Bases P\/tv\/ Proyectores\/dvd\/consolas\/bocinas\/pantallas\/monotores\",\"item\":\"https:\/\/compuviper.mx\/tienda\/categoria-producto\/soportes-y-bases-p-tv-proyectores-dvd-consolas-bocinas-pantallas-monotores\/\"},{\"@type\":\"ListItem\",\"position\":4,\"name\":\"Soporte Y Base Para Tv\/pantallas\/monitores\/kiosko\",\"item\":\"https:\/\/compuviper.mx\/tienda\/categoria-producto\/soportes-y-bases-p-tv-proyectores-dvd-consolas-bocinas-pantallas-monotores\/soporte-y-base-para-tv-pantallas-monitores-kiosko\/\"},{\"@type\":\"ListItem\",\"position\":5,\"name\":\"Manhattan 462112 Soporte Tableta,,, Antirrobo, Multipropsito, Negro\"}]},{\"@type\":\"WebSite\",\"@id\":\"https:\/\/compuviper.mx\/tienda\/#website\",\"url\":\"https:\/\/compuviper.mx\/tienda\/\",\"name\":\"Compuviper\",\"description\":\"Proveedor de Computadoras, Laptops, Servidores, Monitores, Puntos de Venta, Teclados,   Impresoras, T\u00f3ner, C\u00e1maras de Seguridad y m\u00e1s en tu tienda en l\u00ednea\",\"publisher\":{\"@id\":\"https:\/\/compuviper.mx\/tienda\/#organization\"},\"potentialAction\":[{\"@type\":\"SearchAction\",\"target\":{\"@type\":\"EntryPoint\",\"urlTemplate\":\"https:\/\/compuviper.mx\/tienda\/?s={search_term_string}\"},\"query-input\":\"required name=search_term_string\"}],\"inLanguage\":\"es-MX\"},{\"@type\":\"Organization\",\"@id\":\"https:\/\/compuviper.mx\/tienda\/#organization\",\"name\":\"Compuviper\",\"url\":\"https:\/\/compuviper.mx\/tienda\/\",\"logo\":{\"@type\":\"ImageObject\",\"inLanguage\":\"es-MX\",\"@id\":\"https:\/\/compuviper.mx\/tienda\/#\/schema\/logo\/image\/\",\"url\":\"https:\/\/compuviper.mx\/tienda\/wp-content\/uploads\/2021\/08\/Logo-Compuviper-10.png\",\"contentUrl\":\"https:\/\/compuviper.mx\/tienda\/wp-content\/uploads\/2021\/08\/Logo-Compuviper-10.png\",\"width\":1000,\"height\":500,\"caption\":\"Compuviper\"},\"image\":{\"@id\":\"https:\/\/compuviper.mx\/tienda\/#\/schema\/logo\/image\/\"},\"sameAs\":[\"https:\/\/www.facebook.com\/compuviper\",\"https:\/\/www.youtube.com\/channel\/UCf73dERp9Y3cfOq7q8BhLjA?view_as=subscriber\"]}]}<\/script>\n<meta property=\"product:brand\" content=\"MANHATTAN\" \/>\n<meta property=\"product:price:amount\" content=\"734\" \/>\n<meta property=\"product:price:currency\" content=\"MXN\" \/>\n<meta property=\"og:availability\" content=\"instock\" \/>\n<meta property=\"product:availability\" content=\"instock\" \/>\n<meta property=\"product:retailer_item_id\" content=\"462112\" \/>\n<meta property=\"product:condition\" content=\"new\" \/>\n<!-- \/ Yoast SEO plugin. -->","yoast_head_json":{"title":"[ Manhattan ] &#129351; 462112 Soporte Tableta,,, Antirrobo, Multipropsito, Negro","description":"Compra 462112 Soporte Tableta,,, Antirrobo, Multipropsito, Negro + Env\u00edo a domicilio + Pago seguro + Garant\u00eda","robots":{"index":"index","follow":"follow","max-snippet":"max-snippet:-1","max-image-preview":"max-image-preview:large","max-video-preview":"max-video-preview:-1"},"canonical":"https:\/\/compuviper.mx\/tienda\/producto\/manhattan-462112-soporte-tableta-antirrobo-multipropsito-negro\/","og_locale":"es_MX","og_type":"article","og_title":"[ Manhattan ] &#129351; 462112 Soporte Tableta,,, Antirrobo, Multipropsito, Negro","og_description":"Compra 462112 Soporte Tableta,,, Antirrobo, Multipropsito, Negro + Env\u00edo a domicilio + Pago seguro + Garant\u00eda","og_url":"https:\/\/compuviper.mx\/tienda\/producto\/manhattan-462112-soporte-tableta-antirrobo-multipropsito-negro\/","og_site_name":"Compuviper","article_publisher":"https:\/\/www.facebook.com\/compuviper","article_modified_time":"2026-04-02T05:35:25+00:00","og_image":[{"width":200,"height":200,"url":"https:\/\/compuviper.mx\/tienda\/wp-content\/uploads\/2023\/12\/Soporte-tabletamanhattan462112-antirrobo-multiproposito-negro.jpg","type":"image\/jpeg"}],"twitter_card":"summary_large_image","twitter_misc":{"Precio":"&#36;734 con IVA","Availability":"In stock"},"schema":{"@context":"https:\/\/schema.org","@graph":[{"@type":"WebPage","@id":"https:\/\/compuviper.mx\/tienda\/producto\/manhattan-462112-soporte-tableta-antirrobo-multipropsito-negro\/","url":"https:\/\/compuviper.mx\/tienda\/producto\/manhattan-462112-soporte-tableta-antirrobo-multipropsito-negro\/","name":"[ Manhattan ] &#129351; 462112 Soporte Tableta,,, Antirrobo, Multipropsito, Negro","isPartOf":{"@id":"https:\/\/compuviper.mx\/tienda\/#website"},"datePublished":"2026-04-02T05:35:24+00:00","dateModified":"2026-04-02T05:35:25+00:00","description":"Compra 462112 Soporte Tableta,,, Antirrobo, Multipropsito, Negro + Env\u00edo a domicilio + Pago seguro + Garant\u00eda","breadcrumb":{"@id":"https:\/\/compuviper.mx\/tienda\/producto\/manhattan-462112-soporte-tableta-antirrobo-multipropsito-negro\/#breadcrumb"},"inLanguage":"es-MX","potentialAction":[{"@type":"ReadAction","target":["https:\/\/compuviper.mx\/tienda\/producto\/manhattan-462112-soporte-tableta-antirrobo-multipropsito-negro\/"]}]},{"@type":"BreadcrumbList","@id":"https:\/\/compuviper.mx\/tienda\/producto\/manhattan-462112-soporte-tableta-antirrobo-multipropsito-negro\/#breadcrumb","itemListElement":[{"@type":"ListItem","position":1,"name":"Inicio","item":"https:\/\/compuviper.mx\/tienda\/"},{"@type":"ListItem","position":2,"name":"Productos","item":"https:\/\/compuviper.mx\/tienda\/productos\/"},{"@type":"ListItem","position":3,"name":"Soportes Y Bases P\/tv\/ Proyectores\/dvd\/consolas\/bocinas\/pantallas\/monotores","item":"https:\/\/compuviper.mx\/tienda\/categoria-producto\/soportes-y-bases-p-tv-proyectores-dvd-consolas-bocinas-pantallas-monotores\/"},{"@type":"ListItem","position":4,"name":"Soporte Y Base Para Tv\/pantallas\/monitores\/kiosko","item":"https:\/\/compuviper.mx\/tienda\/categoria-producto\/soportes-y-bases-p-tv-proyectores-dvd-consolas-bocinas-pantallas-monotores\/soporte-y-base-para-tv-pantallas-monitores-kiosko\/"},{"@type":"ListItem","position":5,"name":"Manhattan 462112 Soporte Tableta,,, Antirrobo, Multipropsito, Negro"}]},{"@type":"WebSite","@id":"https:\/\/compuviper.mx\/tienda\/#website","url":"https:\/\/compuviper.mx\/tienda\/","name":"Compuviper","description":"Proveedor de Computadoras, Laptops, Servidores, Monitores, Puntos de Venta, Teclados,   Impresoras, T\u00f3ner, C\u00e1maras de Seguridad y m\u00e1s en tu tienda en l\u00ednea","publisher":{"@id":"https:\/\/compuviper.mx\/tienda\/#organization"},"potentialAction":[{"@type":"SearchAction","target":{"@type":"EntryPoint","urlTemplate":"https:\/\/compuviper.mx\/tienda\/?s={search_term_string}"},"query-input":"required name=search_term_string"}],"inLanguage":"es-MX"},{"@type":"Organization","@id":"https:\/\/compuviper.mx\/tienda\/#organization","name":"Compuviper","url":"https:\/\/compuviper.mx\/tienda\/","logo":{"@type":"ImageObject","inLanguage":"es-MX","@id":"https:\/\/compuviper.mx\/tienda\/#\/schema\/logo\/image\/","url":"https:\/\/compuviper.mx\/tienda\/wp-content\/uploads\/2021\/08\/Logo-Compuviper-10.png","contentUrl":"https:\/\/compuviper.mx\/tienda\/wp-content\/uploads\/2021\/08\/Logo-Compuviper-10.png","width":1000,"height":500,"caption":"Compuviper"},"image":{"@id":"https:\/\/compuviper.mx\/tienda\/#\/schema\/logo\/image\/"},"sameAs":["https:\/\/www.facebook.com\/compuviper","https:\/\/www.youtube.com\/channel\/UCf73dERp9Y3cfOq7q8BhLjA?view_as=subscriber"]}]},"product_brand":"MANHATTAN","product_price_amount":"734","product_price_currency":"MXN","og_availability":"instock","product_availability":"instock","product_retailer_item_id":"462112","product_condition":"new"},"_links":{"self":[{"href":"https:\/\/compuviper.mx\/tienda\/wp-json\/wp\/v2\/product\/213089"}],"collection":[{"href":"https:\/\/compuviper.mx\/tienda\/wp-json\/wp\/v2\/product"}],"about":[{"href":"https:\/\/compuviper.mx\/tienda\/wp-json\/wp\/v2\/types\/product"}],"replies":[{"embeddable":true,"href":"https:\/\/compuviper.mx\/tienda\/wp-json\/wp\/v2\/comments?post=213089"}],"wp:featuredmedia":[{"embeddable":true,"href":"https:\/\/compuviper.mx\/tienda\/wp-json\/wp\/v2\/media\/213090"}],"wp:attachment":[{"href":"https:\/\/compuviper.mx\/tienda\/wp-json\/wp\/v2\/media?parent=213089"}],"wp:term":[{"taxonomy":"product_cat","embeddable":true,"href":"https:\/\/compuviper.mx\/tienda\/wp-json\/wp\/v2\/product_cat?post=213089"},{"taxonomy":"product_tag","embeddable":true,"href":"https:\/\/compuviper.mx\/tienda\/wp-json\/wp\/v2\/product_tag?post=213089"}],"curies":[{"name":"wp","href":"https:\/\/api.w.org\/{rel}","templated":true}]}}