{"id":212975,"date":"2026-04-10T23:33:42","date_gmt":"2026-04-11T05:33:42","guid":{"rendered":"https:\/\/compuviper.mx\/tienda\/producto\/startech-com-pex20000sfpi-tarjeta-pci-express-de-red-de-fibra-de-10gb-con-2-puertos-de-sfp-abiertos-mod\/"},"modified":"2026-04-10T23:33:42","modified_gmt":"2026-04-11T05:33:42","slug":"startech-com-pex20000sfpi-tarjeta-pci-express-de-red-de-fibra-de-10gb-con-2-puertos-de-sfp-abiertos-mod","status":"publish","type":"product","link":"https:\/\/compuviper.mx\/tienda\/producto\/startech-com-pex20000sfpi-tarjeta-pci-express-de-red-de-fibra-de-10gb-con-2-puertos-de-sfp-abiertos-mod\/","title":{"rendered":"Startech.com Pex20000sfpi Tarjeta Pci Express De Red De Fibra De 10gb Con 2 Puertos De Sfp Abiertos &#8211;  Mod."},"content":{"rendered":"<table class=\"descripcion\">\n<tr>\n<td>Hardware<\/td>\n<\/tr>\n<tr>\n<td>Interfaz: fibra \u00f3ptica (ethernet 10 gigabit)<\/td>\n<\/tr>\n<tr>\n<td>Tipo de bus: pci express<\/td>\n<\/tr>\n<tr>\n<td>Tipo de tarjeta: perfil est\u00e1ndar (incluye soporte para perfil bajo)<\/td>\n<\/tr>\n<tr>\n<td>Id del conjunto de chips: intel &#8211; 82599<\/td>\n<\/tr>\n<tr>\n<td>Est\u00e1ndares industriales: ieee 802.3ae (solo 10gbase-lr\/sr), ieee 802.3aq (10gbase-lrm)<\/td>\n<\/tr>\n<tr>\n<td>Pci express, rev 2.0, mediante el uso de una ranura pcie x8 (o superior)<\/td>\n<\/tr>\n<tr>\n<td>Cantidad de puertos: 2<\/td>\n<\/tr>\n<tr>\n<td>Rendimiento<\/td>\n<\/tr>\n<tr>\n<td>Jumbo frame support: 9k max.<\/td>\n<\/tr>\n<tr>\n<td>Promiscuous mode: s\u00ed<\/td>\n<\/tr>\n<tr>\n<td>Protocolos admitidos: ieee 802.3ad (link aggregation)<\/td>\n<\/tr>\n<tr>\n<td>Ieee 802.3x (2005 flow control support)<\/td>\n<\/tr>\n<tr>\n<td>Ieee 802.1q (vlan tagging)<\/td>\n<\/tr>\n<tr>\n<td>Redes compatibles: 10 gbps<\/td>\n<\/tr>\n<tr>\n<td>Soporte full duplex : s\u00ed<\/td>\n<\/tr>\n<tr>\n<td>Tasa de transferencia de datos m\u00e1xima: 20000 mbps (20 gbps) &#8211; d\u00faplex completo<\/td>\n<\/tr>\n<tr>\n<td>Conector(es)<\/td>\n<\/tr>\n<tr>\n<td>Tipo(s) de conector(es): pci express x8<\/td>\n<\/tr>\n<tr>\n<td>Puertos internos: ranura sfp+<\/td>\n<\/tr>\n<tr>\n<td>Caracter\u00edsticas f\u00edsicas<\/td>\n<\/tr>\n<tr>\n<td>Tipo de gabinete: acero<\/td>\n<\/tr>\n<tr>\n<td>Peso del producto: 102 g<\/td>\n<\/tr>\n<tr>\n<td>Longitud del producto: 13.5 cm<\/td>\n<\/tr>\n<tr>\n<td>Color: negro<\/td>\n<\/tr>\n<tr>\n<td>Ancho del producto: 1.8 cm<\/td>\n<\/tr>\n<tr>\n<td>Altura del producto: 12 cm<\/td>\n<\/tr>\n<\/table>\n","protected":false},"excerpt":{"rendered":"<p>Obtenga conectividad r\u00e1pida con un\u00a0alto ancho de banda mediante esta econ\u00f3mica tarjeta de red por fibra \u00f3ptica agrega dos ranuras sfp+ abiertas a su servidor o estaci\u00f3n de trabajo de alta potencia, lo cual constituye una forma f\u00e1cil de conectar su servidor o su estaci\u00f3n de trabajo a una red de 10 gigabits (por fibra \u00f3ptica), mediante sus m\u00f3dulos sfp+ preferidos. Las transferencias de archivos de gran tama\u00f1o, el contenido multimedia y un n\u00famero creciente de usuarios de red crean presi\u00f3n constante para tener mayor ancho de banda en una infraestructura de red. Esta tarjeta de red nic por fibra \u00f3ptica le permite aprovechar al m\u00e1ximo la velocidad y estabilidad de una red de 10 gigabits. La tarjeta nic es compatible con\u00a0transferencias de datos a hasta\u00a010gbps por puerto, o 20gbps por puerto, en modo de d\u00faplex completo. Es compatible con transceptores 10 gbe sfp+, lo cual ofrece m\u00e1s opciones para la conexi\u00f3n de su computadora directamente a una red de fibra \u00f3ptica a distancias m\u00e1s largas.<\/p>\n","protected":false},"featured_media":212976,"comment_status":"open","ping_status":"open","template":"","meta":[],"product_cat":[1485,1501],"product_tag":[1590],"acf":[],"yoast_head":"<!-- This site is optimized with the Yoast SEO plugin v21.7 - https:\/\/yoast.com\/wordpress\/plugins\/seo\/ -->\n<title>[ Startech.com ] &#129351; Pex20000sfpi Tarjeta Pci Express De Red De Fibra De 10gb Con 2 Puertos De Sfp Abiertos - Mod.<\/title>\n<meta name=\"description\" content=\"Compra Pex20000sfpi Tarjeta Pci Express De Red De Fibra De 10gb Con 2 Puertos De Sfp Abiertos - Mod. + Env\u00edo a domicilio + Pago seguro + Garant\u00eda\" \/>\n<meta name=\"robots\" content=\"index, follow, max-snippet:-1, max-image-preview:large, max-video-preview:-1\" \/>\n<link rel=\"canonical\" href=\"https:\/\/compuviper.mx\/tienda\/producto\/startech-com-pex20000sfpi-tarjeta-pci-express-de-red-de-fibra-de-10gb-con-2-puertos-de-sfp-abiertos-mod\/\" \/>\n<meta property=\"og:locale\" content=\"es_MX\" \/>\n<meta property=\"og:type\" content=\"article\" \/>\n<meta property=\"og:title\" content=\"[ Startech.com ] &#129351; Pex20000sfpi Tarjeta Pci Express De Red De Fibra De 10gb Con 2 Puertos De Sfp Abiertos - Mod.\" \/>\n<meta property=\"og:description\" content=\"Compra Pex20000sfpi Tarjeta Pci Express De Red De Fibra De 10gb Con 2 Puertos De Sfp Abiertos - Mod. + Env\u00edo a domicilio + Pago seguro + Garant\u00eda\" \/>\n<meta property=\"og:url\" content=\"https:\/\/compuviper.mx\/tienda\/producto\/startech-com-pex20000sfpi-tarjeta-pci-express-de-red-de-fibra-de-10gb-con-2-puertos-de-sfp-abiertos-mod\/\" \/>\n<meta property=\"og:site_name\" content=\"Compuviper\" \/>\n<meta property=\"article:publisher\" content=\"https:\/\/www.facebook.com\/compuviper\" \/>\n<meta property=\"og:image\" content=\"https:\/\/compuviper.mx\/tienda\/wp-content\/uploads\/2023\/12\/Tarjeta-pci-express-de-red-de-fibra-de-10gb-con-2-puertos-de-sfp-abiertos-startech.com-mod.-pex20000sfpi.jpg\" \/>\n\t<meta property=\"og:image:width\" content=\"200\" \/>\n\t<meta property=\"og:image:height\" content=\"200\" \/>\n\t<meta property=\"og:image:type\" content=\"image\/jpeg\" \/>\n<meta name=\"twitter:card\" content=\"summary_large_image\" \/>\n<meta name=\"twitter:label1\" content=\"Precio\" \/>\n\t<meta name=\"twitter:data1\" content=\"&#36;8,121 con IVA\" \/>\n\t<meta name=\"twitter:label2\" content=\"Availability\" \/>\n\t<meta name=\"twitter:data2\" content=\"Out of stock\" \/>\n<script type=\"application\/ld+json\" class=\"yoast-schema-graph\">{\"@context\":\"https:\/\/schema.org\",\"@graph\":[{\"@type\":\"WebPage\",\"@id\":\"https:\/\/compuviper.mx\/tienda\/producto\/startech-com-pex20000sfpi-tarjeta-pci-express-de-red-de-fibra-de-10gb-con-2-puertos-de-sfp-abiertos-mod\/\",\"url\":\"https:\/\/compuviper.mx\/tienda\/producto\/startech-com-pex20000sfpi-tarjeta-pci-express-de-red-de-fibra-de-10gb-con-2-puertos-de-sfp-abiertos-mod\/\",\"name\":\"[ Startech.com ] &#129351; Pex20000sfpi Tarjeta Pci Express De Red De Fibra De 10gb Con 2 Puertos De Sfp Abiertos - Mod.\",\"isPartOf\":{\"@id\":\"https:\/\/compuviper.mx\/tienda\/#website\"},\"datePublished\":\"2026-04-11T05:33:42+00:00\",\"dateModified\":\"2026-04-11T05:33:42+00:00\",\"description\":\"Compra Pex20000sfpi Tarjeta Pci Express De Red De Fibra De 10gb Con 2 Puertos De Sfp Abiertos - Mod. + Env\u00edo a domicilio + Pago seguro + Garant\u00eda\",\"breadcrumb\":{\"@id\":\"https:\/\/compuviper.mx\/tienda\/producto\/startech-com-pex20000sfpi-tarjeta-pci-express-de-red-de-fibra-de-10gb-con-2-puertos-de-sfp-abiertos-mod\/#breadcrumb\"},\"inLanguage\":\"es-MX\",\"potentialAction\":[{\"@type\":\"ReadAction\",\"target\":[\"https:\/\/compuviper.mx\/tienda\/producto\/startech-com-pex20000sfpi-tarjeta-pci-express-de-red-de-fibra-de-10gb-con-2-puertos-de-sfp-abiertos-mod\/\"]}]},{\"@type\":\"BreadcrumbList\",\"@id\":\"https:\/\/compuviper.mx\/tienda\/producto\/startech-com-pex20000sfpi-tarjeta-pci-express-de-red-de-fibra-de-10gb-con-2-puertos-de-sfp-abiertos-mod\/#breadcrumb\",\"itemListElement\":[{\"@type\":\"ListItem\",\"position\":1,\"name\":\"Inicio\",\"item\":\"https:\/\/compuviper.mx\/tienda\/\"},{\"@type\":\"ListItem\",\"position\":2,\"name\":\"Productos\",\"item\":\"https:\/\/compuviper.mx\/tienda\/productos\/\"},{\"@type\":\"ListItem\",\"position\":3,\"name\":\"Accesorios\",\"item\":\"https:\/\/compuviper.mx\/tienda\/categoria-producto\/accesorios\/\"},{\"@type\":\"ListItem\",\"position\":4,\"name\":\"Tarjetas De Puertos\",\"item\":\"https:\/\/compuviper.mx\/tienda\/categoria-producto\/accesorios\/tarjetas-de-puertos\/\"},{\"@type\":\"ListItem\",\"position\":5,\"name\":\"Startech.com Pex20000sfpi Tarjeta Pci Express De Red De Fibra De 10gb Con 2 Puertos De Sfp Abiertos &#8211; Mod.\"}]},{\"@type\":\"WebSite\",\"@id\":\"https:\/\/compuviper.mx\/tienda\/#website\",\"url\":\"https:\/\/compuviper.mx\/tienda\/\",\"name\":\"Compuviper\",\"description\":\"Proveedor de Computadoras, Laptops, Servidores, Monitores, Puntos de Venta, Teclados,   Impresoras, T\u00f3ner, C\u00e1maras de Seguridad y m\u00e1s en tu tienda en l\u00ednea\",\"publisher\":{\"@id\":\"https:\/\/compuviper.mx\/tienda\/#organization\"},\"potentialAction\":[{\"@type\":\"SearchAction\",\"target\":{\"@type\":\"EntryPoint\",\"urlTemplate\":\"https:\/\/compuviper.mx\/tienda\/?s={search_term_string}\"},\"query-input\":\"required name=search_term_string\"}],\"inLanguage\":\"es-MX\"},{\"@type\":\"Organization\",\"@id\":\"https:\/\/compuviper.mx\/tienda\/#organization\",\"name\":\"Compuviper\",\"url\":\"https:\/\/compuviper.mx\/tienda\/\",\"logo\":{\"@type\":\"ImageObject\",\"inLanguage\":\"es-MX\",\"@id\":\"https:\/\/compuviper.mx\/tienda\/#\/schema\/logo\/image\/\",\"url\":\"https:\/\/compuviper.mx\/tienda\/wp-content\/uploads\/2021\/08\/Logo-Compuviper-10.png\",\"contentUrl\":\"https:\/\/compuviper.mx\/tienda\/wp-content\/uploads\/2021\/08\/Logo-Compuviper-10.png\",\"width\":1000,\"height\":500,\"caption\":\"Compuviper\"},\"image\":{\"@id\":\"https:\/\/compuviper.mx\/tienda\/#\/schema\/logo\/image\/\"},\"sameAs\":[\"https:\/\/www.facebook.com\/compuviper\",\"https:\/\/www.youtube.com\/channel\/UCf73dERp9Y3cfOq7q8BhLjA?view_as=subscriber\"]}]}<\/script>\n<meta property=\"product:brand\" content=\"STARTECH.COM\" \/>\n<meta property=\"product:price:amount\" content=\"8121\" \/>\n<meta property=\"product:price:currency\" content=\"MXN\" \/>\n<meta property=\"og:availability\" content=\"out of stock\" \/>\n<meta property=\"product:availability\" content=\"out of stock\" \/>\n<meta property=\"product:retailer_item_id\" content=\"PEX20000SFPI\" \/>\n<meta property=\"product:condition\" content=\"new\" \/>\n<!-- \/ Yoast SEO plugin. -->","yoast_head_json":{"title":"[ Startech.com ] &#129351; Pex20000sfpi Tarjeta Pci Express De Red De Fibra De 10gb Con 2 Puertos De Sfp Abiertos - Mod.","description":"Compra Pex20000sfpi Tarjeta Pci Express De Red De Fibra De 10gb Con 2 Puertos De Sfp Abiertos - Mod. + Env\u00edo a domicilio + Pago seguro + Garant\u00eda","robots":{"index":"index","follow":"follow","max-snippet":"max-snippet:-1","max-image-preview":"max-image-preview:large","max-video-preview":"max-video-preview:-1"},"canonical":"https:\/\/compuviper.mx\/tienda\/producto\/startech-com-pex20000sfpi-tarjeta-pci-express-de-red-de-fibra-de-10gb-con-2-puertos-de-sfp-abiertos-mod\/","og_locale":"es_MX","og_type":"article","og_title":"[ Startech.com ] &#129351; Pex20000sfpi Tarjeta Pci Express De Red De Fibra De 10gb Con 2 Puertos De Sfp Abiertos - Mod.","og_description":"Compra Pex20000sfpi Tarjeta Pci Express De Red De Fibra De 10gb Con 2 Puertos De Sfp Abiertos - Mod. + Env\u00edo a domicilio + Pago seguro + Garant\u00eda","og_url":"https:\/\/compuviper.mx\/tienda\/producto\/startech-com-pex20000sfpi-tarjeta-pci-express-de-red-de-fibra-de-10gb-con-2-puertos-de-sfp-abiertos-mod\/","og_site_name":"Compuviper","article_publisher":"https:\/\/www.facebook.com\/compuviper","og_image":[{"width":200,"height":200,"url":"https:\/\/compuviper.mx\/tienda\/wp-content\/uploads\/2023\/12\/Tarjeta-pci-express-de-red-de-fibra-de-10gb-con-2-puertos-de-sfp-abiertos-startech.com-mod.-pex20000sfpi.jpg","type":"image\/jpeg"}],"twitter_card":"summary_large_image","twitter_misc":{"Precio":"&#36;8,121 con IVA","Availability":"Out of stock"},"schema":{"@context":"https:\/\/schema.org","@graph":[{"@type":"WebPage","@id":"https:\/\/compuviper.mx\/tienda\/producto\/startech-com-pex20000sfpi-tarjeta-pci-express-de-red-de-fibra-de-10gb-con-2-puertos-de-sfp-abiertos-mod\/","url":"https:\/\/compuviper.mx\/tienda\/producto\/startech-com-pex20000sfpi-tarjeta-pci-express-de-red-de-fibra-de-10gb-con-2-puertos-de-sfp-abiertos-mod\/","name":"[ Startech.com ] &#129351; Pex20000sfpi Tarjeta Pci Express De Red De Fibra De 10gb Con 2 Puertos De Sfp Abiertos - Mod.","isPartOf":{"@id":"https:\/\/compuviper.mx\/tienda\/#website"},"datePublished":"2026-04-11T05:33:42+00:00","dateModified":"2026-04-11T05:33:42+00:00","description":"Compra Pex20000sfpi Tarjeta Pci Express De Red De Fibra De 10gb Con 2 Puertos De Sfp Abiertos - Mod. + Env\u00edo a domicilio + Pago seguro + Garant\u00eda","breadcrumb":{"@id":"https:\/\/compuviper.mx\/tienda\/producto\/startech-com-pex20000sfpi-tarjeta-pci-express-de-red-de-fibra-de-10gb-con-2-puertos-de-sfp-abiertos-mod\/#breadcrumb"},"inLanguage":"es-MX","potentialAction":[{"@type":"ReadAction","target":["https:\/\/compuviper.mx\/tienda\/producto\/startech-com-pex20000sfpi-tarjeta-pci-express-de-red-de-fibra-de-10gb-con-2-puertos-de-sfp-abiertos-mod\/"]}]},{"@type":"BreadcrumbList","@id":"https:\/\/compuviper.mx\/tienda\/producto\/startech-com-pex20000sfpi-tarjeta-pci-express-de-red-de-fibra-de-10gb-con-2-puertos-de-sfp-abiertos-mod\/#breadcrumb","itemListElement":[{"@type":"ListItem","position":1,"name":"Inicio","item":"https:\/\/compuviper.mx\/tienda\/"},{"@type":"ListItem","position":2,"name":"Productos","item":"https:\/\/compuviper.mx\/tienda\/productos\/"},{"@type":"ListItem","position":3,"name":"Accesorios","item":"https:\/\/compuviper.mx\/tienda\/categoria-producto\/accesorios\/"},{"@type":"ListItem","position":4,"name":"Tarjetas De Puertos","item":"https:\/\/compuviper.mx\/tienda\/categoria-producto\/accesorios\/tarjetas-de-puertos\/"},{"@type":"ListItem","position":5,"name":"Startech.com Pex20000sfpi Tarjeta Pci Express De Red De Fibra De 10gb Con 2 Puertos De Sfp Abiertos &#8211; Mod."}]},{"@type":"WebSite","@id":"https:\/\/compuviper.mx\/tienda\/#website","url":"https:\/\/compuviper.mx\/tienda\/","name":"Compuviper","description":"Proveedor de Computadoras, Laptops, Servidores, Monitores, Puntos de Venta, Teclados,   Impresoras, T\u00f3ner, C\u00e1maras de Seguridad y m\u00e1s en tu tienda en l\u00ednea","publisher":{"@id":"https:\/\/compuviper.mx\/tienda\/#organization"},"potentialAction":[{"@type":"SearchAction","target":{"@type":"EntryPoint","urlTemplate":"https:\/\/compuviper.mx\/tienda\/?s={search_term_string}"},"query-input":"required name=search_term_string"}],"inLanguage":"es-MX"},{"@type":"Organization","@id":"https:\/\/compuviper.mx\/tienda\/#organization","name":"Compuviper","url":"https:\/\/compuviper.mx\/tienda\/","logo":{"@type":"ImageObject","inLanguage":"es-MX","@id":"https:\/\/compuviper.mx\/tienda\/#\/schema\/logo\/image\/","url":"https:\/\/compuviper.mx\/tienda\/wp-content\/uploads\/2021\/08\/Logo-Compuviper-10.png","contentUrl":"https:\/\/compuviper.mx\/tienda\/wp-content\/uploads\/2021\/08\/Logo-Compuviper-10.png","width":1000,"height":500,"caption":"Compuviper"},"image":{"@id":"https:\/\/compuviper.mx\/tienda\/#\/schema\/logo\/image\/"},"sameAs":["https:\/\/www.facebook.com\/compuviper","https:\/\/www.youtube.com\/channel\/UCf73dERp9Y3cfOq7q8BhLjA?view_as=subscriber"]}]},"product_brand":"STARTECH.COM","product_price_amount":"8121","product_price_currency":"MXN","og_availability":"out of stock","product_availability":"out of stock","product_retailer_item_id":"PEX20000SFPI","product_condition":"new"},"_links":{"self":[{"href":"https:\/\/compuviper.mx\/tienda\/wp-json\/wp\/v2\/product\/212975"}],"collection":[{"href":"https:\/\/compuviper.mx\/tienda\/wp-json\/wp\/v2\/product"}],"about":[{"href":"https:\/\/compuviper.mx\/tienda\/wp-json\/wp\/v2\/types\/product"}],"replies":[{"embeddable":true,"href":"https:\/\/compuviper.mx\/tienda\/wp-json\/wp\/v2\/comments?post=212975"}],"wp:featuredmedia":[{"embeddable":true,"href":"https:\/\/compuviper.mx\/tienda\/wp-json\/wp\/v2\/media\/212976"}],"wp:attachment":[{"href":"https:\/\/compuviper.mx\/tienda\/wp-json\/wp\/v2\/media?parent=212975"}],"wp:term":[{"taxonomy":"product_cat","embeddable":true,"href":"https:\/\/compuviper.mx\/tienda\/wp-json\/wp\/v2\/product_cat?post=212975"},{"taxonomy":"product_tag","embeddable":true,"href":"https:\/\/compuviper.mx\/tienda\/wp-json\/wp\/v2\/product_tag?post=212975"}],"curies":[{"name":"wp","href":"https:\/\/api.w.org\/{rel}","templated":true}]}}