{"id":212955,"date":"2026-04-07T23:38:11","date_gmt":"2026-04-08T05:38:11","guid":{"rendered":"https:\/\/compuviper.mx\/tienda\/producto\/startech-com-m2e1bru31c-gabinete-externo-m-2-nvme-para-ssd-pcie-aluminio-ip67-resistente-al-agua-polvo-slido-usb-c-3-1-gen-2-10gbps-mod\/"},"modified":"2026-04-07T23:38:11","modified_gmt":"2026-04-08T05:38:11","slug":"startech-com-m2e1bru31c-gabinete-externo-m-2-nvme-para-ssd-pcie-aluminio-ip67-resistente-al-agua-polvo-slido-usb-c-3-1-gen-2-10gbps-mod","status":"publish","type":"product","link":"https:\/\/compuviper.mx\/tienda\/producto\/startech-com-m2e1bru31c-gabinete-externo-m-2-nvme-para-ssd-pcie-aluminio-ip67-resistente-al-agua-polvo-slido-usb-c-3-1-gen-2-10gbps-mod\/","title":{"rendered":"Startech.com M2e1bru31c Gabinete Externo M.2 Nvme Para Ssd Pcie &#8211; Aluminio &#8211; Ip67 Resistente Al Agua\/polvo &#8211; Slido &#8211; Usb-c 3.1 Gen 2 10gbps  &#8211;  Mod."},"content":{"rendered":"<table class=\"descripcion\">\n<tr>\n<td>Hardware<\/td>\n<\/tr>\n<tr>\n<td>Altura(s) posible(s) de la unidad: 2230 \/ 2242 \/ 2260 \/ 2280<\/td>\n<\/tr>\n<tr>\n<td>Cantidad de unidades: 1<\/td>\n<\/tr>\n<tr>\n<td>Id del conjunto de chips: jmicron &#8211; jms583<\/td>\n<\/tr>\n<tr>\n<td>Instalaci\u00f3n de la unidad: fijo<\/td>\n<\/tr>\n<tr>\n<td>Interfaz: usb 3.2 gen 2 10gbps<\/td>\n<\/tr>\n<tr>\n<td>Tama\u00f1o de la unidad: 22 mm &#8211; m.2 nvme<\/td>\n<\/tr>\n<tr>\n<td>Tipo de bus: usb 3.2 gen 2 10gbps<\/td>\n<\/tr>\n<tr>\n<td>Unidades compatibles: m.2 (pcie, nvme, m-key, ngff)<\/td>\n<\/tr>\n<tr>\n<td>Rendimiento<\/td>\n<\/tr>\n<tr>\n<td>4kn support: s\u00ed<\/td>\n<\/tr>\n<tr>\n<td>Compatibilidad con uasp: s\u00ed<\/td>\n<\/tr>\n<tr>\n<td>Especificaciones generales: no compatible con ssd basados en m.2 sata o ahci<\/td>\n<\/tr>\n<tr>\n<td>Mtbf: 50.000 horas<\/td>\n<\/tr>\n<tr>\n<td>S.m.a.r.t. support: no<\/td>\n<\/tr>\n<tr>\n<td>Tasa de transferencia de datos m\u00e1xima: 10 gbps<\/td>\n<\/tr>\n<tr>\n<td>Tipo y velocidad: nvme (pcie gen 3)<\/td>\n<\/tr>\n<tr>\n<td>Tipo y velocidad: usb 3.2 gen 2 &#8211; 10 gbit\/s<\/td>\n<\/tr>\n<tr>\n<td>Trim support: s\u00ed<\/td>\n<\/tr>\n<tr>\n<td>Conector(es)<\/td>\n<\/tr>\n<tr>\n<td>Usb type-c (24pin, gen 2, 10gbps)<\/td>\n<\/tr>\n<tr>\n<td>M.2 (pcie, m-key, ahci\/nvme, ngff)<\/td>\n<\/tr>\n<tr>\n<td>Caracter\u00edsticas f\u00edsicas<\/td>\n<\/tr>\n<tr>\n<td>Tipo de gabinete: aluminio<\/td>\n<\/tr>\n<tr>\n<td>Peso del producto: 164 g<\/td>\n<\/tr>\n<tr>\n<td>Longitud: 4.5 cm<\/td>\n<\/tr>\n<tr>\n<td>Ancho: 10.5 cm<\/td>\n<\/tr>\n<tr>\n<td>Altura: 1.4 cm<\/td>\n<\/tr>\n<tr>\n<td>Longitud del cable: 52 cm<\/td>\n<\/tr>\n<tr>\n<td>Color: negro<\/td>\n<\/tr>\n<\/table>\n","protected":false},"excerpt":{"rendered":"<p>Este gabinete resistente m.2 nvme para unidades ssd pcie es una soluci\u00f3n muy port\u00e1til de almacenamiento de datos y de alto rendimiento, para sus dispositivos equipados con usb-c o thunderbolt 3. Aproveche las altas velocidades de su unidad m.2 nvme con este gabinete\u00a0ssd externo. Le ofrece velocidades de lectura\/escritura usb 3.1 gen 2 de hasta 10gbps, lo cual es casi el doble de la capacidad de gabinetes\u00a0m.2 sata convencionales y cajas de unidad de disco duro. Prep\u00e1rese para lo inesperado. La caja para ssd nvme basados en pci express est\u00e1 dise\u00f1ada con categor\u00eda ip67, lo cual significa que es resistente al polvo y al agua. Soluci\u00f3n perfecta para personas que trabajan en exteriores. O para personas en cuyo entorno de trabajo hay muchas part\u00edculas de polvo, como lugares de obras de alba\u00f1iler\u00eda, f\u00e1bricas o plantas de producci\u00f3n.<\/p>\n","protected":false},"featured_media":212956,"comment_status":"open","ping_status":"open","template":"","meta":[],"product_cat":[1485,1519],"product_tag":[1590],"acf":[],"yoast_head":"<!-- This site is optimized with the Yoast SEO plugin v21.7 - https:\/\/yoast.com\/wordpress\/plugins\/seo\/ -->\n<title>[ Startech.com ] &#129351; M2e1bru31c Gabinete Externo M.2 Nvme Para Ssd Pcie - Aluminio - Ip67 Resistente Al Agua\/polvo - Slido - Usb-c 3.1 Gen 2 10gbps - Mod.<\/title>\n<meta name=\"description\" content=\"Compra M2e1bru31c Gabinete Externo M.2 Nvme Para Ssd Pcie - Aluminio - Ip67 Resistente Al Agua\/polvo - Slido - Usb-c 3.1 Gen 2 10gbps - Mod. + Env\u00edo a domicilio + Pago seguro + Garant\u00eda\" \/>\n<meta name=\"robots\" content=\"index, follow, max-snippet:-1, max-image-preview:large, max-video-preview:-1\" \/>\n<link rel=\"canonical\" href=\"https:\/\/compuviper.mx\/tienda\/producto\/startech-com-m2e1bru31c-gabinete-externo-m-2-nvme-para-ssd-pcie-aluminio-ip67-resistente-al-agua-polvo-slido-usb-c-3-1-gen-2-10gbps-mod\/\" \/>\n<meta property=\"og:locale\" content=\"es_MX\" \/>\n<meta property=\"og:type\" content=\"article\" \/>\n<meta property=\"og:title\" content=\"[ Startech.com ] &#129351; M2e1bru31c Gabinete Externo M.2 Nvme Para Ssd Pcie - Aluminio - Ip67 Resistente Al Agua\/polvo - Slido - Usb-c 3.1 Gen 2 10gbps - Mod.\" \/>\n<meta property=\"og:description\" content=\"Compra M2e1bru31c Gabinete Externo M.2 Nvme Para Ssd Pcie - Aluminio - Ip67 Resistente Al Agua\/polvo - Slido - Usb-c 3.1 Gen 2 10gbps - Mod. + Env\u00edo a domicilio + Pago seguro + Garant\u00eda\" \/>\n<meta property=\"og:url\" content=\"https:\/\/compuviper.mx\/tienda\/producto\/startech-com-m2e1bru31c-gabinete-externo-m-2-nvme-para-ssd-pcie-aluminio-ip67-resistente-al-agua-polvo-slido-usb-c-3-1-gen-2-10gbps-mod\/\" \/>\n<meta property=\"og:site_name\" content=\"Compuviper\" \/>\n<meta property=\"article:publisher\" content=\"https:\/\/www.facebook.com\/compuviper\" \/>\n<meta property=\"og:image\" content=\"https:\/\/compuviper.mx\/tienda\/wp-content\/uploads\/2023\/12\/Gabinete-externo-m.2-nvme-para-ssd-pcie-aluminio-ip67-resistente-al-aguapolvo-solido-usb-c-3.1-gen-2-10gbps-m2e1bru31c-startech.com-mod.-m2e1bru31c.jpg\" \/>\n\t<meta property=\"og:image:width\" content=\"200\" \/>\n\t<meta property=\"og:image:height\" content=\"200\" \/>\n\t<meta property=\"og:image:type\" content=\"image\/jpeg\" \/>\n<meta name=\"twitter:card\" content=\"summary_large_image\" \/>\n<meta name=\"twitter:label1\" content=\"Precio\" \/>\n\t<meta name=\"twitter:data1\" content=\"&#36;1,695 con IVA\" \/>\n\t<meta name=\"twitter:label2\" content=\"Availability\" \/>\n\t<meta name=\"twitter:data2\" content=\"Out of stock\" \/>\n<script type=\"application\/ld+json\" class=\"yoast-schema-graph\">{\"@context\":\"https:\/\/schema.org\",\"@graph\":[{\"@type\":\"WebPage\",\"@id\":\"https:\/\/compuviper.mx\/tienda\/producto\/startech-com-m2e1bru31c-gabinete-externo-m-2-nvme-para-ssd-pcie-aluminio-ip67-resistente-al-agua-polvo-slido-usb-c-3-1-gen-2-10gbps-mod\/\",\"url\":\"https:\/\/compuviper.mx\/tienda\/producto\/startech-com-m2e1bru31c-gabinete-externo-m-2-nvme-para-ssd-pcie-aluminio-ip67-resistente-al-agua-polvo-slido-usb-c-3-1-gen-2-10gbps-mod\/\",\"name\":\"[ Startech.com ] &#129351; M2e1bru31c Gabinete Externo M.2 Nvme Para Ssd Pcie - Aluminio - Ip67 Resistente Al Agua\/polvo - Slido - Usb-c 3.1 Gen 2 10gbps - Mod.\",\"isPartOf\":{\"@id\":\"https:\/\/compuviper.mx\/tienda\/#website\"},\"datePublished\":\"2026-04-08T05:38:11+00:00\",\"dateModified\":\"2026-04-08T05:38:11+00:00\",\"description\":\"Compra M2e1bru31c Gabinete Externo M.2 Nvme Para Ssd Pcie - Aluminio - Ip67 Resistente Al Agua\/polvo - Slido - Usb-c 3.1 Gen 2 10gbps - Mod. + Env\u00edo a domicilio + Pago seguro + Garant\u00eda\",\"breadcrumb\":{\"@id\":\"https:\/\/compuviper.mx\/tienda\/producto\/startech-com-m2e1bru31c-gabinete-externo-m-2-nvme-para-ssd-pcie-aluminio-ip67-resistente-al-agua-polvo-slido-usb-c-3-1-gen-2-10gbps-mod\/#breadcrumb\"},\"inLanguage\":\"es-MX\",\"potentialAction\":[{\"@type\":\"ReadAction\",\"target\":[\"https:\/\/compuviper.mx\/tienda\/producto\/startech-com-m2e1bru31c-gabinete-externo-m-2-nvme-para-ssd-pcie-aluminio-ip67-resistente-al-agua-polvo-slido-usb-c-3-1-gen-2-10gbps-mod\/\"]}]},{\"@type\":\"BreadcrumbList\",\"@id\":\"https:\/\/compuviper.mx\/tienda\/producto\/startech-com-m2e1bru31c-gabinete-externo-m-2-nvme-para-ssd-pcie-aluminio-ip67-resistente-al-agua-polvo-slido-usb-c-3-1-gen-2-10gbps-mod\/#breadcrumb\",\"itemListElement\":[{\"@type\":\"ListItem\",\"position\":1,\"name\":\"Inicio\",\"item\":\"https:\/\/compuviper.mx\/tienda\/\"},{\"@type\":\"ListItem\",\"position\":2,\"name\":\"Productos\",\"item\":\"https:\/\/compuviper.mx\/tienda\/productos\/\"},{\"@type\":\"ListItem\",\"position\":3,\"name\":\"Accesorios\",\"item\":\"https:\/\/compuviper.mx\/tienda\/categoria-producto\/accesorios\/\"},{\"@type\":\"ListItem\",\"position\":4,\"name\":\"Gabinete De Discos Duros\",\"item\":\"https:\/\/compuviper.mx\/tienda\/categoria-producto\/accesorios\/gabinete-de-discos-duros\/\"},{\"@type\":\"ListItem\",\"position\":5,\"name\":\"Startech.com M2e1bru31c Gabinete Externo M.2 Nvme Para Ssd Pcie &#8211; Aluminio &#8211; Ip67 Resistente Al Agua\/polvo &#8211; Slido &#8211; Usb-c 3.1 Gen 2 10gbps &#8211; Mod.\"}]},{\"@type\":\"WebSite\",\"@id\":\"https:\/\/compuviper.mx\/tienda\/#website\",\"url\":\"https:\/\/compuviper.mx\/tienda\/\",\"name\":\"Compuviper\",\"description\":\"Proveedor de Computadoras, Laptops, Servidores, Monitores, Puntos de Venta, Teclados,   Impresoras, T\u00f3ner, C\u00e1maras de Seguridad y m\u00e1s en tu tienda en l\u00ednea\",\"publisher\":{\"@id\":\"https:\/\/compuviper.mx\/tienda\/#organization\"},\"potentialAction\":[{\"@type\":\"SearchAction\",\"target\":{\"@type\":\"EntryPoint\",\"urlTemplate\":\"https:\/\/compuviper.mx\/tienda\/?s={search_term_string}\"},\"query-input\":\"required name=search_term_string\"}],\"inLanguage\":\"es-MX\"},{\"@type\":\"Organization\",\"@id\":\"https:\/\/compuviper.mx\/tienda\/#organization\",\"name\":\"Compuviper\",\"url\":\"https:\/\/compuviper.mx\/tienda\/\",\"logo\":{\"@type\":\"ImageObject\",\"inLanguage\":\"es-MX\",\"@id\":\"https:\/\/compuviper.mx\/tienda\/#\/schema\/logo\/image\/\",\"url\":\"https:\/\/compuviper.mx\/tienda\/wp-content\/uploads\/2021\/08\/Logo-Compuviper-10.png\",\"contentUrl\":\"https:\/\/compuviper.mx\/tienda\/wp-content\/uploads\/2021\/08\/Logo-Compuviper-10.png\",\"width\":1000,\"height\":500,\"caption\":\"Compuviper\"},\"image\":{\"@id\":\"https:\/\/compuviper.mx\/tienda\/#\/schema\/logo\/image\/\"},\"sameAs\":[\"https:\/\/www.facebook.com\/compuviper\",\"https:\/\/www.youtube.com\/channel\/UCf73dERp9Y3cfOq7q8BhLjA?view_as=subscriber\"]}]}<\/script>\n<meta property=\"product:brand\" content=\"STARTECH.COM\" \/>\n<meta property=\"product:price:amount\" content=\"1695\" \/>\n<meta property=\"product:price:currency\" content=\"MXN\" \/>\n<meta property=\"og:availability\" content=\"out of stock\" \/>\n<meta property=\"product:availability\" content=\"out of stock\" \/>\n<meta property=\"product:retailer_item_id\" content=\"M2E1BRU31C\" \/>\n<meta property=\"product:condition\" content=\"new\" \/>\n<!-- \/ Yoast SEO plugin. -->","yoast_head_json":{"title":"[ Startech.com ] &#129351; M2e1bru31c Gabinete Externo M.2 Nvme Para Ssd Pcie - Aluminio - Ip67 Resistente Al Agua\/polvo - Slido - Usb-c 3.1 Gen 2 10gbps - Mod.","description":"Compra M2e1bru31c Gabinete Externo M.2 Nvme Para Ssd Pcie - Aluminio - Ip67 Resistente Al Agua\/polvo - Slido - Usb-c 3.1 Gen 2 10gbps - Mod. + Env\u00edo a domicilio + Pago seguro + Garant\u00eda","robots":{"index":"index","follow":"follow","max-snippet":"max-snippet:-1","max-image-preview":"max-image-preview:large","max-video-preview":"max-video-preview:-1"},"canonical":"https:\/\/compuviper.mx\/tienda\/producto\/startech-com-m2e1bru31c-gabinete-externo-m-2-nvme-para-ssd-pcie-aluminio-ip67-resistente-al-agua-polvo-slido-usb-c-3-1-gen-2-10gbps-mod\/","og_locale":"es_MX","og_type":"article","og_title":"[ Startech.com ] &#129351; M2e1bru31c Gabinete Externo M.2 Nvme Para Ssd Pcie - Aluminio - Ip67 Resistente Al Agua\/polvo - Slido - Usb-c 3.1 Gen 2 10gbps - Mod.","og_description":"Compra M2e1bru31c Gabinete Externo M.2 Nvme Para Ssd Pcie - Aluminio - Ip67 Resistente Al Agua\/polvo - Slido - Usb-c 3.1 Gen 2 10gbps - Mod. + Env\u00edo a domicilio + Pago seguro + Garant\u00eda","og_url":"https:\/\/compuviper.mx\/tienda\/producto\/startech-com-m2e1bru31c-gabinete-externo-m-2-nvme-para-ssd-pcie-aluminio-ip67-resistente-al-agua-polvo-slido-usb-c-3-1-gen-2-10gbps-mod\/","og_site_name":"Compuviper","article_publisher":"https:\/\/www.facebook.com\/compuviper","og_image":[{"width":200,"height":200,"url":"https:\/\/compuviper.mx\/tienda\/wp-content\/uploads\/2023\/12\/Gabinete-externo-m.2-nvme-para-ssd-pcie-aluminio-ip67-resistente-al-aguapolvo-solido-usb-c-3.1-gen-2-10gbps-m2e1bru31c-startech.com-mod.-m2e1bru31c.jpg","type":"image\/jpeg"}],"twitter_card":"summary_large_image","twitter_misc":{"Precio":"&#36;1,695 con IVA","Availability":"Out of stock"},"schema":{"@context":"https:\/\/schema.org","@graph":[{"@type":"WebPage","@id":"https:\/\/compuviper.mx\/tienda\/producto\/startech-com-m2e1bru31c-gabinete-externo-m-2-nvme-para-ssd-pcie-aluminio-ip67-resistente-al-agua-polvo-slido-usb-c-3-1-gen-2-10gbps-mod\/","url":"https:\/\/compuviper.mx\/tienda\/producto\/startech-com-m2e1bru31c-gabinete-externo-m-2-nvme-para-ssd-pcie-aluminio-ip67-resistente-al-agua-polvo-slido-usb-c-3-1-gen-2-10gbps-mod\/","name":"[ Startech.com ] &#129351; M2e1bru31c Gabinete Externo M.2 Nvme Para Ssd Pcie - Aluminio - Ip67 Resistente Al Agua\/polvo - Slido - Usb-c 3.1 Gen 2 10gbps - Mod.","isPartOf":{"@id":"https:\/\/compuviper.mx\/tienda\/#website"},"datePublished":"2026-04-08T05:38:11+00:00","dateModified":"2026-04-08T05:38:11+00:00","description":"Compra M2e1bru31c Gabinete Externo M.2 Nvme Para Ssd Pcie - Aluminio - Ip67 Resistente Al Agua\/polvo - Slido - Usb-c 3.1 Gen 2 10gbps - Mod. + Env\u00edo a domicilio + Pago seguro + Garant\u00eda","breadcrumb":{"@id":"https:\/\/compuviper.mx\/tienda\/producto\/startech-com-m2e1bru31c-gabinete-externo-m-2-nvme-para-ssd-pcie-aluminio-ip67-resistente-al-agua-polvo-slido-usb-c-3-1-gen-2-10gbps-mod\/#breadcrumb"},"inLanguage":"es-MX","potentialAction":[{"@type":"ReadAction","target":["https:\/\/compuviper.mx\/tienda\/producto\/startech-com-m2e1bru31c-gabinete-externo-m-2-nvme-para-ssd-pcie-aluminio-ip67-resistente-al-agua-polvo-slido-usb-c-3-1-gen-2-10gbps-mod\/"]}]},{"@type":"BreadcrumbList","@id":"https:\/\/compuviper.mx\/tienda\/producto\/startech-com-m2e1bru31c-gabinete-externo-m-2-nvme-para-ssd-pcie-aluminio-ip67-resistente-al-agua-polvo-slido-usb-c-3-1-gen-2-10gbps-mod\/#breadcrumb","itemListElement":[{"@type":"ListItem","position":1,"name":"Inicio","item":"https:\/\/compuviper.mx\/tienda\/"},{"@type":"ListItem","position":2,"name":"Productos","item":"https:\/\/compuviper.mx\/tienda\/productos\/"},{"@type":"ListItem","position":3,"name":"Accesorios","item":"https:\/\/compuviper.mx\/tienda\/categoria-producto\/accesorios\/"},{"@type":"ListItem","position":4,"name":"Gabinete De Discos Duros","item":"https:\/\/compuviper.mx\/tienda\/categoria-producto\/accesorios\/gabinete-de-discos-duros\/"},{"@type":"ListItem","position":5,"name":"Startech.com M2e1bru31c Gabinete Externo M.2 Nvme Para Ssd Pcie &#8211; Aluminio &#8211; Ip67 Resistente Al Agua\/polvo &#8211; Slido &#8211; Usb-c 3.1 Gen 2 10gbps &#8211; Mod."}]},{"@type":"WebSite","@id":"https:\/\/compuviper.mx\/tienda\/#website","url":"https:\/\/compuviper.mx\/tienda\/","name":"Compuviper","description":"Proveedor de Computadoras, Laptops, Servidores, Monitores, Puntos de Venta, Teclados,   Impresoras, T\u00f3ner, C\u00e1maras de Seguridad y m\u00e1s en tu tienda en l\u00ednea","publisher":{"@id":"https:\/\/compuviper.mx\/tienda\/#organization"},"potentialAction":[{"@type":"SearchAction","target":{"@type":"EntryPoint","urlTemplate":"https:\/\/compuviper.mx\/tienda\/?s={search_term_string}"},"query-input":"required name=search_term_string"}],"inLanguage":"es-MX"},{"@type":"Organization","@id":"https:\/\/compuviper.mx\/tienda\/#organization","name":"Compuviper","url":"https:\/\/compuviper.mx\/tienda\/","logo":{"@type":"ImageObject","inLanguage":"es-MX","@id":"https:\/\/compuviper.mx\/tienda\/#\/schema\/logo\/image\/","url":"https:\/\/compuviper.mx\/tienda\/wp-content\/uploads\/2021\/08\/Logo-Compuviper-10.png","contentUrl":"https:\/\/compuviper.mx\/tienda\/wp-content\/uploads\/2021\/08\/Logo-Compuviper-10.png","width":1000,"height":500,"caption":"Compuviper"},"image":{"@id":"https:\/\/compuviper.mx\/tienda\/#\/schema\/logo\/image\/"},"sameAs":["https:\/\/www.facebook.com\/compuviper","https:\/\/www.youtube.com\/channel\/UCf73dERp9Y3cfOq7q8BhLjA?view_as=subscriber"]}]},"product_brand":"STARTECH.COM","product_price_amount":"1695","product_price_currency":"MXN","og_availability":"out of stock","product_availability":"out of stock","product_retailer_item_id":"M2E1BRU31C","product_condition":"new"},"_links":{"self":[{"href":"https:\/\/compuviper.mx\/tienda\/wp-json\/wp\/v2\/product\/212955"}],"collection":[{"href":"https:\/\/compuviper.mx\/tienda\/wp-json\/wp\/v2\/product"}],"about":[{"href":"https:\/\/compuviper.mx\/tienda\/wp-json\/wp\/v2\/types\/product"}],"replies":[{"embeddable":true,"href":"https:\/\/compuviper.mx\/tienda\/wp-json\/wp\/v2\/comments?post=212955"}],"wp:featuredmedia":[{"embeddable":true,"href":"https:\/\/compuviper.mx\/tienda\/wp-json\/wp\/v2\/media\/212956"}],"wp:attachment":[{"href":"https:\/\/compuviper.mx\/tienda\/wp-json\/wp\/v2\/media?parent=212955"}],"wp:term":[{"taxonomy":"product_cat","embeddable":true,"href":"https:\/\/compuviper.mx\/tienda\/wp-json\/wp\/v2\/product_cat?post=212955"},{"taxonomy":"product_tag","embeddable":true,"href":"https:\/\/compuviper.mx\/tienda\/wp-json\/wp\/v2\/product_tag?post=212955"}],"curies":[{"name":"wp","href":"https:\/\/api.w.org\/{rel}","templated":true}]}}