{"id":212883,"date":"2026-04-01T23:34:41","date_gmt":"2026-04-02T05:34:41","guid":{"rendered":"https:\/\/compuviper.mx\/tienda\/producto\/startech-com-privscnmon24-filtro-de-privacidad-para-monitor-de-24-opaco-o-con-brillo-reduccin-de-la-luz-azul-mica-de-privacidad-mod\/"},"modified":"2026-04-01T23:34:41","modified_gmt":"2026-04-02T05:34:41","slug":"startech-com-privscnmon24-filtro-de-privacidad-para-monitor-de-24-opaco-o-con-brillo-reduccin-de-la-luz-azul-mica-de-privacidad-mod","status":"publish","type":"product","link":"https:\/\/compuviper.mx\/tienda\/producto\/startech-com-privscnmon24-filtro-de-privacidad-para-monitor-de-24-opaco-o-con-brillo-reduccin-de-la-luz-azul-mica-de-privacidad-mod\/","title":{"rendered":"Startech.com Privscnmon24 Filtro De Privacidad Para Monitor De 24 &#8211; Opaco O Con Brillo &#8211; Reduccin De La Luz Azul &#8211; Mica De Privacidad  &#8211;  Mod."},"content":{"rendered":"<table class=\"descripcion\">\n<tr>\n<td>Hardware<\/td>\n<\/tr>\n<tr>\n<td>Gesti\u00f3n de cables: s\u00ed<\/td>\n<\/tr>\n<tr>\n<td>Montaje en pared: s\u00ed<\/td>\n<\/tr>\n<tr>\n<td>N\u00famero de pantallas admitidas: 1<\/td>\n<\/tr>\n<tr>\n<td>Opciones de montaje: montaje en pared<\/td>\n<\/tr>\n<tr>\n<td>Patr\u00f3n(es) vesa de agujeros de montaje: 100&#215;100 mm<\/td>\n<\/tr>\n<tr>\n<td>Patr\u00f3n(es) vesa de agujeros de montaje: 75&#215;75 mm<\/td>\n<\/tr>\n<tr>\n<td>Rendimiento<\/td>\n<\/tr>\n<tr>\n<td>Ajuste de la altura: s\u00ed<\/td>\n<\/tr>\n<tr>\n<td>Capacidad de carga: 8 kg<\/td>\n<\/tr>\n<tr>\n<td>Extensi\u00f3n m\u00e1xima del brazo: 548 mm<\/td>\n<\/tr>\n<tr>\n<td>Giro \/ pivotaci\u00f3n: +90\u00b0 \/ -90\u00b0<\/td>\n<\/tr>\n<tr>\n<td>Inclinaci\u00f3n: +35\u00b0 \/ -5\u00b0<\/td>\n<\/tr>\n<tr>\n<td>Keyboard tray tilt: 0 to 90\u00b0<\/td>\n<\/tr>\n<tr>\n<td>Rotaci\u00f3n de la pantalla: 360\u00b0<\/td>\n<\/tr>\n<tr>\n<td>Tama\u00f1o m\u00e1ximo de la pantalla: 24in<\/td>\n<\/tr>\n<tr>\n<td>Weight capacity of keyboard tray: 2.5 kg<\/td>\n<\/tr>\n<tr>\n<td>Caracter\u00edsticas f\u00edsicas<\/td>\n<\/tr>\n<tr>\n<td>Tipo de gabinete: acero<\/td>\n<\/tr>\n<tr>\n<td>Peso del producto: 8.7 kg<\/td>\n<\/tr>\n<tr>\n<td>Longitud del producto: 80 cm<\/td>\n<\/tr>\n<tr>\n<td>Keyboard tray width: 449 mm<\/td>\n<\/tr>\n<tr>\n<td>Keyboard tray depth: 207 mm<\/td>\n<\/tr>\n<tr>\n<td>Color: negro<\/td>\n<\/tr>\n<tr>\n<td>Ancho del producto: 66.8 cm<\/td>\n<\/tr>\n<tr>\n<td>Altura del producto: 50 cm<\/td>\n<\/tr>\n<\/table>\n","protected":false},"excerpt":{"rendered":"<p>El\u00a0filtro de privacidad del monitor\u00a0se puede instalar y desinstalar f\u00e1cilmente. Solo tiene que instalar\u00a0el filtro de\u00a0privacidad de\u00a024\u00a0a su pantalla,\u00a0mediante\u00a0las barras de instalaci\u00f3n o l\u00e1minas de filtro deslizantes.\u00a0este filtro de privacidad para pantalla tambi\u00e9n es reversible. La cara mate elimina los reflejos y la cara brillante aumenta la claridad.?. El\u00a0filtro protector para monitores de computadora es una\u00a0gran inversi\u00f3n a la hora de proteger su privacidad. Es una forma pr\u00e1ctica que resulta econ\u00f3mica de proteger su informaci\u00f3n confidencial, propiedad intelectual o cualquier otro tipo de datos. Ya sea al trabajar en la\u00a0oficina\u00a0o en un concurrido\u00a0entorno p\u00fablico, no tiene que preocuparse por la seguridad de su pantalla, protegida gracias al filtro de \u00e1ngulo de visi\u00f3n de privacidad de +\/-30 grados.?. La\u00a0l\u00e1mina de privacidad para monitor\u00a0est\u00e1 dise\u00f1ada para filtrar la luz azul\u00a0(onda de longitud de 390nma 480nm), la cual puede causar esfuerzo visual y afectar sus ciclos de sue\u00f1o.<\/p>\n","protected":false},"featured_media":212884,"comment_status":"open","ping_status":"open","template":"","meta":[],"product_cat":[1485,2026],"product_tag":[1590],"acf":[],"yoast_head":"<!-- This site is optimized with the Yoast SEO plugin v21.7 - https:\/\/yoast.com\/wordpress\/plugins\/seo\/ -->\n<title>[ Startech.com ] &#129351; Privscnmon24 Filtro De Privacidad Para Monitor De 24 - Opaco O Con Brillo - Reduccin De La Luz Azul - Mica De Privacidad - Mod.<\/title>\n<meta name=\"description\" content=\"Compra Privscnmon24 Filtro De Privacidad Para Monitor De 24 - Opaco O Con Brillo - Reduccin De La Luz Azul - Mica De Privacidad - Mod. + Env\u00edo a domicilio + Pago seguro + Garant\u00eda\" \/>\n<meta name=\"robots\" content=\"index, follow, max-snippet:-1, max-image-preview:large, max-video-preview:-1\" \/>\n<link rel=\"canonical\" href=\"https:\/\/compuviper.mx\/tienda\/producto\/startech-com-privscnmon24-filtro-de-privacidad-para-monitor-de-24-opaco-o-con-brillo-reduccin-de-la-luz-azul-mica-de-privacidad-mod\/\" \/>\n<meta property=\"og:locale\" content=\"es_MX\" \/>\n<meta property=\"og:type\" content=\"article\" \/>\n<meta property=\"og:title\" content=\"[ Startech.com ] &#129351; Privscnmon24 Filtro De Privacidad Para Monitor De 24 - Opaco O Con Brillo - Reduccin De La Luz Azul - Mica De Privacidad - Mod.\" \/>\n<meta property=\"og:description\" content=\"Compra Privscnmon24 Filtro De Privacidad Para Monitor De 24 - Opaco O Con Brillo - Reduccin De La Luz Azul - Mica De Privacidad - Mod. + Env\u00edo a domicilio + Pago seguro + Garant\u00eda\" \/>\n<meta property=\"og:url\" content=\"https:\/\/compuviper.mx\/tienda\/producto\/startech-com-privscnmon24-filtro-de-privacidad-para-monitor-de-24-opaco-o-con-brillo-reduccin-de-la-luz-azul-mica-de-privacidad-mod\/\" \/>\n<meta property=\"og:site_name\" content=\"Compuviper\" \/>\n<meta property=\"article:publisher\" content=\"https:\/\/www.facebook.com\/compuviper\" \/>\n<meta property=\"og:image\" content=\"https:\/\/compuviper.mx\/tienda\/wp-content\/uploads\/2023\/12\/Filtro-de-privacidad-para-monitor-de-24-opaco-o-con-brillo-reduccion-de-la-luz-azul-mica-de-privacidad-privscnmon24-startech.com-mod.-privscnmon24.jpg\" \/>\n\t<meta property=\"og:image:width\" content=\"200\" \/>\n\t<meta property=\"og:image:height\" content=\"200\" \/>\n\t<meta property=\"og:image:type\" content=\"image\/jpeg\" \/>\n<meta name=\"twitter:card\" content=\"summary_large_image\" \/>\n<meta name=\"twitter:label1\" content=\"Precio\" \/>\n\t<meta name=\"twitter:data1\" content=\"&#36;1,714 con IVA\" \/>\n\t<meta name=\"twitter:label2\" content=\"Availability\" \/>\n\t<meta name=\"twitter:data2\" content=\"Out of stock\" \/>\n<script type=\"application\/ld+json\" class=\"yoast-schema-graph\">{\"@context\":\"https:\/\/schema.org\",\"@graph\":[{\"@type\":\"WebPage\",\"@id\":\"https:\/\/compuviper.mx\/tienda\/producto\/startech-com-privscnmon24-filtro-de-privacidad-para-monitor-de-24-opaco-o-con-brillo-reduccin-de-la-luz-azul-mica-de-privacidad-mod\/\",\"url\":\"https:\/\/compuviper.mx\/tienda\/producto\/startech-com-privscnmon24-filtro-de-privacidad-para-monitor-de-24-opaco-o-con-brillo-reduccin-de-la-luz-azul-mica-de-privacidad-mod\/\",\"name\":\"[ Startech.com ] &#129351; Privscnmon24 Filtro De Privacidad Para Monitor De 24 - Opaco O Con Brillo - Reduccin De La Luz Azul - Mica De Privacidad - Mod.\",\"isPartOf\":{\"@id\":\"https:\/\/compuviper.mx\/tienda\/#website\"},\"datePublished\":\"2026-04-02T05:34:41+00:00\",\"dateModified\":\"2026-04-02T05:34:41+00:00\",\"description\":\"Compra Privscnmon24 Filtro De Privacidad Para Monitor De 24 - Opaco O Con Brillo - Reduccin De La Luz Azul - Mica De Privacidad - Mod. + Env\u00edo a domicilio + Pago seguro + Garant\u00eda\",\"breadcrumb\":{\"@id\":\"https:\/\/compuviper.mx\/tienda\/producto\/startech-com-privscnmon24-filtro-de-privacidad-para-monitor-de-24-opaco-o-con-brillo-reduccin-de-la-luz-azul-mica-de-privacidad-mod\/#breadcrumb\"},\"inLanguage\":\"es-MX\",\"potentialAction\":[{\"@type\":\"ReadAction\",\"target\":[\"https:\/\/compuviper.mx\/tienda\/producto\/startech-com-privscnmon24-filtro-de-privacidad-para-monitor-de-24-opaco-o-con-brillo-reduccin-de-la-luz-azul-mica-de-privacidad-mod\/\"]}]},{\"@type\":\"BreadcrumbList\",\"@id\":\"https:\/\/compuviper.mx\/tienda\/producto\/startech-com-privscnmon24-filtro-de-privacidad-para-monitor-de-24-opaco-o-con-brillo-reduccin-de-la-luz-azul-mica-de-privacidad-mod\/#breadcrumb\",\"itemListElement\":[{\"@type\":\"ListItem\",\"position\":1,\"name\":\"Inicio\",\"item\":\"https:\/\/compuviper.mx\/tienda\/\"},{\"@type\":\"ListItem\",\"position\":2,\"name\":\"Productos\",\"item\":\"https:\/\/compuviper.mx\/tienda\/productos\/\"},{\"@type\":\"ListItem\",\"position\":3,\"name\":\"Accesorios\",\"item\":\"https:\/\/compuviper.mx\/tienda\/categoria-producto\/accesorios\/\"},{\"@type\":\"ListItem\",\"position\":4,\"name\":\"Filtros\",\"item\":\"https:\/\/compuviper.mx\/tienda\/categoria-producto\/accesorios\/filtros\/\"},{\"@type\":\"ListItem\",\"position\":5,\"name\":\"Startech.com Privscnmon24 Filtro De Privacidad Para Monitor De 24 &#8211; Opaco O Con Brillo &#8211; Reduccin De La Luz Azul &#8211; Mica De Privacidad &#8211; Mod.\"}]},{\"@type\":\"WebSite\",\"@id\":\"https:\/\/compuviper.mx\/tienda\/#website\",\"url\":\"https:\/\/compuviper.mx\/tienda\/\",\"name\":\"Compuviper\",\"description\":\"Proveedor de Computadoras, Laptops, Servidores, Monitores, Puntos de Venta, Teclados,   Impresoras, T\u00f3ner, C\u00e1maras de Seguridad y m\u00e1s en tu tienda en l\u00ednea\",\"publisher\":{\"@id\":\"https:\/\/compuviper.mx\/tienda\/#organization\"},\"potentialAction\":[{\"@type\":\"SearchAction\",\"target\":{\"@type\":\"EntryPoint\",\"urlTemplate\":\"https:\/\/compuviper.mx\/tienda\/?s={search_term_string}\"},\"query-input\":\"required name=search_term_string\"}],\"inLanguage\":\"es-MX\"},{\"@type\":\"Organization\",\"@id\":\"https:\/\/compuviper.mx\/tienda\/#organization\",\"name\":\"Compuviper\",\"url\":\"https:\/\/compuviper.mx\/tienda\/\",\"logo\":{\"@type\":\"ImageObject\",\"inLanguage\":\"es-MX\",\"@id\":\"https:\/\/compuviper.mx\/tienda\/#\/schema\/logo\/image\/\",\"url\":\"https:\/\/compuviper.mx\/tienda\/wp-content\/uploads\/2021\/08\/Logo-Compuviper-10.png\",\"contentUrl\":\"https:\/\/compuviper.mx\/tienda\/wp-content\/uploads\/2021\/08\/Logo-Compuviper-10.png\",\"width\":1000,\"height\":500,\"caption\":\"Compuviper\"},\"image\":{\"@id\":\"https:\/\/compuviper.mx\/tienda\/#\/schema\/logo\/image\/\"},\"sameAs\":[\"https:\/\/www.facebook.com\/compuviper\",\"https:\/\/www.youtube.com\/channel\/UCf73dERp9Y3cfOq7q8BhLjA?view_as=subscriber\"]}]}<\/script>\n<meta property=\"product:brand\" content=\"STARTECH.COM\" \/>\n<meta property=\"product:price:amount\" content=\"1714\" \/>\n<meta property=\"product:price:currency\" content=\"MXN\" \/>\n<meta property=\"og:availability\" content=\"out of stock\" \/>\n<meta property=\"product:availability\" content=\"out of stock\" \/>\n<meta property=\"product:retailer_item_id\" content=\"PRIVSCNMON24\" \/>\n<meta property=\"product:condition\" content=\"new\" \/>\n<!-- \/ Yoast SEO plugin. -->","yoast_head_json":{"title":"[ Startech.com ] &#129351; Privscnmon24 Filtro De Privacidad Para Monitor De 24 - Opaco O Con Brillo - Reduccin De La Luz Azul - Mica De Privacidad - Mod.","description":"Compra Privscnmon24 Filtro De Privacidad Para Monitor De 24 - Opaco O Con Brillo - Reduccin De La Luz Azul - Mica De Privacidad - Mod. + Env\u00edo a domicilio + Pago seguro + Garant\u00eda","robots":{"index":"index","follow":"follow","max-snippet":"max-snippet:-1","max-image-preview":"max-image-preview:large","max-video-preview":"max-video-preview:-1"},"canonical":"https:\/\/compuviper.mx\/tienda\/producto\/startech-com-privscnmon24-filtro-de-privacidad-para-monitor-de-24-opaco-o-con-brillo-reduccin-de-la-luz-azul-mica-de-privacidad-mod\/","og_locale":"es_MX","og_type":"article","og_title":"[ Startech.com ] &#129351; Privscnmon24 Filtro De Privacidad Para Monitor De 24 - Opaco O Con Brillo - Reduccin De La Luz Azul - Mica De Privacidad - Mod.","og_description":"Compra Privscnmon24 Filtro De Privacidad Para Monitor De 24 - Opaco O Con Brillo - Reduccin De La Luz Azul - Mica De Privacidad - Mod. + Env\u00edo a domicilio + Pago seguro + Garant\u00eda","og_url":"https:\/\/compuviper.mx\/tienda\/producto\/startech-com-privscnmon24-filtro-de-privacidad-para-monitor-de-24-opaco-o-con-brillo-reduccin-de-la-luz-azul-mica-de-privacidad-mod\/","og_site_name":"Compuviper","article_publisher":"https:\/\/www.facebook.com\/compuviper","og_image":[{"width":200,"height":200,"url":"https:\/\/compuviper.mx\/tienda\/wp-content\/uploads\/2023\/12\/Filtro-de-privacidad-para-monitor-de-24-opaco-o-con-brillo-reduccion-de-la-luz-azul-mica-de-privacidad-privscnmon24-startech.com-mod.-privscnmon24.jpg","type":"image\/jpeg"}],"twitter_card":"summary_large_image","twitter_misc":{"Precio":"&#36;1,714 con IVA","Availability":"Out of stock"},"schema":{"@context":"https:\/\/schema.org","@graph":[{"@type":"WebPage","@id":"https:\/\/compuviper.mx\/tienda\/producto\/startech-com-privscnmon24-filtro-de-privacidad-para-monitor-de-24-opaco-o-con-brillo-reduccin-de-la-luz-azul-mica-de-privacidad-mod\/","url":"https:\/\/compuviper.mx\/tienda\/producto\/startech-com-privscnmon24-filtro-de-privacidad-para-monitor-de-24-opaco-o-con-brillo-reduccin-de-la-luz-azul-mica-de-privacidad-mod\/","name":"[ Startech.com ] &#129351; Privscnmon24 Filtro De Privacidad Para Monitor De 24 - Opaco O Con Brillo - Reduccin De La Luz Azul - Mica De Privacidad - Mod.","isPartOf":{"@id":"https:\/\/compuviper.mx\/tienda\/#website"},"datePublished":"2026-04-02T05:34:41+00:00","dateModified":"2026-04-02T05:34:41+00:00","description":"Compra Privscnmon24 Filtro De Privacidad Para Monitor De 24 - Opaco O Con Brillo - Reduccin De La Luz Azul - Mica De Privacidad - Mod. + Env\u00edo a domicilio + Pago seguro + Garant\u00eda","breadcrumb":{"@id":"https:\/\/compuviper.mx\/tienda\/producto\/startech-com-privscnmon24-filtro-de-privacidad-para-monitor-de-24-opaco-o-con-brillo-reduccin-de-la-luz-azul-mica-de-privacidad-mod\/#breadcrumb"},"inLanguage":"es-MX","potentialAction":[{"@type":"ReadAction","target":["https:\/\/compuviper.mx\/tienda\/producto\/startech-com-privscnmon24-filtro-de-privacidad-para-monitor-de-24-opaco-o-con-brillo-reduccin-de-la-luz-azul-mica-de-privacidad-mod\/"]}]},{"@type":"BreadcrumbList","@id":"https:\/\/compuviper.mx\/tienda\/producto\/startech-com-privscnmon24-filtro-de-privacidad-para-monitor-de-24-opaco-o-con-brillo-reduccin-de-la-luz-azul-mica-de-privacidad-mod\/#breadcrumb","itemListElement":[{"@type":"ListItem","position":1,"name":"Inicio","item":"https:\/\/compuviper.mx\/tienda\/"},{"@type":"ListItem","position":2,"name":"Productos","item":"https:\/\/compuviper.mx\/tienda\/productos\/"},{"@type":"ListItem","position":3,"name":"Accesorios","item":"https:\/\/compuviper.mx\/tienda\/categoria-producto\/accesorios\/"},{"@type":"ListItem","position":4,"name":"Filtros","item":"https:\/\/compuviper.mx\/tienda\/categoria-producto\/accesorios\/filtros\/"},{"@type":"ListItem","position":5,"name":"Startech.com Privscnmon24 Filtro De Privacidad Para Monitor De 24 &#8211; Opaco O Con Brillo &#8211; Reduccin De La Luz Azul &#8211; Mica De Privacidad &#8211; Mod."}]},{"@type":"WebSite","@id":"https:\/\/compuviper.mx\/tienda\/#website","url":"https:\/\/compuviper.mx\/tienda\/","name":"Compuviper","description":"Proveedor de Computadoras, Laptops, Servidores, Monitores, Puntos de Venta, Teclados,   Impresoras, T\u00f3ner, C\u00e1maras de Seguridad y m\u00e1s en tu tienda en l\u00ednea","publisher":{"@id":"https:\/\/compuviper.mx\/tienda\/#organization"},"potentialAction":[{"@type":"SearchAction","target":{"@type":"EntryPoint","urlTemplate":"https:\/\/compuviper.mx\/tienda\/?s={search_term_string}"},"query-input":"required name=search_term_string"}],"inLanguage":"es-MX"},{"@type":"Organization","@id":"https:\/\/compuviper.mx\/tienda\/#organization","name":"Compuviper","url":"https:\/\/compuviper.mx\/tienda\/","logo":{"@type":"ImageObject","inLanguage":"es-MX","@id":"https:\/\/compuviper.mx\/tienda\/#\/schema\/logo\/image\/","url":"https:\/\/compuviper.mx\/tienda\/wp-content\/uploads\/2021\/08\/Logo-Compuviper-10.png","contentUrl":"https:\/\/compuviper.mx\/tienda\/wp-content\/uploads\/2021\/08\/Logo-Compuviper-10.png","width":1000,"height":500,"caption":"Compuviper"},"image":{"@id":"https:\/\/compuviper.mx\/tienda\/#\/schema\/logo\/image\/"},"sameAs":["https:\/\/www.facebook.com\/compuviper","https:\/\/www.youtube.com\/channel\/UCf73dERp9Y3cfOq7q8BhLjA?view_as=subscriber"]}]},"product_brand":"STARTECH.COM","product_price_amount":"1714","product_price_currency":"MXN","og_availability":"out of stock","product_availability":"out of stock","product_retailer_item_id":"PRIVSCNMON24","product_condition":"new"},"_links":{"self":[{"href":"https:\/\/compuviper.mx\/tienda\/wp-json\/wp\/v2\/product\/212883"}],"collection":[{"href":"https:\/\/compuviper.mx\/tienda\/wp-json\/wp\/v2\/product"}],"about":[{"href":"https:\/\/compuviper.mx\/tienda\/wp-json\/wp\/v2\/types\/product"}],"replies":[{"embeddable":true,"href":"https:\/\/compuviper.mx\/tienda\/wp-json\/wp\/v2\/comments?post=212883"}],"wp:featuredmedia":[{"embeddable":true,"href":"https:\/\/compuviper.mx\/tienda\/wp-json\/wp\/v2\/media\/212884"}],"wp:attachment":[{"href":"https:\/\/compuviper.mx\/tienda\/wp-json\/wp\/v2\/media?parent=212883"}],"wp:term":[{"taxonomy":"product_cat","embeddable":true,"href":"https:\/\/compuviper.mx\/tienda\/wp-json\/wp\/v2\/product_cat?post=212883"},{"taxonomy":"product_tag","embeddable":true,"href":"https:\/\/compuviper.mx\/tienda\/wp-json\/wp\/v2\/product_tag?post=212883"}],"curies":[{"name":"wp","href":"https:\/\/api.w.org\/{rel}","templated":true}]}}