{"id":212799,"date":"2026-04-13T23:34:24","date_gmt":"2026-04-14T05:34:24","guid":{"rendered":"https:\/\/compuviper.mx\/tienda\/producto\/synology-m2d20-tarjeta-adaptadora-de-ssd-m-2-doble-ranura-para-aceleracin-de-cach-interfaz-pcie-nvme-factor-de-m-2-22110-m-2-2280\/"},"modified":"2026-04-13T23:34:24","modified_gmt":"2026-04-14T05:34:24","slug":"synology-m2d20-tarjeta-adaptadora-de-ssd-m-2-doble-ranura-para-aceleracin-de-cach-interfaz-pcie-nvme-factor-de-m-2-22110-m-2-2280","status":"publish","type":"product","link":"https:\/\/compuviper.mx\/tienda\/producto\/synology-m2d20-tarjeta-adaptadora-de-ssd-m-2-doble-ranura-para-aceleracin-de-cach-interfaz-pcie-nvme-factor-de-m-2-22110-m-2-2280\/","title":{"rendered":"Synology M2d20 Tarjeta Adaptadora  De Ssd M.2 Doble Ranura Para Aceleracin De Cach\/ Interfaz Pcie Nvme \/factor De M.2 22110 \/m.2 2280"},"content":{"rendered":"<table class=\"descripcion\">\n<tr>\n<td>Especificaciones de hardware<\/td>\n<\/tr>\n<tr>\n<td>General<\/td>\n<\/tr>\n<tr>\n<td>Interfaz de bus del host pcie 3.0 x8<\/td>\n<\/tr>\n<tr>\n<td>Altura del soporte perfil bajo y altura completa<\/td>\n<\/tr>\n<tr>\n<td>Tama\u00f1o<\/td>\n<\/tr>\n<tr>\n<td>(altura x anchura x profundidad)<\/td>\n<\/tr>\n<tr>\n<td>71.75 mm x 181.9 mm x 15.8 mm<\/td>\n<\/tr>\n<tr>\n<td>Temperatura operativa 0\u00b0c a 40\u00b0c (32\u00b0f a 104\u00b0f)<\/td>\n<\/tr>\n<tr>\n<td>Temperatura de almacenamiento -20\u00b0c a 60\u00b0c (-5\u00b0f a 140\u00b0f)<\/td>\n<\/tr>\n<tr>\n<td>Humedad relativa 5% a 95% rh<\/td>\n<\/tr>\n<tr>\n<td>Almacenamiento<\/td>\n<\/tr>\n<tr>\n<td>Interfaz de almacenamiento pcie nvme<\/td>\n<\/tr>\n<tr>\n<td>Factor de forma compatible 22110 \/ 2280<\/td>\n<\/tr>\n<tr>\n<td>Cantidad y tipo de conector clave m<\/td>\n<\/tr>\n<tr>\n<td>Compatibilidad<\/td>\n<\/tr>\n<tr>\n<td>Modelos compatibles<\/td>\n<\/tr>\n<tr>\n<td>Nvme ssd<\/td>\n<\/tr>\n<tr>\n<td>Sa series:sa3600, sa3400<\/td>\n<\/tr>\n<tr>\n<td>21 series:rs1221rp+, rs1221+<\/td>\n<\/tr>\n<tr>\n<td>20 series:rs820rp+, rs820+<\/td>\n<\/tr>\n<tr>\n<td>19 series:ds2419+, ds1819+<\/td>\n<\/tr>\n<tr>\n<td>18 series:rs2818rp+, rs2418rp+, rs2418+, ds3018xs, ds1618+<\/td>\n<\/tr>\n<tr>\n<td>Notas requisitos de versi\u00f3n dsm: 6.2.3-25426 o versi\u00f3n posterior<\/td>\n<\/tr>\n<\/table>\n","protected":false},"excerpt":{"rendered":"<p>Potencie el rendimiento del almacenamiento para cargas de trabajo exigentes. Synology m2d20 es una tarjeta adaptadora de ssd nvme m.2 dise\u00f1ada para potenciar el rendimiento de e\/s de su nas. La capacidad de varias colas de la ssd nvme beneficia enormemente a aplicaciones sensibles a la latencia, como la indexaci\u00f3n de fotos, la b\u00fasqueda de archivos y las implementaciones de virtualizaci\u00f3n.<\/p>\n","protected":false},"featured_media":212800,"comment_status":"open","ping_status":"open","template":"","meta":[],"product_cat":[1485,1580],"product_tag":[1561],"acf":[],"yoast_head":"<!-- This site is optimized with the Yoast SEO plugin v21.7 - https:\/\/yoast.com\/wordpress\/plugins\/seo\/ -->\n<title>[ Synology ] &#129351; M2d20 Tarjeta Adaptadora De Ssd M.2 Doble Ranura Para Aceleracin De Cach\/ Interfaz Pcie Nvme \/factor De M.2 22110 \/m.2 2280<\/title>\n<meta name=\"description\" content=\"Compra M2d20 Tarjeta Adaptadora De Ssd M.2 Doble Ranura Para Aceleracin De Cach\/ Interfaz Pcie Nvme \/factor De M.2 22110 \/m.2 2280 + Env\u00edo a domicilio + Pago seguro + Garant\u00eda\" \/>\n<meta name=\"robots\" content=\"index, follow, max-snippet:-1, max-image-preview:large, max-video-preview:-1\" \/>\n<link rel=\"canonical\" href=\"https:\/\/compuviper.mx\/tienda\/producto\/synology-m2d20-tarjeta-adaptadora-de-ssd-m-2-doble-ranura-para-aceleracin-de-cach-interfaz-pcie-nvme-factor-de-m-2-22110-m-2-2280\/\" \/>\n<meta property=\"og:locale\" content=\"es_MX\" \/>\n<meta property=\"og:type\" content=\"article\" \/>\n<meta property=\"og:title\" content=\"[ Synology ] &#129351; M2d20 Tarjeta Adaptadora De Ssd M.2 Doble Ranura Para Aceleracin De Cach\/ Interfaz Pcie Nvme \/factor De M.2 22110 \/m.2 2280\" \/>\n<meta property=\"og:description\" content=\"Compra M2d20 Tarjeta Adaptadora De Ssd M.2 Doble Ranura Para Aceleracin De Cach\/ Interfaz Pcie Nvme \/factor De M.2 22110 \/m.2 2280 + Env\u00edo a domicilio + Pago seguro + Garant\u00eda\" \/>\n<meta property=\"og:url\" content=\"https:\/\/compuviper.mx\/tienda\/producto\/synology-m2d20-tarjeta-adaptadora-de-ssd-m-2-doble-ranura-para-aceleracin-de-cach-interfaz-pcie-nvme-factor-de-m-2-22110-m-2-2280\/\" \/>\n<meta property=\"og:site_name\" content=\"Compuviper\" \/>\n<meta property=\"article:publisher\" content=\"https:\/\/www.facebook.com\/compuviper\" \/>\n<meta property=\"og:image\" content=\"https:\/\/compuviper.mx\/tienda\/wp-content\/uploads\/2023\/12\/Tarjeta-adaptadora-synology-de-ssd-m.2-doble-ranura-para-aceleracin-de-cach-interfaz-pcie-nvme-factor-de-m.2-22110-m.2-2280.jpg\" \/>\n\t<meta property=\"og:image:width\" content=\"200\" \/>\n\t<meta property=\"og:image:height\" content=\"200\" \/>\n\t<meta property=\"og:image:type\" content=\"image\/jpeg\" \/>\n<meta name=\"twitter:card\" content=\"summary_large_image\" \/>\n<meta name=\"twitter:label1\" content=\"Precio\" \/>\n\t<meta name=\"twitter:data1\" content=\"&#36;3,601 con IVA\" \/>\n\t<meta name=\"twitter:label2\" content=\"Availability\" \/>\n\t<meta name=\"twitter:data2\" content=\"In stock\" \/>\n<script type=\"application\/ld+json\" class=\"yoast-schema-graph\">{\"@context\":\"https:\/\/schema.org\",\"@graph\":[{\"@type\":\"WebPage\",\"@id\":\"https:\/\/compuviper.mx\/tienda\/producto\/synology-m2d20-tarjeta-adaptadora-de-ssd-m-2-doble-ranura-para-aceleracin-de-cach-interfaz-pcie-nvme-factor-de-m-2-22110-m-2-2280\/\",\"url\":\"https:\/\/compuviper.mx\/tienda\/producto\/synology-m2d20-tarjeta-adaptadora-de-ssd-m-2-doble-ranura-para-aceleracin-de-cach-interfaz-pcie-nvme-factor-de-m-2-22110-m-2-2280\/\",\"name\":\"[ Synology ] &#129351; M2d20 Tarjeta Adaptadora De Ssd M.2 Doble Ranura Para Aceleracin De Cach\/ Interfaz Pcie Nvme \/factor De M.2 22110 \/m.2 2280\",\"isPartOf\":{\"@id\":\"https:\/\/compuviper.mx\/tienda\/#website\"},\"datePublished\":\"2026-04-14T05:34:24+00:00\",\"dateModified\":\"2026-04-14T05:34:24+00:00\",\"description\":\"Compra M2d20 Tarjeta Adaptadora De Ssd M.2 Doble Ranura Para Aceleracin De Cach\/ Interfaz Pcie Nvme \/factor De M.2 22110 \/m.2 2280 + Env\u00edo a domicilio + Pago seguro + Garant\u00eda\",\"breadcrumb\":{\"@id\":\"https:\/\/compuviper.mx\/tienda\/producto\/synology-m2d20-tarjeta-adaptadora-de-ssd-m-2-doble-ranura-para-aceleracin-de-cach-interfaz-pcie-nvme-factor-de-m-2-22110-m-2-2280\/#breadcrumb\"},\"inLanguage\":\"es-MX\",\"potentialAction\":[{\"@type\":\"ReadAction\",\"target\":[\"https:\/\/compuviper.mx\/tienda\/producto\/synology-m2d20-tarjeta-adaptadora-de-ssd-m-2-doble-ranura-para-aceleracin-de-cach-interfaz-pcie-nvme-factor-de-m-2-22110-m-2-2280\/\"]}]},{\"@type\":\"BreadcrumbList\",\"@id\":\"https:\/\/compuviper.mx\/tienda\/producto\/synology-m2d20-tarjeta-adaptadora-de-ssd-m-2-doble-ranura-para-aceleracin-de-cach-interfaz-pcie-nvme-factor-de-m-2-22110-m-2-2280\/#breadcrumb\",\"itemListElement\":[{\"@type\":\"ListItem\",\"position\":1,\"name\":\"Inicio\",\"item\":\"https:\/\/compuviper.mx\/tienda\/\"},{\"@type\":\"ListItem\",\"position\":2,\"name\":\"Productos\",\"item\":\"https:\/\/compuviper.mx\/tienda\/productos\/\"},{\"@type\":\"ListItem\",\"position\":3,\"name\":\"Accesorios\",\"item\":\"https:\/\/compuviper.mx\/tienda\/categoria-producto\/accesorios\/\"},{\"@type\":\"ListItem\",\"position\":4,\"name\":\"Servidores\",\"item\":\"https:\/\/compuviper.mx\/tienda\/categoria-producto\/accesorios\/servidores\/\"},{\"@type\":\"ListItem\",\"position\":5,\"name\":\"Synology M2d20 Tarjeta Adaptadora De Ssd M.2 Doble Ranura Para Aceleracin De Cach\/ Interfaz Pcie Nvme \/factor De M.2 22110 \/m.2 2280\"}]},{\"@type\":\"WebSite\",\"@id\":\"https:\/\/compuviper.mx\/tienda\/#website\",\"url\":\"https:\/\/compuviper.mx\/tienda\/\",\"name\":\"Compuviper\",\"description\":\"Proveedor de Computadoras, Laptops, Servidores, Monitores, Puntos de Venta, Teclados,   Impresoras, T\u00f3ner, C\u00e1maras de Seguridad y m\u00e1s en tu tienda en l\u00ednea\",\"publisher\":{\"@id\":\"https:\/\/compuviper.mx\/tienda\/#organization\"},\"potentialAction\":[{\"@type\":\"SearchAction\",\"target\":{\"@type\":\"EntryPoint\",\"urlTemplate\":\"https:\/\/compuviper.mx\/tienda\/?s={search_term_string}\"},\"query-input\":\"required name=search_term_string\"}],\"inLanguage\":\"es-MX\"},{\"@type\":\"Organization\",\"@id\":\"https:\/\/compuviper.mx\/tienda\/#organization\",\"name\":\"Compuviper\",\"url\":\"https:\/\/compuviper.mx\/tienda\/\",\"logo\":{\"@type\":\"ImageObject\",\"inLanguage\":\"es-MX\",\"@id\":\"https:\/\/compuviper.mx\/tienda\/#\/schema\/logo\/image\/\",\"url\":\"https:\/\/compuviper.mx\/tienda\/wp-content\/uploads\/2021\/08\/Logo-Compuviper-10.png\",\"contentUrl\":\"https:\/\/compuviper.mx\/tienda\/wp-content\/uploads\/2021\/08\/Logo-Compuviper-10.png\",\"width\":1000,\"height\":500,\"caption\":\"Compuviper\"},\"image\":{\"@id\":\"https:\/\/compuviper.mx\/tienda\/#\/schema\/logo\/image\/\"},\"sameAs\":[\"https:\/\/www.facebook.com\/compuviper\",\"https:\/\/www.youtube.com\/channel\/UCf73dERp9Y3cfOq7q8BhLjA?view_as=subscriber\"]}]}<\/script>\n<meta property=\"product:brand\" content=\"SYNOLOGY\" \/>\n<meta property=\"product:price:amount\" content=\"3601\" \/>\n<meta property=\"product:price:currency\" content=\"MXN\" \/>\n<meta property=\"og:availability\" content=\"instock\" \/>\n<meta property=\"product:availability\" content=\"instock\" \/>\n<meta property=\"product:retailer_item_id\" content=\"M2D20\" \/>\n<meta property=\"product:condition\" content=\"new\" \/>\n<!-- \/ Yoast SEO plugin. -->","yoast_head_json":{"title":"[ Synology ] &#129351; M2d20 Tarjeta Adaptadora De Ssd M.2 Doble Ranura Para Aceleracin De Cach\/ Interfaz Pcie Nvme \/factor De M.2 22110 \/m.2 2280","description":"Compra M2d20 Tarjeta Adaptadora De Ssd M.2 Doble Ranura Para Aceleracin De Cach\/ Interfaz Pcie Nvme \/factor De M.2 22110 \/m.2 2280 + Env\u00edo a domicilio + Pago seguro + Garant\u00eda","robots":{"index":"index","follow":"follow","max-snippet":"max-snippet:-1","max-image-preview":"max-image-preview:large","max-video-preview":"max-video-preview:-1"},"canonical":"https:\/\/compuviper.mx\/tienda\/producto\/synology-m2d20-tarjeta-adaptadora-de-ssd-m-2-doble-ranura-para-aceleracin-de-cach-interfaz-pcie-nvme-factor-de-m-2-22110-m-2-2280\/","og_locale":"es_MX","og_type":"article","og_title":"[ Synology ] &#129351; M2d20 Tarjeta Adaptadora De Ssd M.2 Doble Ranura Para Aceleracin De Cach\/ Interfaz Pcie Nvme \/factor De M.2 22110 \/m.2 2280","og_description":"Compra M2d20 Tarjeta Adaptadora De Ssd M.2 Doble Ranura Para Aceleracin De Cach\/ Interfaz Pcie Nvme \/factor De M.2 22110 \/m.2 2280 + Env\u00edo a domicilio + Pago seguro + Garant\u00eda","og_url":"https:\/\/compuviper.mx\/tienda\/producto\/synology-m2d20-tarjeta-adaptadora-de-ssd-m-2-doble-ranura-para-aceleracin-de-cach-interfaz-pcie-nvme-factor-de-m-2-22110-m-2-2280\/","og_site_name":"Compuviper","article_publisher":"https:\/\/www.facebook.com\/compuviper","og_image":[{"width":200,"height":200,"url":"https:\/\/compuviper.mx\/tienda\/wp-content\/uploads\/2023\/12\/Tarjeta-adaptadora-synology-de-ssd-m.2-doble-ranura-para-aceleracin-de-cach-interfaz-pcie-nvme-factor-de-m.2-22110-m.2-2280.jpg","type":"image\/jpeg"}],"twitter_card":"summary_large_image","twitter_misc":{"Precio":"&#36;3,601 con IVA","Availability":"In stock"},"schema":{"@context":"https:\/\/schema.org","@graph":[{"@type":"WebPage","@id":"https:\/\/compuviper.mx\/tienda\/producto\/synology-m2d20-tarjeta-adaptadora-de-ssd-m-2-doble-ranura-para-aceleracin-de-cach-interfaz-pcie-nvme-factor-de-m-2-22110-m-2-2280\/","url":"https:\/\/compuviper.mx\/tienda\/producto\/synology-m2d20-tarjeta-adaptadora-de-ssd-m-2-doble-ranura-para-aceleracin-de-cach-interfaz-pcie-nvme-factor-de-m-2-22110-m-2-2280\/","name":"[ Synology ] &#129351; M2d20 Tarjeta Adaptadora De Ssd M.2 Doble Ranura Para Aceleracin De Cach\/ Interfaz Pcie Nvme \/factor De M.2 22110 \/m.2 2280","isPartOf":{"@id":"https:\/\/compuviper.mx\/tienda\/#website"},"datePublished":"2026-04-14T05:34:24+00:00","dateModified":"2026-04-14T05:34:24+00:00","description":"Compra M2d20 Tarjeta Adaptadora De Ssd M.2 Doble Ranura Para Aceleracin De Cach\/ Interfaz Pcie Nvme \/factor De M.2 22110 \/m.2 2280 + Env\u00edo a domicilio + Pago seguro + Garant\u00eda","breadcrumb":{"@id":"https:\/\/compuviper.mx\/tienda\/producto\/synology-m2d20-tarjeta-adaptadora-de-ssd-m-2-doble-ranura-para-aceleracin-de-cach-interfaz-pcie-nvme-factor-de-m-2-22110-m-2-2280\/#breadcrumb"},"inLanguage":"es-MX","potentialAction":[{"@type":"ReadAction","target":["https:\/\/compuviper.mx\/tienda\/producto\/synology-m2d20-tarjeta-adaptadora-de-ssd-m-2-doble-ranura-para-aceleracin-de-cach-interfaz-pcie-nvme-factor-de-m-2-22110-m-2-2280\/"]}]},{"@type":"BreadcrumbList","@id":"https:\/\/compuviper.mx\/tienda\/producto\/synology-m2d20-tarjeta-adaptadora-de-ssd-m-2-doble-ranura-para-aceleracin-de-cach-interfaz-pcie-nvme-factor-de-m-2-22110-m-2-2280\/#breadcrumb","itemListElement":[{"@type":"ListItem","position":1,"name":"Inicio","item":"https:\/\/compuviper.mx\/tienda\/"},{"@type":"ListItem","position":2,"name":"Productos","item":"https:\/\/compuviper.mx\/tienda\/productos\/"},{"@type":"ListItem","position":3,"name":"Accesorios","item":"https:\/\/compuviper.mx\/tienda\/categoria-producto\/accesorios\/"},{"@type":"ListItem","position":4,"name":"Servidores","item":"https:\/\/compuviper.mx\/tienda\/categoria-producto\/accesorios\/servidores\/"},{"@type":"ListItem","position":5,"name":"Synology M2d20 Tarjeta Adaptadora De Ssd M.2 Doble Ranura Para Aceleracin De Cach\/ Interfaz Pcie Nvme \/factor De M.2 22110 \/m.2 2280"}]},{"@type":"WebSite","@id":"https:\/\/compuviper.mx\/tienda\/#website","url":"https:\/\/compuviper.mx\/tienda\/","name":"Compuviper","description":"Proveedor de Computadoras, Laptops, Servidores, Monitores, Puntos de Venta, Teclados,   Impresoras, T\u00f3ner, C\u00e1maras de Seguridad y m\u00e1s en tu tienda en l\u00ednea","publisher":{"@id":"https:\/\/compuviper.mx\/tienda\/#organization"},"potentialAction":[{"@type":"SearchAction","target":{"@type":"EntryPoint","urlTemplate":"https:\/\/compuviper.mx\/tienda\/?s={search_term_string}"},"query-input":"required name=search_term_string"}],"inLanguage":"es-MX"},{"@type":"Organization","@id":"https:\/\/compuviper.mx\/tienda\/#organization","name":"Compuviper","url":"https:\/\/compuviper.mx\/tienda\/","logo":{"@type":"ImageObject","inLanguage":"es-MX","@id":"https:\/\/compuviper.mx\/tienda\/#\/schema\/logo\/image\/","url":"https:\/\/compuviper.mx\/tienda\/wp-content\/uploads\/2021\/08\/Logo-Compuviper-10.png","contentUrl":"https:\/\/compuviper.mx\/tienda\/wp-content\/uploads\/2021\/08\/Logo-Compuviper-10.png","width":1000,"height":500,"caption":"Compuviper"},"image":{"@id":"https:\/\/compuviper.mx\/tienda\/#\/schema\/logo\/image\/"},"sameAs":["https:\/\/www.facebook.com\/compuviper","https:\/\/www.youtube.com\/channel\/UCf73dERp9Y3cfOq7q8BhLjA?view_as=subscriber"]}]},"product_brand":"SYNOLOGY","product_price_amount":"3601","product_price_currency":"MXN","og_availability":"instock","product_availability":"instock","product_retailer_item_id":"M2D20","product_condition":"new"},"_links":{"self":[{"href":"https:\/\/compuviper.mx\/tienda\/wp-json\/wp\/v2\/product\/212799"}],"collection":[{"href":"https:\/\/compuviper.mx\/tienda\/wp-json\/wp\/v2\/product"}],"about":[{"href":"https:\/\/compuviper.mx\/tienda\/wp-json\/wp\/v2\/types\/product"}],"replies":[{"embeddable":true,"href":"https:\/\/compuviper.mx\/tienda\/wp-json\/wp\/v2\/comments?post=212799"}],"wp:featuredmedia":[{"embeddable":true,"href":"https:\/\/compuviper.mx\/tienda\/wp-json\/wp\/v2\/media\/212800"}],"wp:attachment":[{"href":"https:\/\/compuviper.mx\/tienda\/wp-json\/wp\/v2\/media?parent=212799"}],"wp:term":[{"taxonomy":"product_cat","embeddable":true,"href":"https:\/\/compuviper.mx\/tienda\/wp-json\/wp\/v2\/product_cat?post=212799"},{"taxonomy":"product_tag","embeddable":true,"href":"https:\/\/compuviper.mx\/tienda\/wp-json\/wp\/v2\/product_tag?post=212799"}],"curies":[{"name":"wp","href":"https:\/\/api.w.org\/{rel}","templated":true}]}}