{"id":212451,"date":"2026-04-01T23:31:37","date_gmt":"2026-04-02T05:31:37","guid":{"rendered":"https:\/\/compuviper.mx\/tienda\/producto\/startech-com-fpwartb1m-soporte-de-pared-para-televisor-o-monitor-de-32-a-55-pulgadas-en-acero-de-servicio-pesado-totalmente-articulado-vesa-mod\/"},"modified":"2026-04-01T23:31:37","modified_gmt":"2026-04-02T05:31:37","slug":"startech-com-fpwartb1m-soporte-de-pared-para-televisor-o-monitor-de-32-a-55-pulgadas-en-acero-de-servicio-pesado-totalmente-articulado-vesa-mod","status":"publish","type":"product","link":"https:\/\/compuviper.mx\/tienda\/producto\/startech-com-fpwartb1m-soporte-de-pared-para-televisor-o-monitor-de-32-a-55-pulgadas-en-acero-de-servicio-pesado-totalmente-articulado-vesa-mod\/","title":{"rendered":"Startech.com Fpwartb1m Soporte De Pared Para Televisor O Monitor De 32 A 55 Pulgadas En Acero De Servicio Pesado &#8211; Totalmente Articulado Vesa &#8211;  Mod."},"content":{"rendered":"<table class=\"descripcion\">\n<tr>\n<td>Caracteristicas fisicas<\/td>\n<\/tr>\n<tr>\n<td>Altura: 40 cm<\/td>\n<\/tr>\n<tr>\n<td>Ancho: 61.4 cm<\/td>\n<\/tr>\n<tr>\n<td>Color: negro<\/td>\n<\/tr>\n<tr>\n<td>Longitud: 40 cm<\/td>\n<\/tr>\n<tr>\n<td>Peso: 2.8 kg<\/td>\n<\/tr>\n<tr>\n<td>Tipo de gabinete: acero y plastico<\/td>\n<\/tr>\n<tr>\n<td>Hardware<\/td>\n<\/tr>\n<tr>\n<td>Articulado: si<\/td>\n<\/tr>\n<tr>\n<td>Gestion de cables: si<\/td>\n<\/tr>\n<tr>\n<td>Minimum profile from wall: 49 mm<\/td>\n<\/tr>\n<tr>\n<td>Montaje en pared: si<\/td>\n<\/tr>\n<tr>\n<td>Numero de pantallas admitidas: 1<\/td>\n<\/tr>\n<tr>\n<td>Opciones de montaje: montaje en pared<\/td>\n<\/tr>\n<tr>\n<td>Patrones vesa de agujeros de montaje: 100&#215;100 mm -100&#215;150 mm &#8211; 200&#215;100 mm &#8211; 200&#215;200 mm &#8211; 300&#215;200 mm &#8211; 300&#215;300 mm &#8211; 400&#215;200 mm &#8211; 400&#215;300 mm &#8211; 400&#215;400 mm<\/td>\n<\/tr>\n<tr>\n<td>Rendimiento<\/td>\n<\/tr>\n<tr>\n<td>Anti-theft: no<\/td>\n<\/tr>\n<tr>\n<td>Capacidad de carga: 35 kg<\/td>\n<\/tr>\n<tr>\n<td>Extension maxima del brazo: 503 mm<\/td>\n<\/tr>\n<tr>\n<td>Fits curved display: si<\/td>\n<\/tr>\n<tr>\n<td>Giro \/ pivotacion: 90\u00b0 \/ -90\u00b0<\/td>\n<\/tr>\n<tr>\n<td>Inclinacion: 2\u00b0 \/ -12\u00b0<\/td>\n<\/tr>\n<tr>\n<td>Tamano maximo de la pantalla: 55<\/td>\n<\/tr>\n<tr>\n<td>Tamano minimo de la pantalla: 32<\/td>\n<\/tr>\n<tr>\n<td>Video wall: no<\/td>\n<\/tr>\n<\/table>\n","protected":false},"excerpt":{"rendered":"<p>Este soporte de servicio pesado para montaje de pantalla de tv en pared tiene capacidad para pantallas planas entre 22 y 55 y peso de hasta 35kg. El brazo se extiende facilmente para posicionar de forma sencilla y con total movimiento la pantalla y facilitar la visualizacion ideal. Ideal\u00a0para salas de juntas, vestibulos u otros lugares en que desee instalar de forma impresionante y segura un televisor grande de pantalla plana o un panel de senalizacion digital. Fabricacion en acero de\u00a0servicio pesado su resistente diseno en acero protege su inversion y garantiza de forma segura la conservacion de su tv de pantalla plana. El soporte para montaje de tv en pared tambien incluye soportes de plastico, para la gestion de cables y que se mantengan organizados y fuera de la vista. El modelo fpwartb1m cuenta con soporte tecnico gratuito de por vida.<\/p>\n","protected":false},"featured_media":212452,"comment_status":"open","ping_status":"open","template":"","meta":[],"product_cat":[2321,2265],"product_tag":[1590],"acf":[],"yoast_head":"<!-- This site is optimized with the Yoast SEO plugin v21.7 - https:\/\/yoast.com\/wordpress\/plugins\/seo\/ -->\n<title>[ Startech.com ] &#129351; Fpwartb1m Soporte De Pared Para Televisor O Monitor De 32 A 55 Pulgadas En Acero De Servicio Pesado - Totalmente Articulado Vesa - Mod.<\/title>\n<meta name=\"description\" content=\"Compra Fpwartb1m Soporte De Pared Para Televisor O Monitor De 32 A 55 Pulgadas En Acero De Servicio Pesado - Totalmente Articulado Vesa - Mod. + Env\u00edo a domicilio + Pago seguro + Garant\u00eda\" \/>\n<meta name=\"robots\" content=\"index, follow, max-snippet:-1, max-image-preview:large, max-video-preview:-1\" \/>\n<link rel=\"canonical\" href=\"https:\/\/compuviper.mx\/tienda\/producto\/startech-com-fpwartb1m-soporte-de-pared-para-televisor-o-monitor-de-32-a-55-pulgadas-en-acero-de-servicio-pesado-totalmente-articulado-vesa-mod\/\" \/>\n<meta property=\"og:locale\" content=\"es_MX\" \/>\n<meta property=\"og:type\" content=\"article\" \/>\n<meta property=\"og:title\" content=\"[ Startech.com ] &#129351; Fpwartb1m Soporte De Pared Para Televisor O Monitor De 32 A 55 Pulgadas En Acero De Servicio Pesado - Totalmente Articulado Vesa - Mod.\" \/>\n<meta property=\"og:description\" content=\"Compra Fpwartb1m Soporte De Pared Para Televisor O Monitor De 32 A 55 Pulgadas En Acero De Servicio Pesado - Totalmente Articulado Vesa - Mod. + Env\u00edo a domicilio + Pago seguro + Garant\u00eda\" \/>\n<meta property=\"og:url\" content=\"https:\/\/compuviper.mx\/tienda\/producto\/startech-com-fpwartb1m-soporte-de-pared-para-televisor-o-monitor-de-32-a-55-pulgadas-en-acero-de-servicio-pesado-totalmente-articulado-vesa-mod\/\" \/>\n<meta property=\"og:site_name\" content=\"Compuviper\" \/>\n<meta property=\"article:publisher\" content=\"https:\/\/www.facebook.com\/compuviper\" \/>\n<meta property=\"og:image\" content=\"https:\/\/compuviper.mx\/tienda\/wp-content\/uploads\/2023\/12\/Soporte-de-pared-para-televisor-o-monitor-de-32-a-55-pulgadas-en-acero-de-servicio-pesado-totalmente-articulado-vesa-startech.com-mod.-fpwartb1m.jpg\" \/>\n\t<meta property=\"og:image:width\" content=\"200\" \/>\n\t<meta property=\"og:image:height\" content=\"200\" \/>\n\t<meta property=\"og:image:type\" content=\"image\/jpeg\" \/>\n<meta name=\"twitter:card\" content=\"summary_large_image\" \/>\n<meta name=\"twitter:label1\" content=\"Precio\" \/>\n\t<meta name=\"twitter:data1\" content=\"&#36;1,884 con IVA\" \/>\n\t<meta name=\"twitter:label2\" content=\"Availability\" \/>\n\t<meta name=\"twitter:data2\" content=\"In stock\" \/>\n<script type=\"application\/ld+json\" class=\"yoast-schema-graph\">{\"@context\":\"https:\/\/schema.org\",\"@graph\":[{\"@type\":\"WebPage\",\"@id\":\"https:\/\/compuviper.mx\/tienda\/producto\/startech-com-fpwartb1m-soporte-de-pared-para-televisor-o-monitor-de-32-a-55-pulgadas-en-acero-de-servicio-pesado-totalmente-articulado-vesa-mod\/\",\"url\":\"https:\/\/compuviper.mx\/tienda\/producto\/startech-com-fpwartb1m-soporte-de-pared-para-televisor-o-monitor-de-32-a-55-pulgadas-en-acero-de-servicio-pesado-totalmente-articulado-vesa-mod\/\",\"name\":\"[ Startech.com ] &#129351; Fpwartb1m Soporte De Pared Para Televisor O Monitor De 32 A 55 Pulgadas En Acero De Servicio Pesado - Totalmente Articulado Vesa - Mod.\",\"isPartOf\":{\"@id\":\"https:\/\/compuviper.mx\/tienda\/#website\"},\"datePublished\":\"2026-04-02T05:31:37+00:00\",\"dateModified\":\"2026-04-02T05:31:37+00:00\",\"description\":\"Compra Fpwartb1m Soporte De Pared Para Televisor O Monitor De 32 A 55 Pulgadas En Acero De Servicio Pesado - Totalmente Articulado Vesa - Mod. + Env\u00edo a domicilio + Pago seguro + Garant\u00eda\",\"breadcrumb\":{\"@id\":\"https:\/\/compuviper.mx\/tienda\/producto\/startech-com-fpwartb1m-soporte-de-pared-para-televisor-o-monitor-de-32-a-55-pulgadas-en-acero-de-servicio-pesado-totalmente-articulado-vesa-mod\/#breadcrumb\"},\"inLanguage\":\"es-MX\",\"potentialAction\":[{\"@type\":\"ReadAction\",\"target\":[\"https:\/\/compuviper.mx\/tienda\/producto\/startech-com-fpwartb1m-soporte-de-pared-para-televisor-o-monitor-de-32-a-55-pulgadas-en-acero-de-servicio-pesado-totalmente-articulado-vesa-mod\/\"]}]},{\"@type\":\"BreadcrumbList\",\"@id\":\"https:\/\/compuviper.mx\/tienda\/producto\/startech-com-fpwartb1m-soporte-de-pared-para-televisor-o-monitor-de-32-a-55-pulgadas-en-acero-de-servicio-pesado-totalmente-articulado-vesa-mod\/#breadcrumb\",\"itemListElement\":[{\"@type\":\"ListItem\",\"position\":1,\"name\":\"Inicio\",\"item\":\"https:\/\/compuviper.mx\/tienda\/\"},{\"@type\":\"ListItem\",\"position\":2,\"name\":\"Productos\",\"item\":\"https:\/\/compuviper.mx\/tienda\/productos\/\"},{\"@type\":\"ListItem\",\"position\":3,\"name\":\"Soportes Y Bases P\/tv\/ Proyectores\/dvd\/consolas\/bocinas\/pantallas\/monotores\",\"item\":\"https:\/\/compuviper.mx\/tienda\/categoria-producto\/soportes-y-bases-p-tv-proyectores-dvd-consolas-bocinas-pantallas-monotores\/\"},{\"@type\":\"ListItem\",\"position\":4,\"name\":\"Soporte Y Base Para Tv\/pantallas\/monitores\/kiosko\",\"item\":\"https:\/\/compuviper.mx\/tienda\/categoria-producto\/soportes-y-bases-p-tv-proyectores-dvd-consolas-bocinas-pantallas-monotores\/soporte-y-base-para-tv-pantallas-monitores-kiosko\/\"},{\"@type\":\"ListItem\",\"position\":5,\"name\":\"Startech.com Fpwartb1m Soporte De Pared Para Televisor O Monitor De 32 A 55 Pulgadas En Acero De Servicio Pesado &#8211; Totalmente Articulado Vesa &#8211; Mod.\"}]},{\"@type\":\"WebSite\",\"@id\":\"https:\/\/compuviper.mx\/tienda\/#website\",\"url\":\"https:\/\/compuviper.mx\/tienda\/\",\"name\":\"Compuviper\",\"description\":\"Proveedor de Computadoras, Laptops, Servidores, Monitores, Puntos de Venta, Teclados,   Impresoras, T\u00f3ner, C\u00e1maras de Seguridad y m\u00e1s en tu tienda en l\u00ednea\",\"publisher\":{\"@id\":\"https:\/\/compuviper.mx\/tienda\/#organization\"},\"potentialAction\":[{\"@type\":\"SearchAction\",\"target\":{\"@type\":\"EntryPoint\",\"urlTemplate\":\"https:\/\/compuviper.mx\/tienda\/?s={search_term_string}\"},\"query-input\":\"required name=search_term_string\"}],\"inLanguage\":\"es-MX\"},{\"@type\":\"Organization\",\"@id\":\"https:\/\/compuviper.mx\/tienda\/#organization\",\"name\":\"Compuviper\",\"url\":\"https:\/\/compuviper.mx\/tienda\/\",\"logo\":{\"@type\":\"ImageObject\",\"inLanguage\":\"es-MX\",\"@id\":\"https:\/\/compuviper.mx\/tienda\/#\/schema\/logo\/image\/\",\"url\":\"https:\/\/compuviper.mx\/tienda\/wp-content\/uploads\/2021\/08\/Logo-Compuviper-10.png\",\"contentUrl\":\"https:\/\/compuviper.mx\/tienda\/wp-content\/uploads\/2021\/08\/Logo-Compuviper-10.png\",\"width\":1000,\"height\":500,\"caption\":\"Compuviper\"},\"image\":{\"@id\":\"https:\/\/compuviper.mx\/tienda\/#\/schema\/logo\/image\/\"},\"sameAs\":[\"https:\/\/www.facebook.com\/compuviper\",\"https:\/\/www.youtube.com\/channel\/UCf73dERp9Y3cfOq7q8BhLjA?view_as=subscriber\"]}]}<\/script>\n<meta property=\"product:brand\" content=\"STARTECH.COM\" \/>\n<meta property=\"product:price:amount\" content=\"1884\" \/>\n<meta property=\"product:price:currency\" content=\"MXN\" \/>\n<meta property=\"og:availability\" content=\"instock\" \/>\n<meta property=\"product:availability\" content=\"instock\" \/>\n<meta property=\"product:retailer_item_id\" content=\"FPWARTB1M\" \/>\n<meta property=\"product:condition\" content=\"new\" \/>\n<!-- \/ Yoast SEO plugin. -->","yoast_head_json":{"title":"[ Startech.com ] &#129351; Fpwartb1m Soporte De Pared Para Televisor O Monitor De 32 A 55 Pulgadas En Acero De Servicio Pesado - Totalmente Articulado Vesa - Mod.","description":"Compra Fpwartb1m Soporte De Pared Para Televisor O Monitor De 32 A 55 Pulgadas En Acero De Servicio Pesado - Totalmente Articulado Vesa - Mod. + Env\u00edo a domicilio + Pago seguro + Garant\u00eda","robots":{"index":"index","follow":"follow","max-snippet":"max-snippet:-1","max-image-preview":"max-image-preview:large","max-video-preview":"max-video-preview:-1"},"canonical":"https:\/\/compuviper.mx\/tienda\/producto\/startech-com-fpwartb1m-soporte-de-pared-para-televisor-o-monitor-de-32-a-55-pulgadas-en-acero-de-servicio-pesado-totalmente-articulado-vesa-mod\/","og_locale":"es_MX","og_type":"article","og_title":"[ Startech.com ] &#129351; Fpwartb1m Soporte De Pared Para Televisor O Monitor De 32 A 55 Pulgadas En Acero De Servicio Pesado - Totalmente Articulado Vesa - Mod.","og_description":"Compra Fpwartb1m Soporte De Pared Para Televisor O Monitor De 32 A 55 Pulgadas En Acero De Servicio Pesado - Totalmente Articulado Vesa - Mod. + Env\u00edo a domicilio + Pago seguro + Garant\u00eda","og_url":"https:\/\/compuviper.mx\/tienda\/producto\/startech-com-fpwartb1m-soporte-de-pared-para-televisor-o-monitor-de-32-a-55-pulgadas-en-acero-de-servicio-pesado-totalmente-articulado-vesa-mod\/","og_site_name":"Compuviper","article_publisher":"https:\/\/www.facebook.com\/compuviper","og_image":[{"width":200,"height":200,"url":"https:\/\/compuviper.mx\/tienda\/wp-content\/uploads\/2023\/12\/Soporte-de-pared-para-televisor-o-monitor-de-32-a-55-pulgadas-en-acero-de-servicio-pesado-totalmente-articulado-vesa-startech.com-mod.-fpwartb1m.jpg","type":"image\/jpeg"}],"twitter_card":"summary_large_image","twitter_misc":{"Precio":"&#36;1,884 con IVA","Availability":"In stock"},"schema":{"@context":"https:\/\/schema.org","@graph":[{"@type":"WebPage","@id":"https:\/\/compuviper.mx\/tienda\/producto\/startech-com-fpwartb1m-soporte-de-pared-para-televisor-o-monitor-de-32-a-55-pulgadas-en-acero-de-servicio-pesado-totalmente-articulado-vesa-mod\/","url":"https:\/\/compuviper.mx\/tienda\/producto\/startech-com-fpwartb1m-soporte-de-pared-para-televisor-o-monitor-de-32-a-55-pulgadas-en-acero-de-servicio-pesado-totalmente-articulado-vesa-mod\/","name":"[ Startech.com ] &#129351; Fpwartb1m Soporte De Pared Para Televisor O Monitor De 32 A 55 Pulgadas En Acero De Servicio Pesado - Totalmente Articulado Vesa - Mod.","isPartOf":{"@id":"https:\/\/compuviper.mx\/tienda\/#website"},"datePublished":"2026-04-02T05:31:37+00:00","dateModified":"2026-04-02T05:31:37+00:00","description":"Compra Fpwartb1m Soporte De Pared Para Televisor O Monitor De 32 A 55 Pulgadas En Acero De Servicio Pesado - Totalmente Articulado Vesa - Mod. + Env\u00edo a domicilio + Pago seguro + Garant\u00eda","breadcrumb":{"@id":"https:\/\/compuviper.mx\/tienda\/producto\/startech-com-fpwartb1m-soporte-de-pared-para-televisor-o-monitor-de-32-a-55-pulgadas-en-acero-de-servicio-pesado-totalmente-articulado-vesa-mod\/#breadcrumb"},"inLanguage":"es-MX","potentialAction":[{"@type":"ReadAction","target":["https:\/\/compuviper.mx\/tienda\/producto\/startech-com-fpwartb1m-soporte-de-pared-para-televisor-o-monitor-de-32-a-55-pulgadas-en-acero-de-servicio-pesado-totalmente-articulado-vesa-mod\/"]}]},{"@type":"BreadcrumbList","@id":"https:\/\/compuviper.mx\/tienda\/producto\/startech-com-fpwartb1m-soporte-de-pared-para-televisor-o-monitor-de-32-a-55-pulgadas-en-acero-de-servicio-pesado-totalmente-articulado-vesa-mod\/#breadcrumb","itemListElement":[{"@type":"ListItem","position":1,"name":"Inicio","item":"https:\/\/compuviper.mx\/tienda\/"},{"@type":"ListItem","position":2,"name":"Productos","item":"https:\/\/compuviper.mx\/tienda\/productos\/"},{"@type":"ListItem","position":3,"name":"Soportes Y Bases P\/tv\/ Proyectores\/dvd\/consolas\/bocinas\/pantallas\/monotores","item":"https:\/\/compuviper.mx\/tienda\/categoria-producto\/soportes-y-bases-p-tv-proyectores-dvd-consolas-bocinas-pantallas-monotores\/"},{"@type":"ListItem","position":4,"name":"Soporte Y Base Para Tv\/pantallas\/monitores\/kiosko","item":"https:\/\/compuviper.mx\/tienda\/categoria-producto\/soportes-y-bases-p-tv-proyectores-dvd-consolas-bocinas-pantallas-monotores\/soporte-y-base-para-tv-pantallas-monitores-kiosko\/"},{"@type":"ListItem","position":5,"name":"Startech.com Fpwartb1m Soporte De Pared Para Televisor O Monitor De 32 A 55 Pulgadas En Acero De Servicio Pesado &#8211; Totalmente Articulado Vesa &#8211; Mod."}]},{"@type":"WebSite","@id":"https:\/\/compuviper.mx\/tienda\/#website","url":"https:\/\/compuviper.mx\/tienda\/","name":"Compuviper","description":"Proveedor de Computadoras, Laptops, Servidores, Monitores, Puntos de Venta, Teclados,   Impresoras, T\u00f3ner, C\u00e1maras de Seguridad y m\u00e1s en tu tienda en l\u00ednea","publisher":{"@id":"https:\/\/compuviper.mx\/tienda\/#organization"},"potentialAction":[{"@type":"SearchAction","target":{"@type":"EntryPoint","urlTemplate":"https:\/\/compuviper.mx\/tienda\/?s={search_term_string}"},"query-input":"required name=search_term_string"}],"inLanguage":"es-MX"},{"@type":"Organization","@id":"https:\/\/compuviper.mx\/tienda\/#organization","name":"Compuviper","url":"https:\/\/compuviper.mx\/tienda\/","logo":{"@type":"ImageObject","inLanguage":"es-MX","@id":"https:\/\/compuviper.mx\/tienda\/#\/schema\/logo\/image\/","url":"https:\/\/compuviper.mx\/tienda\/wp-content\/uploads\/2021\/08\/Logo-Compuviper-10.png","contentUrl":"https:\/\/compuviper.mx\/tienda\/wp-content\/uploads\/2021\/08\/Logo-Compuviper-10.png","width":1000,"height":500,"caption":"Compuviper"},"image":{"@id":"https:\/\/compuviper.mx\/tienda\/#\/schema\/logo\/image\/"},"sameAs":["https:\/\/www.facebook.com\/compuviper","https:\/\/www.youtube.com\/channel\/UCf73dERp9Y3cfOq7q8BhLjA?view_as=subscriber"]}]},"product_brand":"STARTECH.COM","product_price_amount":"1884","product_price_currency":"MXN","og_availability":"instock","product_availability":"instock","product_retailer_item_id":"FPWARTB1M","product_condition":"new"},"_links":{"self":[{"href":"https:\/\/compuviper.mx\/tienda\/wp-json\/wp\/v2\/product\/212451"}],"collection":[{"href":"https:\/\/compuviper.mx\/tienda\/wp-json\/wp\/v2\/product"}],"about":[{"href":"https:\/\/compuviper.mx\/tienda\/wp-json\/wp\/v2\/types\/product"}],"replies":[{"embeddable":true,"href":"https:\/\/compuviper.mx\/tienda\/wp-json\/wp\/v2\/comments?post=212451"}],"wp:featuredmedia":[{"embeddable":true,"href":"https:\/\/compuviper.mx\/tienda\/wp-json\/wp\/v2\/media\/212452"}],"wp:attachment":[{"href":"https:\/\/compuviper.mx\/tienda\/wp-json\/wp\/v2\/media?parent=212451"}],"wp:term":[{"taxonomy":"product_cat","embeddable":true,"href":"https:\/\/compuviper.mx\/tienda\/wp-json\/wp\/v2\/product_cat?post=212451"},{"taxonomy":"product_tag","embeddable":true,"href":"https:\/\/compuviper.mx\/tienda\/wp-json\/wp\/v2\/product_tag?post=212451"}],"curies":[{"name":"wp","href":"https:\/\/api.w.org\/{rel}","templated":true}]}}