{"id":212441,"date":"2026-04-06T23:31:48","date_gmt":"2026-04-07T05:31:48","guid":{"rendered":"https:\/\/compuviper.mx\/tienda\/producto\/startech-com-usb3sdockhdv-docking-station-replicador-de-puertos-replicator-universal-usb-3-0-para-pc-portatil-dvi-hdmi-vga-audio-ethernet-hdmi-dvi-vga-para-2-monitores-docking-station-mod\/"},"modified":"2026-04-06T23:31:48","modified_gmt":"2026-04-07T05:31:48","slug":"startech-com-usb3sdockhdv-docking-station-replicador-de-puertos-replicator-universal-usb-3-0-para-pc-portatil-dvi-hdmi-vga-audio-ethernet-hdmi-dvi-vga-para-2-monitores-docking-station-mod","status":"publish","type":"product","link":"https:\/\/compuviper.mx\/tienda\/producto\/startech-com-usb3sdockhdv-docking-station-replicador-de-puertos-replicator-universal-usb-3-0-para-pc-portatil-dvi-hdmi-vga-audio-ethernet-hdmi-dvi-vga-para-2-monitores-docking-station-mod\/","title":{"rendered":"Startech.com Usb3sdockhdv Docking Station Replicador De Puertos &#8211; Replicator Universal Usb 3.0 Para Pc Portatil Dvi Hdmi Vga Audio Ethernet &#8211; Hdmi\/dvi\/vga &#8211; Para 2 Monitores &#8211; Docking Station &#8211;  Mod."},"content":{"rendered":"<table class=\"descripcion\">\n<tr>\n<td>Hardware<\/td>\n<\/tr>\n<tr>\n<td>Compatibilidad con 4k : no<\/td>\n<\/tr>\n<tr>\n<td>Est\u00e1ndares industriales : ieee 802.3, ieee 802.3u, ieee 802.3ab, usb 3.0<\/td>\n<\/tr>\n<tr>\n<td>Id del conjunto de chips : displaylink &#8211; dl-3900<\/td>\n<\/tr>\n<tr>\n<td>Genesys logic &#8211; gl3520<\/td>\n<\/tr>\n<tr>\n<td>Realtek &#8211; rtl8211e<\/td>\n<\/tr>\n<tr>\n<td>Pantallas compatibles : 2<\/td>\n<\/tr>\n<tr>\n<td>Puerto(s) de carga r\u00e1pida : no<\/td>\n<\/tr>\n<tr>\n<td>Tipo de bus : usb 3.0<\/td>\n<\/tr>\n<tr>\n<td>Rendimiento<\/td>\n<\/tr>\n<tr>\n<td>Especificaciones de audio : el puerto hdmi es compatible con la salida de audio<\/td>\n<\/tr>\n<tr>\n<td>Mdix autom\u00e1tico : s\u00ed<\/td>\n<\/tr>\n<tr>\n<td>Redes compatibles : 10\/100\/1000 mbps<\/td>\n<\/tr>\n<tr>\n<td>Resoluci\u00f3n anal\u00f3gica m\u00e1xima : 2048&#215;1152 (vga)<\/td>\n<\/tr>\n<tr>\n<td>Resoluci\u00f3n digital m\u00e1xima : 1920&#215;1200 (dvi-d)<\/td>\n<\/tr>\n<tr>\n<td> 1920&#215;1080 (hdmi)<\/td>\n<\/tr>\n<tr>\n<td> tambi\u00e9n compatible con resoluciones m\u00e1s bajas.<\/td>\n<\/tr>\n<tr>\n<td>Soporte full duplex  : s\u00ed<\/td>\n<\/tr>\n<tr>\n<td>Tasa de transferencia de datos m\u00e1xima : 5 gbps (usb 3.0)<\/td>\n<\/tr>\n<tr>\n<td>2 gbps (ethernet; d\u00faplex completo)<\/td>\n<\/tr>\n<tr>\n<td>Tipo y velocidad : usb 3.0 &#8211; 5 gbit\/s<\/td>\n<\/tr>\n<tr>\n<td>Caracter\u00edsticas f\u00edsicas<\/td>\n<\/tr>\n<tr>\n<td>Tipo de gabinete : pl\u00e1stico<\/td>\n<\/tr>\n<tr>\n<td>Peso del producto : 295 g<\/td>\n<\/tr>\n<tr>\n<td>Longitud del producto : 30.4 cm<\/td>\n<\/tr>\n<tr>\n<td>Longitud del cable : 0.9 m<\/td>\n<\/tr>\n<tr>\n<td>Color : negro<\/td>\n<\/tr>\n<tr>\n<td>Ancho del producto : 17.8 cm<\/td>\n<\/tr>\n<tr>\n<td>Altura del producto : 4.4 cm<\/td>\n<\/tr>\n<\/table>\n","protected":false},"excerpt":{"rendered":"<p>Este docking station usb 3.0 combina puertos usb 3.0, conectores de audio para diadema, as\u00ed como un puerto ethernet gigabit rj45, todo en un solo replicador, para lograr la m\u00e1xima productividad.\u00a0?. Dado que ofrece al instante flexibles combinaciones de video doble, este vers\u00e1til replicador de puertos universal incluye salidas para pantalla\u00a0externa\u00a0hdmi, dvi y vga. Cada salida de video es compatible con resoluciones hd (alta definici\u00f3n) (2048&#215;1152 m\u00e1ximo) y reproducci\u00f3n de video hd, lo cual representa una soluci\u00f3n ideal para ampliar la capacidad de video de su laptop.?. El puerto integrado ethernet rj45 es compatible con velocidades de 10\/100\/1000 mbps, lo cual significa conexiones al instante con una red por cable.\u00a0\u00a0?. Los replicadores de puertos para laptop\u00a0de startech.Com le permiten ahorrar dinero, ya que se implementan m\u00e1s r\u00e1pido y se utiliza un solo cable. Este producto de startech.Com cuenta con soporte t\u00e9cnico gratuito de por vida.\u00a0\u00a0<\/p>\n","protected":false},"featured_media":212442,"comment_status":"open","ping_status":"open","template":"","meta":[],"product_cat":[1485,1506],"product_tag":[1590],"acf":[],"yoast_head":"<!-- This site is optimized with the Yoast SEO plugin v21.7 - https:\/\/yoast.com\/wordpress\/plugins\/seo\/ -->\n<title>[ Startech.com ] &#129351; Usb3sdockhdv Docking Station Replicador De Puertos - Replicator Universal Usb 3.0 Para Pc Portatil Dvi Hdmi Vga Audio Ethernet - Hdmi\/dvi\/vga - Para 2 Monitores - Docking Station - Mod.<\/title>\n<meta name=\"description\" content=\"Compra Usb3sdockhdv Docking Station Replicador De Puertos - Replicator Universal Usb 3.0 Para Pc Portatil Dvi Hdmi Vga Audio Ethernet - Hdmi\/dvi\/vga - Para 2 Monitores - Docking Station - Mod. + Env\u00edo a domicilio + Pago seguro + Garant\u00eda\" \/>\n<meta name=\"robots\" content=\"index, follow, max-snippet:-1, max-image-preview:large, max-video-preview:-1\" \/>\n<link rel=\"canonical\" href=\"https:\/\/compuviper.mx\/tienda\/producto\/startech-com-usb3sdockhdv-docking-station-replicador-de-puertos-replicator-universal-usb-3-0-para-pc-portatil-dvi-hdmi-vga-audio-ethernet-hdmi-dvi-vga-para-2-monitores-docking-station-mod\/\" \/>\n<meta property=\"og:locale\" content=\"es_MX\" \/>\n<meta property=\"og:type\" content=\"article\" \/>\n<meta property=\"og:title\" content=\"[ Startech.com ] &#129351; Usb3sdockhdv Docking Station Replicador De Puertos - Replicator Universal Usb 3.0 Para Pc Portatil Dvi Hdmi Vga Audio Ethernet - Hdmi\/dvi\/vga - Para 2 Monitores - Docking Station - Mod.\" \/>\n<meta property=\"og:description\" content=\"Compra Usb3sdockhdv Docking Station Replicador De Puertos - Replicator Universal Usb 3.0 Para Pc Portatil Dvi Hdmi Vga Audio Ethernet - Hdmi\/dvi\/vga - Para 2 Monitores - Docking Station - Mod. + Env\u00edo a domicilio + Pago seguro + Garant\u00eda\" \/>\n<meta property=\"og:url\" content=\"https:\/\/compuviper.mx\/tienda\/producto\/startech-com-usb3sdockhdv-docking-station-replicador-de-puertos-replicator-universal-usb-3-0-para-pc-portatil-dvi-hdmi-vga-audio-ethernet-hdmi-dvi-vga-para-2-monitores-docking-station-mod\/\" \/>\n<meta property=\"og:site_name\" content=\"Compuviper\" \/>\n<meta property=\"article:publisher\" content=\"https:\/\/www.facebook.com\/compuviper\" \/>\n<meta property=\"og:image\" content=\"https:\/\/compuviper.mx\/tienda\/wp-content\/uploads\/2023\/12\/Docking-station-replicador-de-puertos-replicator-universal-usb-3.0-para-pc-portatil-dvi-hdmi\u00ae-vga-audio-ethernet-hdmidvivga-para-2-monitores-docking-station-startech.com-mod.-usb3sdockhdv.jpg\" \/>\n\t<meta property=\"og:image:width\" content=\"200\" \/>\n\t<meta property=\"og:image:height\" content=\"200\" \/>\n\t<meta property=\"og:image:type\" content=\"image\/jpeg\" \/>\n<meta name=\"twitter:card\" content=\"summary_large_image\" \/>\n<meta name=\"twitter:label1\" content=\"Precio\" \/>\n\t<meta name=\"twitter:data1\" content=\"&#36;1,626 con IVA\" \/>\n\t<meta name=\"twitter:label2\" content=\"Availability\" \/>\n\t<meta name=\"twitter:data2\" content=\"Out of stock\" \/>\n<script type=\"application\/ld+json\" class=\"yoast-schema-graph\">{\"@context\":\"https:\/\/schema.org\",\"@graph\":[{\"@type\":\"WebPage\",\"@id\":\"https:\/\/compuviper.mx\/tienda\/producto\/startech-com-usb3sdockhdv-docking-station-replicador-de-puertos-replicator-universal-usb-3-0-para-pc-portatil-dvi-hdmi-vga-audio-ethernet-hdmi-dvi-vga-para-2-monitores-docking-station-mod\/\",\"url\":\"https:\/\/compuviper.mx\/tienda\/producto\/startech-com-usb3sdockhdv-docking-station-replicador-de-puertos-replicator-universal-usb-3-0-para-pc-portatil-dvi-hdmi-vga-audio-ethernet-hdmi-dvi-vga-para-2-monitores-docking-station-mod\/\",\"name\":\"[ Startech.com ] &#129351; Usb3sdockhdv Docking Station Replicador De Puertos - Replicator Universal Usb 3.0 Para Pc Portatil Dvi Hdmi Vga Audio Ethernet - Hdmi\/dvi\/vga - Para 2 Monitores - Docking Station - Mod.\",\"isPartOf\":{\"@id\":\"https:\/\/compuviper.mx\/tienda\/#website\"},\"datePublished\":\"2026-04-07T05:31:48+00:00\",\"dateModified\":\"2026-04-07T05:31:48+00:00\",\"description\":\"Compra Usb3sdockhdv Docking Station Replicador De Puertos - Replicator Universal Usb 3.0 Para Pc Portatil Dvi Hdmi Vga Audio Ethernet - Hdmi\/dvi\/vga - Para 2 Monitores - Docking Station - Mod. + Env\u00edo a domicilio + Pago seguro + Garant\u00eda\",\"breadcrumb\":{\"@id\":\"https:\/\/compuviper.mx\/tienda\/producto\/startech-com-usb3sdockhdv-docking-station-replicador-de-puertos-replicator-universal-usb-3-0-para-pc-portatil-dvi-hdmi-vga-audio-ethernet-hdmi-dvi-vga-para-2-monitores-docking-station-mod\/#breadcrumb\"},\"inLanguage\":\"es-MX\",\"potentialAction\":[{\"@type\":\"ReadAction\",\"target\":[\"https:\/\/compuviper.mx\/tienda\/producto\/startech-com-usb3sdockhdv-docking-station-replicador-de-puertos-replicator-universal-usb-3-0-para-pc-portatil-dvi-hdmi-vga-audio-ethernet-hdmi-dvi-vga-para-2-monitores-docking-station-mod\/\"]}]},{\"@type\":\"BreadcrumbList\",\"@id\":\"https:\/\/compuviper.mx\/tienda\/producto\/startech-com-usb3sdockhdv-docking-station-replicador-de-puertos-replicator-universal-usb-3-0-para-pc-portatil-dvi-hdmi-vga-audio-ethernet-hdmi-dvi-vga-para-2-monitores-docking-station-mod\/#breadcrumb\",\"itemListElement\":[{\"@type\":\"ListItem\",\"position\":1,\"name\":\"Inicio\",\"item\":\"https:\/\/compuviper.mx\/tienda\/\"},{\"@type\":\"ListItem\",\"position\":2,\"name\":\"Productos\",\"item\":\"https:\/\/compuviper.mx\/tienda\/productos\/\"},{\"@type\":\"ListItem\",\"position\":3,\"name\":\"Accesorios\",\"item\":\"https:\/\/compuviper.mx\/tienda\/categoria-producto\/accesorios\/\"},{\"@type\":\"ListItem\",\"position\":4,\"name\":\"Conectividad\",\"item\":\"https:\/\/compuviper.mx\/tienda\/categoria-producto\/accesorios\/conectividad\/\"},{\"@type\":\"ListItem\",\"position\":5,\"name\":\"Startech.com Usb3sdockhdv Docking Station Replicador De Puertos &#8211; Replicator Universal Usb 3.0 Para Pc Portatil Dvi Hdmi Vga Audio Ethernet &#8211; Hdmi\/dvi\/vga &#8211; Para 2 Monitores &#8211; Docking Station &#8211; Mod.\"}]},{\"@type\":\"WebSite\",\"@id\":\"https:\/\/compuviper.mx\/tienda\/#website\",\"url\":\"https:\/\/compuviper.mx\/tienda\/\",\"name\":\"Compuviper\",\"description\":\"Proveedor de Computadoras, Laptops, Servidores, Monitores, Puntos de Venta, Teclados,   Impresoras, T\u00f3ner, C\u00e1maras de Seguridad y m\u00e1s en tu tienda en l\u00ednea\",\"publisher\":{\"@id\":\"https:\/\/compuviper.mx\/tienda\/#organization\"},\"potentialAction\":[{\"@type\":\"SearchAction\",\"target\":{\"@type\":\"EntryPoint\",\"urlTemplate\":\"https:\/\/compuviper.mx\/tienda\/?s={search_term_string}\"},\"query-input\":\"required name=search_term_string\"}],\"inLanguage\":\"es-MX\"},{\"@type\":\"Organization\",\"@id\":\"https:\/\/compuviper.mx\/tienda\/#organization\",\"name\":\"Compuviper\",\"url\":\"https:\/\/compuviper.mx\/tienda\/\",\"logo\":{\"@type\":\"ImageObject\",\"inLanguage\":\"es-MX\",\"@id\":\"https:\/\/compuviper.mx\/tienda\/#\/schema\/logo\/image\/\",\"url\":\"https:\/\/compuviper.mx\/tienda\/wp-content\/uploads\/2021\/08\/Logo-Compuviper-10.png\",\"contentUrl\":\"https:\/\/compuviper.mx\/tienda\/wp-content\/uploads\/2021\/08\/Logo-Compuviper-10.png\",\"width\":1000,\"height\":500,\"caption\":\"Compuviper\"},\"image\":{\"@id\":\"https:\/\/compuviper.mx\/tienda\/#\/schema\/logo\/image\/\"},\"sameAs\":[\"https:\/\/www.facebook.com\/compuviper\",\"https:\/\/www.youtube.com\/channel\/UCf73dERp9Y3cfOq7q8BhLjA?view_as=subscriber\"]}]}<\/script>\n<meta property=\"product:brand\" content=\"STARTECH.COM\" \/>\n<meta property=\"product:price:amount\" content=\"1626\" \/>\n<meta property=\"product:price:currency\" content=\"MXN\" \/>\n<meta property=\"og:availability\" content=\"out of stock\" \/>\n<meta property=\"product:availability\" content=\"out of stock\" \/>\n<meta property=\"product:retailer_item_id\" content=\"USB3SDOCKHDV\" \/>\n<meta property=\"product:condition\" content=\"new\" \/>\n<!-- \/ Yoast SEO plugin. -->","yoast_head_json":{"title":"[ Startech.com ] &#129351; Usb3sdockhdv Docking Station Replicador De Puertos - Replicator Universal Usb 3.0 Para Pc Portatil Dvi Hdmi Vga Audio Ethernet - Hdmi\/dvi\/vga - Para 2 Monitores - Docking Station - Mod.","description":"Compra Usb3sdockhdv Docking Station Replicador De Puertos - Replicator Universal Usb 3.0 Para Pc Portatil Dvi Hdmi Vga Audio Ethernet - Hdmi\/dvi\/vga - Para 2 Monitores - Docking Station - Mod. + Env\u00edo a domicilio + Pago seguro + Garant\u00eda","robots":{"index":"index","follow":"follow","max-snippet":"max-snippet:-1","max-image-preview":"max-image-preview:large","max-video-preview":"max-video-preview:-1"},"canonical":"https:\/\/compuviper.mx\/tienda\/producto\/startech-com-usb3sdockhdv-docking-station-replicador-de-puertos-replicator-universal-usb-3-0-para-pc-portatil-dvi-hdmi-vga-audio-ethernet-hdmi-dvi-vga-para-2-monitores-docking-station-mod\/","og_locale":"es_MX","og_type":"article","og_title":"[ Startech.com ] &#129351; Usb3sdockhdv Docking Station Replicador De Puertos - Replicator Universal Usb 3.0 Para Pc Portatil Dvi Hdmi Vga Audio Ethernet - Hdmi\/dvi\/vga - Para 2 Monitores - Docking Station - Mod.","og_description":"Compra Usb3sdockhdv Docking Station Replicador De Puertos - Replicator Universal Usb 3.0 Para Pc Portatil Dvi Hdmi Vga Audio Ethernet - Hdmi\/dvi\/vga - Para 2 Monitores - Docking Station - Mod. + Env\u00edo a domicilio + Pago seguro + Garant\u00eda","og_url":"https:\/\/compuviper.mx\/tienda\/producto\/startech-com-usb3sdockhdv-docking-station-replicador-de-puertos-replicator-universal-usb-3-0-para-pc-portatil-dvi-hdmi-vga-audio-ethernet-hdmi-dvi-vga-para-2-monitores-docking-station-mod\/","og_site_name":"Compuviper","article_publisher":"https:\/\/www.facebook.com\/compuviper","og_image":[{"width":200,"height":200,"url":"https:\/\/compuviper.mx\/tienda\/wp-content\/uploads\/2023\/12\/Docking-station-replicador-de-puertos-replicator-universal-usb-3.0-para-pc-portatil-dvi-hdmi\u00ae-vga-audio-ethernet-hdmidvivga-para-2-monitores-docking-station-startech.com-mod.-usb3sdockhdv.jpg","type":"image\/jpeg"}],"twitter_card":"summary_large_image","twitter_misc":{"Precio":"&#36;1,626 con IVA","Availability":"Out of stock"},"schema":{"@context":"https:\/\/schema.org","@graph":[{"@type":"WebPage","@id":"https:\/\/compuviper.mx\/tienda\/producto\/startech-com-usb3sdockhdv-docking-station-replicador-de-puertos-replicator-universal-usb-3-0-para-pc-portatil-dvi-hdmi-vga-audio-ethernet-hdmi-dvi-vga-para-2-monitores-docking-station-mod\/","url":"https:\/\/compuviper.mx\/tienda\/producto\/startech-com-usb3sdockhdv-docking-station-replicador-de-puertos-replicator-universal-usb-3-0-para-pc-portatil-dvi-hdmi-vga-audio-ethernet-hdmi-dvi-vga-para-2-monitores-docking-station-mod\/","name":"[ Startech.com ] &#129351; Usb3sdockhdv Docking Station Replicador De Puertos - Replicator Universal Usb 3.0 Para Pc Portatil Dvi Hdmi Vga Audio Ethernet - Hdmi\/dvi\/vga - Para 2 Monitores - Docking Station - Mod.","isPartOf":{"@id":"https:\/\/compuviper.mx\/tienda\/#website"},"datePublished":"2026-04-07T05:31:48+00:00","dateModified":"2026-04-07T05:31:48+00:00","description":"Compra Usb3sdockhdv Docking Station Replicador De Puertos - Replicator Universal Usb 3.0 Para Pc Portatil Dvi Hdmi Vga Audio Ethernet - Hdmi\/dvi\/vga - Para 2 Monitores - Docking Station - Mod. + Env\u00edo a domicilio + Pago seguro + Garant\u00eda","breadcrumb":{"@id":"https:\/\/compuviper.mx\/tienda\/producto\/startech-com-usb3sdockhdv-docking-station-replicador-de-puertos-replicator-universal-usb-3-0-para-pc-portatil-dvi-hdmi-vga-audio-ethernet-hdmi-dvi-vga-para-2-monitores-docking-station-mod\/#breadcrumb"},"inLanguage":"es-MX","potentialAction":[{"@type":"ReadAction","target":["https:\/\/compuviper.mx\/tienda\/producto\/startech-com-usb3sdockhdv-docking-station-replicador-de-puertos-replicator-universal-usb-3-0-para-pc-portatil-dvi-hdmi-vga-audio-ethernet-hdmi-dvi-vga-para-2-monitores-docking-station-mod\/"]}]},{"@type":"BreadcrumbList","@id":"https:\/\/compuviper.mx\/tienda\/producto\/startech-com-usb3sdockhdv-docking-station-replicador-de-puertos-replicator-universal-usb-3-0-para-pc-portatil-dvi-hdmi-vga-audio-ethernet-hdmi-dvi-vga-para-2-monitores-docking-station-mod\/#breadcrumb","itemListElement":[{"@type":"ListItem","position":1,"name":"Inicio","item":"https:\/\/compuviper.mx\/tienda\/"},{"@type":"ListItem","position":2,"name":"Productos","item":"https:\/\/compuviper.mx\/tienda\/productos\/"},{"@type":"ListItem","position":3,"name":"Accesorios","item":"https:\/\/compuviper.mx\/tienda\/categoria-producto\/accesorios\/"},{"@type":"ListItem","position":4,"name":"Conectividad","item":"https:\/\/compuviper.mx\/tienda\/categoria-producto\/accesorios\/conectividad\/"},{"@type":"ListItem","position":5,"name":"Startech.com Usb3sdockhdv Docking Station Replicador De Puertos &#8211; Replicator Universal Usb 3.0 Para Pc Portatil Dvi Hdmi Vga Audio Ethernet &#8211; Hdmi\/dvi\/vga &#8211; Para 2 Monitores &#8211; Docking Station &#8211; Mod."}]},{"@type":"WebSite","@id":"https:\/\/compuviper.mx\/tienda\/#website","url":"https:\/\/compuviper.mx\/tienda\/","name":"Compuviper","description":"Proveedor de Computadoras, Laptops, Servidores, Monitores, Puntos de Venta, Teclados,   Impresoras, T\u00f3ner, C\u00e1maras de Seguridad y m\u00e1s en tu tienda en l\u00ednea","publisher":{"@id":"https:\/\/compuviper.mx\/tienda\/#organization"},"potentialAction":[{"@type":"SearchAction","target":{"@type":"EntryPoint","urlTemplate":"https:\/\/compuviper.mx\/tienda\/?s={search_term_string}"},"query-input":"required name=search_term_string"}],"inLanguage":"es-MX"},{"@type":"Organization","@id":"https:\/\/compuviper.mx\/tienda\/#organization","name":"Compuviper","url":"https:\/\/compuviper.mx\/tienda\/","logo":{"@type":"ImageObject","inLanguage":"es-MX","@id":"https:\/\/compuviper.mx\/tienda\/#\/schema\/logo\/image\/","url":"https:\/\/compuviper.mx\/tienda\/wp-content\/uploads\/2021\/08\/Logo-Compuviper-10.png","contentUrl":"https:\/\/compuviper.mx\/tienda\/wp-content\/uploads\/2021\/08\/Logo-Compuviper-10.png","width":1000,"height":500,"caption":"Compuviper"},"image":{"@id":"https:\/\/compuviper.mx\/tienda\/#\/schema\/logo\/image\/"},"sameAs":["https:\/\/www.facebook.com\/compuviper","https:\/\/www.youtube.com\/channel\/UCf73dERp9Y3cfOq7q8BhLjA?view_as=subscriber"]}]},"product_brand":"STARTECH.COM","product_price_amount":"1626","product_price_currency":"MXN","og_availability":"out of stock","product_availability":"out of stock","product_retailer_item_id":"USB3SDOCKHDV","product_condition":"new"},"_links":{"self":[{"href":"https:\/\/compuviper.mx\/tienda\/wp-json\/wp\/v2\/product\/212441"}],"collection":[{"href":"https:\/\/compuviper.mx\/tienda\/wp-json\/wp\/v2\/product"}],"about":[{"href":"https:\/\/compuviper.mx\/tienda\/wp-json\/wp\/v2\/types\/product"}],"replies":[{"embeddable":true,"href":"https:\/\/compuviper.mx\/tienda\/wp-json\/wp\/v2\/comments?post=212441"}],"wp:featuredmedia":[{"embeddable":true,"href":"https:\/\/compuviper.mx\/tienda\/wp-json\/wp\/v2\/media\/212442"}],"wp:attachment":[{"href":"https:\/\/compuviper.mx\/tienda\/wp-json\/wp\/v2\/media?parent=212441"}],"wp:term":[{"taxonomy":"product_cat","embeddable":true,"href":"https:\/\/compuviper.mx\/tienda\/wp-json\/wp\/v2\/product_cat?post=212441"},{"taxonomy":"product_tag","embeddable":true,"href":"https:\/\/compuviper.mx\/tienda\/wp-json\/wp\/v2\/product_tag?post=212441"}],"curies":[{"name":"wp","href":"https:\/\/api.w.org\/{rel}","templated":true}]}}