{"id":212435,"date":"2026-04-01T23:31:34","date_gmt":"2026-04-02T05:31:34","guid":{"rendered":"https:\/\/compuviper.mx\/tienda\/producto\/startech-com-dkt30chvscpd-docking-station-usb-c-con-hdmi-y-vga-para-mac-y-windows-3x-usb-3-0-sd-micro-sd-pd-3-0-adaptador-usb-c-a-usb-3-0-mod\/"},"modified":"2026-04-01T23:31:34","modified_gmt":"2026-04-02T05:31:34","slug":"startech-com-dkt30chvscpd-docking-station-usb-c-con-hdmi-y-vga-para-mac-y-windows-3x-usb-3-0-sd-micro-sd-pd-3-0-adaptador-usb-c-a-usb-3-0-mod","status":"publish","type":"product","link":"https:\/\/compuviper.mx\/tienda\/producto\/startech-com-dkt30chvscpd-docking-station-usb-c-con-hdmi-y-vga-para-mac-y-windows-3x-usb-3-0-sd-micro-sd-pd-3-0-adaptador-usb-c-a-usb-3-0-mod\/","title":{"rendered":"Startech.com Dkt30chvscpd Docking Station Usb-c Con Hdmi Y Vga &#8211; Para Mac Y Windows -3x Usb 3.0 &#8211; Sd \/ Micro Sd &#8211; Pd 3.0 &#8211; Adaptador Usb C A Usb 3.0 &#8211;  Mod."},"content":{"rendered":"<table class=\"descripcion\">\n<tr>\n<td>Caracteristicas fisicas<\/td>\n<\/tr>\n<tr>\n<td>Altura del producto : 1.4 cm<\/td>\n<\/tr>\n<tr>\n<td>Ancho: 70 mm<\/td>\n<\/tr>\n<tr>\n<td>Longitud: 12.2 cm<\/td>\n<\/tr>\n<tr>\n<td>Color : negro<\/td>\n<\/tr>\n<tr>\n<td>Peso: 89 g<\/td>\n<\/tr>\n<tr>\n<td>Longitud del cable : 118 mm<\/td>\n<\/tr>\n<tr>\n<td>Tipo de gabinete : plastico<\/td>\n<\/tr>\n<tr>\n<td>Hardware<\/td>\n<\/tr>\n<tr>\n<td>Compatibilidad con 4k : s<\/td>\n<\/tr>\n<tr>\n<td>Estandares industriales : ieee 802.3, ieee 802.3u, ieee 802.3ab<\/td>\n<\/tr>\n<tr>\n<td> usb 3.0 &#8211; compatible con usb 2.0 y 1.1<\/td>\n<\/tr>\n<tr>\n<td>Id del conjunto de chips : via\/vli &#8211; vl102<\/td>\n<\/tr>\n<tr>\n<td>Via\/vli &#8211; vl817<\/td>\n<\/tr>\n<tr>\n<td>Parade &#8211; ps8338b<\/td>\n<\/tr>\n<tr>\n<td>Parade &#8211; ps176<\/td>\n<\/tr>\n<tr>\n<td>Analogix &#8211; anx9833<\/td>\n<\/tr>\n<tr>\n<td>Alcor micro &#8211; au84612<\/td>\n<\/tr>\n<tr>\n<td>Realtek &#8211; rtl8153<\/td>\n<\/tr>\n<tr>\n<td>Pantallas compatibles : 1<\/td>\n<\/tr>\n<tr>\n<td>Puertos de carga rapida : s<\/td>\n<\/tr>\n<tr>\n<td>Tipo de bus : usb-c<\/td>\n<\/tr>\n<tr>\n<td>Rendimiento<\/td>\n<\/tr>\n<tr>\n<td>Compatibilidad con uasp : s<\/td>\n<\/tr>\n<tr>\n<td>Especificaciones de audio : el puerto hdmi es compatible con la salida de audio<\/td>\n<\/tr>\n<tr>\n<td>Mdix automtico : s<\/td>\n<\/tr>\n<tr>\n<td>Redes compatibles : 10\/100\/1000 mbps<\/td>\n<\/tr>\n<tr>\n<td>Resolucion analogica mxima : 1920 x 1200p @ 60hz vga<\/td>\n<\/tr>\n<tr>\n<td>Resolucion digital maxima : 3840 x 2160p hdmi a 30hz<\/td>\n<\/tr>\n<tr>\n<td>Soporte full duplex  : s<\/td>\n<\/tr>\n<tr>\n<td>Tasa de transferencia de datos maxima : 5 gbps usb 3.0<\/td>\n<\/tr>\n<tr>\n<td>2 gbps ethernet; duplex completo<\/td>\n<\/tr>\n<tr>\n<td>Tipo y velocidad : usb 3.0 &#8211; 5 gbit\/s<\/td>\n<\/tr>\n<\/table>\n","protected":false},"excerpt":{"rendered":"<p>Convierta su laptop equipada con usb-c en una estacion de trabajo movil. Este compacto adaptador multipuerto usb-c le facilita la conexion de su laptop macbook pro o windows con un monitor hdmi o vga. Disfrute de alimentacion a lo largo de su dia de trabajo, gracias a tres\u00a0puertos usb 3.0 type-a con carga rapido fast-charge, ranuras para tarjetas\u00a0sd y micro-sd y un puerto ethernet gigabit. Conecte su laptop a una pantalla externa:  4k hdmi 3840 x 2160p a 30hz o vga 1920 x 1200 a 60hz  cargue su computadora portatil y sus perifericos gracias a la compatibilidad con entrega de potencia hasta 85w por usb 3.0, el adaptador multipuerto usb-c le permite alimentar y cargar su laptop, as como todos sus perifericos, al mismo tiempo.\u00a0el adaptador usb-c es de peso ligero y se alimenta mediante bus, ademas de incluir un cable usb-c enrollable. El modelo dkt30chvscpd cuenta con soporte tecnico gratuito de por vida. \u00a0<\/p>\n","protected":false},"featured_media":212436,"comment_status":"open","ping_status":"open","template":"","meta":[],"product_cat":[1485,1506],"product_tag":[1590],"acf":[],"yoast_head":"<!-- This site is optimized with the Yoast SEO plugin v21.7 - https:\/\/yoast.com\/wordpress\/plugins\/seo\/ -->\n<title>[ Startech.com ] &#129351; Dkt30chvscpd Docking Station Usb-c Con Hdmi Y Vga - Para Mac Y Windows -3x Usb 3.0 - Sd \/ Micro Sd - Pd 3.0 - Adaptador Usb C A Usb 3.0 - Mod.<\/title>\n<meta name=\"description\" content=\"Compra Dkt30chvscpd Docking Station Usb-c Con Hdmi Y Vga - Para Mac Y Windows -3x Usb 3.0 - Sd \/ Micro Sd - Pd 3.0 - Adaptador Usb C A Usb 3.0 - Mod. + Env\u00edo a domicilio + Pago seguro + Garant\u00eda\" \/>\n<meta name=\"robots\" content=\"index, follow, max-snippet:-1, max-image-preview:large, max-video-preview:-1\" \/>\n<link rel=\"canonical\" href=\"https:\/\/compuviper.mx\/tienda\/producto\/startech-com-dkt30chvscpd-docking-station-usb-c-con-hdmi-y-vga-para-mac-y-windows-3x-usb-3-0-sd-micro-sd-pd-3-0-adaptador-usb-c-a-usb-3-0-mod\/\" \/>\n<meta property=\"og:locale\" content=\"es_MX\" \/>\n<meta property=\"og:type\" content=\"article\" \/>\n<meta property=\"og:title\" content=\"[ Startech.com ] &#129351; Dkt30chvscpd Docking Station Usb-c Con Hdmi Y Vga - Para Mac Y Windows -3x Usb 3.0 - Sd \/ Micro Sd - Pd 3.0 - Adaptador Usb C A Usb 3.0 - Mod.\" \/>\n<meta property=\"og:description\" content=\"Compra Dkt30chvscpd Docking Station Usb-c Con Hdmi Y Vga - Para Mac Y Windows -3x Usb 3.0 - Sd \/ Micro Sd - Pd 3.0 - Adaptador Usb C A Usb 3.0 - Mod. + Env\u00edo a domicilio + Pago seguro + Garant\u00eda\" \/>\n<meta property=\"og:url\" content=\"https:\/\/compuviper.mx\/tienda\/producto\/startech-com-dkt30chvscpd-docking-station-usb-c-con-hdmi-y-vga-para-mac-y-windows-3x-usb-3-0-sd-micro-sd-pd-3-0-adaptador-usb-c-a-usb-3-0-mod\/\" \/>\n<meta property=\"og:site_name\" content=\"Compuviper\" \/>\n<meta property=\"article:publisher\" content=\"https:\/\/www.facebook.com\/compuviper\" \/>\n<meta property=\"og:image\" content=\"https:\/\/compuviper.mx\/tienda\/wp-content\/uploads\/2023\/12\/Docking-station-usb-c-con-hdmi-y-vga-para-mac-y-windows-3x-usb-3.0-sd-micro-sd-pd-3.0-adaptador-usb-c-a-usb-3.0-startech.com-mod.-dkt30chvscpd.jpg\" \/>\n\t<meta property=\"og:image:width\" content=\"200\" \/>\n\t<meta property=\"og:image:height\" content=\"200\" \/>\n\t<meta property=\"og:image:type\" content=\"image\/jpeg\" \/>\n<meta name=\"twitter:card\" content=\"summary_large_image\" \/>\n<meta name=\"twitter:label1\" content=\"Precio\" \/>\n\t<meta name=\"twitter:data1\" content=\"&#36;1,081 con IVA\" \/>\n\t<meta name=\"twitter:label2\" content=\"Availability\" \/>\n\t<meta name=\"twitter:data2\" content=\"Out of stock\" \/>\n<script type=\"application\/ld+json\" class=\"yoast-schema-graph\">{\"@context\":\"https:\/\/schema.org\",\"@graph\":[{\"@type\":\"WebPage\",\"@id\":\"https:\/\/compuviper.mx\/tienda\/producto\/startech-com-dkt30chvscpd-docking-station-usb-c-con-hdmi-y-vga-para-mac-y-windows-3x-usb-3-0-sd-micro-sd-pd-3-0-adaptador-usb-c-a-usb-3-0-mod\/\",\"url\":\"https:\/\/compuviper.mx\/tienda\/producto\/startech-com-dkt30chvscpd-docking-station-usb-c-con-hdmi-y-vga-para-mac-y-windows-3x-usb-3-0-sd-micro-sd-pd-3-0-adaptador-usb-c-a-usb-3-0-mod\/\",\"name\":\"[ Startech.com ] &#129351; Dkt30chvscpd Docking Station Usb-c Con Hdmi Y Vga - Para Mac Y Windows -3x Usb 3.0 - Sd \/ Micro Sd - Pd 3.0 - Adaptador Usb C A Usb 3.0 - Mod.\",\"isPartOf\":{\"@id\":\"https:\/\/compuviper.mx\/tienda\/#website\"},\"datePublished\":\"2026-04-02T05:31:34+00:00\",\"dateModified\":\"2026-04-02T05:31:34+00:00\",\"description\":\"Compra Dkt30chvscpd Docking Station Usb-c Con Hdmi Y Vga - Para Mac Y Windows -3x Usb 3.0 - Sd \/ Micro Sd - Pd 3.0 - Adaptador Usb C A Usb 3.0 - Mod. + Env\u00edo a domicilio + Pago seguro + Garant\u00eda\",\"breadcrumb\":{\"@id\":\"https:\/\/compuviper.mx\/tienda\/producto\/startech-com-dkt30chvscpd-docking-station-usb-c-con-hdmi-y-vga-para-mac-y-windows-3x-usb-3-0-sd-micro-sd-pd-3-0-adaptador-usb-c-a-usb-3-0-mod\/#breadcrumb\"},\"inLanguage\":\"es-MX\",\"potentialAction\":[{\"@type\":\"ReadAction\",\"target\":[\"https:\/\/compuviper.mx\/tienda\/producto\/startech-com-dkt30chvscpd-docking-station-usb-c-con-hdmi-y-vga-para-mac-y-windows-3x-usb-3-0-sd-micro-sd-pd-3-0-adaptador-usb-c-a-usb-3-0-mod\/\"]}]},{\"@type\":\"BreadcrumbList\",\"@id\":\"https:\/\/compuviper.mx\/tienda\/producto\/startech-com-dkt30chvscpd-docking-station-usb-c-con-hdmi-y-vga-para-mac-y-windows-3x-usb-3-0-sd-micro-sd-pd-3-0-adaptador-usb-c-a-usb-3-0-mod\/#breadcrumb\",\"itemListElement\":[{\"@type\":\"ListItem\",\"position\":1,\"name\":\"Inicio\",\"item\":\"https:\/\/compuviper.mx\/tienda\/\"},{\"@type\":\"ListItem\",\"position\":2,\"name\":\"Productos\",\"item\":\"https:\/\/compuviper.mx\/tienda\/productos\/\"},{\"@type\":\"ListItem\",\"position\":3,\"name\":\"Accesorios\",\"item\":\"https:\/\/compuviper.mx\/tienda\/categoria-producto\/accesorios\/\"},{\"@type\":\"ListItem\",\"position\":4,\"name\":\"Conectividad\",\"item\":\"https:\/\/compuviper.mx\/tienda\/categoria-producto\/accesorios\/conectividad\/\"},{\"@type\":\"ListItem\",\"position\":5,\"name\":\"Startech.com Dkt30chvscpd Docking Station Usb-c Con Hdmi Y Vga &#8211; Para Mac Y Windows -3x Usb 3.0 &#8211; Sd \/ Micro Sd &#8211; Pd 3.0 &#8211; Adaptador Usb C A Usb 3.0 &#8211; Mod.\"}]},{\"@type\":\"WebSite\",\"@id\":\"https:\/\/compuviper.mx\/tienda\/#website\",\"url\":\"https:\/\/compuviper.mx\/tienda\/\",\"name\":\"Compuviper\",\"description\":\"Proveedor de Computadoras, Laptops, Servidores, Monitores, Puntos de Venta, Teclados,   Impresoras, T\u00f3ner, C\u00e1maras de Seguridad y m\u00e1s en tu tienda en l\u00ednea\",\"publisher\":{\"@id\":\"https:\/\/compuviper.mx\/tienda\/#organization\"},\"potentialAction\":[{\"@type\":\"SearchAction\",\"target\":{\"@type\":\"EntryPoint\",\"urlTemplate\":\"https:\/\/compuviper.mx\/tienda\/?s={search_term_string}\"},\"query-input\":\"required name=search_term_string\"}],\"inLanguage\":\"es-MX\"},{\"@type\":\"Organization\",\"@id\":\"https:\/\/compuviper.mx\/tienda\/#organization\",\"name\":\"Compuviper\",\"url\":\"https:\/\/compuviper.mx\/tienda\/\",\"logo\":{\"@type\":\"ImageObject\",\"inLanguage\":\"es-MX\",\"@id\":\"https:\/\/compuviper.mx\/tienda\/#\/schema\/logo\/image\/\",\"url\":\"https:\/\/compuviper.mx\/tienda\/wp-content\/uploads\/2021\/08\/Logo-Compuviper-10.png\",\"contentUrl\":\"https:\/\/compuviper.mx\/tienda\/wp-content\/uploads\/2021\/08\/Logo-Compuviper-10.png\",\"width\":1000,\"height\":500,\"caption\":\"Compuviper\"},\"image\":{\"@id\":\"https:\/\/compuviper.mx\/tienda\/#\/schema\/logo\/image\/\"},\"sameAs\":[\"https:\/\/www.facebook.com\/compuviper\",\"https:\/\/www.youtube.com\/channel\/UCf73dERp9Y3cfOq7q8BhLjA?view_as=subscriber\"]}]}<\/script>\n<meta property=\"product:brand\" content=\"STARTECH.COM\" \/>\n<meta property=\"product:price:amount\" content=\"1081\" \/>\n<meta property=\"product:price:currency\" content=\"MXN\" \/>\n<meta property=\"og:availability\" content=\"out of stock\" \/>\n<meta property=\"product:availability\" content=\"out of stock\" \/>\n<meta property=\"product:retailer_item_id\" content=\"DKT30CHVSCPD\" \/>\n<meta property=\"product:condition\" content=\"new\" \/>\n<!-- \/ Yoast SEO plugin. -->","yoast_head_json":{"title":"[ Startech.com ] &#129351; Dkt30chvscpd Docking Station Usb-c Con Hdmi Y Vga - Para Mac Y Windows -3x Usb 3.0 - Sd \/ Micro Sd - Pd 3.0 - Adaptador Usb C A Usb 3.0 - Mod.","description":"Compra Dkt30chvscpd Docking Station Usb-c Con Hdmi Y Vga - Para Mac Y Windows -3x Usb 3.0 - Sd \/ Micro Sd - Pd 3.0 - Adaptador Usb C A Usb 3.0 - Mod. + Env\u00edo a domicilio + Pago seguro + Garant\u00eda","robots":{"index":"index","follow":"follow","max-snippet":"max-snippet:-1","max-image-preview":"max-image-preview:large","max-video-preview":"max-video-preview:-1"},"canonical":"https:\/\/compuviper.mx\/tienda\/producto\/startech-com-dkt30chvscpd-docking-station-usb-c-con-hdmi-y-vga-para-mac-y-windows-3x-usb-3-0-sd-micro-sd-pd-3-0-adaptador-usb-c-a-usb-3-0-mod\/","og_locale":"es_MX","og_type":"article","og_title":"[ Startech.com ] &#129351; Dkt30chvscpd Docking Station Usb-c Con Hdmi Y Vga - Para Mac Y Windows -3x Usb 3.0 - Sd \/ Micro Sd - Pd 3.0 - Adaptador Usb C A Usb 3.0 - Mod.","og_description":"Compra Dkt30chvscpd Docking Station Usb-c Con Hdmi Y Vga - Para Mac Y Windows -3x Usb 3.0 - Sd \/ Micro Sd - Pd 3.0 - Adaptador Usb C A Usb 3.0 - Mod. + Env\u00edo a domicilio + Pago seguro + Garant\u00eda","og_url":"https:\/\/compuviper.mx\/tienda\/producto\/startech-com-dkt30chvscpd-docking-station-usb-c-con-hdmi-y-vga-para-mac-y-windows-3x-usb-3-0-sd-micro-sd-pd-3-0-adaptador-usb-c-a-usb-3-0-mod\/","og_site_name":"Compuviper","article_publisher":"https:\/\/www.facebook.com\/compuviper","og_image":[{"width":200,"height":200,"url":"https:\/\/compuviper.mx\/tienda\/wp-content\/uploads\/2023\/12\/Docking-station-usb-c-con-hdmi-y-vga-para-mac-y-windows-3x-usb-3.0-sd-micro-sd-pd-3.0-adaptador-usb-c-a-usb-3.0-startech.com-mod.-dkt30chvscpd.jpg","type":"image\/jpeg"}],"twitter_card":"summary_large_image","twitter_misc":{"Precio":"&#36;1,081 con IVA","Availability":"Out of stock"},"schema":{"@context":"https:\/\/schema.org","@graph":[{"@type":"WebPage","@id":"https:\/\/compuviper.mx\/tienda\/producto\/startech-com-dkt30chvscpd-docking-station-usb-c-con-hdmi-y-vga-para-mac-y-windows-3x-usb-3-0-sd-micro-sd-pd-3-0-adaptador-usb-c-a-usb-3-0-mod\/","url":"https:\/\/compuviper.mx\/tienda\/producto\/startech-com-dkt30chvscpd-docking-station-usb-c-con-hdmi-y-vga-para-mac-y-windows-3x-usb-3-0-sd-micro-sd-pd-3-0-adaptador-usb-c-a-usb-3-0-mod\/","name":"[ Startech.com ] &#129351; Dkt30chvscpd Docking Station Usb-c Con Hdmi Y Vga - Para Mac Y Windows -3x Usb 3.0 - Sd \/ Micro Sd - Pd 3.0 - Adaptador Usb C A Usb 3.0 - Mod.","isPartOf":{"@id":"https:\/\/compuviper.mx\/tienda\/#website"},"datePublished":"2026-04-02T05:31:34+00:00","dateModified":"2026-04-02T05:31:34+00:00","description":"Compra Dkt30chvscpd Docking Station Usb-c Con Hdmi Y Vga - Para Mac Y Windows -3x Usb 3.0 - Sd \/ Micro Sd - Pd 3.0 - Adaptador Usb C A Usb 3.0 - Mod. + Env\u00edo a domicilio + Pago seguro + Garant\u00eda","breadcrumb":{"@id":"https:\/\/compuviper.mx\/tienda\/producto\/startech-com-dkt30chvscpd-docking-station-usb-c-con-hdmi-y-vga-para-mac-y-windows-3x-usb-3-0-sd-micro-sd-pd-3-0-adaptador-usb-c-a-usb-3-0-mod\/#breadcrumb"},"inLanguage":"es-MX","potentialAction":[{"@type":"ReadAction","target":["https:\/\/compuviper.mx\/tienda\/producto\/startech-com-dkt30chvscpd-docking-station-usb-c-con-hdmi-y-vga-para-mac-y-windows-3x-usb-3-0-sd-micro-sd-pd-3-0-adaptador-usb-c-a-usb-3-0-mod\/"]}]},{"@type":"BreadcrumbList","@id":"https:\/\/compuviper.mx\/tienda\/producto\/startech-com-dkt30chvscpd-docking-station-usb-c-con-hdmi-y-vga-para-mac-y-windows-3x-usb-3-0-sd-micro-sd-pd-3-0-adaptador-usb-c-a-usb-3-0-mod\/#breadcrumb","itemListElement":[{"@type":"ListItem","position":1,"name":"Inicio","item":"https:\/\/compuviper.mx\/tienda\/"},{"@type":"ListItem","position":2,"name":"Productos","item":"https:\/\/compuviper.mx\/tienda\/productos\/"},{"@type":"ListItem","position":3,"name":"Accesorios","item":"https:\/\/compuviper.mx\/tienda\/categoria-producto\/accesorios\/"},{"@type":"ListItem","position":4,"name":"Conectividad","item":"https:\/\/compuviper.mx\/tienda\/categoria-producto\/accesorios\/conectividad\/"},{"@type":"ListItem","position":5,"name":"Startech.com Dkt30chvscpd Docking Station Usb-c Con Hdmi Y Vga &#8211; Para Mac Y Windows -3x Usb 3.0 &#8211; Sd \/ Micro Sd &#8211; Pd 3.0 &#8211; Adaptador Usb C A Usb 3.0 &#8211; Mod."}]},{"@type":"WebSite","@id":"https:\/\/compuviper.mx\/tienda\/#website","url":"https:\/\/compuviper.mx\/tienda\/","name":"Compuviper","description":"Proveedor de Computadoras, Laptops, Servidores, Monitores, Puntos de Venta, Teclados,   Impresoras, T\u00f3ner, C\u00e1maras de Seguridad y m\u00e1s en tu tienda en l\u00ednea","publisher":{"@id":"https:\/\/compuviper.mx\/tienda\/#organization"},"potentialAction":[{"@type":"SearchAction","target":{"@type":"EntryPoint","urlTemplate":"https:\/\/compuviper.mx\/tienda\/?s={search_term_string}"},"query-input":"required name=search_term_string"}],"inLanguage":"es-MX"},{"@type":"Organization","@id":"https:\/\/compuviper.mx\/tienda\/#organization","name":"Compuviper","url":"https:\/\/compuviper.mx\/tienda\/","logo":{"@type":"ImageObject","inLanguage":"es-MX","@id":"https:\/\/compuviper.mx\/tienda\/#\/schema\/logo\/image\/","url":"https:\/\/compuviper.mx\/tienda\/wp-content\/uploads\/2021\/08\/Logo-Compuviper-10.png","contentUrl":"https:\/\/compuviper.mx\/tienda\/wp-content\/uploads\/2021\/08\/Logo-Compuviper-10.png","width":1000,"height":500,"caption":"Compuviper"},"image":{"@id":"https:\/\/compuviper.mx\/tienda\/#\/schema\/logo\/image\/"},"sameAs":["https:\/\/www.facebook.com\/compuviper","https:\/\/www.youtube.com\/channel\/UCf73dERp9Y3cfOq7q8BhLjA?view_as=subscriber"]}]},"product_brand":"STARTECH.COM","product_price_amount":"1081","product_price_currency":"MXN","og_availability":"out of stock","product_availability":"out of stock","product_retailer_item_id":"DKT30CHVSCPD","product_condition":"new"},"_links":{"self":[{"href":"https:\/\/compuviper.mx\/tienda\/wp-json\/wp\/v2\/product\/212435"}],"collection":[{"href":"https:\/\/compuviper.mx\/tienda\/wp-json\/wp\/v2\/product"}],"about":[{"href":"https:\/\/compuviper.mx\/tienda\/wp-json\/wp\/v2\/types\/product"}],"replies":[{"embeddable":true,"href":"https:\/\/compuviper.mx\/tienda\/wp-json\/wp\/v2\/comments?post=212435"}],"wp:featuredmedia":[{"embeddable":true,"href":"https:\/\/compuviper.mx\/tienda\/wp-json\/wp\/v2\/media\/212436"}],"wp:attachment":[{"href":"https:\/\/compuviper.mx\/tienda\/wp-json\/wp\/v2\/media?parent=212435"}],"wp:term":[{"taxonomy":"product_cat","embeddable":true,"href":"https:\/\/compuviper.mx\/tienda\/wp-json\/wp\/v2\/product_cat?post=212435"},{"taxonomy":"product_tag","embeddable":true,"href":"https:\/\/compuviper.mx\/tienda\/wp-json\/wp\/v2\/product_tag?post=212435"}],"curies":[{"name":"wp","href":"https:\/\/api.w.org\/{rel}","templated":true}]}}