{"id":212397,"date":"2026-04-07T23:34:44","date_gmt":"2026-04-08T05:34:44","guid":{"rendered":"https:\/\/compuviper.mx\/tienda\/producto\/startech-com-sm21bmu31c3-gabinete-externo-usb-3-1-carcasa-protectora-de-disco-duro-usb-a-m-2-ngff-gabinete-caja-de-ssd-m-2-para-ssds-m-2-sata-mod\/"},"modified":"2026-04-07T23:34:44","modified_gmt":"2026-04-08T05:34:44","slug":"startech-com-sm21bmu31c3-gabinete-externo-usb-3-1-carcasa-protectora-de-disco-duro-usb-a-m-2-ngff-gabinete-caja-de-ssd-m-2-para-ssds-m-2-sata-mod","status":"publish","type":"product","link":"https:\/\/compuviper.mx\/tienda\/producto\/startech-com-sm21bmu31c3-gabinete-externo-usb-3-1-carcasa-protectora-de-disco-duro-usb-a-m-2-ngff-gabinete-caja-de-ssd-m-2-para-ssds-m-2-sata-mod\/","title":{"rendered":"Startech.com Sm21bmu31c3 Gabinete Externo Usb 3.1 Carcasa Protectora De Disco Duro Usb A M.2 Ngff &#8211; Gabinete Caja De Ssd M.2 Para Ssds M.2 Sata &#8211;  Mod."},"content":{"rendered":"<table class=\"descripcion\">\n<tr>\n<td>Caracter\u00edsticas f\u00edsicas<\/td>\n<\/tr>\n<tr>\n<td>Altura del producto : 1.3 cm<\/td>\n<\/tr>\n<tr>\n<td>Altura m\u00e1xima de la unidad : 80 mm<\/td>\n<\/tr>\n<tr>\n<td>Ancho del producto : 42 mm<\/td>\n<\/tr>\n<tr>\n<td>Color : negro y plata<\/td>\n<\/tr>\n<tr>\n<td>Longitud del producto : 99 mm<\/td>\n<\/tr>\n<tr>\n<td>Peso del producto : 61 g<\/td>\n<\/tr>\n<tr>\n<td>Tipo de gabinete : aluminio<\/td>\n<\/tr>\n<tr>\n<td>Conector(es)<\/td>\n<\/tr>\n<tr>\n<td>Conectores de la unidad : m.2 (sata, b-key, ngff)<\/td>\n<\/tr>\n<tr>\n<td>Conectores del host : usb 3.1 usb type micro-b (10 pines, gen 2, 10gbps)<\/td>\n<\/tr>\n<tr>\n<td>Hardware<\/td>\n<\/tr>\n<tr>\n<td>Cantidad de unidades : 1<\/td>\n<\/tr>\n<tr>\n<td>Id del conjunto de chips : asmedia &#8211; asm1351<\/td>\n<\/tr>\n<tr>\n<td>Instalaci\u00f3n de la unidad : fijo<\/td>\n<\/tr>\n<tr>\n<td>Interfaz : usb 3.1 gen 2<\/td>\n<\/tr>\n<tr>\n<td>Tipo de bus : usb 3.1 gen 2<\/td>\n<\/tr>\n<tr>\n<td>Unidades compatibles : m.2 (sata, b-key, ngff)<\/td>\n<\/tr>\n<tr>\n<td>Unidades compatibles : m.2 sata (ngff, b+m-key)<\/td>\n<\/tr>\n<tr>\n<td>Indicadores<\/td>\n<\/tr>\n<tr>\n<td>Indicadores led : alimentaci\u00f3n y actividad<\/td>\n<\/tr>\n<tr>\n<td>Rendimiento<\/td>\n<\/tr>\n<tr>\n<td>4kn support : s\u00ed<\/td>\n<\/tr>\n<tr>\n<td>Compatibilidad con uasp : s\u00ed<\/td>\n<\/tr>\n<tr>\n<td>Especificaciones generales : no compatible con ssd ahci pci-express o m.2 nvme<\/td>\n<\/tr>\n<tr>\n<td>Mtbf : 1.000.000 horas<\/td>\n<\/tr>\n<tr>\n<td>Tasa de transferencia de datos m\u00e1xima : 10 gbps<\/td>\n<\/tr>\n<tr>\n<td>Tipo y velocidad : sata iii (6 gbps)<\/td>\n<\/tr>\n<tr>\n<td>Tipo y velocidad : usb 3.1 gen 2 &#8211; 10 gbit\/s<\/td>\n<\/tr>\n<tr>\n<td>Trim support : s\u00ed<\/td>\n<\/tr>\n<\/table>\n","protected":false},"excerpt":{"rendered":"<p>Este compacto gabinete\u00a0para unidades sata ssd m.2 le permite agregar almacenamiento de datos muy port\u00e1til a\u00a0cualquier computadora de escritorio o laptop equipada\u00a0con un puerto usb-c, como\u00a0macbook,\u00a0chromebook pixel, laptops dell xps\u00a0y muchos m\u00e1s. Convierte su unidad sata m.2 en una soluci\u00f3n de almacenamiento a alta velocidad a trav\u00e9s de\u00a0una conexi\u00f3n usb 3.1 gen 2, a una velocidad de transmisi\u00f3n de hasta 10gbps. Este gabinete\u00a0delgado, de tama\u00f1o de bolsillo para unidades sata ssd m.2 ngff ha sido especialmente dise\u00f1ada para movilidad, ya que ocupa poco espacio y cabe sin problemas dentro de su malet\u00edn de laptop. Su gabinete\u00a0de aluminio de peso ligero, pero duradera, garantiza que su unidad se mantenga protegida mientras la lleva consigo. Los agujeros de ventilaci\u00f3n ayudan a disipar el calor y garantizan una temperatura \u00f3ptima de funcionamiento. El modelo sm21bmu31c3 cuenta con soporte t\u00e9cnico gratuito de por vida.<\/p>\n","protected":false},"featured_media":212398,"comment_status":"open","ping_status":"open","template":"","meta":[],"product_cat":[1485,1519],"product_tag":[1590],"acf":[],"yoast_head":"<!-- This site is optimized with the Yoast SEO plugin v21.7 - https:\/\/yoast.com\/wordpress\/plugins\/seo\/ -->\n<title>[ Startech.com ] &#129351; Sm21bmu31c3 Gabinete Externo Usb 3.1 Carcasa Protectora De Disco Duro Usb A M.2 Ngff - Gabinete Caja De Ssd M.2 Para Ssds M.2 Sata - Mod.<\/title>\n<meta name=\"description\" content=\"Compra Sm21bmu31c3 Gabinete Externo Usb 3.1 Carcasa Protectora De Disco Duro Usb A M.2 Ngff - Gabinete Caja De Ssd M.2 Para Ssds M.2 Sata - Mod. + Env\u00edo a domicilio + Pago seguro + Garant\u00eda\" \/>\n<meta name=\"robots\" content=\"index, follow, max-snippet:-1, max-image-preview:large, max-video-preview:-1\" \/>\n<link rel=\"canonical\" href=\"https:\/\/compuviper.mx\/tienda\/producto\/startech-com-sm21bmu31c3-gabinete-externo-usb-3-1-carcasa-protectora-de-disco-duro-usb-a-m-2-ngff-gabinete-caja-de-ssd-m-2-para-ssds-m-2-sata-mod\/\" \/>\n<meta property=\"og:locale\" content=\"es_MX\" \/>\n<meta property=\"og:type\" content=\"article\" \/>\n<meta property=\"og:title\" content=\"[ Startech.com ] &#129351; Sm21bmu31c3 Gabinete Externo Usb 3.1 Carcasa Protectora De Disco Duro Usb A M.2 Ngff - Gabinete Caja De Ssd M.2 Para Ssds M.2 Sata - Mod.\" \/>\n<meta property=\"og:description\" content=\"Compra Sm21bmu31c3 Gabinete Externo Usb 3.1 Carcasa Protectora De Disco Duro Usb A M.2 Ngff - Gabinete Caja De Ssd M.2 Para Ssds M.2 Sata - Mod. + Env\u00edo a domicilio + Pago seguro + Garant\u00eda\" \/>\n<meta property=\"og:url\" content=\"https:\/\/compuviper.mx\/tienda\/producto\/startech-com-sm21bmu31c3-gabinete-externo-usb-3-1-carcasa-protectora-de-disco-duro-usb-a-m-2-ngff-gabinete-caja-de-ssd-m-2-para-ssds-m-2-sata-mod\/\" \/>\n<meta property=\"og:site_name\" content=\"Compuviper\" \/>\n<meta property=\"article:publisher\" content=\"https:\/\/www.facebook.com\/compuviper\" \/>\n<meta property=\"og:image\" content=\"https:\/\/compuviper.mx\/tienda\/wp-content\/uploads\/2023\/12\/Gabinete-externo-usb-3.1-carcasa-protectora-de-disco-duro-usb-a-m.2-ngff-gabinete-caja-de-ssd-m.2-para-ssds-m.2-sata-startech.com-mod.-sm21bmu31c3.jpg\" \/>\n\t<meta property=\"og:image:width\" content=\"200\" \/>\n\t<meta property=\"og:image:height\" content=\"200\" \/>\n\t<meta property=\"og:image:type\" content=\"image\/jpeg\" \/>\n<meta name=\"twitter:card\" content=\"summary_large_image\" \/>\n<meta name=\"twitter:label1\" content=\"Precio\" \/>\n\t<meta name=\"twitter:data1\" content=\"&#36;711 con IVA\" \/>\n\t<meta name=\"twitter:label2\" content=\"Availability\" \/>\n\t<meta name=\"twitter:data2\" content=\"In stock\" \/>\n<script type=\"application\/ld+json\" class=\"yoast-schema-graph\">{\"@context\":\"https:\/\/schema.org\",\"@graph\":[{\"@type\":\"WebPage\",\"@id\":\"https:\/\/compuviper.mx\/tienda\/producto\/startech-com-sm21bmu31c3-gabinete-externo-usb-3-1-carcasa-protectora-de-disco-duro-usb-a-m-2-ngff-gabinete-caja-de-ssd-m-2-para-ssds-m-2-sata-mod\/\",\"url\":\"https:\/\/compuviper.mx\/tienda\/producto\/startech-com-sm21bmu31c3-gabinete-externo-usb-3-1-carcasa-protectora-de-disco-duro-usb-a-m-2-ngff-gabinete-caja-de-ssd-m-2-para-ssds-m-2-sata-mod\/\",\"name\":\"[ Startech.com ] &#129351; Sm21bmu31c3 Gabinete Externo Usb 3.1 Carcasa Protectora De Disco Duro Usb A M.2 Ngff - Gabinete Caja De Ssd M.2 Para Ssds M.2 Sata - Mod.\",\"isPartOf\":{\"@id\":\"https:\/\/compuviper.mx\/tienda\/#website\"},\"datePublished\":\"2026-04-08T05:34:44+00:00\",\"dateModified\":\"2026-04-08T05:34:44+00:00\",\"description\":\"Compra Sm21bmu31c3 Gabinete Externo Usb 3.1 Carcasa Protectora De Disco Duro Usb A M.2 Ngff - Gabinete Caja De Ssd M.2 Para Ssds M.2 Sata - Mod. + Env\u00edo a domicilio + Pago seguro + Garant\u00eda\",\"breadcrumb\":{\"@id\":\"https:\/\/compuviper.mx\/tienda\/producto\/startech-com-sm21bmu31c3-gabinete-externo-usb-3-1-carcasa-protectora-de-disco-duro-usb-a-m-2-ngff-gabinete-caja-de-ssd-m-2-para-ssds-m-2-sata-mod\/#breadcrumb\"},\"inLanguage\":\"es-MX\",\"potentialAction\":[{\"@type\":\"ReadAction\",\"target\":[\"https:\/\/compuviper.mx\/tienda\/producto\/startech-com-sm21bmu31c3-gabinete-externo-usb-3-1-carcasa-protectora-de-disco-duro-usb-a-m-2-ngff-gabinete-caja-de-ssd-m-2-para-ssds-m-2-sata-mod\/\"]}]},{\"@type\":\"BreadcrumbList\",\"@id\":\"https:\/\/compuviper.mx\/tienda\/producto\/startech-com-sm21bmu31c3-gabinete-externo-usb-3-1-carcasa-protectora-de-disco-duro-usb-a-m-2-ngff-gabinete-caja-de-ssd-m-2-para-ssds-m-2-sata-mod\/#breadcrumb\",\"itemListElement\":[{\"@type\":\"ListItem\",\"position\":1,\"name\":\"Inicio\",\"item\":\"https:\/\/compuviper.mx\/tienda\/\"},{\"@type\":\"ListItem\",\"position\":2,\"name\":\"Productos\",\"item\":\"https:\/\/compuviper.mx\/tienda\/productos\/\"},{\"@type\":\"ListItem\",\"position\":3,\"name\":\"Accesorios\",\"item\":\"https:\/\/compuviper.mx\/tienda\/categoria-producto\/accesorios\/\"},{\"@type\":\"ListItem\",\"position\":4,\"name\":\"Gabinete De Discos Duros\",\"item\":\"https:\/\/compuviper.mx\/tienda\/categoria-producto\/accesorios\/gabinete-de-discos-duros\/\"},{\"@type\":\"ListItem\",\"position\":5,\"name\":\"Startech.com Sm21bmu31c3 Gabinete Externo Usb 3.1 Carcasa Protectora De Disco Duro Usb A M.2 Ngff &#8211; Gabinete Caja De Ssd M.2 Para Ssds M.2 Sata &#8211; Mod.\"}]},{\"@type\":\"WebSite\",\"@id\":\"https:\/\/compuviper.mx\/tienda\/#website\",\"url\":\"https:\/\/compuviper.mx\/tienda\/\",\"name\":\"Compuviper\",\"description\":\"Proveedor de Computadoras, Laptops, Servidores, Monitores, Puntos de Venta, Teclados,   Impresoras, T\u00f3ner, C\u00e1maras de Seguridad y m\u00e1s en tu tienda en l\u00ednea\",\"publisher\":{\"@id\":\"https:\/\/compuviper.mx\/tienda\/#organization\"},\"potentialAction\":[{\"@type\":\"SearchAction\",\"target\":{\"@type\":\"EntryPoint\",\"urlTemplate\":\"https:\/\/compuviper.mx\/tienda\/?s={search_term_string}\"},\"query-input\":\"required name=search_term_string\"}],\"inLanguage\":\"es-MX\"},{\"@type\":\"Organization\",\"@id\":\"https:\/\/compuviper.mx\/tienda\/#organization\",\"name\":\"Compuviper\",\"url\":\"https:\/\/compuviper.mx\/tienda\/\",\"logo\":{\"@type\":\"ImageObject\",\"inLanguage\":\"es-MX\",\"@id\":\"https:\/\/compuviper.mx\/tienda\/#\/schema\/logo\/image\/\",\"url\":\"https:\/\/compuviper.mx\/tienda\/wp-content\/uploads\/2021\/08\/Logo-Compuviper-10.png\",\"contentUrl\":\"https:\/\/compuviper.mx\/tienda\/wp-content\/uploads\/2021\/08\/Logo-Compuviper-10.png\",\"width\":1000,\"height\":500,\"caption\":\"Compuviper\"},\"image\":{\"@id\":\"https:\/\/compuviper.mx\/tienda\/#\/schema\/logo\/image\/\"},\"sameAs\":[\"https:\/\/www.facebook.com\/compuviper\",\"https:\/\/www.youtube.com\/channel\/UCf73dERp9Y3cfOq7q8BhLjA?view_as=subscriber\"]}]}<\/script>\n<meta property=\"product:brand\" content=\"STARTECH.COM\" \/>\n<meta property=\"product:price:amount\" content=\"711\" \/>\n<meta property=\"product:price:currency\" content=\"MXN\" \/>\n<meta property=\"og:availability\" content=\"instock\" \/>\n<meta property=\"product:availability\" content=\"instock\" \/>\n<meta property=\"product:retailer_item_id\" content=\"SM21BMU31C3\" \/>\n<meta property=\"product:condition\" content=\"new\" \/>\n<!-- \/ Yoast SEO plugin. -->","yoast_head_json":{"title":"[ Startech.com ] &#129351; Sm21bmu31c3 Gabinete Externo Usb 3.1 Carcasa Protectora De Disco Duro Usb A M.2 Ngff - Gabinete Caja De Ssd M.2 Para Ssds M.2 Sata - Mod.","description":"Compra Sm21bmu31c3 Gabinete Externo Usb 3.1 Carcasa Protectora De Disco Duro Usb A M.2 Ngff - Gabinete Caja De Ssd M.2 Para Ssds M.2 Sata - Mod. + Env\u00edo a domicilio + Pago seguro + Garant\u00eda","robots":{"index":"index","follow":"follow","max-snippet":"max-snippet:-1","max-image-preview":"max-image-preview:large","max-video-preview":"max-video-preview:-1"},"canonical":"https:\/\/compuviper.mx\/tienda\/producto\/startech-com-sm21bmu31c3-gabinete-externo-usb-3-1-carcasa-protectora-de-disco-duro-usb-a-m-2-ngff-gabinete-caja-de-ssd-m-2-para-ssds-m-2-sata-mod\/","og_locale":"es_MX","og_type":"article","og_title":"[ Startech.com ] &#129351; Sm21bmu31c3 Gabinete Externo Usb 3.1 Carcasa Protectora De Disco Duro Usb A M.2 Ngff - Gabinete Caja De Ssd M.2 Para Ssds M.2 Sata - Mod.","og_description":"Compra Sm21bmu31c3 Gabinete Externo Usb 3.1 Carcasa Protectora De Disco Duro Usb A M.2 Ngff - Gabinete Caja De Ssd M.2 Para Ssds M.2 Sata - Mod. + Env\u00edo a domicilio + Pago seguro + Garant\u00eda","og_url":"https:\/\/compuviper.mx\/tienda\/producto\/startech-com-sm21bmu31c3-gabinete-externo-usb-3-1-carcasa-protectora-de-disco-duro-usb-a-m-2-ngff-gabinete-caja-de-ssd-m-2-para-ssds-m-2-sata-mod\/","og_site_name":"Compuviper","article_publisher":"https:\/\/www.facebook.com\/compuviper","og_image":[{"width":200,"height":200,"url":"https:\/\/compuviper.mx\/tienda\/wp-content\/uploads\/2023\/12\/Gabinete-externo-usb-3.1-carcasa-protectora-de-disco-duro-usb-a-m.2-ngff-gabinete-caja-de-ssd-m.2-para-ssds-m.2-sata-startech.com-mod.-sm21bmu31c3.jpg","type":"image\/jpeg"}],"twitter_card":"summary_large_image","twitter_misc":{"Precio":"&#36;711 con IVA","Availability":"In stock"},"schema":{"@context":"https:\/\/schema.org","@graph":[{"@type":"WebPage","@id":"https:\/\/compuviper.mx\/tienda\/producto\/startech-com-sm21bmu31c3-gabinete-externo-usb-3-1-carcasa-protectora-de-disco-duro-usb-a-m-2-ngff-gabinete-caja-de-ssd-m-2-para-ssds-m-2-sata-mod\/","url":"https:\/\/compuviper.mx\/tienda\/producto\/startech-com-sm21bmu31c3-gabinete-externo-usb-3-1-carcasa-protectora-de-disco-duro-usb-a-m-2-ngff-gabinete-caja-de-ssd-m-2-para-ssds-m-2-sata-mod\/","name":"[ Startech.com ] &#129351; Sm21bmu31c3 Gabinete Externo Usb 3.1 Carcasa Protectora De Disco Duro Usb A M.2 Ngff - Gabinete Caja De Ssd M.2 Para Ssds M.2 Sata - Mod.","isPartOf":{"@id":"https:\/\/compuviper.mx\/tienda\/#website"},"datePublished":"2026-04-08T05:34:44+00:00","dateModified":"2026-04-08T05:34:44+00:00","description":"Compra Sm21bmu31c3 Gabinete Externo Usb 3.1 Carcasa Protectora De Disco Duro Usb A M.2 Ngff - Gabinete Caja De Ssd M.2 Para Ssds M.2 Sata - Mod. + Env\u00edo a domicilio + Pago seguro + Garant\u00eda","breadcrumb":{"@id":"https:\/\/compuviper.mx\/tienda\/producto\/startech-com-sm21bmu31c3-gabinete-externo-usb-3-1-carcasa-protectora-de-disco-duro-usb-a-m-2-ngff-gabinete-caja-de-ssd-m-2-para-ssds-m-2-sata-mod\/#breadcrumb"},"inLanguage":"es-MX","potentialAction":[{"@type":"ReadAction","target":["https:\/\/compuviper.mx\/tienda\/producto\/startech-com-sm21bmu31c3-gabinete-externo-usb-3-1-carcasa-protectora-de-disco-duro-usb-a-m-2-ngff-gabinete-caja-de-ssd-m-2-para-ssds-m-2-sata-mod\/"]}]},{"@type":"BreadcrumbList","@id":"https:\/\/compuviper.mx\/tienda\/producto\/startech-com-sm21bmu31c3-gabinete-externo-usb-3-1-carcasa-protectora-de-disco-duro-usb-a-m-2-ngff-gabinete-caja-de-ssd-m-2-para-ssds-m-2-sata-mod\/#breadcrumb","itemListElement":[{"@type":"ListItem","position":1,"name":"Inicio","item":"https:\/\/compuviper.mx\/tienda\/"},{"@type":"ListItem","position":2,"name":"Productos","item":"https:\/\/compuviper.mx\/tienda\/productos\/"},{"@type":"ListItem","position":3,"name":"Accesorios","item":"https:\/\/compuviper.mx\/tienda\/categoria-producto\/accesorios\/"},{"@type":"ListItem","position":4,"name":"Gabinete De Discos Duros","item":"https:\/\/compuviper.mx\/tienda\/categoria-producto\/accesorios\/gabinete-de-discos-duros\/"},{"@type":"ListItem","position":5,"name":"Startech.com Sm21bmu31c3 Gabinete Externo Usb 3.1 Carcasa Protectora De Disco Duro Usb A M.2 Ngff &#8211; Gabinete Caja De Ssd M.2 Para Ssds M.2 Sata &#8211; Mod."}]},{"@type":"WebSite","@id":"https:\/\/compuviper.mx\/tienda\/#website","url":"https:\/\/compuviper.mx\/tienda\/","name":"Compuviper","description":"Proveedor de Computadoras, Laptops, Servidores, Monitores, Puntos de Venta, Teclados,   Impresoras, T\u00f3ner, C\u00e1maras de Seguridad y m\u00e1s en tu tienda en l\u00ednea","publisher":{"@id":"https:\/\/compuviper.mx\/tienda\/#organization"},"potentialAction":[{"@type":"SearchAction","target":{"@type":"EntryPoint","urlTemplate":"https:\/\/compuviper.mx\/tienda\/?s={search_term_string}"},"query-input":"required name=search_term_string"}],"inLanguage":"es-MX"},{"@type":"Organization","@id":"https:\/\/compuviper.mx\/tienda\/#organization","name":"Compuviper","url":"https:\/\/compuviper.mx\/tienda\/","logo":{"@type":"ImageObject","inLanguage":"es-MX","@id":"https:\/\/compuviper.mx\/tienda\/#\/schema\/logo\/image\/","url":"https:\/\/compuviper.mx\/tienda\/wp-content\/uploads\/2021\/08\/Logo-Compuviper-10.png","contentUrl":"https:\/\/compuviper.mx\/tienda\/wp-content\/uploads\/2021\/08\/Logo-Compuviper-10.png","width":1000,"height":500,"caption":"Compuviper"},"image":{"@id":"https:\/\/compuviper.mx\/tienda\/#\/schema\/logo\/image\/"},"sameAs":["https:\/\/www.facebook.com\/compuviper","https:\/\/www.youtube.com\/channel\/UCf73dERp9Y3cfOq7q8BhLjA?view_as=subscriber"]}]},"product_brand":"STARTECH.COM","product_price_amount":"711","product_price_currency":"MXN","og_availability":"instock","product_availability":"instock","product_retailer_item_id":"SM21BMU31C3","product_condition":"new"},"_links":{"self":[{"href":"https:\/\/compuviper.mx\/tienda\/wp-json\/wp\/v2\/product\/212397"}],"collection":[{"href":"https:\/\/compuviper.mx\/tienda\/wp-json\/wp\/v2\/product"}],"about":[{"href":"https:\/\/compuviper.mx\/tienda\/wp-json\/wp\/v2\/types\/product"}],"replies":[{"embeddable":true,"href":"https:\/\/compuviper.mx\/tienda\/wp-json\/wp\/v2\/comments?post=212397"}],"wp:featuredmedia":[{"embeddable":true,"href":"https:\/\/compuviper.mx\/tienda\/wp-json\/wp\/v2\/media\/212398"}],"wp:attachment":[{"href":"https:\/\/compuviper.mx\/tienda\/wp-json\/wp\/v2\/media?parent=212397"}],"wp:term":[{"taxonomy":"product_cat","embeddable":true,"href":"https:\/\/compuviper.mx\/tienda\/wp-json\/wp\/v2\/product_cat?post=212397"},{"taxonomy":"product_tag","embeddable":true,"href":"https:\/\/compuviper.mx\/tienda\/wp-json\/wp\/v2\/product_tag?post=212397"}],"curies":[{"name":"wp","href":"https:\/\/api.w.org\/{rel}","templated":true}]}}