{"id":212367,"date":"2026-04-07T23:34:36","date_gmt":"2026-04-08T05:34:36","guid":{"rendered":"https:\/\/compuviper.mx\/tienda\/producto\/startech-com-sws100-pulsera-antiestatica-con-cable-a-tierra-brazalete-antiestatico-con-proteccin-esd-mod\/"},"modified":"2026-04-07T23:34:37","modified_gmt":"2026-04-08T05:34:37","slug":"startech-com-sws100-pulsera-antiestatica-con-cable-a-tierra-brazalete-antiestatico-con-proteccin-esd-mod","status":"publish","type":"product","link":"https:\/\/compuviper.mx\/tienda\/producto\/startech-com-sws100-pulsera-antiestatica-con-cable-a-tierra-brazalete-antiestatico-con-proteccin-esd-mod\/","title":{"rendered":"Startech.com Sws100 Pulsera Antiestatica Con Cable A Tierra &#8211; Brazalete Antiestatico Con Proteccin Esd &#8211;  Mod."},"content":{"rendered":"<table class=\"descripcion\">\n<tr>\n<td>Caracter\u00edsticas f\u00edsicas<\/td>\n<\/tr>\n<tr>\n<td>Altura del producto : 1.5 cm<\/td>\n<\/tr>\n<tr>\n<td>Ancho del producto : 15 mm<\/td>\n<\/tr>\n<tr>\n<td>Color : azul<\/td>\n<\/tr>\n<tr>\n<td>Longitud del producto : 1.8 m<\/td>\n<\/tr>\n<tr>\n<td>Peso del producto : 40 g<\/td>\n<\/tr>\n<tr>\n<td>Contenido de la caja<\/td>\n<\/tr>\n<tr>\n<td>Incluido en la caja : mu\u00f1equera antiest\u00e1tica<\/td>\n<\/tr>\n<\/table>\n","protected":false},"excerpt":{"rendered":"<p>Esta duradera pulsera esd (contra descargas el\u00e9ctricas) antiest\u00e1tica sirve para proteger su valioso equipo inform\u00e1tico de la peligrosa electricidad est\u00e1tica. Esta pulsera de puesta a tierra ofrece protecci\u00f3n a tierra y antiest\u00e1tica de forma sencilla, lo cual permite trabajar con una computadora de manera normal, sin tener que preocuparse de la acumulaci\u00f3n est\u00e1tica, algo que podr\u00eda potencialmente da\u00f1ar los componentes de su computadora. Dise\u00f1ada y fabricada para ofrecer un mayor nivel de protecci\u00f3n que el establecido por las normas para ibm y el cuerpo militar estadounidense sobre control antiest\u00e1tico\/esd, esta pulsera est\u00e1 fabricada con materiales antiest\u00e1ticos de la m\u00e1s alta calidad, a fin de garantizar el uso y funcionamiento seguro de su equipo.<\/p>\n","protected":false},"featured_media":212368,"comment_status":"open","ping_status":"open","template":"","meta":[],"product_cat":[1485,1515],"product_tag":[1590],"acf":[],"yoast_head":"<!-- This site is optimized with the Yoast SEO plugin v21.7 - https:\/\/yoast.com\/wordpress\/plugins\/seo\/ -->\n<title>[ Startech.com ] &#129351; Sws100 Pulsera Antiestatica Con Cable A Tierra - Brazalete Antiestatico Con Proteccin Esd - Mod.<\/title>\n<meta name=\"description\" content=\"Compra Sws100 Pulsera Antiestatica Con Cable A Tierra - Brazalete Antiestatico Con Proteccin Esd - Mod. + Env\u00edo a domicilio + Pago seguro + Garant\u00eda\" \/>\n<meta name=\"robots\" content=\"index, follow, max-snippet:-1, max-image-preview:large, max-video-preview:-1\" \/>\n<link rel=\"canonical\" href=\"https:\/\/compuviper.mx\/tienda\/producto\/startech-com-sws100-pulsera-antiestatica-con-cable-a-tierra-brazalete-antiestatico-con-proteccin-esd-mod\/\" \/>\n<meta property=\"og:locale\" content=\"es_MX\" \/>\n<meta property=\"og:type\" content=\"article\" \/>\n<meta property=\"og:title\" content=\"[ Startech.com ] &#129351; Sws100 Pulsera Antiestatica Con Cable A Tierra - Brazalete Antiestatico Con Proteccin Esd - Mod.\" \/>\n<meta property=\"og:description\" content=\"Compra Sws100 Pulsera Antiestatica Con Cable A Tierra - Brazalete Antiestatico Con Proteccin Esd - Mod. + Env\u00edo a domicilio + Pago seguro + Garant\u00eda\" \/>\n<meta property=\"og:url\" content=\"https:\/\/compuviper.mx\/tienda\/producto\/startech-com-sws100-pulsera-antiestatica-con-cable-a-tierra-brazalete-antiestatico-con-proteccin-esd-mod\/\" \/>\n<meta property=\"og:site_name\" content=\"Compuviper\" \/>\n<meta property=\"article:publisher\" content=\"https:\/\/www.facebook.com\/compuviper\" \/>\n<meta property=\"article:modified_time\" content=\"2026-04-08T05:34:37+00:00\" \/>\n<meta property=\"og:image\" content=\"https:\/\/compuviper.mx\/tienda\/wp-content\/uploads\/2023\/12\/Pulsera-antiestatica-con-cable-a-tierra-brazalete-antiestatico-con-proteccion-esd-startech.com-mod.-sws100.jpg\" \/>\n\t<meta property=\"og:image:width\" content=\"200\" \/>\n\t<meta property=\"og:image:height\" content=\"200\" \/>\n\t<meta property=\"og:image:type\" content=\"image\/jpeg\" \/>\n<meta name=\"twitter:card\" content=\"summary_large_image\" \/>\n<meta name=\"twitter:label1\" content=\"Precio\" \/>\n\t<meta name=\"twitter:data1\" content=\"&#36;207 con IVA\" \/>\n\t<meta name=\"twitter:label2\" content=\"Availability\" \/>\n\t<meta name=\"twitter:data2\" content=\"Out of stock\" \/>\n<script type=\"application\/ld+json\" class=\"yoast-schema-graph\">{\"@context\":\"https:\/\/schema.org\",\"@graph\":[{\"@type\":\"WebPage\",\"@id\":\"https:\/\/compuviper.mx\/tienda\/producto\/startech-com-sws100-pulsera-antiestatica-con-cable-a-tierra-brazalete-antiestatico-con-proteccin-esd-mod\/\",\"url\":\"https:\/\/compuviper.mx\/tienda\/producto\/startech-com-sws100-pulsera-antiestatica-con-cable-a-tierra-brazalete-antiestatico-con-proteccin-esd-mod\/\",\"name\":\"[ Startech.com ] &#129351; Sws100 Pulsera Antiestatica Con Cable A Tierra - Brazalete Antiestatico Con Proteccin Esd - Mod.\",\"isPartOf\":{\"@id\":\"https:\/\/compuviper.mx\/tienda\/#website\"},\"datePublished\":\"2026-04-08T05:34:36+00:00\",\"dateModified\":\"2026-04-08T05:34:37+00:00\",\"description\":\"Compra Sws100 Pulsera Antiestatica Con Cable A Tierra - Brazalete Antiestatico Con Proteccin Esd - Mod. + Env\u00edo a domicilio + Pago seguro + Garant\u00eda\",\"breadcrumb\":{\"@id\":\"https:\/\/compuviper.mx\/tienda\/producto\/startech-com-sws100-pulsera-antiestatica-con-cable-a-tierra-brazalete-antiestatico-con-proteccin-esd-mod\/#breadcrumb\"},\"inLanguage\":\"es-MX\",\"potentialAction\":[{\"@type\":\"ReadAction\",\"target\":[\"https:\/\/compuviper.mx\/tienda\/producto\/startech-com-sws100-pulsera-antiestatica-con-cable-a-tierra-brazalete-antiestatico-con-proteccin-esd-mod\/\"]}]},{\"@type\":\"BreadcrumbList\",\"@id\":\"https:\/\/compuviper.mx\/tienda\/producto\/startech-com-sws100-pulsera-antiestatica-con-cable-a-tierra-brazalete-antiestatico-con-proteccin-esd-mod\/#breadcrumb\",\"itemListElement\":[{\"@type\":\"ListItem\",\"position\":1,\"name\":\"Inicio\",\"item\":\"https:\/\/compuviper.mx\/tienda\/\"},{\"@type\":\"ListItem\",\"position\":2,\"name\":\"Productos\",\"item\":\"https:\/\/compuviper.mx\/tienda\/productos\/\"},{\"@type\":\"ListItem\",\"position\":3,\"name\":\"Accesorios\",\"item\":\"https:\/\/compuviper.mx\/tienda\/categoria-producto\/accesorios\/\"},{\"@type\":\"ListItem\",\"position\":4,\"name\":\"Seguridad\",\"item\":\"https:\/\/compuviper.mx\/tienda\/categoria-producto\/accesorios\/seguridad\/\"},{\"@type\":\"ListItem\",\"position\":5,\"name\":\"Startech.com Sws100 Pulsera Antiestatica Con Cable A Tierra &#8211; Brazalete Antiestatico Con Proteccin Esd &#8211; Mod.\"}]},{\"@type\":\"WebSite\",\"@id\":\"https:\/\/compuviper.mx\/tienda\/#website\",\"url\":\"https:\/\/compuviper.mx\/tienda\/\",\"name\":\"Compuviper\",\"description\":\"Proveedor de Computadoras, Laptops, Servidores, Monitores, Puntos de Venta, Teclados,   Impresoras, T\u00f3ner, C\u00e1maras de Seguridad y m\u00e1s en tu tienda en l\u00ednea\",\"publisher\":{\"@id\":\"https:\/\/compuviper.mx\/tienda\/#organization\"},\"potentialAction\":[{\"@type\":\"SearchAction\",\"target\":{\"@type\":\"EntryPoint\",\"urlTemplate\":\"https:\/\/compuviper.mx\/tienda\/?s={search_term_string}\"},\"query-input\":\"required name=search_term_string\"}],\"inLanguage\":\"es-MX\"},{\"@type\":\"Organization\",\"@id\":\"https:\/\/compuviper.mx\/tienda\/#organization\",\"name\":\"Compuviper\",\"url\":\"https:\/\/compuviper.mx\/tienda\/\",\"logo\":{\"@type\":\"ImageObject\",\"inLanguage\":\"es-MX\",\"@id\":\"https:\/\/compuviper.mx\/tienda\/#\/schema\/logo\/image\/\",\"url\":\"https:\/\/compuviper.mx\/tienda\/wp-content\/uploads\/2021\/08\/Logo-Compuviper-10.png\",\"contentUrl\":\"https:\/\/compuviper.mx\/tienda\/wp-content\/uploads\/2021\/08\/Logo-Compuviper-10.png\",\"width\":1000,\"height\":500,\"caption\":\"Compuviper\"},\"image\":{\"@id\":\"https:\/\/compuviper.mx\/tienda\/#\/schema\/logo\/image\/\"},\"sameAs\":[\"https:\/\/www.facebook.com\/compuviper\",\"https:\/\/www.youtube.com\/channel\/UCf73dERp9Y3cfOq7q8BhLjA?view_as=subscriber\"]}]}<\/script>\n<meta property=\"product:brand\" content=\"STARTECH.COM\" \/>\n<meta property=\"product:price:amount\" content=\"207\" \/>\n<meta property=\"product:price:currency\" content=\"MXN\" \/>\n<meta property=\"og:availability\" content=\"out of stock\" \/>\n<meta property=\"product:availability\" content=\"out of stock\" \/>\n<meta property=\"product:retailer_item_id\" content=\"SWS100\" \/>\n<meta property=\"product:condition\" content=\"new\" \/>\n<!-- \/ Yoast SEO plugin. -->","yoast_head_json":{"title":"[ Startech.com ] &#129351; Sws100 Pulsera Antiestatica Con Cable A Tierra - Brazalete Antiestatico Con Proteccin Esd - Mod.","description":"Compra Sws100 Pulsera Antiestatica Con Cable A Tierra - Brazalete Antiestatico Con Proteccin Esd - Mod. + Env\u00edo a domicilio + Pago seguro + Garant\u00eda","robots":{"index":"index","follow":"follow","max-snippet":"max-snippet:-1","max-image-preview":"max-image-preview:large","max-video-preview":"max-video-preview:-1"},"canonical":"https:\/\/compuviper.mx\/tienda\/producto\/startech-com-sws100-pulsera-antiestatica-con-cable-a-tierra-brazalete-antiestatico-con-proteccin-esd-mod\/","og_locale":"es_MX","og_type":"article","og_title":"[ Startech.com ] &#129351; Sws100 Pulsera Antiestatica Con Cable A Tierra - Brazalete Antiestatico Con Proteccin Esd - Mod.","og_description":"Compra Sws100 Pulsera Antiestatica Con Cable A Tierra - Brazalete Antiestatico Con Proteccin Esd - Mod. + Env\u00edo a domicilio + Pago seguro + Garant\u00eda","og_url":"https:\/\/compuviper.mx\/tienda\/producto\/startech-com-sws100-pulsera-antiestatica-con-cable-a-tierra-brazalete-antiestatico-con-proteccin-esd-mod\/","og_site_name":"Compuviper","article_publisher":"https:\/\/www.facebook.com\/compuviper","article_modified_time":"2026-04-08T05:34:37+00:00","og_image":[{"width":200,"height":200,"url":"https:\/\/compuviper.mx\/tienda\/wp-content\/uploads\/2023\/12\/Pulsera-antiestatica-con-cable-a-tierra-brazalete-antiestatico-con-proteccion-esd-startech.com-mod.-sws100.jpg","type":"image\/jpeg"}],"twitter_card":"summary_large_image","twitter_misc":{"Precio":"&#36;207 con IVA","Availability":"Out of stock"},"schema":{"@context":"https:\/\/schema.org","@graph":[{"@type":"WebPage","@id":"https:\/\/compuviper.mx\/tienda\/producto\/startech-com-sws100-pulsera-antiestatica-con-cable-a-tierra-brazalete-antiestatico-con-proteccin-esd-mod\/","url":"https:\/\/compuviper.mx\/tienda\/producto\/startech-com-sws100-pulsera-antiestatica-con-cable-a-tierra-brazalete-antiestatico-con-proteccin-esd-mod\/","name":"[ Startech.com ] &#129351; Sws100 Pulsera Antiestatica Con Cable A Tierra - Brazalete Antiestatico Con Proteccin Esd - Mod.","isPartOf":{"@id":"https:\/\/compuviper.mx\/tienda\/#website"},"datePublished":"2026-04-08T05:34:36+00:00","dateModified":"2026-04-08T05:34:37+00:00","description":"Compra Sws100 Pulsera Antiestatica Con Cable A Tierra - Brazalete Antiestatico Con Proteccin Esd - Mod. + Env\u00edo a domicilio + Pago seguro + Garant\u00eda","breadcrumb":{"@id":"https:\/\/compuviper.mx\/tienda\/producto\/startech-com-sws100-pulsera-antiestatica-con-cable-a-tierra-brazalete-antiestatico-con-proteccin-esd-mod\/#breadcrumb"},"inLanguage":"es-MX","potentialAction":[{"@type":"ReadAction","target":["https:\/\/compuviper.mx\/tienda\/producto\/startech-com-sws100-pulsera-antiestatica-con-cable-a-tierra-brazalete-antiestatico-con-proteccin-esd-mod\/"]}]},{"@type":"BreadcrumbList","@id":"https:\/\/compuviper.mx\/tienda\/producto\/startech-com-sws100-pulsera-antiestatica-con-cable-a-tierra-brazalete-antiestatico-con-proteccin-esd-mod\/#breadcrumb","itemListElement":[{"@type":"ListItem","position":1,"name":"Inicio","item":"https:\/\/compuviper.mx\/tienda\/"},{"@type":"ListItem","position":2,"name":"Productos","item":"https:\/\/compuviper.mx\/tienda\/productos\/"},{"@type":"ListItem","position":3,"name":"Accesorios","item":"https:\/\/compuviper.mx\/tienda\/categoria-producto\/accesorios\/"},{"@type":"ListItem","position":4,"name":"Seguridad","item":"https:\/\/compuviper.mx\/tienda\/categoria-producto\/accesorios\/seguridad\/"},{"@type":"ListItem","position":5,"name":"Startech.com Sws100 Pulsera Antiestatica Con Cable A Tierra &#8211; Brazalete Antiestatico Con Proteccin Esd &#8211; Mod."}]},{"@type":"WebSite","@id":"https:\/\/compuviper.mx\/tienda\/#website","url":"https:\/\/compuviper.mx\/tienda\/","name":"Compuviper","description":"Proveedor de Computadoras, Laptops, Servidores, Monitores, Puntos de Venta, Teclados,   Impresoras, T\u00f3ner, C\u00e1maras de Seguridad y m\u00e1s en tu tienda en l\u00ednea","publisher":{"@id":"https:\/\/compuviper.mx\/tienda\/#organization"},"potentialAction":[{"@type":"SearchAction","target":{"@type":"EntryPoint","urlTemplate":"https:\/\/compuviper.mx\/tienda\/?s={search_term_string}"},"query-input":"required name=search_term_string"}],"inLanguage":"es-MX"},{"@type":"Organization","@id":"https:\/\/compuviper.mx\/tienda\/#organization","name":"Compuviper","url":"https:\/\/compuviper.mx\/tienda\/","logo":{"@type":"ImageObject","inLanguage":"es-MX","@id":"https:\/\/compuviper.mx\/tienda\/#\/schema\/logo\/image\/","url":"https:\/\/compuviper.mx\/tienda\/wp-content\/uploads\/2021\/08\/Logo-Compuviper-10.png","contentUrl":"https:\/\/compuviper.mx\/tienda\/wp-content\/uploads\/2021\/08\/Logo-Compuviper-10.png","width":1000,"height":500,"caption":"Compuviper"},"image":{"@id":"https:\/\/compuviper.mx\/tienda\/#\/schema\/logo\/image\/"},"sameAs":["https:\/\/www.facebook.com\/compuviper","https:\/\/www.youtube.com\/channel\/UCf73dERp9Y3cfOq7q8BhLjA?view_as=subscriber"]}]},"product_brand":"STARTECH.COM","product_price_amount":"207","product_price_currency":"MXN","og_availability":"out of stock","product_availability":"out of stock","product_retailer_item_id":"SWS100","product_condition":"new"},"_links":{"self":[{"href":"https:\/\/compuviper.mx\/tienda\/wp-json\/wp\/v2\/product\/212367"}],"collection":[{"href":"https:\/\/compuviper.mx\/tienda\/wp-json\/wp\/v2\/product"}],"about":[{"href":"https:\/\/compuviper.mx\/tienda\/wp-json\/wp\/v2\/types\/product"}],"replies":[{"embeddable":true,"href":"https:\/\/compuviper.mx\/tienda\/wp-json\/wp\/v2\/comments?post=212367"}],"wp:featuredmedia":[{"embeddable":true,"href":"https:\/\/compuviper.mx\/tienda\/wp-json\/wp\/v2\/media\/212368"}],"wp:attachment":[{"href":"https:\/\/compuviper.mx\/tienda\/wp-json\/wp\/v2\/media?parent=212367"}],"wp:term":[{"taxonomy":"product_cat","embeddable":true,"href":"https:\/\/compuviper.mx\/tienda\/wp-json\/wp\/v2\/product_cat?post=212367"},{"taxonomy":"product_tag","embeddable":true,"href":"https:\/\/compuviper.mx\/tienda\/wp-json\/wp\/v2\/product_tag?post=212367"}],"curies":[{"name":"wp","href":"https:\/\/api.w.org\/{rel}","templated":true}]}}