{"id":212345,"date":"2026-04-01T23:31:12","date_gmt":"2026-04-02T05:31:12","guid":{"rendered":"https:\/\/compuviper.mx\/tienda\/producto\/startech-com-usb433wacdb-mini-adaptador-de-red-usb-2-0-inalambrico-wireless-ac-de-banda-doble-ac600-wifi-802-11ac-1t1r-de-24ghz-y-5ghz-mod\/"},"modified":"2026-04-01T23:31:13","modified_gmt":"2026-04-02T05:31:13","slug":"startech-com-usb433wacdb-mini-adaptador-de-red-usb-2-0-inalambrico-wireless-ac-de-banda-doble-ac600-wifi-802-11ac-1t1r-de-24ghz-y-5ghz-mod","status":"publish","type":"product","link":"https:\/\/compuviper.mx\/tienda\/producto\/startech-com-usb433wacdb-mini-adaptador-de-red-usb-2-0-inalambrico-wireless-ac-de-banda-doble-ac600-wifi-802-11ac-1t1r-de-24ghz-y-5ghz-mod\/","title":{"rendered":"Startech.com Usb433wacdb Mini Adaptador De Red Usb 2.0 Inalambrico Wireless-ac De Banda Doble Ac600 &#8211; Wifi 802.11ac 1t1r De 2,4ghz Y 5ghz &#8211;  Mod."},"content":{"rendered":"<table class=\"descripcion\">\n<tr>\n<td>Hardware<\/td>\n<\/tr>\n<tr>\n<td>Estandares industriales: ieee 802.11ac, ieee 802.11n, ieee 802.11g, ieee 802.11a, ieee 802.11b<\/td>\n<\/tr>\n<tr>\n<td>Id del conjunto de chips: realtek &#8211; rtl8811au<\/td>\n<\/tr>\n<tr>\n<td>Interfaz: inalambrico<\/td>\n<\/tr>\n<tr>\n<td>Tipo de bus: usb 2.0<\/td>\n<\/tr>\n<tr>\n<td>Configuracion de antena: 1&#215;1:1 txr:s<\/td>\n<\/tr>\n<tr>\n<td>Rendimiento<\/td>\n<\/tr>\n<tr>\n<td>Alcance de la frecuencia: 2.4000~2.4835ghz<\/td>\n<\/tr>\n<tr>\n<td>5.150~5.825ghz<\/td>\n<\/tr>\n<tr>\n<td>Caracteristicas de seguridad: cifrado de datos wep<\/td>\n<\/tr>\n<tr>\n<td>Caracteristicas de seguridad: tkip\/aes<\/td>\n<\/tr>\n<tr>\n<td>Caracteristicas de seguridad: wpa and wpa2 enterprise data encryption<\/td>\n<\/tr>\n<tr>\n<td>Caracteristicas de seguridad: wpa and wpa2-psk data encryption<\/td>\n<\/tr>\n<tr>\n<td>Modulacion: dsss with dbpsk and dqpsk, cck with long and short preamble, ofdm with bpsk, qpsk, 16qam and 64qam, 256qam<\/td>\n<\/tr>\n<tr>\n<td>Soporte full duplex: si<\/td>\n<\/tr>\n<tr>\n<td>Tasa de transferencia de datos maxima: 433 mbps 5 ghz<\/td>\n<\/tr>\n<tr>\n<td>150 mbps 2,4 ghz<\/td>\n<\/tr>\n<tr>\n<td>Caracteristicas fisicas<\/td>\n<\/tr>\n<tr>\n<td>Tipo de gabinete: plastico<\/td>\n<\/tr>\n<tr>\n<td>Longitud: 35 mm<\/td>\n<\/tr>\n<tr>\n<td>Color: negro<\/td>\n<\/tr>\n<tr>\n<td>Ancho: 15 mm<\/td>\n<\/tr>\n<tr>\n<td>Altura: 0.7 cm<\/td>\n<\/tr>\n<\/table>\n","protected":false},"excerpt":{"rendered":"<p>El adaptador de red inalambrica usb 2.0 mini wireless ac600, modelo usb433wacdb, permite agregar conectividad wireless-ac inalambrica a un pc de escritorio o portatil, a traves de un practico adaptador usb compacto. Dado que las\u00a0aplicaciones de uso intensivo del ancho de banda, como la transmision de video hd, videoconferencias, transferencias de archivos y videojuegos son cada vez mas exigentes, este adaptador wireless-ac ofrece mayor velocidad y cobertura de red inalambrica para uso domestico o en oficina, al conectarse con un router\u00a0802.11ac. El adaptador wifi de doble banda soporta las maximas tasas de transferencia de datos, hasta 433 mbps en la banda de 5 ghz, ademas de 150 mbps en la banda de 2,4 ghz. Ceunta con soporte tecnico gratuito de por vida.<\/p>\n","protected":false},"featured_media":212346,"comment_status":"open","ping_status":"open","template":"","meta":[],"product_cat":[1485,1492],"product_tag":[1590],"acf":[],"yoast_head":"<!-- This site is optimized with the Yoast SEO plugin v21.7 - https:\/\/yoast.com\/wordpress\/plugins\/seo\/ -->\n<title>[ Startech.com ] &#129351; Usb433wacdb Mini Adaptador De Red Usb 2.0 Inalambrico Wireless-ac De Banda Doble Ac600 - Wifi 802.11ac 1t1r De 2,4ghz Y 5ghz - Mod.<\/title>\n<meta name=\"description\" content=\"Compra Usb433wacdb Mini Adaptador De Red Usb 2.0 Inalambrico Wireless-ac De Banda Doble Ac600 - Wifi 802.11ac 1t1r De 2,4ghz Y 5ghz - Mod. + Env\u00edo a domicilio + Pago seguro + Garant\u00eda\" \/>\n<meta name=\"robots\" content=\"index, follow, max-snippet:-1, max-image-preview:large, max-video-preview:-1\" \/>\n<link rel=\"canonical\" href=\"https:\/\/compuviper.mx\/tienda\/producto\/startech-com-usb433wacdb-mini-adaptador-de-red-usb-2-0-inalambrico-wireless-ac-de-banda-doble-ac600-wifi-802-11ac-1t1r-de-24ghz-y-5ghz-mod\/\" \/>\n<meta property=\"og:locale\" content=\"es_MX\" \/>\n<meta property=\"og:type\" content=\"article\" \/>\n<meta property=\"og:title\" content=\"[ Startech.com ] &#129351; Usb433wacdb Mini Adaptador De Red Usb 2.0 Inalambrico Wireless-ac De Banda Doble Ac600 - Wifi 802.11ac 1t1r De 2,4ghz Y 5ghz - Mod.\" \/>\n<meta property=\"og:description\" content=\"Compra Usb433wacdb Mini Adaptador De Red Usb 2.0 Inalambrico Wireless-ac De Banda Doble Ac600 - Wifi 802.11ac 1t1r De 2,4ghz Y 5ghz - Mod. + Env\u00edo a domicilio + Pago seguro + Garant\u00eda\" \/>\n<meta property=\"og:url\" content=\"https:\/\/compuviper.mx\/tienda\/producto\/startech-com-usb433wacdb-mini-adaptador-de-red-usb-2-0-inalambrico-wireless-ac-de-banda-doble-ac600-wifi-802-11ac-1t1r-de-24ghz-y-5ghz-mod\/\" \/>\n<meta property=\"og:site_name\" content=\"Compuviper\" \/>\n<meta property=\"article:publisher\" content=\"https:\/\/www.facebook.com\/compuviper\" \/>\n<meta property=\"article:modified_time\" content=\"2026-04-02T05:31:13+00:00\" \/>\n<meta property=\"og:image\" content=\"https:\/\/compuviper.mx\/tienda\/wp-content\/uploads\/2023\/12\/Mini-adaptador-de-red-usb-2.0-inalambrico-wireless-ac-de-banda-doble-ac600-wifi-802.11ac-1t1r-de-24ghz-y-5ghz-startech.com-mod.-usb433wacdb.jpg\" \/>\n\t<meta property=\"og:image:width\" content=\"200\" \/>\n\t<meta property=\"og:image:height\" content=\"200\" \/>\n\t<meta property=\"og:image:type\" content=\"image\/jpeg\" \/>\n<meta name=\"twitter:card\" content=\"summary_large_image\" \/>\n<meta name=\"twitter:label1\" content=\"Precio\" \/>\n\t<meta name=\"twitter:data1\" content=\"&#36;755 con IVA\" \/>\n\t<meta name=\"twitter:label2\" content=\"Availability\" \/>\n\t<meta name=\"twitter:data2\" content=\"Out of stock\" \/>\n<script type=\"application\/ld+json\" class=\"yoast-schema-graph\">{\"@context\":\"https:\/\/schema.org\",\"@graph\":[{\"@type\":\"WebPage\",\"@id\":\"https:\/\/compuviper.mx\/tienda\/producto\/startech-com-usb433wacdb-mini-adaptador-de-red-usb-2-0-inalambrico-wireless-ac-de-banda-doble-ac600-wifi-802-11ac-1t1r-de-24ghz-y-5ghz-mod\/\",\"url\":\"https:\/\/compuviper.mx\/tienda\/producto\/startech-com-usb433wacdb-mini-adaptador-de-red-usb-2-0-inalambrico-wireless-ac-de-banda-doble-ac600-wifi-802-11ac-1t1r-de-24ghz-y-5ghz-mod\/\",\"name\":\"[ Startech.com ] &#129351; Usb433wacdb Mini Adaptador De Red Usb 2.0 Inalambrico Wireless-ac De Banda Doble Ac600 - Wifi 802.11ac 1t1r De 2,4ghz Y 5ghz - Mod.\",\"isPartOf\":{\"@id\":\"https:\/\/compuviper.mx\/tienda\/#website\"},\"datePublished\":\"2026-04-02T05:31:12+00:00\",\"dateModified\":\"2026-04-02T05:31:13+00:00\",\"description\":\"Compra Usb433wacdb Mini Adaptador De Red Usb 2.0 Inalambrico Wireless-ac De Banda Doble Ac600 - Wifi 802.11ac 1t1r De 2,4ghz Y 5ghz - Mod. + Env\u00edo a domicilio + Pago seguro + Garant\u00eda\",\"breadcrumb\":{\"@id\":\"https:\/\/compuviper.mx\/tienda\/producto\/startech-com-usb433wacdb-mini-adaptador-de-red-usb-2-0-inalambrico-wireless-ac-de-banda-doble-ac600-wifi-802-11ac-1t1r-de-24ghz-y-5ghz-mod\/#breadcrumb\"},\"inLanguage\":\"es-MX\",\"potentialAction\":[{\"@type\":\"ReadAction\",\"target\":[\"https:\/\/compuviper.mx\/tienda\/producto\/startech-com-usb433wacdb-mini-adaptador-de-red-usb-2-0-inalambrico-wireless-ac-de-banda-doble-ac600-wifi-802-11ac-1t1r-de-24ghz-y-5ghz-mod\/\"]}]},{\"@type\":\"BreadcrumbList\",\"@id\":\"https:\/\/compuviper.mx\/tienda\/producto\/startech-com-usb433wacdb-mini-adaptador-de-red-usb-2-0-inalambrico-wireless-ac-de-banda-doble-ac600-wifi-802-11ac-1t1r-de-24ghz-y-5ghz-mod\/#breadcrumb\",\"itemListElement\":[{\"@type\":\"ListItem\",\"position\":1,\"name\":\"Inicio\",\"item\":\"https:\/\/compuviper.mx\/tienda\/\"},{\"@type\":\"ListItem\",\"position\":2,\"name\":\"Productos\",\"item\":\"https:\/\/compuviper.mx\/tienda\/productos\/\"},{\"@type\":\"ListItem\",\"position\":3,\"name\":\"Accesorios\",\"item\":\"https:\/\/compuviper.mx\/tienda\/categoria-producto\/accesorios\/\"},{\"@type\":\"ListItem\",\"position\":4,\"name\":\"Adaptadores\",\"item\":\"https:\/\/compuviper.mx\/tienda\/categoria-producto\/accesorios\/adaptadores\/\"},{\"@type\":\"ListItem\",\"position\":5,\"name\":\"Startech.com Usb433wacdb Mini Adaptador De Red Usb 2.0 Inalambrico Wireless-ac De Banda Doble Ac600 &#8211; Wifi 802.11ac 1t1r De 2,4ghz Y 5ghz &#8211; Mod.\"}]},{\"@type\":\"WebSite\",\"@id\":\"https:\/\/compuviper.mx\/tienda\/#website\",\"url\":\"https:\/\/compuviper.mx\/tienda\/\",\"name\":\"Compuviper\",\"description\":\"Proveedor de Computadoras, Laptops, Servidores, Monitores, Puntos de Venta, Teclados,   Impresoras, T\u00f3ner, C\u00e1maras de Seguridad y m\u00e1s en tu tienda en l\u00ednea\",\"publisher\":{\"@id\":\"https:\/\/compuviper.mx\/tienda\/#organization\"},\"potentialAction\":[{\"@type\":\"SearchAction\",\"target\":{\"@type\":\"EntryPoint\",\"urlTemplate\":\"https:\/\/compuviper.mx\/tienda\/?s={search_term_string}\"},\"query-input\":\"required name=search_term_string\"}],\"inLanguage\":\"es-MX\"},{\"@type\":\"Organization\",\"@id\":\"https:\/\/compuviper.mx\/tienda\/#organization\",\"name\":\"Compuviper\",\"url\":\"https:\/\/compuviper.mx\/tienda\/\",\"logo\":{\"@type\":\"ImageObject\",\"inLanguage\":\"es-MX\",\"@id\":\"https:\/\/compuviper.mx\/tienda\/#\/schema\/logo\/image\/\",\"url\":\"https:\/\/compuviper.mx\/tienda\/wp-content\/uploads\/2021\/08\/Logo-Compuviper-10.png\",\"contentUrl\":\"https:\/\/compuviper.mx\/tienda\/wp-content\/uploads\/2021\/08\/Logo-Compuviper-10.png\",\"width\":1000,\"height\":500,\"caption\":\"Compuviper\"},\"image\":{\"@id\":\"https:\/\/compuviper.mx\/tienda\/#\/schema\/logo\/image\/\"},\"sameAs\":[\"https:\/\/www.facebook.com\/compuviper\",\"https:\/\/www.youtube.com\/channel\/UCf73dERp9Y3cfOq7q8BhLjA?view_as=subscriber\"]}]}<\/script>\n<meta property=\"product:brand\" content=\"STARTECH.COM\" \/>\n<meta property=\"product:price:amount\" content=\"755\" \/>\n<meta property=\"product:price:currency\" content=\"MXN\" \/>\n<meta property=\"og:availability\" content=\"out of stock\" \/>\n<meta property=\"product:availability\" content=\"out of stock\" \/>\n<meta property=\"product:retailer_item_id\" content=\"USB433WACDB\" \/>\n<meta property=\"product:condition\" content=\"new\" \/>\n<!-- \/ Yoast SEO plugin. -->","yoast_head_json":{"title":"[ Startech.com ] &#129351; Usb433wacdb Mini Adaptador De Red Usb 2.0 Inalambrico Wireless-ac De Banda Doble Ac600 - Wifi 802.11ac 1t1r De 2,4ghz Y 5ghz - Mod.","description":"Compra Usb433wacdb Mini Adaptador De Red Usb 2.0 Inalambrico Wireless-ac De Banda Doble Ac600 - Wifi 802.11ac 1t1r De 2,4ghz Y 5ghz - Mod. + Env\u00edo a domicilio + Pago seguro + Garant\u00eda","robots":{"index":"index","follow":"follow","max-snippet":"max-snippet:-1","max-image-preview":"max-image-preview:large","max-video-preview":"max-video-preview:-1"},"canonical":"https:\/\/compuviper.mx\/tienda\/producto\/startech-com-usb433wacdb-mini-adaptador-de-red-usb-2-0-inalambrico-wireless-ac-de-banda-doble-ac600-wifi-802-11ac-1t1r-de-24ghz-y-5ghz-mod\/","og_locale":"es_MX","og_type":"article","og_title":"[ Startech.com ] &#129351; Usb433wacdb Mini Adaptador De Red Usb 2.0 Inalambrico Wireless-ac De Banda Doble Ac600 - Wifi 802.11ac 1t1r De 2,4ghz Y 5ghz - Mod.","og_description":"Compra Usb433wacdb Mini Adaptador De Red Usb 2.0 Inalambrico Wireless-ac De Banda Doble Ac600 - Wifi 802.11ac 1t1r De 2,4ghz Y 5ghz - Mod. + Env\u00edo a domicilio + Pago seguro + Garant\u00eda","og_url":"https:\/\/compuviper.mx\/tienda\/producto\/startech-com-usb433wacdb-mini-adaptador-de-red-usb-2-0-inalambrico-wireless-ac-de-banda-doble-ac600-wifi-802-11ac-1t1r-de-24ghz-y-5ghz-mod\/","og_site_name":"Compuviper","article_publisher":"https:\/\/www.facebook.com\/compuviper","article_modified_time":"2026-04-02T05:31:13+00:00","og_image":[{"width":200,"height":200,"url":"https:\/\/compuviper.mx\/tienda\/wp-content\/uploads\/2023\/12\/Mini-adaptador-de-red-usb-2.0-inalambrico-wireless-ac-de-banda-doble-ac600-wifi-802.11ac-1t1r-de-24ghz-y-5ghz-startech.com-mod.-usb433wacdb.jpg","type":"image\/jpeg"}],"twitter_card":"summary_large_image","twitter_misc":{"Precio":"&#36;755 con IVA","Availability":"Out of stock"},"schema":{"@context":"https:\/\/schema.org","@graph":[{"@type":"WebPage","@id":"https:\/\/compuviper.mx\/tienda\/producto\/startech-com-usb433wacdb-mini-adaptador-de-red-usb-2-0-inalambrico-wireless-ac-de-banda-doble-ac600-wifi-802-11ac-1t1r-de-24ghz-y-5ghz-mod\/","url":"https:\/\/compuviper.mx\/tienda\/producto\/startech-com-usb433wacdb-mini-adaptador-de-red-usb-2-0-inalambrico-wireless-ac-de-banda-doble-ac600-wifi-802-11ac-1t1r-de-24ghz-y-5ghz-mod\/","name":"[ Startech.com ] &#129351; Usb433wacdb Mini Adaptador De Red Usb 2.0 Inalambrico Wireless-ac De Banda Doble Ac600 - Wifi 802.11ac 1t1r De 2,4ghz Y 5ghz - Mod.","isPartOf":{"@id":"https:\/\/compuviper.mx\/tienda\/#website"},"datePublished":"2026-04-02T05:31:12+00:00","dateModified":"2026-04-02T05:31:13+00:00","description":"Compra Usb433wacdb Mini Adaptador De Red Usb 2.0 Inalambrico Wireless-ac De Banda Doble Ac600 - Wifi 802.11ac 1t1r De 2,4ghz Y 5ghz - Mod. + Env\u00edo a domicilio + Pago seguro + Garant\u00eda","breadcrumb":{"@id":"https:\/\/compuviper.mx\/tienda\/producto\/startech-com-usb433wacdb-mini-adaptador-de-red-usb-2-0-inalambrico-wireless-ac-de-banda-doble-ac600-wifi-802-11ac-1t1r-de-24ghz-y-5ghz-mod\/#breadcrumb"},"inLanguage":"es-MX","potentialAction":[{"@type":"ReadAction","target":["https:\/\/compuviper.mx\/tienda\/producto\/startech-com-usb433wacdb-mini-adaptador-de-red-usb-2-0-inalambrico-wireless-ac-de-banda-doble-ac600-wifi-802-11ac-1t1r-de-24ghz-y-5ghz-mod\/"]}]},{"@type":"BreadcrumbList","@id":"https:\/\/compuviper.mx\/tienda\/producto\/startech-com-usb433wacdb-mini-adaptador-de-red-usb-2-0-inalambrico-wireless-ac-de-banda-doble-ac600-wifi-802-11ac-1t1r-de-24ghz-y-5ghz-mod\/#breadcrumb","itemListElement":[{"@type":"ListItem","position":1,"name":"Inicio","item":"https:\/\/compuviper.mx\/tienda\/"},{"@type":"ListItem","position":2,"name":"Productos","item":"https:\/\/compuviper.mx\/tienda\/productos\/"},{"@type":"ListItem","position":3,"name":"Accesorios","item":"https:\/\/compuviper.mx\/tienda\/categoria-producto\/accesorios\/"},{"@type":"ListItem","position":4,"name":"Adaptadores","item":"https:\/\/compuviper.mx\/tienda\/categoria-producto\/accesorios\/adaptadores\/"},{"@type":"ListItem","position":5,"name":"Startech.com Usb433wacdb Mini Adaptador De Red Usb 2.0 Inalambrico Wireless-ac De Banda Doble Ac600 &#8211; Wifi 802.11ac 1t1r De 2,4ghz Y 5ghz &#8211; Mod."}]},{"@type":"WebSite","@id":"https:\/\/compuviper.mx\/tienda\/#website","url":"https:\/\/compuviper.mx\/tienda\/","name":"Compuviper","description":"Proveedor de Computadoras, Laptops, Servidores, Monitores, Puntos de Venta, Teclados,   Impresoras, T\u00f3ner, C\u00e1maras de Seguridad y m\u00e1s en tu tienda en l\u00ednea","publisher":{"@id":"https:\/\/compuviper.mx\/tienda\/#organization"},"potentialAction":[{"@type":"SearchAction","target":{"@type":"EntryPoint","urlTemplate":"https:\/\/compuviper.mx\/tienda\/?s={search_term_string}"},"query-input":"required name=search_term_string"}],"inLanguage":"es-MX"},{"@type":"Organization","@id":"https:\/\/compuviper.mx\/tienda\/#organization","name":"Compuviper","url":"https:\/\/compuviper.mx\/tienda\/","logo":{"@type":"ImageObject","inLanguage":"es-MX","@id":"https:\/\/compuviper.mx\/tienda\/#\/schema\/logo\/image\/","url":"https:\/\/compuviper.mx\/tienda\/wp-content\/uploads\/2021\/08\/Logo-Compuviper-10.png","contentUrl":"https:\/\/compuviper.mx\/tienda\/wp-content\/uploads\/2021\/08\/Logo-Compuviper-10.png","width":1000,"height":500,"caption":"Compuviper"},"image":{"@id":"https:\/\/compuviper.mx\/tienda\/#\/schema\/logo\/image\/"},"sameAs":["https:\/\/www.facebook.com\/compuviper","https:\/\/www.youtube.com\/channel\/UCf73dERp9Y3cfOq7q8BhLjA?view_as=subscriber"]}]},"product_brand":"STARTECH.COM","product_price_amount":"755","product_price_currency":"MXN","og_availability":"out of stock","product_availability":"out of stock","product_retailer_item_id":"USB433WACDB","product_condition":"new"},"_links":{"self":[{"href":"https:\/\/compuviper.mx\/tienda\/wp-json\/wp\/v2\/product\/212345"}],"collection":[{"href":"https:\/\/compuviper.mx\/tienda\/wp-json\/wp\/v2\/product"}],"about":[{"href":"https:\/\/compuviper.mx\/tienda\/wp-json\/wp\/v2\/types\/product"}],"replies":[{"embeddable":true,"href":"https:\/\/compuviper.mx\/tienda\/wp-json\/wp\/v2\/comments?post=212345"}],"wp:featuredmedia":[{"embeddable":true,"href":"https:\/\/compuviper.mx\/tienda\/wp-json\/wp\/v2\/media\/212346"}],"wp:attachment":[{"href":"https:\/\/compuviper.mx\/tienda\/wp-json\/wp\/v2\/media?parent=212345"}],"wp:term":[{"taxonomy":"product_cat","embeddable":true,"href":"https:\/\/compuviper.mx\/tienda\/wp-json\/wp\/v2\/product_cat?post=212345"},{"taxonomy":"product_tag","embeddable":true,"href":"https:\/\/compuviper.mx\/tienda\/wp-json\/wp\/v2\/product_tag?post=212345"}],"curies":[{"name":"wp","href":"https:\/\/api.w.org\/{rel}","templated":true}]}}