{"id":212311,"date":"2026-04-01T23:31:04","date_gmt":"2026-04-02T05:31:04","guid":{"rendered":"https:\/\/compuviper.mx\/tienda\/producto\/startech-com-cfastrwu3-lector-grabador-usb-3-0-de-tarjetas-de-memoria-flash-cfast-2-0-mod\/"},"modified":"2026-04-01T23:31:04","modified_gmt":"2026-04-02T05:31:04","slug":"startech-com-cfastrwu3-lector-grabador-usb-3-0-de-tarjetas-de-memoria-flash-cfast-2-0-mod","status":"publish","type":"product","link":"https:\/\/compuviper.mx\/tienda\/producto\/startech-com-cfastrwu3-lector-grabador-usb-3-0-de-tarjetas-de-memoria-flash-cfast-2-0-mod\/","title":{"rendered":"Startech.com Cfastrwu3 Lector\/grabador Usb 3.0 De Tarjetas De Memoria Flash Cfast 2.0 &#8211;  Mod."},"content":{"rendered":"<table class=\"descripcion\">\n<tr>\n<td>Caracteristicas fisicas<\/td>\n<\/tr>\n<tr>\n<td>Altura: 1.5 cm<\/td>\n<\/tr>\n<tr>\n<td>Ancho: 58 mm<\/td>\n<\/tr>\n<tr>\n<td>Color: plata<\/td>\n<\/tr>\n<tr>\n<td>Longitud: 24.6 cm<\/td>\n<\/tr>\n<tr>\n<td>Peso: 37.3 g<\/td>\n<\/tr>\n<tr>\n<td>Tipo de gabinete: aluminio<\/td>\n<\/tr>\n<tr>\n<td>Conectores<\/td>\n<\/tr>\n<tr>\n<td>Conectores de la unidad: cfast data  and  power combo 717 pin<\/td>\n<\/tr>\n<tr>\n<td>Conectores del host: usb 3.1 usb type-a 9 pin, gen 1, 5 gbps<\/td>\n<\/tr>\n<tr>\n<td>Hardware<\/td>\n<\/tr>\n<tr>\n<td>Cantidad de unidades: 1<\/td>\n<\/tr>\n<tr>\n<td>Id del conjunto de chips: asmedia &#8211; asm1153e<\/td>\n<\/tr>\n<tr>\n<td>Interfaz: usb 3.0<\/td>\n<\/tr>\n<tr>\n<td>Tipo de bus: usb 3.0<\/td>\n<\/tr>\n<tr>\n<td>Unidades compatibles: cfast 2.0, 1.0<\/td>\n<\/tr>\n<tr>\n<td>Indicadores<\/td>\n<\/tr>\n<tr>\n<td>Indicadores led: encendido y actividad solido para enlace: intermitente para actividad<\/td>\n<\/tr>\n<tr>\n<td>Rendimiento<\/td>\n<\/tr>\n<tr>\n<td>4kn support: si<\/td>\n<\/tr>\n<tr>\n<td>Compatibilidad con uasp: si<\/td>\n<\/tr>\n<tr>\n<td>Soporta hot swap: si<\/td>\n<\/tr>\n<tr>\n<td>Tasa de transferencia de datos maxima: 5 gbps<\/td>\n<\/tr>\n<tr>\n<td>Tipo de memoria multimedia: cfast 2.0 \/ 1.0<\/td>\n<\/tr>\n<tr>\n<td>Tipo y velocidad: cfast 2.0 6 gbps<\/td>\n<\/tr>\n<tr>\n<td>Tipo y velocidad: usb 3.0 &#8211; 5 gbit\/s<\/td>\n<\/tr>\n<\/table>\n","protected":false},"excerpt":{"rendered":"<p>Aproveche el rapido rendimiento de la tecnologia usb 3.0 5gbps cuando descargue fotos de alta resolucion y videos de alta definicion hd total desde su camara dslr o grabadora de video a su computadora de escritorio, laptop,\u00a0o tablet. Utilice el lector \/ grabador\u00a0de tarjetas donde\u00a0quiera que vaya,\u00a0a fin de acceder a sus fotos y videos rapidamente. Con diseno compacto y de peso ligero, asi como un cable integrado, este lector de tarjetas tiene un practico tamano pequeno que facilita su uso portatil o con una computadora\u00a0en una ubicacion fija. El cable integrado evita tener que acordarse de llevar otro cable. Es facil configurarlo. El lector \/ grabador\u00a0de tarjetas cfast no requiere la instalacion de software ni controladores adicionales, y es compatible con la mayoria de los sistemas operativos, incluyendo windows, mac y linux. El modelo cfastrwu3 cuenta con soporte tecnico gratuito de por vida.<\/p>\n","protected":false},"featured_media":212312,"comment_status":"open","ping_status":"open","template":"","meta":[],"product_cat":[1485,1520],"product_tag":[1590],"acf":[],"yoast_head":"<!-- This site is optimized with the Yoast SEO plugin v21.7 - https:\/\/yoast.com\/wordpress\/plugins\/seo\/ -->\n<title>[ Startech.com ] &#129351; Cfastrwu3 Lector\/grabador Usb 3.0 De Tarjetas De Memoria Flash Cfast 2.0 - Mod.<\/title>\n<meta name=\"description\" content=\"Compra Cfastrwu3 Lector\/grabador Usb 3.0 De Tarjetas De Memoria Flash Cfast 2.0 - Mod. + Env\u00edo a domicilio + Pago seguro + Garant\u00eda\" \/>\n<meta name=\"robots\" content=\"index, follow, max-snippet:-1, max-image-preview:large, max-video-preview:-1\" \/>\n<link rel=\"canonical\" href=\"https:\/\/compuviper.mx\/tienda\/producto\/startech-com-cfastrwu3-lector-grabador-usb-3-0-de-tarjetas-de-memoria-flash-cfast-2-0-mod\/\" \/>\n<meta property=\"og:locale\" content=\"es_MX\" \/>\n<meta property=\"og:type\" content=\"article\" \/>\n<meta property=\"og:title\" content=\"[ Startech.com ] &#129351; Cfastrwu3 Lector\/grabador Usb 3.0 De Tarjetas De Memoria Flash Cfast 2.0 - Mod.\" \/>\n<meta property=\"og:description\" content=\"Compra Cfastrwu3 Lector\/grabador Usb 3.0 De Tarjetas De Memoria Flash Cfast 2.0 - Mod. + Env\u00edo a domicilio + Pago seguro + Garant\u00eda\" \/>\n<meta property=\"og:url\" content=\"https:\/\/compuviper.mx\/tienda\/producto\/startech-com-cfastrwu3-lector-grabador-usb-3-0-de-tarjetas-de-memoria-flash-cfast-2-0-mod\/\" \/>\n<meta property=\"og:site_name\" content=\"Compuviper\" \/>\n<meta property=\"article:publisher\" content=\"https:\/\/www.facebook.com\/compuviper\" \/>\n<meta property=\"og:image\" content=\"https:\/\/compuviper.mx\/tienda\/wp-content\/uploads\/2023\/12\/Lectorgrabador-usb-3.0-de-tarjetas-de-memoria-flash-cfast-2.0-startech.com-mod.-cfastrwu3.jpg\" \/>\n\t<meta property=\"og:image:width\" content=\"200\" \/>\n\t<meta property=\"og:image:height\" content=\"200\" \/>\n\t<meta property=\"og:image:type\" content=\"image\/jpeg\" \/>\n<meta name=\"twitter:card\" content=\"summary_large_image\" \/>\n<meta name=\"twitter:label1\" content=\"Precio\" \/>\n\t<meta name=\"twitter:data1\" content=\"&#36;649 con IVA\" \/>\n\t<meta name=\"twitter:label2\" content=\"Availability\" \/>\n\t<meta name=\"twitter:data2\" content=\"Out of stock\" \/>\n<script type=\"application\/ld+json\" class=\"yoast-schema-graph\">{\"@context\":\"https:\/\/schema.org\",\"@graph\":[{\"@type\":\"WebPage\",\"@id\":\"https:\/\/compuviper.mx\/tienda\/producto\/startech-com-cfastrwu3-lector-grabador-usb-3-0-de-tarjetas-de-memoria-flash-cfast-2-0-mod\/\",\"url\":\"https:\/\/compuviper.mx\/tienda\/producto\/startech-com-cfastrwu3-lector-grabador-usb-3-0-de-tarjetas-de-memoria-flash-cfast-2-0-mod\/\",\"name\":\"[ Startech.com ] &#129351; Cfastrwu3 Lector\/grabador Usb 3.0 De Tarjetas De Memoria Flash Cfast 2.0 - Mod.\",\"isPartOf\":{\"@id\":\"https:\/\/compuviper.mx\/tienda\/#website\"},\"datePublished\":\"2026-04-02T05:31:04+00:00\",\"dateModified\":\"2026-04-02T05:31:04+00:00\",\"description\":\"Compra Cfastrwu3 Lector\/grabador Usb 3.0 De Tarjetas De Memoria Flash Cfast 2.0 - Mod. + Env\u00edo a domicilio + Pago seguro + Garant\u00eda\",\"breadcrumb\":{\"@id\":\"https:\/\/compuviper.mx\/tienda\/producto\/startech-com-cfastrwu3-lector-grabador-usb-3-0-de-tarjetas-de-memoria-flash-cfast-2-0-mod\/#breadcrumb\"},\"inLanguage\":\"es-MX\",\"potentialAction\":[{\"@type\":\"ReadAction\",\"target\":[\"https:\/\/compuviper.mx\/tienda\/producto\/startech-com-cfastrwu3-lector-grabador-usb-3-0-de-tarjetas-de-memoria-flash-cfast-2-0-mod\/\"]}]},{\"@type\":\"BreadcrumbList\",\"@id\":\"https:\/\/compuviper.mx\/tienda\/producto\/startech-com-cfastrwu3-lector-grabador-usb-3-0-de-tarjetas-de-memoria-flash-cfast-2-0-mod\/#breadcrumb\",\"itemListElement\":[{\"@type\":\"ListItem\",\"position\":1,\"name\":\"Inicio\",\"item\":\"https:\/\/compuviper.mx\/tienda\/\"},{\"@type\":\"ListItem\",\"position\":2,\"name\":\"Productos\",\"item\":\"https:\/\/compuviper.mx\/tienda\/productos\/\"},{\"@type\":\"ListItem\",\"position\":3,\"name\":\"Accesorios\",\"item\":\"https:\/\/compuviper.mx\/tienda\/categoria-producto\/accesorios\/\"},{\"@type\":\"ListItem\",\"position\":4,\"name\":\"Lectores De Memorias\",\"item\":\"https:\/\/compuviper.mx\/tienda\/categoria-producto\/accesorios\/lectores-de-memorias\/\"},{\"@type\":\"ListItem\",\"position\":5,\"name\":\"Startech.com Cfastrwu3 Lector\/grabador Usb 3.0 De Tarjetas De Memoria Flash Cfast 2.0 &#8211; Mod.\"}]},{\"@type\":\"WebSite\",\"@id\":\"https:\/\/compuviper.mx\/tienda\/#website\",\"url\":\"https:\/\/compuviper.mx\/tienda\/\",\"name\":\"Compuviper\",\"description\":\"Proveedor de Computadoras, Laptops, Servidores, Monitores, Puntos de Venta, Teclados,   Impresoras, T\u00f3ner, C\u00e1maras de Seguridad y m\u00e1s en tu tienda en l\u00ednea\",\"publisher\":{\"@id\":\"https:\/\/compuviper.mx\/tienda\/#organization\"},\"potentialAction\":[{\"@type\":\"SearchAction\",\"target\":{\"@type\":\"EntryPoint\",\"urlTemplate\":\"https:\/\/compuviper.mx\/tienda\/?s={search_term_string}\"},\"query-input\":\"required name=search_term_string\"}],\"inLanguage\":\"es-MX\"},{\"@type\":\"Organization\",\"@id\":\"https:\/\/compuviper.mx\/tienda\/#organization\",\"name\":\"Compuviper\",\"url\":\"https:\/\/compuviper.mx\/tienda\/\",\"logo\":{\"@type\":\"ImageObject\",\"inLanguage\":\"es-MX\",\"@id\":\"https:\/\/compuviper.mx\/tienda\/#\/schema\/logo\/image\/\",\"url\":\"https:\/\/compuviper.mx\/tienda\/wp-content\/uploads\/2021\/08\/Logo-Compuviper-10.png\",\"contentUrl\":\"https:\/\/compuviper.mx\/tienda\/wp-content\/uploads\/2021\/08\/Logo-Compuviper-10.png\",\"width\":1000,\"height\":500,\"caption\":\"Compuviper\"},\"image\":{\"@id\":\"https:\/\/compuviper.mx\/tienda\/#\/schema\/logo\/image\/\"},\"sameAs\":[\"https:\/\/www.facebook.com\/compuviper\",\"https:\/\/www.youtube.com\/channel\/UCf73dERp9Y3cfOq7q8BhLjA?view_as=subscriber\"]}]}<\/script>\n<meta property=\"product:brand\" content=\"STARTECH.COM\" \/>\n<meta property=\"product:price:amount\" content=\"649\" \/>\n<meta property=\"product:price:currency\" content=\"MXN\" \/>\n<meta property=\"og:availability\" content=\"out of stock\" \/>\n<meta property=\"product:availability\" content=\"out of stock\" \/>\n<meta property=\"product:retailer_item_id\" content=\"CFASTRWU3\" \/>\n<meta property=\"product:condition\" content=\"new\" \/>\n<!-- \/ Yoast SEO plugin. -->","yoast_head_json":{"title":"[ Startech.com ] &#129351; Cfastrwu3 Lector\/grabador Usb 3.0 De Tarjetas De Memoria Flash Cfast 2.0 - Mod.","description":"Compra Cfastrwu3 Lector\/grabador Usb 3.0 De Tarjetas De Memoria Flash Cfast 2.0 - Mod. + Env\u00edo a domicilio + Pago seguro + Garant\u00eda","robots":{"index":"index","follow":"follow","max-snippet":"max-snippet:-1","max-image-preview":"max-image-preview:large","max-video-preview":"max-video-preview:-1"},"canonical":"https:\/\/compuviper.mx\/tienda\/producto\/startech-com-cfastrwu3-lector-grabador-usb-3-0-de-tarjetas-de-memoria-flash-cfast-2-0-mod\/","og_locale":"es_MX","og_type":"article","og_title":"[ Startech.com ] &#129351; Cfastrwu3 Lector\/grabador Usb 3.0 De Tarjetas De Memoria Flash Cfast 2.0 - Mod.","og_description":"Compra Cfastrwu3 Lector\/grabador Usb 3.0 De Tarjetas De Memoria Flash Cfast 2.0 - Mod. + Env\u00edo a domicilio + Pago seguro + Garant\u00eda","og_url":"https:\/\/compuviper.mx\/tienda\/producto\/startech-com-cfastrwu3-lector-grabador-usb-3-0-de-tarjetas-de-memoria-flash-cfast-2-0-mod\/","og_site_name":"Compuviper","article_publisher":"https:\/\/www.facebook.com\/compuviper","og_image":[{"width":200,"height":200,"url":"https:\/\/compuviper.mx\/tienda\/wp-content\/uploads\/2023\/12\/Lectorgrabador-usb-3.0-de-tarjetas-de-memoria-flash-cfast-2.0-startech.com-mod.-cfastrwu3.jpg","type":"image\/jpeg"}],"twitter_card":"summary_large_image","twitter_misc":{"Precio":"&#36;649 con IVA","Availability":"Out of stock"},"schema":{"@context":"https:\/\/schema.org","@graph":[{"@type":"WebPage","@id":"https:\/\/compuviper.mx\/tienda\/producto\/startech-com-cfastrwu3-lector-grabador-usb-3-0-de-tarjetas-de-memoria-flash-cfast-2-0-mod\/","url":"https:\/\/compuviper.mx\/tienda\/producto\/startech-com-cfastrwu3-lector-grabador-usb-3-0-de-tarjetas-de-memoria-flash-cfast-2-0-mod\/","name":"[ Startech.com ] &#129351; Cfastrwu3 Lector\/grabador Usb 3.0 De Tarjetas De Memoria Flash Cfast 2.0 - Mod.","isPartOf":{"@id":"https:\/\/compuviper.mx\/tienda\/#website"},"datePublished":"2026-04-02T05:31:04+00:00","dateModified":"2026-04-02T05:31:04+00:00","description":"Compra Cfastrwu3 Lector\/grabador Usb 3.0 De Tarjetas De Memoria Flash Cfast 2.0 - Mod. + Env\u00edo a domicilio + Pago seguro + Garant\u00eda","breadcrumb":{"@id":"https:\/\/compuviper.mx\/tienda\/producto\/startech-com-cfastrwu3-lector-grabador-usb-3-0-de-tarjetas-de-memoria-flash-cfast-2-0-mod\/#breadcrumb"},"inLanguage":"es-MX","potentialAction":[{"@type":"ReadAction","target":["https:\/\/compuviper.mx\/tienda\/producto\/startech-com-cfastrwu3-lector-grabador-usb-3-0-de-tarjetas-de-memoria-flash-cfast-2-0-mod\/"]}]},{"@type":"BreadcrumbList","@id":"https:\/\/compuviper.mx\/tienda\/producto\/startech-com-cfastrwu3-lector-grabador-usb-3-0-de-tarjetas-de-memoria-flash-cfast-2-0-mod\/#breadcrumb","itemListElement":[{"@type":"ListItem","position":1,"name":"Inicio","item":"https:\/\/compuviper.mx\/tienda\/"},{"@type":"ListItem","position":2,"name":"Productos","item":"https:\/\/compuviper.mx\/tienda\/productos\/"},{"@type":"ListItem","position":3,"name":"Accesorios","item":"https:\/\/compuviper.mx\/tienda\/categoria-producto\/accesorios\/"},{"@type":"ListItem","position":4,"name":"Lectores De Memorias","item":"https:\/\/compuviper.mx\/tienda\/categoria-producto\/accesorios\/lectores-de-memorias\/"},{"@type":"ListItem","position":5,"name":"Startech.com Cfastrwu3 Lector\/grabador Usb 3.0 De Tarjetas De Memoria Flash Cfast 2.0 &#8211; Mod."}]},{"@type":"WebSite","@id":"https:\/\/compuviper.mx\/tienda\/#website","url":"https:\/\/compuviper.mx\/tienda\/","name":"Compuviper","description":"Proveedor de Computadoras, Laptops, Servidores, Monitores, Puntos de Venta, Teclados,   Impresoras, T\u00f3ner, C\u00e1maras de Seguridad y m\u00e1s en tu tienda en l\u00ednea","publisher":{"@id":"https:\/\/compuviper.mx\/tienda\/#organization"},"potentialAction":[{"@type":"SearchAction","target":{"@type":"EntryPoint","urlTemplate":"https:\/\/compuviper.mx\/tienda\/?s={search_term_string}"},"query-input":"required name=search_term_string"}],"inLanguage":"es-MX"},{"@type":"Organization","@id":"https:\/\/compuviper.mx\/tienda\/#organization","name":"Compuviper","url":"https:\/\/compuviper.mx\/tienda\/","logo":{"@type":"ImageObject","inLanguage":"es-MX","@id":"https:\/\/compuviper.mx\/tienda\/#\/schema\/logo\/image\/","url":"https:\/\/compuviper.mx\/tienda\/wp-content\/uploads\/2021\/08\/Logo-Compuviper-10.png","contentUrl":"https:\/\/compuviper.mx\/tienda\/wp-content\/uploads\/2021\/08\/Logo-Compuviper-10.png","width":1000,"height":500,"caption":"Compuviper"},"image":{"@id":"https:\/\/compuviper.mx\/tienda\/#\/schema\/logo\/image\/"},"sameAs":["https:\/\/www.facebook.com\/compuviper","https:\/\/www.youtube.com\/channel\/UCf73dERp9Y3cfOq7q8BhLjA?view_as=subscriber"]}]},"product_brand":"STARTECH.COM","product_price_amount":"649","product_price_currency":"MXN","og_availability":"out of stock","product_availability":"out of stock","product_retailer_item_id":"CFASTRWU3","product_condition":"new"},"_links":{"self":[{"href":"https:\/\/compuviper.mx\/tienda\/wp-json\/wp\/v2\/product\/212311"}],"collection":[{"href":"https:\/\/compuviper.mx\/tienda\/wp-json\/wp\/v2\/product"}],"about":[{"href":"https:\/\/compuviper.mx\/tienda\/wp-json\/wp\/v2\/types\/product"}],"replies":[{"embeddable":true,"href":"https:\/\/compuviper.mx\/tienda\/wp-json\/wp\/v2\/comments?post=212311"}],"wp:featuredmedia":[{"embeddable":true,"href":"https:\/\/compuviper.mx\/tienda\/wp-json\/wp\/v2\/media\/212312"}],"wp:attachment":[{"href":"https:\/\/compuviper.mx\/tienda\/wp-json\/wp\/v2\/media?parent=212311"}],"wp:term":[{"taxonomy":"product_cat","embeddable":true,"href":"https:\/\/compuviper.mx\/tienda\/wp-json\/wp\/v2\/product_cat?post=212311"},{"taxonomy":"product_tag","embeddable":true,"href":"https:\/\/compuviper.mx\/tienda\/wp-json\/wp\/v2\/product_tag?post=212311"}],"curies":[{"name":"wp","href":"https:\/\/api.w.org\/{rel}","templated":true}]}}