{"id":212293,"date":"2026-05-04T23:29:17","date_gmt":"2026-05-05T05:29:17","guid":{"rendered":"https:\/\/compuviper.mx\/tienda\/producto\/startech-com-accsmnt-soporte-de-montaje-vesa-para-clientes-delgados-gabinete-vesa-para-thin-clients-soporte-para-clientes-ligeros-mod\/"},"modified":"2026-05-05T00:00:07","modified_gmt":"2026-05-05T06:00:07","slug":"startech-com-accsmnt-soporte-de-montaje-vesa-para-clientes-delgados-gabinete-vesa-para-thin-clients-soporte-para-clientes-ligeros-mod","status":"publish","type":"product","link":"https:\/\/compuviper.mx\/tienda\/producto\/startech-com-accsmnt-soporte-de-montaje-vesa-para-clientes-delgados-gabinete-vesa-para-thin-clients-soporte-para-clientes-ligeros-mod\/","title":{"rendered":"Startech.com Accsmnt Soporte De Montaje Vesa Para Clientes Delgados &#8211; Gabinete Vesa Para Thin Clients &#8211; Soporte Para Clientes Ligeros &#8211;  Mod."},"content":{"rendered":"<table class=\"descripcion\">\n<tr>\n<td>Hardware<\/td>\n<\/tr>\n<tr>\n<td>Opciones de montaje : mstil de soporte en el reverso del monitor, debajo de su escritorio o sujeto a un mstil de soporte de monitor<\/td>\n<\/tr>\n<tr>\n<td>Patrnes vesa de agujeros de montaje : 100&#215;100 mm<\/td>\n<\/tr>\n<tr>\n<td>Patrnes vesa de agujeros de montaje : 75&#215;75 mm<\/td>\n<\/tr>\n<tr>\n<td>Observaciones \/ requisitos<\/td>\n<\/tr>\n<tr>\n<td>Nota : este soporte ajustable resulta ideal para equipos como intel\u00ae nuc, mac mini, la mayora de unidades cpu pequeas, equipos cliente delgados, replicadores de puertos o concentradores usb que se ajustan al ancho del soporte 17mm a 70mm.<\/td>\n<\/tr>\n<tr>\n<td>Contenido de la caja<\/td>\n<\/tr>\n<tr>\n<td>Incluido en la caja : soporte de montaje<\/td>\n<\/tr>\n<tr>\n<td>Incluido en la caja : soporte de mstil<\/td>\n<\/tr>\n<tr>\n<td>Incluido en la caja : manual de instrucciones<\/td>\n<\/tr>\n<tr>\n<td>Incluido en la caja : correa ajustable<\/td>\n<\/tr>\n<tr>\n<td>Incluido en la caja : arandelas<\/td>\n<\/tr>\n<tr>\n<td>Incluido en la caja : almohadillas<\/td>\n<\/tr>\n<tr>\n<td>Caractersticas fsicas<\/td>\n<\/tr>\n<tr>\n<td>Tipo de gabinete : acero y plstico<\/td>\n<\/tr>\n<tr>\n<td>Peso del producto : 666 g<\/td>\n<\/tr>\n<tr>\n<td>Longitud del producto : 11.8 cm<\/td>\n<\/tr>\n<tr>\n<td>Color : negro<\/td>\n<\/tr>\n<tr>\n<td>Ancho del producto : 80 mm<\/td>\n<\/tr>\n<tr>\n<td>Altura del producto : 95 mm<\/td>\n<\/tr>\n<\/table>\n","protected":false},"excerpt":{"rendered":"<p>Este soporte de montaje para equipos de cliente delgado constituye una excelente solucin que ahorra espacio, ya que le permite el montaje de su computadora o docking station para crear un espacio de trabajo sin desorden. Este verstil soporte vesa para doble cara ofrece varias opciones de instalacin, lo cual le permite el montaje de su computadora o replicador de puertos cliente delgado a la parte trasera de su monitor o debajo del escritorio, o sujetarlo a un mstil de montaje de monitor. Ofrece compatibilidad vesa con soportes de dimensin 75&#215;75 y 100&#215;100, lo cual resulta ideal para pantallas y soportes de monitor. El soporte tiene capacidad de peso de hasta 5kg. Tambin incluye una correa ajustable que ayuda a\u00a0mantener fijos sus dispositivos, as como tapete de goma para que los productos se fijen de forma segura en superficies no paralelas. El diseo de marco abierto del soporte permite el acceso no limitado a su computadora.<\/p>\n","protected":false},"featured_media":212294,"comment_status":"open","ping_status":"open","template":"","meta":[],"product_cat":[2321,2265],"product_tag":[1590],"acf":[],"yoast_head":"<!-- This site is optimized with the Yoast SEO plugin v21.7 - https:\/\/yoast.com\/wordpress\/plugins\/seo\/ -->\n<title>[ Startech.com ] &#129351; Accsmnt Soporte De Montaje Vesa Para Clientes Delgados - Gabinete Vesa Para Thin Clients - Soporte Para Clientes Ligeros - Mod.<\/title>\n<meta name=\"description\" content=\"Compra Accsmnt Soporte De Montaje Vesa Para Clientes Delgados - Gabinete Vesa Para Thin Clients - Soporte Para Clientes Ligeros - Mod. + Env\u00edo a domicilio + Pago seguro + Garant\u00eda\" \/>\n<meta name=\"robots\" content=\"index, follow, max-snippet:-1, max-image-preview:large, max-video-preview:-1\" \/>\n<link rel=\"canonical\" href=\"https:\/\/compuviper.mx\/tienda\/producto\/startech-com-accsmnt-soporte-de-montaje-vesa-para-clientes-delgados-gabinete-vesa-para-thin-clients-soporte-para-clientes-ligeros-mod\/\" \/>\n<meta property=\"og:locale\" content=\"es_MX\" \/>\n<meta property=\"og:type\" content=\"article\" \/>\n<meta property=\"og:title\" content=\"[ Startech.com ] &#129351; Accsmnt Soporte De Montaje Vesa Para Clientes Delgados - Gabinete Vesa Para Thin Clients - Soporte Para Clientes Ligeros - Mod.\" \/>\n<meta property=\"og:description\" content=\"Compra Accsmnt Soporte De Montaje Vesa Para Clientes Delgados - Gabinete Vesa Para Thin Clients - Soporte Para Clientes Ligeros - Mod. + Env\u00edo a domicilio + Pago seguro + Garant\u00eda\" \/>\n<meta property=\"og:url\" content=\"https:\/\/compuviper.mx\/tienda\/producto\/startech-com-accsmnt-soporte-de-montaje-vesa-para-clientes-delgados-gabinete-vesa-para-thin-clients-soporte-para-clientes-ligeros-mod\/\" \/>\n<meta property=\"og:site_name\" content=\"Compuviper\" \/>\n<meta property=\"article:publisher\" content=\"https:\/\/www.facebook.com\/compuviper\" \/>\n<meta property=\"article:modified_time\" content=\"2026-05-05T06:00:07+00:00\" \/>\n<meta property=\"og:image\" content=\"https:\/\/compuviper.mx\/tienda\/wp-content\/uploads\/2023\/12\/Soporte-de-montaje-vesa-para-clientes-delgados-gabinete-vesa-para-thin-clients-soporte-para-clientes-ligeros-startech.com-mod.-accsmnt.jpg\" \/>\n\t<meta property=\"og:image:width\" content=\"200\" \/>\n\t<meta property=\"og:image:height\" content=\"200\" \/>\n\t<meta property=\"og:image:type\" content=\"image\/jpeg\" \/>\n<meta name=\"twitter:card\" content=\"summary_large_image\" \/>\n<meta name=\"twitter:label1\" content=\"Precio\" \/>\n\t<meta name=\"twitter:data1\" content=\"&#36;700 con IVA\" \/>\n\t<meta name=\"twitter:label2\" content=\"Availability\" \/>\n\t<meta name=\"twitter:data2\" content=\"In stock\" \/>\n<script type=\"application\/ld+json\" class=\"yoast-schema-graph\">{\"@context\":\"https:\/\/schema.org\",\"@graph\":[{\"@type\":\"WebPage\",\"@id\":\"https:\/\/compuviper.mx\/tienda\/producto\/startech-com-accsmnt-soporte-de-montaje-vesa-para-clientes-delgados-gabinete-vesa-para-thin-clients-soporte-para-clientes-ligeros-mod\/\",\"url\":\"https:\/\/compuviper.mx\/tienda\/producto\/startech-com-accsmnt-soporte-de-montaje-vesa-para-clientes-delgados-gabinete-vesa-para-thin-clients-soporte-para-clientes-ligeros-mod\/\",\"name\":\"[ Startech.com ] &#129351; Accsmnt Soporte De Montaje Vesa Para Clientes Delgados - Gabinete Vesa Para Thin Clients - Soporte Para Clientes Ligeros - Mod.\",\"isPartOf\":{\"@id\":\"https:\/\/compuviper.mx\/tienda\/#website\"},\"datePublished\":\"2026-05-05T05:29:17+00:00\",\"dateModified\":\"2026-05-05T06:00:07+00:00\",\"description\":\"Compra Accsmnt Soporte De Montaje Vesa Para Clientes Delgados - Gabinete Vesa Para Thin Clients - Soporte Para Clientes Ligeros - Mod. + Env\u00edo a domicilio + Pago seguro + Garant\u00eda\",\"breadcrumb\":{\"@id\":\"https:\/\/compuviper.mx\/tienda\/producto\/startech-com-accsmnt-soporte-de-montaje-vesa-para-clientes-delgados-gabinete-vesa-para-thin-clients-soporte-para-clientes-ligeros-mod\/#breadcrumb\"},\"inLanguage\":\"es-MX\",\"potentialAction\":[{\"@type\":\"ReadAction\",\"target\":[\"https:\/\/compuviper.mx\/tienda\/producto\/startech-com-accsmnt-soporte-de-montaje-vesa-para-clientes-delgados-gabinete-vesa-para-thin-clients-soporte-para-clientes-ligeros-mod\/\"]}]},{\"@type\":\"BreadcrumbList\",\"@id\":\"https:\/\/compuviper.mx\/tienda\/producto\/startech-com-accsmnt-soporte-de-montaje-vesa-para-clientes-delgados-gabinete-vesa-para-thin-clients-soporte-para-clientes-ligeros-mod\/#breadcrumb\",\"itemListElement\":[{\"@type\":\"ListItem\",\"position\":1,\"name\":\"Inicio\",\"item\":\"https:\/\/compuviper.mx\/tienda\/\"},{\"@type\":\"ListItem\",\"position\":2,\"name\":\"Productos\",\"item\":\"https:\/\/compuviper.mx\/tienda\/productos\/\"},{\"@type\":\"ListItem\",\"position\":3,\"name\":\"Soportes Y Bases P\/tv\/ Proyectores\/dvd\/consolas\/bocinas\/pantallas\/monotores\",\"item\":\"https:\/\/compuviper.mx\/tienda\/categoria-producto\/soportes-y-bases-p-tv-proyectores-dvd-consolas-bocinas-pantallas-monotores\/\"},{\"@type\":\"ListItem\",\"position\":4,\"name\":\"Soporte Y Base Para Tv\/pantallas\/monitores\/kiosko\",\"item\":\"https:\/\/compuviper.mx\/tienda\/categoria-producto\/soportes-y-bases-p-tv-proyectores-dvd-consolas-bocinas-pantallas-monotores\/soporte-y-base-para-tv-pantallas-monitores-kiosko\/\"},{\"@type\":\"ListItem\",\"position\":5,\"name\":\"Startech.com Accsmnt Soporte De Montaje Vesa Para Clientes Delgados &#8211; Gabinete Vesa Para Thin Clients &#8211; Soporte Para Clientes Ligeros &#8211; Mod.\"}]},{\"@type\":\"WebSite\",\"@id\":\"https:\/\/compuviper.mx\/tienda\/#website\",\"url\":\"https:\/\/compuviper.mx\/tienda\/\",\"name\":\"Compuviper\",\"description\":\"Proveedor de Computadoras, Laptops, Servidores, Monitores, Puntos de Venta, Teclados,   Impresoras, T\u00f3ner, C\u00e1maras de Seguridad y m\u00e1s en tu tienda en l\u00ednea\",\"publisher\":{\"@id\":\"https:\/\/compuviper.mx\/tienda\/#organization\"},\"potentialAction\":[{\"@type\":\"SearchAction\",\"target\":{\"@type\":\"EntryPoint\",\"urlTemplate\":\"https:\/\/compuviper.mx\/tienda\/?s={search_term_string}\"},\"query-input\":\"required name=search_term_string\"}],\"inLanguage\":\"es-MX\"},{\"@type\":\"Organization\",\"@id\":\"https:\/\/compuviper.mx\/tienda\/#organization\",\"name\":\"Compuviper\",\"url\":\"https:\/\/compuviper.mx\/tienda\/\",\"logo\":{\"@type\":\"ImageObject\",\"inLanguage\":\"es-MX\",\"@id\":\"https:\/\/compuviper.mx\/tienda\/#\/schema\/logo\/image\/\",\"url\":\"https:\/\/compuviper.mx\/tienda\/wp-content\/uploads\/2021\/08\/Logo-Compuviper-10.png\",\"contentUrl\":\"https:\/\/compuviper.mx\/tienda\/wp-content\/uploads\/2021\/08\/Logo-Compuviper-10.png\",\"width\":1000,\"height\":500,\"caption\":\"Compuviper\"},\"image\":{\"@id\":\"https:\/\/compuviper.mx\/tienda\/#\/schema\/logo\/image\/\"},\"sameAs\":[\"https:\/\/www.facebook.com\/compuviper\",\"https:\/\/www.youtube.com\/channel\/UCf73dERp9Y3cfOq7q8BhLjA?view_as=subscriber\"]}]}<\/script>\n<meta property=\"product:brand\" content=\"STARTECH.COM\" \/>\n<meta property=\"product:price:amount\" content=\"700\" \/>\n<meta property=\"product:price:currency\" content=\"MXN\" \/>\n<meta property=\"og:availability\" content=\"instock\" \/>\n<meta property=\"product:availability\" content=\"instock\" \/>\n<meta property=\"product:retailer_item_id\" content=\"ACCSMNT\" \/>\n<meta property=\"product:condition\" content=\"new\" \/>\n<!-- \/ Yoast SEO plugin. -->","yoast_head_json":{"title":"[ Startech.com ] &#129351; Accsmnt Soporte De Montaje Vesa Para Clientes Delgados - Gabinete Vesa Para Thin Clients - Soporte Para Clientes Ligeros - Mod.","description":"Compra Accsmnt Soporte De Montaje Vesa Para Clientes Delgados - Gabinete Vesa Para Thin Clients - Soporte Para Clientes Ligeros - Mod. + Env\u00edo a domicilio + Pago seguro + Garant\u00eda","robots":{"index":"index","follow":"follow","max-snippet":"max-snippet:-1","max-image-preview":"max-image-preview:large","max-video-preview":"max-video-preview:-1"},"canonical":"https:\/\/compuviper.mx\/tienda\/producto\/startech-com-accsmnt-soporte-de-montaje-vesa-para-clientes-delgados-gabinete-vesa-para-thin-clients-soporte-para-clientes-ligeros-mod\/","og_locale":"es_MX","og_type":"article","og_title":"[ Startech.com ] &#129351; Accsmnt Soporte De Montaje Vesa Para Clientes Delgados - Gabinete Vesa Para Thin Clients - Soporte Para Clientes Ligeros - Mod.","og_description":"Compra Accsmnt Soporte De Montaje Vesa Para Clientes Delgados - Gabinete Vesa Para Thin Clients - Soporte Para Clientes Ligeros - Mod. + Env\u00edo a domicilio + Pago seguro + Garant\u00eda","og_url":"https:\/\/compuviper.mx\/tienda\/producto\/startech-com-accsmnt-soporte-de-montaje-vesa-para-clientes-delgados-gabinete-vesa-para-thin-clients-soporte-para-clientes-ligeros-mod\/","og_site_name":"Compuviper","article_publisher":"https:\/\/www.facebook.com\/compuviper","article_modified_time":"2026-05-05T06:00:07+00:00","og_image":[{"width":200,"height":200,"url":"https:\/\/compuviper.mx\/tienda\/wp-content\/uploads\/2023\/12\/Soporte-de-montaje-vesa-para-clientes-delgados-gabinete-vesa-para-thin-clients-soporte-para-clientes-ligeros-startech.com-mod.-accsmnt.jpg","type":"image\/jpeg"}],"twitter_card":"summary_large_image","twitter_misc":{"Precio":"&#36;700 con IVA","Availability":"In stock"},"schema":{"@context":"https:\/\/schema.org","@graph":[{"@type":"WebPage","@id":"https:\/\/compuviper.mx\/tienda\/producto\/startech-com-accsmnt-soporte-de-montaje-vesa-para-clientes-delgados-gabinete-vesa-para-thin-clients-soporte-para-clientes-ligeros-mod\/","url":"https:\/\/compuviper.mx\/tienda\/producto\/startech-com-accsmnt-soporte-de-montaje-vesa-para-clientes-delgados-gabinete-vesa-para-thin-clients-soporte-para-clientes-ligeros-mod\/","name":"[ Startech.com ] &#129351; Accsmnt Soporte De Montaje Vesa Para Clientes Delgados - Gabinete Vesa Para Thin Clients - Soporte Para Clientes Ligeros - Mod.","isPartOf":{"@id":"https:\/\/compuviper.mx\/tienda\/#website"},"datePublished":"2026-05-05T05:29:17+00:00","dateModified":"2026-05-05T06:00:07+00:00","description":"Compra Accsmnt Soporte De Montaje Vesa Para Clientes Delgados - Gabinete Vesa Para Thin Clients - Soporte Para Clientes Ligeros - Mod. + Env\u00edo a domicilio + Pago seguro + Garant\u00eda","breadcrumb":{"@id":"https:\/\/compuviper.mx\/tienda\/producto\/startech-com-accsmnt-soporte-de-montaje-vesa-para-clientes-delgados-gabinete-vesa-para-thin-clients-soporte-para-clientes-ligeros-mod\/#breadcrumb"},"inLanguage":"es-MX","potentialAction":[{"@type":"ReadAction","target":["https:\/\/compuviper.mx\/tienda\/producto\/startech-com-accsmnt-soporte-de-montaje-vesa-para-clientes-delgados-gabinete-vesa-para-thin-clients-soporte-para-clientes-ligeros-mod\/"]}]},{"@type":"BreadcrumbList","@id":"https:\/\/compuviper.mx\/tienda\/producto\/startech-com-accsmnt-soporte-de-montaje-vesa-para-clientes-delgados-gabinete-vesa-para-thin-clients-soporte-para-clientes-ligeros-mod\/#breadcrumb","itemListElement":[{"@type":"ListItem","position":1,"name":"Inicio","item":"https:\/\/compuviper.mx\/tienda\/"},{"@type":"ListItem","position":2,"name":"Productos","item":"https:\/\/compuviper.mx\/tienda\/productos\/"},{"@type":"ListItem","position":3,"name":"Soportes Y Bases P\/tv\/ Proyectores\/dvd\/consolas\/bocinas\/pantallas\/monotores","item":"https:\/\/compuviper.mx\/tienda\/categoria-producto\/soportes-y-bases-p-tv-proyectores-dvd-consolas-bocinas-pantallas-monotores\/"},{"@type":"ListItem","position":4,"name":"Soporte Y Base Para Tv\/pantallas\/monitores\/kiosko","item":"https:\/\/compuviper.mx\/tienda\/categoria-producto\/soportes-y-bases-p-tv-proyectores-dvd-consolas-bocinas-pantallas-monotores\/soporte-y-base-para-tv-pantallas-monitores-kiosko\/"},{"@type":"ListItem","position":5,"name":"Startech.com Accsmnt Soporte De Montaje Vesa Para Clientes Delgados &#8211; Gabinete Vesa Para Thin Clients &#8211; Soporte Para Clientes Ligeros &#8211; Mod."}]},{"@type":"WebSite","@id":"https:\/\/compuviper.mx\/tienda\/#website","url":"https:\/\/compuviper.mx\/tienda\/","name":"Compuviper","description":"Proveedor de Computadoras, Laptops, Servidores, Monitores, Puntos de Venta, Teclados,   Impresoras, T\u00f3ner, C\u00e1maras de Seguridad y m\u00e1s en tu tienda en l\u00ednea","publisher":{"@id":"https:\/\/compuviper.mx\/tienda\/#organization"},"potentialAction":[{"@type":"SearchAction","target":{"@type":"EntryPoint","urlTemplate":"https:\/\/compuviper.mx\/tienda\/?s={search_term_string}"},"query-input":"required name=search_term_string"}],"inLanguage":"es-MX"},{"@type":"Organization","@id":"https:\/\/compuviper.mx\/tienda\/#organization","name":"Compuviper","url":"https:\/\/compuviper.mx\/tienda\/","logo":{"@type":"ImageObject","inLanguage":"es-MX","@id":"https:\/\/compuviper.mx\/tienda\/#\/schema\/logo\/image\/","url":"https:\/\/compuviper.mx\/tienda\/wp-content\/uploads\/2021\/08\/Logo-Compuviper-10.png","contentUrl":"https:\/\/compuviper.mx\/tienda\/wp-content\/uploads\/2021\/08\/Logo-Compuviper-10.png","width":1000,"height":500,"caption":"Compuviper"},"image":{"@id":"https:\/\/compuviper.mx\/tienda\/#\/schema\/logo\/image\/"},"sameAs":["https:\/\/www.facebook.com\/compuviper","https:\/\/www.youtube.com\/channel\/UCf73dERp9Y3cfOq7q8BhLjA?view_as=subscriber"]}]},"product_brand":"STARTECH.COM","product_price_amount":"700","product_price_currency":"MXN","og_availability":"instock","product_availability":"instock","product_retailer_item_id":"ACCSMNT","product_condition":"new"},"_links":{"self":[{"href":"https:\/\/compuviper.mx\/tienda\/wp-json\/wp\/v2\/product\/212293"}],"collection":[{"href":"https:\/\/compuviper.mx\/tienda\/wp-json\/wp\/v2\/product"}],"about":[{"href":"https:\/\/compuviper.mx\/tienda\/wp-json\/wp\/v2\/types\/product"}],"replies":[{"embeddable":true,"href":"https:\/\/compuviper.mx\/tienda\/wp-json\/wp\/v2\/comments?post=212293"}],"wp:featuredmedia":[{"embeddable":true,"href":"https:\/\/compuviper.mx\/tienda\/wp-json\/wp\/v2\/media\/212294"}],"wp:attachment":[{"href":"https:\/\/compuviper.mx\/tienda\/wp-json\/wp\/v2\/media?parent=212293"}],"wp:term":[{"taxonomy":"product_cat","embeddable":true,"href":"https:\/\/compuviper.mx\/tienda\/wp-json\/wp\/v2\/product_cat?post=212293"},{"taxonomy":"product_tag","embeddable":true,"href":"https:\/\/compuviper.mx\/tienda\/wp-json\/wp\/v2\/product_tag?post=212293"}],"curies":[{"name":"wp","href":"https:\/\/api.w.org\/{rel}","templated":true}]}}