{"id":212275,"date":"2026-04-06T23:31:07","date_gmt":"2026-04-07T05:31:07","guid":{"rendered":"https:\/\/compuviper.mx\/tienda\/producto\/startech-com-usb3dockh2dp-docking-station-replicador-de-puertos-universal-de-triple-monitor-para-laptop-triple-monitor-2x-dp-y-1x-hdmi-mac-y-windows-base-docking-station-usb-3-0-mod\/"},"modified":"2026-04-06T23:31:07","modified_gmt":"2026-04-07T05:31:07","slug":"startech-com-usb3dockh2dp-docking-station-replicador-de-puertos-universal-de-triple-monitor-para-laptop-triple-monitor-2x-dp-y-1x-hdmi-mac-y-windows-base-docking-station-usb-3-0-mod","status":"publish","type":"product","link":"https:\/\/compuviper.mx\/tienda\/producto\/startech-com-usb3dockh2dp-docking-station-replicador-de-puertos-universal-de-triple-monitor-para-laptop-triple-monitor-2x-dp-y-1x-hdmi-mac-y-windows-base-docking-station-usb-3-0-mod\/","title":{"rendered":"Startech.com Usb3dockh2dp Docking Station Replicador De Puertos Universal De Triple Monitor Para Laptop &#8211; Triple Monitor 2x Dp Y 1x Hdmi &#8211; Mac Y Windows &#8211; Base Docking Station Usb 3.0 &#8211;  Mod."},"content":{"rendered":"<table class=\"descripcion\">\n<tr>\n<td>Caracteristicas fisicas<\/td>\n<\/tr>\n<tr>\n<td>Tipo de gabinete : plastico<\/td>\n<\/tr>\n<tr>\n<td>Peso del producto : 376 g<\/td>\n<\/tr>\n<tr>\n<td>Longitud del producto : 27 cm<\/td>\n<\/tr>\n<tr>\n<td>Color : negro y plata<\/td>\n<\/tr>\n<tr>\n<td>Ancho del producto : 82 mm<\/td>\n<\/tr>\n<tr>\n<td>Altura del producto : 3.4 cm<\/td>\n<\/tr>\n<tr>\n<td>Rendimiento<\/td>\n<\/tr>\n<tr>\n<td>Compatibilidad con uasp : s<\/td>\n<\/tr>\n<tr>\n<td>Mdix automatico : s<\/td>\n<\/tr>\n<tr>\n<td>Redes compatibles : 10\/100\/1000 mbps<\/td>\n<\/tr>\n<tr>\n<td>Resolucin digital mxima : 3840 x 2160 a 30hz displayport, vdeo 1 &#8211; una pantalla<\/td>\n<\/tr>\n<tr>\n<td>2560 x 1600 displayport, vdeo 3 &#8211; una pantalla<\/td>\n<\/tr>\n<tr>\n<td>2560 x 1440 hdmi, una sola pantalla<\/td>\n<\/tr>\n<tr>\n<td>Soporte full duplex  : s<\/td>\n<\/tr>\n<tr>\n<td>Tasa de transferencia de datos maxima : 5 gbps usb 3.0<\/td>\n<\/tr>\n<tr>\n<td>2 gbps ethernet; dplex completo<\/td>\n<\/tr>\n<tr>\n<td>Tipo y velocidad : usb 3.0 &#8211; 5 gbit\/s<\/td>\n<\/tr>\n<tr>\n<td>Hardware<\/td>\n<\/tr>\n<tr>\n<td>Compatibilidad con 4k : s<\/td>\n<\/tr>\n<tr>\n<td>Id del conjunto de chips : displaylink &#8211; dl-5910<\/td>\n<\/tr>\n<tr>\n<td>Via\/vli &#8211; vl812<\/td>\n<\/tr>\n<tr>\n<td>Pantallas compatibles : 3<\/td>\n<\/tr>\n<tr>\n<td>Puertos de carga rapida : s<\/td>\n<\/tr>\n<tr>\n<td>Tipo de bus : usb 3.0<\/td>\n<\/tr>\n<tr>\n<td>Estandares industriales : especificacion usb para carga de baterias 1.2<\/td>\n<\/tr>\n<tr>\n<td> ieee 802.3, ieee 802.3u, ieee 802.3ab<\/td>\n<\/tr>\n<tr>\n<td> usb 3.0 &#8211; compatible con usb 2.0\/1.1<\/td>\n<\/tr>\n<\/table>\n","protected":false},"excerpt":{"rendered":"<p>Esta docking station para triple-monitor convierte su laptop\u00a0equipada\u00a0con usb 3.0 en una estacion de trabajo completa, con dos salidas displayport y una salida hdmi. Este replicador de puertos usb 3.0 le ofrece la posibilidad de utilizar tres pantallas\u00a0con resolucin de hasta 4k 3840 x 2160p de una pantalla y 2048&#215;1152 de las otras dos. Para compatibilidad con todos sus perifricos usb, el replicador de puertos le ofrece cinco puertos usb 3.0. El puerto usb lateral es de carga rapida especificacion usb para carga de baterias version 1.2, que permite cargar sus dispositivos moviles mas rapido que otros puertos usb convencionales, con o sin su laptop\u00a0conectada\u00a0al replicador. El replicador tambien tiene un puerto gbe, asi como puertos separados para conjunto de diadema\u00a0y entrada de 3.5mm para audio, a fin de contar con todas las conexiones necesarias para mantener su productividad.\u00a0<\/p>\n","protected":false},"featured_media":212276,"comment_status":"open","ping_status":"open","template":"","meta":[],"product_cat":[1485,1506],"product_tag":[1590],"acf":[],"yoast_head":"<!-- This site is optimized with the Yoast SEO plugin v21.7 - https:\/\/yoast.com\/wordpress\/plugins\/seo\/ -->\n<title>[ Startech.com ] &#129351; Usb3dockh2dp Docking Station Replicador De Puertos Universal De Triple Monitor Para Laptop - Triple Monitor 2x Dp Y 1x Hdmi - Mac Y Windows - Base Docking Station Usb 3.0 - Mod.<\/title>\n<meta name=\"description\" content=\"Compra Usb3dockh2dp Docking Station Replicador De Puertos Universal De Triple Monitor Para Laptop - Triple Monitor 2x Dp Y 1x Hdmi - Mac Y Windows - Base Docking Station Usb 3.0 - Mod. + Env\u00edo a domicilio + Pago seguro + Garant\u00eda\" \/>\n<meta name=\"robots\" content=\"index, follow, max-snippet:-1, max-image-preview:large, max-video-preview:-1\" \/>\n<link rel=\"canonical\" href=\"https:\/\/compuviper.mx\/tienda\/producto\/startech-com-usb3dockh2dp-docking-station-replicador-de-puertos-universal-de-triple-monitor-para-laptop-triple-monitor-2x-dp-y-1x-hdmi-mac-y-windows-base-docking-station-usb-3-0-mod\/\" \/>\n<meta property=\"og:locale\" content=\"es_MX\" \/>\n<meta property=\"og:type\" content=\"article\" \/>\n<meta property=\"og:title\" content=\"[ Startech.com ] &#129351; Usb3dockh2dp Docking Station Replicador De Puertos Universal De Triple Monitor Para Laptop - Triple Monitor 2x Dp Y 1x Hdmi - Mac Y Windows - Base Docking Station Usb 3.0 - Mod.\" \/>\n<meta property=\"og:description\" content=\"Compra Usb3dockh2dp Docking Station Replicador De Puertos Universal De Triple Monitor Para Laptop - Triple Monitor 2x Dp Y 1x Hdmi - Mac Y Windows - Base Docking Station Usb 3.0 - Mod. + Env\u00edo a domicilio + Pago seguro + Garant\u00eda\" \/>\n<meta property=\"og:url\" content=\"https:\/\/compuviper.mx\/tienda\/producto\/startech-com-usb3dockh2dp-docking-station-replicador-de-puertos-universal-de-triple-monitor-para-laptop-triple-monitor-2x-dp-y-1x-hdmi-mac-y-windows-base-docking-station-usb-3-0-mod\/\" \/>\n<meta property=\"og:site_name\" content=\"Compuviper\" \/>\n<meta property=\"article:publisher\" content=\"https:\/\/www.facebook.com\/compuviper\" \/>\n<meta property=\"og:image\" content=\"https:\/\/compuviper.mx\/tienda\/wp-content\/uploads\/2023\/12\/Docking-station-replicador-de-puertos-universal-de-triple-monitor-para-laptop-triple-monitor-2x-dp-y-1x-hdmi-mac-y-windows-base-docking-station-usb-3.0-startech.com-mod.-usb3dockh2dp.jpg\" \/>\n\t<meta property=\"og:image:width\" content=\"200\" \/>\n\t<meta property=\"og:image:height\" content=\"200\" \/>\n\t<meta property=\"og:image:type\" content=\"image\/jpeg\" \/>\n<meta name=\"twitter:card\" content=\"summary_large_image\" \/>\n<meta name=\"twitter:label1\" content=\"Precio\" \/>\n\t<meta name=\"twitter:data1\" content=\"&#36;2,527 con IVA\" \/>\n\t<meta name=\"twitter:label2\" content=\"Availability\" \/>\n\t<meta name=\"twitter:data2\" content=\"Out of stock\" \/>\n<script type=\"application\/ld+json\" class=\"yoast-schema-graph\">{\"@context\":\"https:\/\/schema.org\",\"@graph\":[{\"@type\":\"WebPage\",\"@id\":\"https:\/\/compuviper.mx\/tienda\/producto\/startech-com-usb3dockh2dp-docking-station-replicador-de-puertos-universal-de-triple-monitor-para-laptop-triple-monitor-2x-dp-y-1x-hdmi-mac-y-windows-base-docking-station-usb-3-0-mod\/\",\"url\":\"https:\/\/compuviper.mx\/tienda\/producto\/startech-com-usb3dockh2dp-docking-station-replicador-de-puertos-universal-de-triple-monitor-para-laptop-triple-monitor-2x-dp-y-1x-hdmi-mac-y-windows-base-docking-station-usb-3-0-mod\/\",\"name\":\"[ Startech.com ] &#129351; Usb3dockh2dp Docking Station Replicador De Puertos Universal De Triple Monitor Para Laptop - Triple Monitor 2x Dp Y 1x Hdmi - Mac Y Windows - Base Docking Station Usb 3.0 - Mod.\",\"isPartOf\":{\"@id\":\"https:\/\/compuviper.mx\/tienda\/#website\"},\"datePublished\":\"2026-04-07T05:31:07+00:00\",\"dateModified\":\"2026-04-07T05:31:07+00:00\",\"description\":\"Compra Usb3dockh2dp Docking Station Replicador De Puertos Universal De Triple Monitor Para Laptop - Triple Monitor 2x Dp Y 1x Hdmi - Mac Y Windows - Base Docking Station Usb 3.0 - Mod. + Env\u00edo a domicilio + Pago seguro + Garant\u00eda\",\"breadcrumb\":{\"@id\":\"https:\/\/compuviper.mx\/tienda\/producto\/startech-com-usb3dockh2dp-docking-station-replicador-de-puertos-universal-de-triple-monitor-para-laptop-triple-monitor-2x-dp-y-1x-hdmi-mac-y-windows-base-docking-station-usb-3-0-mod\/#breadcrumb\"},\"inLanguage\":\"es-MX\",\"potentialAction\":[{\"@type\":\"ReadAction\",\"target\":[\"https:\/\/compuviper.mx\/tienda\/producto\/startech-com-usb3dockh2dp-docking-station-replicador-de-puertos-universal-de-triple-monitor-para-laptop-triple-monitor-2x-dp-y-1x-hdmi-mac-y-windows-base-docking-station-usb-3-0-mod\/\"]}]},{\"@type\":\"BreadcrumbList\",\"@id\":\"https:\/\/compuviper.mx\/tienda\/producto\/startech-com-usb3dockh2dp-docking-station-replicador-de-puertos-universal-de-triple-monitor-para-laptop-triple-monitor-2x-dp-y-1x-hdmi-mac-y-windows-base-docking-station-usb-3-0-mod\/#breadcrumb\",\"itemListElement\":[{\"@type\":\"ListItem\",\"position\":1,\"name\":\"Inicio\",\"item\":\"https:\/\/compuviper.mx\/tienda\/\"},{\"@type\":\"ListItem\",\"position\":2,\"name\":\"Productos\",\"item\":\"https:\/\/compuviper.mx\/tienda\/productos\/\"},{\"@type\":\"ListItem\",\"position\":3,\"name\":\"Accesorios\",\"item\":\"https:\/\/compuviper.mx\/tienda\/categoria-producto\/accesorios\/\"},{\"@type\":\"ListItem\",\"position\":4,\"name\":\"Conectividad\",\"item\":\"https:\/\/compuviper.mx\/tienda\/categoria-producto\/accesorios\/conectividad\/\"},{\"@type\":\"ListItem\",\"position\":5,\"name\":\"Startech.com Usb3dockh2dp Docking Station Replicador De Puertos Universal De Triple Monitor Para Laptop &#8211; Triple Monitor 2x Dp Y 1x Hdmi &#8211; Mac Y Windows &#8211; Base Docking Station Usb 3.0 &#8211; Mod.\"}]},{\"@type\":\"WebSite\",\"@id\":\"https:\/\/compuviper.mx\/tienda\/#website\",\"url\":\"https:\/\/compuviper.mx\/tienda\/\",\"name\":\"Compuviper\",\"description\":\"Proveedor de Computadoras, Laptops, Servidores, Monitores, Puntos de Venta, Teclados,   Impresoras, T\u00f3ner, C\u00e1maras de Seguridad y m\u00e1s en tu tienda en l\u00ednea\",\"publisher\":{\"@id\":\"https:\/\/compuviper.mx\/tienda\/#organization\"},\"potentialAction\":[{\"@type\":\"SearchAction\",\"target\":{\"@type\":\"EntryPoint\",\"urlTemplate\":\"https:\/\/compuviper.mx\/tienda\/?s={search_term_string}\"},\"query-input\":\"required name=search_term_string\"}],\"inLanguage\":\"es-MX\"},{\"@type\":\"Organization\",\"@id\":\"https:\/\/compuviper.mx\/tienda\/#organization\",\"name\":\"Compuviper\",\"url\":\"https:\/\/compuviper.mx\/tienda\/\",\"logo\":{\"@type\":\"ImageObject\",\"inLanguage\":\"es-MX\",\"@id\":\"https:\/\/compuviper.mx\/tienda\/#\/schema\/logo\/image\/\",\"url\":\"https:\/\/compuviper.mx\/tienda\/wp-content\/uploads\/2021\/08\/Logo-Compuviper-10.png\",\"contentUrl\":\"https:\/\/compuviper.mx\/tienda\/wp-content\/uploads\/2021\/08\/Logo-Compuviper-10.png\",\"width\":1000,\"height\":500,\"caption\":\"Compuviper\"},\"image\":{\"@id\":\"https:\/\/compuviper.mx\/tienda\/#\/schema\/logo\/image\/\"},\"sameAs\":[\"https:\/\/www.facebook.com\/compuviper\",\"https:\/\/www.youtube.com\/channel\/UCf73dERp9Y3cfOq7q8BhLjA?view_as=subscriber\"]}]}<\/script>\n<meta property=\"product:brand\" content=\"STARTECH.COM\" \/>\n<meta property=\"product:price:amount\" content=\"2527\" \/>\n<meta property=\"product:price:currency\" content=\"MXN\" \/>\n<meta property=\"og:availability\" content=\"out of stock\" \/>\n<meta property=\"product:availability\" content=\"out of stock\" \/>\n<meta property=\"product:retailer_item_id\" content=\"USB3DOCKH2DP\" \/>\n<meta property=\"product:condition\" content=\"new\" \/>\n<!-- \/ Yoast SEO plugin. -->","yoast_head_json":{"title":"[ Startech.com ] &#129351; Usb3dockh2dp Docking Station Replicador De Puertos Universal De Triple Monitor Para Laptop - Triple Monitor 2x Dp Y 1x Hdmi - Mac Y Windows - Base Docking Station Usb 3.0 - Mod.","description":"Compra Usb3dockh2dp Docking Station Replicador De Puertos Universal De Triple Monitor Para Laptop - Triple Monitor 2x Dp Y 1x Hdmi - Mac Y Windows - Base Docking Station Usb 3.0 - Mod. + Env\u00edo a domicilio + Pago seguro + Garant\u00eda","robots":{"index":"index","follow":"follow","max-snippet":"max-snippet:-1","max-image-preview":"max-image-preview:large","max-video-preview":"max-video-preview:-1"},"canonical":"https:\/\/compuviper.mx\/tienda\/producto\/startech-com-usb3dockh2dp-docking-station-replicador-de-puertos-universal-de-triple-monitor-para-laptop-triple-monitor-2x-dp-y-1x-hdmi-mac-y-windows-base-docking-station-usb-3-0-mod\/","og_locale":"es_MX","og_type":"article","og_title":"[ Startech.com ] &#129351; Usb3dockh2dp Docking Station Replicador De Puertos Universal De Triple Monitor Para Laptop - Triple Monitor 2x Dp Y 1x Hdmi - Mac Y Windows - Base Docking Station Usb 3.0 - Mod.","og_description":"Compra Usb3dockh2dp Docking Station Replicador De Puertos Universal De Triple Monitor Para Laptop - Triple Monitor 2x Dp Y 1x Hdmi - Mac Y Windows - Base Docking Station Usb 3.0 - Mod. + Env\u00edo a domicilio + Pago seguro + Garant\u00eda","og_url":"https:\/\/compuviper.mx\/tienda\/producto\/startech-com-usb3dockh2dp-docking-station-replicador-de-puertos-universal-de-triple-monitor-para-laptop-triple-monitor-2x-dp-y-1x-hdmi-mac-y-windows-base-docking-station-usb-3-0-mod\/","og_site_name":"Compuviper","article_publisher":"https:\/\/www.facebook.com\/compuviper","og_image":[{"width":200,"height":200,"url":"https:\/\/compuviper.mx\/tienda\/wp-content\/uploads\/2023\/12\/Docking-station-replicador-de-puertos-universal-de-triple-monitor-para-laptop-triple-monitor-2x-dp-y-1x-hdmi-mac-y-windows-base-docking-station-usb-3.0-startech.com-mod.-usb3dockh2dp.jpg","type":"image\/jpeg"}],"twitter_card":"summary_large_image","twitter_misc":{"Precio":"&#36;2,527 con IVA","Availability":"Out of stock"},"schema":{"@context":"https:\/\/schema.org","@graph":[{"@type":"WebPage","@id":"https:\/\/compuviper.mx\/tienda\/producto\/startech-com-usb3dockh2dp-docking-station-replicador-de-puertos-universal-de-triple-monitor-para-laptop-triple-monitor-2x-dp-y-1x-hdmi-mac-y-windows-base-docking-station-usb-3-0-mod\/","url":"https:\/\/compuviper.mx\/tienda\/producto\/startech-com-usb3dockh2dp-docking-station-replicador-de-puertos-universal-de-triple-monitor-para-laptop-triple-monitor-2x-dp-y-1x-hdmi-mac-y-windows-base-docking-station-usb-3-0-mod\/","name":"[ Startech.com ] &#129351; Usb3dockh2dp Docking Station Replicador De Puertos Universal De Triple Monitor Para Laptop - Triple Monitor 2x Dp Y 1x Hdmi - Mac Y Windows - Base Docking Station Usb 3.0 - Mod.","isPartOf":{"@id":"https:\/\/compuviper.mx\/tienda\/#website"},"datePublished":"2026-04-07T05:31:07+00:00","dateModified":"2026-04-07T05:31:07+00:00","description":"Compra Usb3dockh2dp Docking Station Replicador De Puertos Universal De Triple Monitor Para Laptop - Triple Monitor 2x Dp Y 1x Hdmi - Mac Y Windows - Base Docking Station Usb 3.0 - Mod. + Env\u00edo a domicilio + Pago seguro + Garant\u00eda","breadcrumb":{"@id":"https:\/\/compuviper.mx\/tienda\/producto\/startech-com-usb3dockh2dp-docking-station-replicador-de-puertos-universal-de-triple-monitor-para-laptop-triple-monitor-2x-dp-y-1x-hdmi-mac-y-windows-base-docking-station-usb-3-0-mod\/#breadcrumb"},"inLanguage":"es-MX","potentialAction":[{"@type":"ReadAction","target":["https:\/\/compuviper.mx\/tienda\/producto\/startech-com-usb3dockh2dp-docking-station-replicador-de-puertos-universal-de-triple-monitor-para-laptop-triple-monitor-2x-dp-y-1x-hdmi-mac-y-windows-base-docking-station-usb-3-0-mod\/"]}]},{"@type":"BreadcrumbList","@id":"https:\/\/compuviper.mx\/tienda\/producto\/startech-com-usb3dockh2dp-docking-station-replicador-de-puertos-universal-de-triple-monitor-para-laptop-triple-monitor-2x-dp-y-1x-hdmi-mac-y-windows-base-docking-station-usb-3-0-mod\/#breadcrumb","itemListElement":[{"@type":"ListItem","position":1,"name":"Inicio","item":"https:\/\/compuviper.mx\/tienda\/"},{"@type":"ListItem","position":2,"name":"Productos","item":"https:\/\/compuviper.mx\/tienda\/productos\/"},{"@type":"ListItem","position":3,"name":"Accesorios","item":"https:\/\/compuviper.mx\/tienda\/categoria-producto\/accesorios\/"},{"@type":"ListItem","position":4,"name":"Conectividad","item":"https:\/\/compuviper.mx\/tienda\/categoria-producto\/accesorios\/conectividad\/"},{"@type":"ListItem","position":5,"name":"Startech.com Usb3dockh2dp Docking Station Replicador De Puertos Universal De Triple Monitor Para Laptop &#8211; Triple Monitor 2x Dp Y 1x Hdmi &#8211; Mac Y Windows &#8211; Base Docking Station Usb 3.0 &#8211; Mod."}]},{"@type":"WebSite","@id":"https:\/\/compuviper.mx\/tienda\/#website","url":"https:\/\/compuviper.mx\/tienda\/","name":"Compuviper","description":"Proveedor de Computadoras, Laptops, Servidores, Monitores, Puntos de Venta, Teclados,   Impresoras, T\u00f3ner, C\u00e1maras de Seguridad y m\u00e1s en tu tienda en l\u00ednea","publisher":{"@id":"https:\/\/compuviper.mx\/tienda\/#organization"},"potentialAction":[{"@type":"SearchAction","target":{"@type":"EntryPoint","urlTemplate":"https:\/\/compuviper.mx\/tienda\/?s={search_term_string}"},"query-input":"required name=search_term_string"}],"inLanguage":"es-MX"},{"@type":"Organization","@id":"https:\/\/compuviper.mx\/tienda\/#organization","name":"Compuviper","url":"https:\/\/compuviper.mx\/tienda\/","logo":{"@type":"ImageObject","inLanguage":"es-MX","@id":"https:\/\/compuviper.mx\/tienda\/#\/schema\/logo\/image\/","url":"https:\/\/compuviper.mx\/tienda\/wp-content\/uploads\/2021\/08\/Logo-Compuviper-10.png","contentUrl":"https:\/\/compuviper.mx\/tienda\/wp-content\/uploads\/2021\/08\/Logo-Compuviper-10.png","width":1000,"height":500,"caption":"Compuviper"},"image":{"@id":"https:\/\/compuviper.mx\/tienda\/#\/schema\/logo\/image\/"},"sameAs":["https:\/\/www.facebook.com\/compuviper","https:\/\/www.youtube.com\/channel\/UCf73dERp9Y3cfOq7q8BhLjA?view_as=subscriber"]}]},"product_brand":"STARTECH.COM","product_price_amount":"2527","product_price_currency":"MXN","og_availability":"out of stock","product_availability":"out of stock","product_retailer_item_id":"USB3DOCKH2DP","product_condition":"new"},"_links":{"self":[{"href":"https:\/\/compuviper.mx\/tienda\/wp-json\/wp\/v2\/product\/212275"}],"collection":[{"href":"https:\/\/compuviper.mx\/tienda\/wp-json\/wp\/v2\/product"}],"about":[{"href":"https:\/\/compuviper.mx\/tienda\/wp-json\/wp\/v2\/types\/product"}],"replies":[{"embeddable":true,"href":"https:\/\/compuviper.mx\/tienda\/wp-json\/wp\/v2\/comments?post=212275"}],"wp:featuredmedia":[{"embeddable":true,"href":"https:\/\/compuviper.mx\/tienda\/wp-json\/wp\/v2\/media\/212276"}],"wp:attachment":[{"href":"https:\/\/compuviper.mx\/tienda\/wp-json\/wp\/v2\/media?parent=212275"}],"wp:term":[{"taxonomy":"product_cat","embeddable":true,"href":"https:\/\/compuviper.mx\/tienda\/wp-json\/wp\/v2\/product_cat?post=212275"},{"taxonomy":"product_tag","embeddable":true,"href":"https:\/\/compuviper.mx\/tienda\/wp-json\/wp\/v2\/product_tag?post=212275"}],"curies":[{"name":"wp","href":"https:\/\/api.w.org\/{rel}","templated":true}]}}