{"id":212269,"date":"2026-04-01T23:30:52","date_gmt":"2026-04-02T05:30:52","guid":{"rendered":"https:\/\/compuviper.mx\/tienda\/producto\/startech-com-25satsas35hd-adaptador-de-disco-duro-de-2-5-a-3-5-para-ssd-o-disco-duro-sata-sas-gabinete-adaptador-convertidor-de-disco-mod\/"},"modified":"2026-04-01T23:30:52","modified_gmt":"2026-04-02T05:30:52","slug":"startech-com-25satsas35hd-adaptador-de-disco-duro-de-2-5-a-3-5-para-ssd-o-disco-duro-sata-sas-gabinete-adaptador-convertidor-de-disco-mod","status":"publish","type":"product","link":"https:\/\/compuviper.mx\/tienda\/producto\/startech-com-25satsas35hd-adaptador-de-disco-duro-de-2-5-a-3-5-para-ssd-o-disco-duro-sata-sas-gabinete-adaptador-convertidor-de-disco-mod\/","title":{"rendered":"Startech.com 25satsas35hd Adaptador De Disco Duro De 2.5 A 3.5 &#8211; Para Ssd O Disco Duro Sata Sas &#8211; Gabinete Adaptador Convertidor De Disco &#8211;  Mod."},"content":{"rendered":"<table class=\"descripcion\">\n<tr>\n<td>Hardware<\/td>\n<\/tr>\n<tr>\n<td>Alturas posibles de la unidad : 12.5mm &#8211; 15mm &#8211; 7mm &#8211; 9.5mm<\/td>\n<\/tr>\n<tr>\n<td>Cantidad de bahas de 2.5 pulgadas : 1<\/td>\n<\/tr>\n<tr>\n<td>Cantidad de unidades : 1<\/td>\n<\/tr>\n<tr>\n<td>Instalacin de la unidad : extrable<\/td>\n<\/tr>\n<tr>\n<td>Interfaz : sas<\/td>\n<\/tr>\n<tr>\n<td>Interfaz : sata<\/td>\n<\/tr>\n<tr>\n<td>Sistema de bloqueo : no<\/td>\n<\/tr>\n<tr>\n<td>Tamao de la unidad : 2.5in  and  3.5in<\/td>\n<\/tr>\n<tr>\n<td>Unidades compatibles : sas  and  sata<\/td>\n<\/tr>\n<tr>\n<td>Ventiladores : no<\/td>\n<\/tr>\n<tr>\n<td>Conectores<\/td>\n<\/tr>\n<tr>\n<td>Conectores del host : combinacin de alimentacin y datos por sata 715 pines<\/td>\n<\/tr>\n<tr>\n<td>Conectores de la unidad : sff-8482 29 pines, data y alimentacin, sas interna<\/td>\n<\/tr>\n<tr>\n<td>Caractersticas fsicas<\/td>\n<\/tr>\n<tr>\n<td>Tipo de gabinete : aluminio y plstico<\/td>\n<\/tr>\n<tr>\n<td>Peso del producto : 252 g<\/td>\n<\/tr>\n<tr>\n<td>Longitud del producto : 14.6 cm<\/td>\n<\/tr>\n<tr>\n<td>Color : plateado  and  negro<\/td>\n<\/tr>\n<tr>\n<td>Ancho del producto : 10.1 cm<\/td>\n<\/tr>\n<tr>\n<td>Altura del producto : 26 mm<\/td>\n<\/tr>\n<tr>\n<td>Rendimiento<\/td>\n<\/tr>\n<tr>\n<td>4kn support : s<\/td>\n<\/tr>\n<tr>\n<td>S.m.a.r.t. support : s<\/td>\n<\/tr>\n<tr>\n<td>Soporta hot swap  : s<\/td>\n<\/tr>\n<tr>\n<td>Tipo y velocidad : sata\/sas 6 gbps<\/td>\n<\/tr>\n<tr>\n<td>Trim support : s<\/td>\n<\/tr>\n<\/table>\n","protected":false},"excerpt":{"rendered":"<p>Este adaptador de unidad de disco duro de 2.5 a 3.5 le permite instalar una unidad sata o sas de disco duro dd o de estado slido ssd de 2.5 en una baha de unidad de disco interno o externo de 3.5, a travs de perforaciones\u00a0estndar de montaje. El adaptador de baha de unidad de disco de 2.5 a 3.5 le permite instalar una unidad de ltima generacin y con mayor rendimiento, como una unidad ssd en un sistema de generacin anterior solo compatible con una unidad de disco duro de 3.5. Es posible instalar el adaptador en una computadora de escritorio, servidor, matriz de almacenamiento, baha de sustitucin en caliente y un gabinete\u00a0de unidad de disco. Permite una instalacin permanente en una baha de unidad de disco de 3.5, a travs de perforaciones\u00a0estndar de montaje. Una vez instalado el adaptador, solo tiene que insertar la unidad de dd\/ssd de 2.5 en el gabinete\u00a0del adaptador, sin que se requieran herramientas.<\/p>\n","protected":false},"featured_media":212270,"comment_status":"open","ping_status":"open","template":"","meta":[],"product_cat":[1485,1492],"product_tag":[1590],"acf":[],"yoast_head":"<!-- This site is optimized with the Yoast SEO plugin v21.7 - https:\/\/yoast.com\/wordpress\/plugins\/seo\/ -->\n<title>[ Startech.com ] &#129351; 25satsas35hd Adaptador De Disco Duro De 2.5 A 3.5 - Para Ssd O Disco Duro Sata Sas - Gabinete Adaptador Convertidor De Disco - Mod.<\/title>\n<meta name=\"description\" content=\"Compra 25satsas35hd Adaptador De Disco Duro De 2.5 A 3.5 - Para Ssd O Disco Duro Sata Sas - Gabinete Adaptador Convertidor De Disco - Mod. + Env\u00edo a domicilio + Pago seguro + Garant\u00eda\" \/>\n<meta name=\"robots\" content=\"index, follow, max-snippet:-1, max-image-preview:large, max-video-preview:-1\" \/>\n<link rel=\"canonical\" href=\"https:\/\/compuviper.mx\/tienda\/producto\/startech-com-25satsas35hd-adaptador-de-disco-duro-de-2-5-a-3-5-para-ssd-o-disco-duro-sata-sas-gabinete-adaptador-convertidor-de-disco-mod\/\" \/>\n<meta property=\"og:locale\" content=\"es_MX\" \/>\n<meta property=\"og:type\" content=\"article\" \/>\n<meta property=\"og:title\" content=\"[ Startech.com ] &#129351; 25satsas35hd Adaptador De Disco Duro De 2.5 A 3.5 - Para Ssd O Disco Duro Sata Sas - Gabinete Adaptador Convertidor De Disco - Mod.\" \/>\n<meta property=\"og:description\" content=\"Compra 25satsas35hd Adaptador De Disco Duro De 2.5 A 3.5 - Para Ssd O Disco Duro Sata Sas - Gabinete Adaptador Convertidor De Disco - Mod. + Env\u00edo a domicilio + Pago seguro + Garant\u00eda\" \/>\n<meta property=\"og:url\" content=\"https:\/\/compuviper.mx\/tienda\/producto\/startech-com-25satsas35hd-adaptador-de-disco-duro-de-2-5-a-3-5-para-ssd-o-disco-duro-sata-sas-gabinete-adaptador-convertidor-de-disco-mod\/\" \/>\n<meta property=\"og:site_name\" content=\"Compuviper\" \/>\n<meta property=\"article:publisher\" content=\"https:\/\/www.facebook.com\/compuviper\" \/>\n<meta property=\"og:image\" content=\"https:\/\/compuviper.mx\/tienda\/wp-content\/uploads\/2023\/12\/Adaptador-de-disco-duro-de-2.5-a-3.5-para-ssd-o-disco-duro-sata-sas-gabinete-adaptador-convertidor-de-disco-startech.com-mod.-25satsas35hd.jpg\" \/>\n\t<meta property=\"og:image:width\" content=\"200\" \/>\n\t<meta property=\"og:image:height\" content=\"200\" \/>\n\t<meta property=\"og:image:type\" content=\"image\/jpeg\" \/>\n<meta name=\"twitter:card\" content=\"summary_large_image\" \/>\n<meta name=\"twitter:label1\" content=\"Precio\" \/>\n\t<meta name=\"twitter:data1\" content=\"&#36;605 con IVA\" \/>\n\t<meta name=\"twitter:label2\" content=\"Availability\" \/>\n\t<meta name=\"twitter:data2\" content=\"Out of stock\" \/>\n<script type=\"application\/ld+json\" class=\"yoast-schema-graph\">{\"@context\":\"https:\/\/schema.org\",\"@graph\":[{\"@type\":\"WebPage\",\"@id\":\"https:\/\/compuviper.mx\/tienda\/producto\/startech-com-25satsas35hd-adaptador-de-disco-duro-de-2-5-a-3-5-para-ssd-o-disco-duro-sata-sas-gabinete-adaptador-convertidor-de-disco-mod\/\",\"url\":\"https:\/\/compuviper.mx\/tienda\/producto\/startech-com-25satsas35hd-adaptador-de-disco-duro-de-2-5-a-3-5-para-ssd-o-disco-duro-sata-sas-gabinete-adaptador-convertidor-de-disco-mod\/\",\"name\":\"[ Startech.com ] &#129351; 25satsas35hd Adaptador De Disco Duro De 2.5 A 3.5 - Para Ssd O Disco Duro Sata Sas - Gabinete Adaptador Convertidor De Disco - Mod.\",\"isPartOf\":{\"@id\":\"https:\/\/compuviper.mx\/tienda\/#website\"},\"datePublished\":\"2026-04-02T05:30:52+00:00\",\"dateModified\":\"2026-04-02T05:30:52+00:00\",\"description\":\"Compra 25satsas35hd Adaptador De Disco Duro De 2.5 A 3.5 - Para Ssd O Disco Duro Sata Sas - Gabinete Adaptador Convertidor De Disco - Mod. + Env\u00edo a domicilio + Pago seguro + Garant\u00eda\",\"breadcrumb\":{\"@id\":\"https:\/\/compuviper.mx\/tienda\/producto\/startech-com-25satsas35hd-adaptador-de-disco-duro-de-2-5-a-3-5-para-ssd-o-disco-duro-sata-sas-gabinete-adaptador-convertidor-de-disco-mod\/#breadcrumb\"},\"inLanguage\":\"es-MX\",\"potentialAction\":[{\"@type\":\"ReadAction\",\"target\":[\"https:\/\/compuviper.mx\/tienda\/producto\/startech-com-25satsas35hd-adaptador-de-disco-duro-de-2-5-a-3-5-para-ssd-o-disco-duro-sata-sas-gabinete-adaptador-convertidor-de-disco-mod\/\"]}]},{\"@type\":\"BreadcrumbList\",\"@id\":\"https:\/\/compuviper.mx\/tienda\/producto\/startech-com-25satsas35hd-adaptador-de-disco-duro-de-2-5-a-3-5-para-ssd-o-disco-duro-sata-sas-gabinete-adaptador-convertidor-de-disco-mod\/#breadcrumb\",\"itemListElement\":[{\"@type\":\"ListItem\",\"position\":1,\"name\":\"Inicio\",\"item\":\"https:\/\/compuviper.mx\/tienda\/\"},{\"@type\":\"ListItem\",\"position\":2,\"name\":\"Productos\",\"item\":\"https:\/\/compuviper.mx\/tienda\/productos\/\"},{\"@type\":\"ListItem\",\"position\":3,\"name\":\"Accesorios\",\"item\":\"https:\/\/compuviper.mx\/tienda\/categoria-producto\/accesorios\/\"},{\"@type\":\"ListItem\",\"position\":4,\"name\":\"Adaptadores\",\"item\":\"https:\/\/compuviper.mx\/tienda\/categoria-producto\/accesorios\/adaptadores\/\"},{\"@type\":\"ListItem\",\"position\":5,\"name\":\"Startech.com 25satsas35hd Adaptador De Disco Duro De 2.5 A 3.5 &#8211; Para Ssd O Disco Duro Sata Sas &#8211; Gabinete Adaptador Convertidor De Disco &#8211; Mod.\"}]},{\"@type\":\"WebSite\",\"@id\":\"https:\/\/compuviper.mx\/tienda\/#website\",\"url\":\"https:\/\/compuviper.mx\/tienda\/\",\"name\":\"Compuviper\",\"description\":\"Proveedor de Computadoras, Laptops, Servidores, Monitores, Puntos de Venta, Teclados,   Impresoras, T\u00f3ner, C\u00e1maras de Seguridad y m\u00e1s en tu tienda en l\u00ednea\",\"publisher\":{\"@id\":\"https:\/\/compuviper.mx\/tienda\/#organization\"},\"potentialAction\":[{\"@type\":\"SearchAction\",\"target\":{\"@type\":\"EntryPoint\",\"urlTemplate\":\"https:\/\/compuviper.mx\/tienda\/?s={search_term_string}\"},\"query-input\":\"required name=search_term_string\"}],\"inLanguage\":\"es-MX\"},{\"@type\":\"Organization\",\"@id\":\"https:\/\/compuviper.mx\/tienda\/#organization\",\"name\":\"Compuviper\",\"url\":\"https:\/\/compuviper.mx\/tienda\/\",\"logo\":{\"@type\":\"ImageObject\",\"inLanguage\":\"es-MX\",\"@id\":\"https:\/\/compuviper.mx\/tienda\/#\/schema\/logo\/image\/\",\"url\":\"https:\/\/compuviper.mx\/tienda\/wp-content\/uploads\/2021\/08\/Logo-Compuviper-10.png\",\"contentUrl\":\"https:\/\/compuviper.mx\/tienda\/wp-content\/uploads\/2021\/08\/Logo-Compuviper-10.png\",\"width\":1000,\"height\":500,\"caption\":\"Compuviper\"},\"image\":{\"@id\":\"https:\/\/compuviper.mx\/tienda\/#\/schema\/logo\/image\/\"},\"sameAs\":[\"https:\/\/www.facebook.com\/compuviper\",\"https:\/\/www.youtube.com\/channel\/UCf73dERp9Y3cfOq7q8BhLjA?view_as=subscriber\"]}]}<\/script>\n<meta property=\"product:brand\" content=\"STARTECH.COM\" \/>\n<meta property=\"product:price:amount\" content=\"605\" \/>\n<meta property=\"product:price:currency\" content=\"MXN\" \/>\n<meta property=\"og:availability\" content=\"out of stock\" \/>\n<meta property=\"product:availability\" content=\"out of stock\" \/>\n<meta property=\"product:retailer_item_id\" content=\"25SATSAS35HD\" \/>\n<meta property=\"product:condition\" content=\"new\" \/>\n<!-- \/ Yoast SEO plugin. -->","yoast_head_json":{"title":"[ Startech.com ] &#129351; 25satsas35hd Adaptador De Disco Duro De 2.5 A 3.5 - Para Ssd O Disco Duro Sata Sas - Gabinete Adaptador Convertidor De Disco - Mod.","description":"Compra 25satsas35hd Adaptador De Disco Duro De 2.5 A 3.5 - Para Ssd O Disco Duro Sata Sas - Gabinete Adaptador Convertidor De Disco - Mod. + Env\u00edo a domicilio + Pago seguro + Garant\u00eda","robots":{"index":"index","follow":"follow","max-snippet":"max-snippet:-1","max-image-preview":"max-image-preview:large","max-video-preview":"max-video-preview:-1"},"canonical":"https:\/\/compuviper.mx\/tienda\/producto\/startech-com-25satsas35hd-adaptador-de-disco-duro-de-2-5-a-3-5-para-ssd-o-disco-duro-sata-sas-gabinete-adaptador-convertidor-de-disco-mod\/","og_locale":"es_MX","og_type":"article","og_title":"[ Startech.com ] &#129351; 25satsas35hd Adaptador De Disco Duro De 2.5 A 3.5 - Para Ssd O Disco Duro Sata Sas - Gabinete Adaptador Convertidor De Disco - Mod.","og_description":"Compra 25satsas35hd Adaptador De Disco Duro De 2.5 A 3.5 - Para Ssd O Disco Duro Sata Sas - Gabinete Adaptador Convertidor De Disco - Mod. + Env\u00edo a domicilio + Pago seguro + Garant\u00eda","og_url":"https:\/\/compuviper.mx\/tienda\/producto\/startech-com-25satsas35hd-adaptador-de-disco-duro-de-2-5-a-3-5-para-ssd-o-disco-duro-sata-sas-gabinete-adaptador-convertidor-de-disco-mod\/","og_site_name":"Compuviper","article_publisher":"https:\/\/www.facebook.com\/compuviper","og_image":[{"width":200,"height":200,"url":"https:\/\/compuviper.mx\/tienda\/wp-content\/uploads\/2023\/12\/Adaptador-de-disco-duro-de-2.5-a-3.5-para-ssd-o-disco-duro-sata-sas-gabinete-adaptador-convertidor-de-disco-startech.com-mod.-25satsas35hd.jpg","type":"image\/jpeg"}],"twitter_card":"summary_large_image","twitter_misc":{"Precio":"&#36;605 con IVA","Availability":"Out of stock"},"schema":{"@context":"https:\/\/schema.org","@graph":[{"@type":"WebPage","@id":"https:\/\/compuviper.mx\/tienda\/producto\/startech-com-25satsas35hd-adaptador-de-disco-duro-de-2-5-a-3-5-para-ssd-o-disco-duro-sata-sas-gabinete-adaptador-convertidor-de-disco-mod\/","url":"https:\/\/compuviper.mx\/tienda\/producto\/startech-com-25satsas35hd-adaptador-de-disco-duro-de-2-5-a-3-5-para-ssd-o-disco-duro-sata-sas-gabinete-adaptador-convertidor-de-disco-mod\/","name":"[ Startech.com ] &#129351; 25satsas35hd Adaptador De Disco Duro De 2.5 A 3.5 - Para Ssd O Disco Duro Sata Sas - Gabinete Adaptador Convertidor De Disco - Mod.","isPartOf":{"@id":"https:\/\/compuviper.mx\/tienda\/#website"},"datePublished":"2026-04-02T05:30:52+00:00","dateModified":"2026-04-02T05:30:52+00:00","description":"Compra 25satsas35hd Adaptador De Disco Duro De 2.5 A 3.5 - Para Ssd O Disco Duro Sata Sas - Gabinete Adaptador Convertidor De Disco - Mod. + Env\u00edo a domicilio + Pago seguro + Garant\u00eda","breadcrumb":{"@id":"https:\/\/compuviper.mx\/tienda\/producto\/startech-com-25satsas35hd-adaptador-de-disco-duro-de-2-5-a-3-5-para-ssd-o-disco-duro-sata-sas-gabinete-adaptador-convertidor-de-disco-mod\/#breadcrumb"},"inLanguage":"es-MX","potentialAction":[{"@type":"ReadAction","target":["https:\/\/compuviper.mx\/tienda\/producto\/startech-com-25satsas35hd-adaptador-de-disco-duro-de-2-5-a-3-5-para-ssd-o-disco-duro-sata-sas-gabinete-adaptador-convertidor-de-disco-mod\/"]}]},{"@type":"BreadcrumbList","@id":"https:\/\/compuviper.mx\/tienda\/producto\/startech-com-25satsas35hd-adaptador-de-disco-duro-de-2-5-a-3-5-para-ssd-o-disco-duro-sata-sas-gabinete-adaptador-convertidor-de-disco-mod\/#breadcrumb","itemListElement":[{"@type":"ListItem","position":1,"name":"Inicio","item":"https:\/\/compuviper.mx\/tienda\/"},{"@type":"ListItem","position":2,"name":"Productos","item":"https:\/\/compuviper.mx\/tienda\/productos\/"},{"@type":"ListItem","position":3,"name":"Accesorios","item":"https:\/\/compuviper.mx\/tienda\/categoria-producto\/accesorios\/"},{"@type":"ListItem","position":4,"name":"Adaptadores","item":"https:\/\/compuviper.mx\/tienda\/categoria-producto\/accesorios\/adaptadores\/"},{"@type":"ListItem","position":5,"name":"Startech.com 25satsas35hd Adaptador De Disco Duro De 2.5 A 3.5 &#8211; Para Ssd O Disco Duro Sata Sas &#8211; Gabinete Adaptador Convertidor De Disco &#8211; Mod."}]},{"@type":"WebSite","@id":"https:\/\/compuviper.mx\/tienda\/#website","url":"https:\/\/compuviper.mx\/tienda\/","name":"Compuviper","description":"Proveedor de Computadoras, Laptops, Servidores, Monitores, Puntos de Venta, Teclados,   Impresoras, T\u00f3ner, C\u00e1maras de Seguridad y m\u00e1s en tu tienda en l\u00ednea","publisher":{"@id":"https:\/\/compuviper.mx\/tienda\/#organization"},"potentialAction":[{"@type":"SearchAction","target":{"@type":"EntryPoint","urlTemplate":"https:\/\/compuviper.mx\/tienda\/?s={search_term_string}"},"query-input":"required name=search_term_string"}],"inLanguage":"es-MX"},{"@type":"Organization","@id":"https:\/\/compuviper.mx\/tienda\/#organization","name":"Compuviper","url":"https:\/\/compuviper.mx\/tienda\/","logo":{"@type":"ImageObject","inLanguage":"es-MX","@id":"https:\/\/compuviper.mx\/tienda\/#\/schema\/logo\/image\/","url":"https:\/\/compuviper.mx\/tienda\/wp-content\/uploads\/2021\/08\/Logo-Compuviper-10.png","contentUrl":"https:\/\/compuviper.mx\/tienda\/wp-content\/uploads\/2021\/08\/Logo-Compuviper-10.png","width":1000,"height":500,"caption":"Compuviper"},"image":{"@id":"https:\/\/compuviper.mx\/tienda\/#\/schema\/logo\/image\/"},"sameAs":["https:\/\/www.facebook.com\/compuviper","https:\/\/www.youtube.com\/channel\/UCf73dERp9Y3cfOq7q8BhLjA?view_as=subscriber"]}]},"product_brand":"STARTECH.COM","product_price_amount":"605","product_price_currency":"MXN","og_availability":"out of stock","product_availability":"out of stock","product_retailer_item_id":"25SATSAS35HD","product_condition":"new"},"_links":{"self":[{"href":"https:\/\/compuviper.mx\/tienda\/wp-json\/wp\/v2\/product\/212269"}],"collection":[{"href":"https:\/\/compuviper.mx\/tienda\/wp-json\/wp\/v2\/product"}],"about":[{"href":"https:\/\/compuviper.mx\/tienda\/wp-json\/wp\/v2\/types\/product"}],"replies":[{"embeddable":true,"href":"https:\/\/compuviper.mx\/tienda\/wp-json\/wp\/v2\/comments?post=212269"}],"wp:featuredmedia":[{"embeddable":true,"href":"https:\/\/compuviper.mx\/tienda\/wp-json\/wp\/v2\/media\/212270"}],"wp:attachment":[{"href":"https:\/\/compuviper.mx\/tienda\/wp-json\/wp\/v2\/media?parent=212269"}],"wp:term":[{"taxonomy":"product_cat","embeddable":true,"href":"https:\/\/compuviper.mx\/tienda\/wp-json\/wp\/v2\/product_cat?post=212269"},{"taxonomy":"product_tag","embeddable":true,"href":"https:\/\/compuviper.mx\/tienda\/wp-json\/wp\/v2\/product_tag?post=212269"}],"curies":[{"name":"wp","href":"https:\/\/api.w.org\/{rel}","templated":true}]}}