{"id":212255,"date":"2026-04-01T23:30:48","date_gmt":"2026-04-02T05:30:48","guid":{"rendered":"https:\/\/compuviper.mx\/tienda\/producto\/startech-com-pexusb3s4v-tarjeta-pci-express-adaptador-pci-e-usb-3-0-con-uasp-de-4-puertos-y-alimentacin-sata-controlador-superspeed-4x-usb-a-mod\/"},"modified":"2026-04-01T23:30:48","modified_gmt":"2026-04-02T05:30:48","slug":"startech-com-pexusb3s4v-tarjeta-pci-express-adaptador-pci-e-usb-3-0-con-uasp-de-4-puertos-y-alimentacin-sata-controlador-superspeed-4x-usb-a-mod","status":"publish","type":"product","link":"https:\/\/compuviper.mx\/tienda\/producto\/startech-com-pexusb3s4v-tarjeta-pci-express-adaptador-pci-e-usb-3-0-con-uasp-de-4-puertos-y-alimentacin-sata-controlador-superspeed-4x-usb-a-mod\/","title":{"rendered":"Startech.com Pexusb3s4v Tarjeta Pci Express &#8211; Adaptador Pci-e Usb 3.0 Con Uasp De 4 Puertos Y Alimentaci?n Sata &#8211; Controlador Superspeed &#8211; 4x Usb A &#8211;  Mod."},"content":{"rendered":"<table class=\"descripcion\">\n<tr>\n<td>Hardware<\/td>\n<\/tr>\n<tr>\n<td>Estilo de puerto : integrado en la tarjeta<\/td>\n<\/tr>\n<tr>\n<td>Id del conjunto de chips : renesas\/nec &#8211; \u00b5pd720201<\/td>\n<\/tr>\n<tr>\n<td>Interfaz : usb 3.0<\/td>\n<\/tr>\n<tr>\n<td>Tipo de bus : pci express<\/td>\n<\/tr>\n<tr>\n<td>Tipo de tarjeta : perfil est\u00e1ndar (incluye soporte para perfil bajo)<\/td>\n<\/tr>\n<tr>\n<td>Cantidad de puertos : 4<\/td>\n<\/tr>\n<tr>\n<td>Rendimiento<\/td>\n<\/tr>\n<tr>\n<td>Compatibilidad con uasp : s\u00ed<\/td>\n<\/tr>\n<tr>\n<td>Tipo y velocidad : usb 3.0 &#8211; 5 gbit\/s<\/td>\n<\/tr>\n<tr>\n<td>Software<\/td>\n<\/tr>\n<tr>\n<td>Compatibilidad os : windows\u00ae xp, vista, 7, 8, 8.1, 10<\/td>\n<\/tr>\n<tr>\n<td> windows server\u00ae 2003, 2008 r2, 2012, 2012 r2, 2016, 2019<\/td>\n<\/tr>\n<tr>\n<td>Contenido de la caja<\/td>\n<\/tr>\n<tr>\n<td>Incluido en la caja : tarjeta pci express usb 3.0<\/td>\n<\/tr>\n<tr>\n<td>Incluido en la caja : soporte de perfil bajo<\/td>\n<\/tr>\n<tr>\n<td>Incluido en la caja : manual de instrucciones<\/td>\n<\/tr>\n<tr>\n<td>Incluido en la caja : cd del controlador<\/td>\n<\/tr>\n<tr>\n<td>Conector(es)<\/td>\n<\/tr>\n<tr>\n<td>Tipo(s) de conector(es) : pci express x1<\/td>\n<\/tr>\n<tr>\n<td>Puertos internos : alimentaci\u00f3n sata (15 pines)<\/td>\n<\/tr>\n<tr>\n<td>Puertos externos : usb type-a (9 pines) usb 3.0<\/td>\n<\/tr>\n<tr>\n<td>Caracter\u00edsticas f\u00edsicas<\/td>\n<\/tr>\n<tr>\n<td>Peso del producto : 68 g<\/td>\n<\/tr>\n<tr>\n<td>Longitud del producto : 75 mm<\/td>\n<\/tr>\n<tr>\n<td>Ancho del producto : 19 mm<\/td>\n<\/tr>\n<tr>\n<td>Altura del producto : 6.8 cm<\/td>\n<\/tr>\n<\/table>\n","protected":false},"excerpt":{"rendered":"<p>La tarjeta pci express usb 3.0 (con alimentaci\u00f3n sata), modelo pexusb3s4v, permite agregar 4 puertos usb 3.0 externos a cualquier computadora equipada con pci express, adem\u00e1s de admitir tasas de transferencia de datos de hasta 5 gbps y ser retrocompatible con dispositivos usb 2.0 \/ 1.X. La tarjeta tiene un dise\u00f1o que permite apilar cada puerto encima de otro, de manera que los cuatro puertos usb 3.0 quedan orientados hacia el exterior y, a pesar de ello, es posible acoplar la tarjeta a una computadora compacta\/de bajo perfil mediante el soporte incluido. Adem\u00e1s, gracias a su conector integrado de alimentaci\u00f3n sata, cada puerto usb proporciona hasta 900 ma de alimentaci\u00f3n a dispositivos que obtienen la alimentaci\u00f3n de una conexi\u00f3n de bus anfitri\u00f3n (500 ma para usb 2.0), mediante la conexi\u00f3n a la fuente de alimentaci\u00f3n de la computadora.<\/p>\n","protected":false},"featured_media":212256,"comment_status":"open","ping_status":"open","template":"","meta":[],"product_cat":[1485,1492],"product_tag":[1590],"acf":[],"yoast_head":"<!-- This site is optimized with the Yoast SEO plugin v21.7 - https:\/\/yoast.com\/wordpress\/plugins\/seo\/ -->\n<title>[ Startech.com ] &#129351; Pexusb3s4v Tarjeta Pci Express - Adaptador Pci-e Usb 3.0 Con Uasp De 4 Puertos Y Alimentaci\u00f3n Sata - Controlador Superspeed - 4x Usb A - Mod.<\/title>\n<meta name=\"description\" content=\"Compra Pexusb3s4v Tarjeta Pci Express - Adaptador Pci-e Usb 3.0 Con Uasp De 4 Puertos Y Alimentaci\u00f3n Sata - Controlador Superspeed - 4x Usb A - Mod. + Env\u00edo a domicilio + Pago seguro + Garant\u00eda\" \/>\n<meta name=\"robots\" content=\"index, follow, max-snippet:-1, max-image-preview:large, max-video-preview:-1\" \/>\n<link rel=\"canonical\" href=\"https:\/\/compuviper.mx\/tienda\/producto\/startech-com-pexusb3s4v-tarjeta-pci-express-adaptador-pci-e-usb-3-0-con-uasp-de-4-puertos-y-alimentacin-sata-controlador-superspeed-4x-usb-a-mod\/\" \/>\n<meta property=\"og:locale\" content=\"es_MX\" \/>\n<meta property=\"og:type\" content=\"article\" \/>\n<meta property=\"og:title\" content=\"[ Startech.com ] &#129351; Pexusb3s4v Tarjeta Pci Express - Adaptador Pci-e Usb 3.0 Con Uasp De 4 Puertos Y Alimentaci\u00f3n Sata - Controlador Superspeed - 4x Usb A - Mod.\" \/>\n<meta property=\"og:description\" content=\"Compra Pexusb3s4v Tarjeta Pci Express - Adaptador Pci-e Usb 3.0 Con Uasp De 4 Puertos Y Alimentaci\u00f3n Sata - Controlador Superspeed - 4x Usb A - Mod. + Env\u00edo a domicilio + Pago seguro + Garant\u00eda\" \/>\n<meta property=\"og:url\" content=\"https:\/\/compuviper.mx\/tienda\/producto\/startech-com-pexusb3s4v-tarjeta-pci-express-adaptador-pci-e-usb-3-0-con-uasp-de-4-puertos-y-alimentacin-sata-controlador-superspeed-4x-usb-a-mod\/\" \/>\n<meta property=\"og:site_name\" content=\"Compuviper\" \/>\n<meta property=\"article:publisher\" content=\"https:\/\/www.facebook.com\/compuviper\" \/>\n<meta property=\"og:image\" content=\"https:\/\/compuviper.mx\/tienda\/wp-content\/uploads\/2023\/12\/Tarjeta-pci-express-adaptador-pci-e-usb-3.0-con-uasp-de-4-puertos-y-alimentacion-sata-controlador-superspeed-4x-usb-a-startech.com-mod.-pexusb3s4v.jpg\" \/>\n\t<meta property=\"og:image:width\" content=\"200\" \/>\n\t<meta property=\"og:image:height\" content=\"200\" \/>\n\t<meta property=\"og:image:type\" content=\"image\/jpeg\" \/>\n<meta name=\"twitter:card\" content=\"summary_large_image\" \/>\n<meta name=\"twitter:label1\" content=\"Precio\" \/>\n\t<meta name=\"twitter:data1\" content=\"&#36;1,003 con IVA\" \/>\n\t<meta name=\"twitter:label2\" content=\"Availability\" \/>\n\t<meta name=\"twitter:data2\" content=\"Out of stock\" \/>\n<script type=\"application\/ld+json\" class=\"yoast-schema-graph\">{\"@context\":\"https:\/\/schema.org\",\"@graph\":[{\"@type\":\"WebPage\",\"@id\":\"https:\/\/compuviper.mx\/tienda\/producto\/startech-com-pexusb3s4v-tarjeta-pci-express-adaptador-pci-e-usb-3-0-con-uasp-de-4-puertos-y-alimentacin-sata-controlador-superspeed-4x-usb-a-mod\/\",\"url\":\"https:\/\/compuviper.mx\/tienda\/producto\/startech-com-pexusb3s4v-tarjeta-pci-express-adaptador-pci-e-usb-3-0-con-uasp-de-4-puertos-y-alimentacin-sata-controlador-superspeed-4x-usb-a-mod\/\",\"name\":\"[ Startech.com ] &#129351; Pexusb3s4v Tarjeta Pci Express - Adaptador Pci-e Usb 3.0 Con Uasp De 4 Puertos Y Alimentaci\u00f3n Sata - Controlador Superspeed - 4x Usb A - Mod.\",\"isPartOf\":{\"@id\":\"https:\/\/compuviper.mx\/tienda\/#website\"},\"datePublished\":\"2026-04-02T05:30:48+00:00\",\"dateModified\":\"2026-04-02T05:30:48+00:00\",\"description\":\"Compra Pexusb3s4v Tarjeta Pci Express - Adaptador Pci-e Usb 3.0 Con Uasp De 4 Puertos Y Alimentaci\u00f3n Sata - Controlador Superspeed - 4x Usb A - Mod. + Env\u00edo a domicilio + Pago seguro + Garant\u00eda\",\"breadcrumb\":{\"@id\":\"https:\/\/compuviper.mx\/tienda\/producto\/startech-com-pexusb3s4v-tarjeta-pci-express-adaptador-pci-e-usb-3-0-con-uasp-de-4-puertos-y-alimentacin-sata-controlador-superspeed-4x-usb-a-mod\/#breadcrumb\"},\"inLanguage\":\"es-MX\",\"potentialAction\":[{\"@type\":\"ReadAction\",\"target\":[\"https:\/\/compuviper.mx\/tienda\/producto\/startech-com-pexusb3s4v-tarjeta-pci-express-adaptador-pci-e-usb-3-0-con-uasp-de-4-puertos-y-alimentacin-sata-controlador-superspeed-4x-usb-a-mod\/\"]}]},{\"@type\":\"BreadcrumbList\",\"@id\":\"https:\/\/compuviper.mx\/tienda\/producto\/startech-com-pexusb3s4v-tarjeta-pci-express-adaptador-pci-e-usb-3-0-con-uasp-de-4-puertos-y-alimentacin-sata-controlador-superspeed-4x-usb-a-mod\/#breadcrumb\",\"itemListElement\":[{\"@type\":\"ListItem\",\"position\":1,\"name\":\"Inicio\",\"item\":\"https:\/\/compuviper.mx\/tienda\/\"},{\"@type\":\"ListItem\",\"position\":2,\"name\":\"Productos\",\"item\":\"https:\/\/compuviper.mx\/tienda\/productos\/\"},{\"@type\":\"ListItem\",\"position\":3,\"name\":\"Accesorios\",\"item\":\"https:\/\/compuviper.mx\/tienda\/categoria-producto\/accesorios\/\"},{\"@type\":\"ListItem\",\"position\":4,\"name\":\"Adaptadores\",\"item\":\"https:\/\/compuviper.mx\/tienda\/categoria-producto\/accesorios\/adaptadores\/\"},{\"@type\":\"ListItem\",\"position\":5,\"name\":\"Startech.com Pexusb3s4v Tarjeta Pci Express &#8211; Adaptador Pci-e Usb 3.0 Con Uasp De 4 Puertos Y Alimentaci?n Sata &#8211; Controlador Superspeed &#8211; 4x Usb A &#8211; Mod.\"}]},{\"@type\":\"WebSite\",\"@id\":\"https:\/\/compuviper.mx\/tienda\/#website\",\"url\":\"https:\/\/compuviper.mx\/tienda\/\",\"name\":\"Compuviper\",\"description\":\"Proveedor de Computadoras, Laptops, Servidores, Monitores, Puntos de Venta, Teclados,   Impresoras, T\u00f3ner, C\u00e1maras de Seguridad y m\u00e1s en tu tienda en l\u00ednea\",\"publisher\":{\"@id\":\"https:\/\/compuviper.mx\/tienda\/#organization\"},\"potentialAction\":[{\"@type\":\"SearchAction\",\"target\":{\"@type\":\"EntryPoint\",\"urlTemplate\":\"https:\/\/compuviper.mx\/tienda\/?s={search_term_string}\"},\"query-input\":\"required name=search_term_string\"}],\"inLanguage\":\"es-MX\"},{\"@type\":\"Organization\",\"@id\":\"https:\/\/compuviper.mx\/tienda\/#organization\",\"name\":\"Compuviper\",\"url\":\"https:\/\/compuviper.mx\/tienda\/\",\"logo\":{\"@type\":\"ImageObject\",\"inLanguage\":\"es-MX\",\"@id\":\"https:\/\/compuviper.mx\/tienda\/#\/schema\/logo\/image\/\",\"url\":\"https:\/\/compuviper.mx\/tienda\/wp-content\/uploads\/2021\/08\/Logo-Compuviper-10.png\",\"contentUrl\":\"https:\/\/compuviper.mx\/tienda\/wp-content\/uploads\/2021\/08\/Logo-Compuviper-10.png\",\"width\":1000,\"height\":500,\"caption\":\"Compuviper\"},\"image\":{\"@id\":\"https:\/\/compuviper.mx\/tienda\/#\/schema\/logo\/image\/\"},\"sameAs\":[\"https:\/\/www.facebook.com\/compuviper\",\"https:\/\/www.youtube.com\/channel\/UCf73dERp9Y3cfOq7q8BhLjA?view_as=subscriber\"]}]}<\/script>\n<meta property=\"product:brand\" content=\"STARTECH.COM\" \/>\n<meta property=\"product:price:amount\" content=\"1003\" \/>\n<meta property=\"product:price:currency\" content=\"MXN\" \/>\n<meta property=\"og:availability\" content=\"out of stock\" \/>\n<meta property=\"product:availability\" content=\"out of stock\" \/>\n<meta property=\"product:retailer_item_id\" content=\"PEXUSB3S4V\" \/>\n<meta property=\"product:condition\" content=\"new\" \/>\n<!-- \/ Yoast SEO plugin. -->","yoast_head_json":{"title":"[ Startech.com ] &#129351; Pexusb3s4v Tarjeta Pci Express - Adaptador Pci-e Usb 3.0 Con Uasp De 4 Puertos Y Alimentaci\u00f3n Sata - Controlador Superspeed - 4x Usb A - Mod.","description":"Compra Pexusb3s4v Tarjeta Pci Express - Adaptador Pci-e Usb 3.0 Con Uasp De 4 Puertos Y Alimentaci\u00f3n Sata - Controlador Superspeed - 4x Usb A - Mod. + Env\u00edo a domicilio + Pago seguro + Garant\u00eda","robots":{"index":"index","follow":"follow","max-snippet":"max-snippet:-1","max-image-preview":"max-image-preview:large","max-video-preview":"max-video-preview:-1"},"canonical":"https:\/\/compuviper.mx\/tienda\/producto\/startech-com-pexusb3s4v-tarjeta-pci-express-adaptador-pci-e-usb-3-0-con-uasp-de-4-puertos-y-alimentacin-sata-controlador-superspeed-4x-usb-a-mod\/","og_locale":"es_MX","og_type":"article","og_title":"[ Startech.com ] &#129351; Pexusb3s4v Tarjeta Pci Express - Adaptador Pci-e Usb 3.0 Con Uasp De 4 Puertos Y Alimentaci\u00f3n Sata - Controlador Superspeed - 4x Usb A - Mod.","og_description":"Compra Pexusb3s4v Tarjeta Pci Express - Adaptador Pci-e Usb 3.0 Con Uasp De 4 Puertos Y Alimentaci\u00f3n Sata - Controlador Superspeed - 4x Usb A - Mod. + Env\u00edo a domicilio + Pago seguro + Garant\u00eda","og_url":"https:\/\/compuviper.mx\/tienda\/producto\/startech-com-pexusb3s4v-tarjeta-pci-express-adaptador-pci-e-usb-3-0-con-uasp-de-4-puertos-y-alimentacin-sata-controlador-superspeed-4x-usb-a-mod\/","og_site_name":"Compuviper","article_publisher":"https:\/\/www.facebook.com\/compuviper","og_image":[{"width":200,"height":200,"url":"https:\/\/compuviper.mx\/tienda\/wp-content\/uploads\/2023\/12\/Tarjeta-pci-express-adaptador-pci-e-usb-3.0-con-uasp-de-4-puertos-y-alimentacion-sata-controlador-superspeed-4x-usb-a-startech.com-mod.-pexusb3s4v.jpg","type":"image\/jpeg"}],"twitter_card":"summary_large_image","twitter_misc":{"Precio":"&#36;1,003 con IVA","Availability":"Out of stock"},"schema":{"@context":"https:\/\/schema.org","@graph":[{"@type":"WebPage","@id":"https:\/\/compuviper.mx\/tienda\/producto\/startech-com-pexusb3s4v-tarjeta-pci-express-adaptador-pci-e-usb-3-0-con-uasp-de-4-puertos-y-alimentacin-sata-controlador-superspeed-4x-usb-a-mod\/","url":"https:\/\/compuviper.mx\/tienda\/producto\/startech-com-pexusb3s4v-tarjeta-pci-express-adaptador-pci-e-usb-3-0-con-uasp-de-4-puertos-y-alimentacin-sata-controlador-superspeed-4x-usb-a-mod\/","name":"[ Startech.com ] &#129351; Pexusb3s4v Tarjeta Pci Express - Adaptador Pci-e Usb 3.0 Con Uasp De 4 Puertos Y Alimentaci\u00f3n Sata - Controlador Superspeed - 4x Usb A - Mod.","isPartOf":{"@id":"https:\/\/compuviper.mx\/tienda\/#website"},"datePublished":"2026-04-02T05:30:48+00:00","dateModified":"2026-04-02T05:30:48+00:00","description":"Compra Pexusb3s4v Tarjeta Pci Express - Adaptador Pci-e Usb 3.0 Con Uasp De 4 Puertos Y Alimentaci\u00f3n Sata - Controlador Superspeed - 4x Usb A - Mod. + Env\u00edo a domicilio + Pago seguro + Garant\u00eda","breadcrumb":{"@id":"https:\/\/compuviper.mx\/tienda\/producto\/startech-com-pexusb3s4v-tarjeta-pci-express-adaptador-pci-e-usb-3-0-con-uasp-de-4-puertos-y-alimentacin-sata-controlador-superspeed-4x-usb-a-mod\/#breadcrumb"},"inLanguage":"es-MX","potentialAction":[{"@type":"ReadAction","target":["https:\/\/compuviper.mx\/tienda\/producto\/startech-com-pexusb3s4v-tarjeta-pci-express-adaptador-pci-e-usb-3-0-con-uasp-de-4-puertos-y-alimentacin-sata-controlador-superspeed-4x-usb-a-mod\/"]}]},{"@type":"BreadcrumbList","@id":"https:\/\/compuviper.mx\/tienda\/producto\/startech-com-pexusb3s4v-tarjeta-pci-express-adaptador-pci-e-usb-3-0-con-uasp-de-4-puertos-y-alimentacin-sata-controlador-superspeed-4x-usb-a-mod\/#breadcrumb","itemListElement":[{"@type":"ListItem","position":1,"name":"Inicio","item":"https:\/\/compuviper.mx\/tienda\/"},{"@type":"ListItem","position":2,"name":"Productos","item":"https:\/\/compuviper.mx\/tienda\/productos\/"},{"@type":"ListItem","position":3,"name":"Accesorios","item":"https:\/\/compuviper.mx\/tienda\/categoria-producto\/accesorios\/"},{"@type":"ListItem","position":4,"name":"Adaptadores","item":"https:\/\/compuviper.mx\/tienda\/categoria-producto\/accesorios\/adaptadores\/"},{"@type":"ListItem","position":5,"name":"Startech.com Pexusb3s4v Tarjeta Pci Express &#8211; Adaptador Pci-e Usb 3.0 Con Uasp De 4 Puertos Y Alimentaci?n Sata &#8211; Controlador Superspeed &#8211; 4x Usb A &#8211; Mod."}]},{"@type":"WebSite","@id":"https:\/\/compuviper.mx\/tienda\/#website","url":"https:\/\/compuviper.mx\/tienda\/","name":"Compuviper","description":"Proveedor de Computadoras, Laptops, Servidores, Monitores, Puntos de Venta, Teclados,   Impresoras, T\u00f3ner, C\u00e1maras de Seguridad y m\u00e1s en tu tienda en l\u00ednea","publisher":{"@id":"https:\/\/compuviper.mx\/tienda\/#organization"},"potentialAction":[{"@type":"SearchAction","target":{"@type":"EntryPoint","urlTemplate":"https:\/\/compuviper.mx\/tienda\/?s={search_term_string}"},"query-input":"required name=search_term_string"}],"inLanguage":"es-MX"},{"@type":"Organization","@id":"https:\/\/compuviper.mx\/tienda\/#organization","name":"Compuviper","url":"https:\/\/compuviper.mx\/tienda\/","logo":{"@type":"ImageObject","inLanguage":"es-MX","@id":"https:\/\/compuviper.mx\/tienda\/#\/schema\/logo\/image\/","url":"https:\/\/compuviper.mx\/tienda\/wp-content\/uploads\/2021\/08\/Logo-Compuviper-10.png","contentUrl":"https:\/\/compuviper.mx\/tienda\/wp-content\/uploads\/2021\/08\/Logo-Compuviper-10.png","width":1000,"height":500,"caption":"Compuviper"},"image":{"@id":"https:\/\/compuviper.mx\/tienda\/#\/schema\/logo\/image\/"},"sameAs":["https:\/\/www.facebook.com\/compuviper","https:\/\/www.youtube.com\/channel\/UCf73dERp9Y3cfOq7q8BhLjA?view_as=subscriber"]}]},"product_brand":"STARTECH.COM","product_price_amount":"1003","product_price_currency":"MXN","og_availability":"out of stock","product_availability":"out of stock","product_retailer_item_id":"PEXUSB3S4V","product_condition":"new"},"_links":{"self":[{"href":"https:\/\/compuviper.mx\/tienda\/wp-json\/wp\/v2\/product\/212255"}],"collection":[{"href":"https:\/\/compuviper.mx\/tienda\/wp-json\/wp\/v2\/product"}],"about":[{"href":"https:\/\/compuviper.mx\/tienda\/wp-json\/wp\/v2\/types\/product"}],"replies":[{"embeddable":true,"href":"https:\/\/compuviper.mx\/tienda\/wp-json\/wp\/v2\/comments?post=212255"}],"wp:featuredmedia":[{"embeddable":true,"href":"https:\/\/compuviper.mx\/tienda\/wp-json\/wp\/v2\/media\/212256"}],"wp:attachment":[{"href":"https:\/\/compuviper.mx\/tienda\/wp-json\/wp\/v2\/media?parent=212255"}],"wp:term":[{"taxonomy":"product_cat","embeddable":true,"href":"https:\/\/compuviper.mx\/tienda\/wp-json\/wp\/v2\/product_cat?post=212255"},{"taxonomy":"product_tag","embeddable":true,"href":"https:\/\/compuviper.mx\/tienda\/wp-json\/wp\/v2\/product_tag?post=212255"}],"curies":[{"name":"wp","href":"https:\/\/api.w.org\/{rel}","templated":true}]}}