{"id":212237,"date":"2026-04-28T23:28:28","date_gmt":"2026-04-29T05:28:28","guid":{"rendered":"https:\/\/compuviper.mx\/tienda\/producto\/startech-com-fpceilptblp-soporte-de-techo-para-montaje-de-pantallas-y-tv-de-32-a-75-pulgadas-con-mastil-de-hasta-3m-ajustable-vesa-mod\/"},"modified":"2026-04-28T23:28:28","modified_gmt":"2026-04-29T05:28:28","slug":"startech-com-fpceilptblp-soporte-de-techo-para-montaje-de-pantallas-y-tv-de-32-a-75-pulgadas-con-mastil-de-hasta-3m-ajustable-vesa-mod","status":"publish","type":"product","link":"https:\/\/compuviper.mx\/tienda\/producto\/startech-com-fpceilptblp-soporte-de-techo-para-montaje-de-pantallas-y-tv-de-32-a-75-pulgadas-con-mastil-de-hasta-3m-ajustable-vesa-mod\/","title":{"rendered":"Startech.com Fpceilptblp Soporte De Techo Para Montaje De Pantallas Y Tv De 32 A 75 Pulgadas Con Mastil De Hasta 3m &#8211; Ajustable &#8211; Vesa &#8211;  Mod."},"content":{"rendered":"<table class=\"descripcion\">\n<tr>\n<td>Hardware<\/td>\n<\/tr>\n<tr>\n<td>Gesti\u00f3n de cables : s\u00ed<\/td>\n<\/tr>\n<tr>\n<td>Montaje en pared : no<\/td>\n<\/tr>\n<tr>\n<td>N\u00famero de pantallas admitidas : 1<\/td>\n<\/tr>\n<tr>\n<td>Opciones de montaje : montaje en techo<\/td>\n<\/tr>\n<tr>\n<td>Patr\u00f3n(es) vesa de agujeros de montaje : 200&#215;200 mm<\/td>\n<\/tr>\n<tr>\n<td>Patr\u00f3n(es) vesa de agujeros de montaje : 300&#215;300 mm<\/td>\n<\/tr>\n<tr>\n<td>Patr\u00f3n(es) vesa de agujeros de montaje : 400&#215;200 mm<\/td>\n<\/tr>\n<tr>\n<td>Patr\u00f3n(es) vesa de agujeros de montaje : 400&#215;400 mm<\/td>\n<\/tr>\n<tr>\n<td>Patr\u00f3n(es) vesa de agujeros de montaje : 600&#215;400 mm<\/td>\n<\/tr>\n<tr>\n<td>Caracter\u00edsticas f\u00edsicas<\/td>\n<\/tr>\n<tr>\n<td>Tipo de gabinete : acero<\/td>\n<\/tr>\n<tr>\n<td>Peso del producto : 10 kg<\/td>\n<\/tr>\n<tr>\n<td>Longitud del producto : 68 cm<\/td>\n<\/tr>\n<tr>\n<td>Color : negro<\/td>\n<\/tr>\n<tr>\n<td>Ancho del producto : 43.5 cm<\/td>\n<\/tr>\n<tr>\n<td>Altura del producto : 321.8 cm<\/td>\n<\/tr>\n<tr>\n<td>Rendimiento<\/td>\n<\/tr>\n<tr>\n<td>Ajuste de la altura : s\u00ed<\/td>\n<\/tr>\n<tr>\n<td>Altura m\u00e1xima : 3 m<\/td>\n<\/tr>\n<tr>\n<td>Anti-theft : no<\/td>\n<\/tr>\n<tr>\n<td>Capacidad de carga : 50 kg<\/td>\n<\/tr>\n<tr>\n<td>Fits curved display : s\u00ed<\/td>\n<\/tr>\n<tr>\n<td>Giro \/ pivotaci\u00f3n : +180\u00b0 a -180\u00b0<\/td>\n<\/tr>\n<tr>\n<td>Inclinaci\u00f3n : +0\u00b0 \/ -25\u00b0<\/td>\n<\/tr>\n<tr>\n<td>Minimum height : 2.5 m<\/td>\n<\/tr>\n<tr>\n<td>Tama\u00f1o m\u00e1ximo de la pantalla : 75<\/td>\n<\/tr>\n<tr>\n<td>Tama\u00f1o m\u00ednimo de la pantalla : 32<\/td>\n<\/tr>\n<tr>\n<td>Video wall : no<\/td>\n<\/tr>\n<\/table>\n","protected":false},"excerpt":{"rendered":"<p>Ahora puede instalar su pantalla plana de televisi\u00f3n\u00a0que cuelgue de un techo alto, para \u00f3ptima visualizaci\u00f3n. Este soporte de tv de pantalla plana para techo admite televisores compatibles con vesa, de 32 a 75 de tama\u00f1o. Incluye un m\u00e1stil largo que se puede extender de 2.5m\u00a0a 3m,\u00a0lo cual facilita el ajuste de la distancia desde el techo. Su dise\u00f1o que permite total movimiento le permite cambiar la posici\u00f3n y el \u00e1ngulo de su pantalla. El resistente soporte de tv para techo es compatible con una amplia gama de televisores, con capacidad para pantallas de 32 a 75 de tama\u00f1o y hasta 50kg de peso. Para mantener los cables fuera de la vista y organizados basta con insertarlos a trav\u00e9s del canal para la gesti\u00f3n del cableado dentro del m\u00e1stil, con salida cerca de la parte superior. El dise\u00f1o de enganche y montaje del soporte de tv para techo ofrece una r\u00e1pida y sencilla configuraci\u00f3n. Solo tiene que insertar los enganches integrados de los soportes verticales a la parte trasera de su tv.<\/p>\n","protected":false},"featured_media":212238,"comment_status":"open","ping_status":"open","template":"","meta":[],"product_cat":[2321,2265],"product_tag":[1590],"acf":[],"yoast_head":"<!-- This site is optimized with the Yoast SEO plugin v21.7 - https:\/\/yoast.com\/wordpress\/plugins\/seo\/ -->\n<title>[ Startech.com ] &#129351; Fpceilptblp Soporte De Techo Para Montaje De Pantallas Y Tv De 32 A 75 Pulgadas Con Mastil De Hasta 3m - Ajustable - Vesa - Mod.<\/title>\n<meta name=\"description\" content=\"Compra Fpceilptblp Soporte De Techo Para Montaje De Pantallas Y Tv De 32 A 75 Pulgadas Con Mastil De Hasta 3m - Ajustable - Vesa - Mod. + Env\u00edo a domicilio + Pago seguro + Garant\u00eda\" \/>\n<meta name=\"robots\" content=\"index, follow, max-snippet:-1, max-image-preview:large, max-video-preview:-1\" \/>\n<link rel=\"canonical\" href=\"https:\/\/compuviper.mx\/tienda\/producto\/startech-com-fpceilptblp-soporte-de-techo-para-montaje-de-pantallas-y-tv-de-32-a-75-pulgadas-con-mastil-de-hasta-3m-ajustable-vesa-mod\/\" \/>\n<meta property=\"og:locale\" content=\"es_MX\" \/>\n<meta property=\"og:type\" content=\"article\" \/>\n<meta property=\"og:title\" content=\"[ Startech.com ] &#129351; Fpceilptblp Soporte De Techo Para Montaje De Pantallas Y Tv De 32 A 75 Pulgadas Con Mastil De Hasta 3m - Ajustable - Vesa - Mod.\" \/>\n<meta property=\"og:description\" content=\"Compra Fpceilptblp Soporte De Techo Para Montaje De Pantallas Y Tv De 32 A 75 Pulgadas Con Mastil De Hasta 3m - Ajustable - Vesa - Mod. + Env\u00edo a domicilio + Pago seguro + Garant\u00eda\" \/>\n<meta property=\"og:url\" content=\"https:\/\/compuviper.mx\/tienda\/producto\/startech-com-fpceilptblp-soporte-de-techo-para-montaje-de-pantallas-y-tv-de-32-a-75-pulgadas-con-mastil-de-hasta-3m-ajustable-vesa-mod\/\" \/>\n<meta property=\"og:site_name\" content=\"Compuviper\" \/>\n<meta property=\"article:publisher\" content=\"https:\/\/www.facebook.com\/compuviper\" \/>\n<meta property=\"og:image\" content=\"https:\/\/compuviper.mx\/tienda\/wp-content\/uploads\/2023\/12\/Soporte-de-techo-para-montaje-de-pantallas-y-tv-de-32-a-75-pulgadas-con-mastil-de-hasta-3m-ajustable-vesa-startech.com-mod.-fpceilptblp.jpg\" \/>\n\t<meta property=\"og:image:width\" content=\"200\" \/>\n\t<meta property=\"og:image:height\" content=\"200\" \/>\n\t<meta property=\"og:image:type\" content=\"image\/jpeg\" \/>\n<meta name=\"twitter:card\" content=\"summary_large_image\" \/>\n<meta name=\"twitter:label1\" content=\"Precio\" \/>\n\t<meta name=\"twitter:data1\" content=\"&#36;4,217 con IVA\" \/>\n\t<meta name=\"twitter:label2\" content=\"Availability\" \/>\n\t<meta name=\"twitter:data2\" content=\"In stock\" \/>\n<script type=\"application\/ld+json\" class=\"yoast-schema-graph\">{\"@context\":\"https:\/\/schema.org\",\"@graph\":[{\"@type\":\"WebPage\",\"@id\":\"https:\/\/compuviper.mx\/tienda\/producto\/startech-com-fpceilptblp-soporte-de-techo-para-montaje-de-pantallas-y-tv-de-32-a-75-pulgadas-con-mastil-de-hasta-3m-ajustable-vesa-mod\/\",\"url\":\"https:\/\/compuviper.mx\/tienda\/producto\/startech-com-fpceilptblp-soporte-de-techo-para-montaje-de-pantallas-y-tv-de-32-a-75-pulgadas-con-mastil-de-hasta-3m-ajustable-vesa-mod\/\",\"name\":\"[ Startech.com ] &#129351; Fpceilptblp Soporte De Techo Para Montaje De Pantallas Y Tv De 32 A 75 Pulgadas Con Mastil De Hasta 3m - Ajustable - Vesa - Mod.\",\"isPartOf\":{\"@id\":\"https:\/\/compuviper.mx\/tienda\/#website\"},\"datePublished\":\"2026-04-29T05:28:28+00:00\",\"dateModified\":\"2026-04-29T05:28:28+00:00\",\"description\":\"Compra Fpceilptblp Soporte De Techo Para Montaje De Pantallas Y Tv De 32 A 75 Pulgadas Con Mastil De Hasta 3m - Ajustable - Vesa - Mod. + Env\u00edo a domicilio + Pago seguro + Garant\u00eda\",\"breadcrumb\":{\"@id\":\"https:\/\/compuviper.mx\/tienda\/producto\/startech-com-fpceilptblp-soporte-de-techo-para-montaje-de-pantallas-y-tv-de-32-a-75-pulgadas-con-mastil-de-hasta-3m-ajustable-vesa-mod\/#breadcrumb\"},\"inLanguage\":\"es-MX\",\"potentialAction\":[{\"@type\":\"ReadAction\",\"target\":[\"https:\/\/compuviper.mx\/tienda\/producto\/startech-com-fpceilptblp-soporte-de-techo-para-montaje-de-pantallas-y-tv-de-32-a-75-pulgadas-con-mastil-de-hasta-3m-ajustable-vesa-mod\/\"]}]},{\"@type\":\"BreadcrumbList\",\"@id\":\"https:\/\/compuviper.mx\/tienda\/producto\/startech-com-fpceilptblp-soporte-de-techo-para-montaje-de-pantallas-y-tv-de-32-a-75-pulgadas-con-mastil-de-hasta-3m-ajustable-vesa-mod\/#breadcrumb\",\"itemListElement\":[{\"@type\":\"ListItem\",\"position\":1,\"name\":\"Inicio\",\"item\":\"https:\/\/compuviper.mx\/tienda\/\"},{\"@type\":\"ListItem\",\"position\":2,\"name\":\"Productos\",\"item\":\"https:\/\/compuviper.mx\/tienda\/productos\/\"},{\"@type\":\"ListItem\",\"position\":3,\"name\":\"Soportes Y Bases P\/tv\/ Proyectores\/dvd\/consolas\/bocinas\/pantallas\/monotores\",\"item\":\"https:\/\/compuviper.mx\/tienda\/categoria-producto\/soportes-y-bases-p-tv-proyectores-dvd-consolas-bocinas-pantallas-monotores\/\"},{\"@type\":\"ListItem\",\"position\":4,\"name\":\"Soporte Y Base Para Tv\/pantallas\/monitores\/kiosko\",\"item\":\"https:\/\/compuviper.mx\/tienda\/categoria-producto\/soportes-y-bases-p-tv-proyectores-dvd-consolas-bocinas-pantallas-monotores\/soporte-y-base-para-tv-pantallas-monitores-kiosko\/\"},{\"@type\":\"ListItem\",\"position\":5,\"name\":\"Startech.com Fpceilptblp Soporte De Techo Para Montaje De Pantallas Y Tv De 32 A 75 Pulgadas Con Mastil De Hasta 3m &#8211; Ajustable &#8211; Vesa &#8211; Mod.\"}]},{\"@type\":\"WebSite\",\"@id\":\"https:\/\/compuviper.mx\/tienda\/#website\",\"url\":\"https:\/\/compuviper.mx\/tienda\/\",\"name\":\"Compuviper\",\"description\":\"Proveedor de Computadoras, Laptops, Servidores, Monitores, Puntos de Venta, Teclados,   Impresoras, T\u00f3ner, C\u00e1maras de Seguridad y m\u00e1s en tu tienda en l\u00ednea\",\"publisher\":{\"@id\":\"https:\/\/compuviper.mx\/tienda\/#organization\"},\"potentialAction\":[{\"@type\":\"SearchAction\",\"target\":{\"@type\":\"EntryPoint\",\"urlTemplate\":\"https:\/\/compuviper.mx\/tienda\/?s={search_term_string}\"},\"query-input\":\"required name=search_term_string\"}],\"inLanguage\":\"es-MX\"},{\"@type\":\"Organization\",\"@id\":\"https:\/\/compuviper.mx\/tienda\/#organization\",\"name\":\"Compuviper\",\"url\":\"https:\/\/compuviper.mx\/tienda\/\",\"logo\":{\"@type\":\"ImageObject\",\"inLanguage\":\"es-MX\",\"@id\":\"https:\/\/compuviper.mx\/tienda\/#\/schema\/logo\/image\/\",\"url\":\"https:\/\/compuviper.mx\/tienda\/wp-content\/uploads\/2021\/08\/Logo-Compuviper-10.png\",\"contentUrl\":\"https:\/\/compuviper.mx\/tienda\/wp-content\/uploads\/2021\/08\/Logo-Compuviper-10.png\",\"width\":1000,\"height\":500,\"caption\":\"Compuviper\"},\"image\":{\"@id\":\"https:\/\/compuviper.mx\/tienda\/#\/schema\/logo\/image\/\"},\"sameAs\":[\"https:\/\/www.facebook.com\/compuviper\",\"https:\/\/www.youtube.com\/channel\/UCf73dERp9Y3cfOq7q8BhLjA?view_as=subscriber\"]}]}<\/script>\n<meta property=\"product:brand\" content=\"STARTECH.COM\" \/>\n<meta property=\"product:price:amount\" content=\"4217\" \/>\n<meta property=\"product:price:currency\" content=\"MXN\" \/>\n<meta property=\"og:availability\" content=\"instock\" \/>\n<meta property=\"product:availability\" content=\"instock\" \/>\n<meta property=\"product:retailer_item_id\" content=\"FPCEILPTBLP\" \/>\n<meta property=\"product:condition\" content=\"new\" \/>\n<!-- \/ Yoast SEO plugin. -->","yoast_head_json":{"title":"[ Startech.com ] &#129351; Fpceilptblp Soporte De Techo Para Montaje De Pantallas Y Tv De 32 A 75 Pulgadas Con Mastil De Hasta 3m - Ajustable - Vesa - Mod.","description":"Compra Fpceilptblp Soporte De Techo Para Montaje De Pantallas Y Tv De 32 A 75 Pulgadas Con Mastil De Hasta 3m - Ajustable - Vesa - Mod. + Env\u00edo a domicilio + Pago seguro + Garant\u00eda","robots":{"index":"index","follow":"follow","max-snippet":"max-snippet:-1","max-image-preview":"max-image-preview:large","max-video-preview":"max-video-preview:-1"},"canonical":"https:\/\/compuviper.mx\/tienda\/producto\/startech-com-fpceilptblp-soporte-de-techo-para-montaje-de-pantallas-y-tv-de-32-a-75-pulgadas-con-mastil-de-hasta-3m-ajustable-vesa-mod\/","og_locale":"es_MX","og_type":"article","og_title":"[ Startech.com ] &#129351; Fpceilptblp Soporte De Techo Para Montaje De Pantallas Y Tv De 32 A 75 Pulgadas Con Mastil De Hasta 3m - Ajustable - Vesa - Mod.","og_description":"Compra Fpceilptblp Soporte De Techo Para Montaje De Pantallas Y Tv De 32 A 75 Pulgadas Con Mastil De Hasta 3m - Ajustable - Vesa - Mod. + Env\u00edo a domicilio + Pago seguro + Garant\u00eda","og_url":"https:\/\/compuviper.mx\/tienda\/producto\/startech-com-fpceilptblp-soporte-de-techo-para-montaje-de-pantallas-y-tv-de-32-a-75-pulgadas-con-mastil-de-hasta-3m-ajustable-vesa-mod\/","og_site_name":"Compuviper","article_publisher":"https:\/\/www.facebook.com\/compuviper","og_image":[{"width":200,"height":200,"url":"https:\/\/compuviper.mx\/tienda\/wp-content\/uploads\/2023\/12\/Soporte-de-techo-para-montaje-de-pantallas-y-tv-de-32-a-75-pulgadas-con-mastil-de-hasta-3m-ajustable-vesa-startech.com-mod.-fpceilptblp.jpg","type":"image\/jpeg"}],"twitter_card":"summary_large_image","twitter_misc":{"Precio":"&#36;4,217 con IVA","Availability":"In stock"},"schema":{"@context":"https:\/\/schema.org","@graph":[{"@type":"WebPage","@id":"https:\/\/compuviper.mx\/tienda\/producto\/startech-com-fpceilptblp-soporte-de-techo-para-montaje-de-pantallas-y-tv-de-32-a-75-pulgadas-con-mastil-de-hasta-3m-ajustable-vesa-mod\/","url":"https:\/\/compuviper.mx\/tienda\/producto\/startech-com-fpceilptblp-soporte-de-techo-para-montaje-de-pantallas-y-tv-de-32-a-75-pulgadas-con-mastil-de-hasta-3m-ajustable-vesa-mod\/","name":"[ Startech.com ] &#129351; Fpceilptblp Soporte De Techo Para Montaje De Pantallas Y Tv De 32 A 75 Pulgadas Con Mastil De Hasta 3m - Ajustable - Vesa - Mod.","isPartOf":{"@id":"https:\/\/compuviper.mx\/tienda\/#website"},"datePublished":"2026-04-29T05:28:28+00:00","dateModified":"2026-04-29T05:28:28+00:00","description":"Compra Fpceilptblp Soporte De Techo Para Montaje De Pantallas Y Tv De 32 A 75 Pulgadas Con Mastil De Hasta 3m - Ajustable - Vesa - Mod. + Env\u00edo a domicilio + Pago seguro + Garant\u00eda","breadcrumb":{"@id":"https:\/\/compuviper.mx\/tienda\/producto\/startech-com-fpceilptblp-soporte-de-techo-para-montaje-de-pantallas-y-tv-de-32-a-75-pulgadas-con-mastil-de-hasta-3m-ajustable-vesa-mod\/#breadcrumb"},"inLanguage":"es-MX","potentialAction":[{"@type":"ReadAction","target":["https:\/\/compuviper.mx\/tienda\/producto\/startech-com-fpceilptblp-soporte-de-techo-para-montaje-de-pantallas-y-tv-de-32-a-75-pulgadas-con-mastil-de-hasta-3m-ajustable-vesa-mod\/"]}]},{"@type":"BreadcrumbList","@id":"https:\/\/compuviper.mx\/tienda\/producto\/startech-com-fpceilptblp-soporte-de-techo-para-montaje-de-pantallas-y-tv-de-32-a-75-pulgadas-con-mastil-de-hasta-3m-ajustable-vesa-mod\/#breadcrumb","itemListElement":[{"@type":"ListItem","position":1,"name":"Inicio","item":"https:\/\/compuviper.mx\/tienda\/"},{"@type":"ListItem","position":2,"name":"Productos","item":"https:\/\/compuviper.mx\/tienda\/productos\/"},{"@type":"ListItem","position":3,"name":"Soportes Y Bases P\/tv\/ Proyectores\/dvd\/consolas\/bocinas\/pantallas\/monotores","item":"https:\/\/compuviper.mx\/tienda\/categoria-producto\/soportes-y-bases-p-tv-proyectores-dvd-consolas-bocinas-pantallas-monotores\/"},{"@type":"ListItem","position":4,"name":"Soporte Y Base Para Tv\/pantallas\/monitores\/kiosko","item":"https:\/\/compuviper.mx\/tienda\/categoria-producto\/soportes-y-bases-p-tv-proyectores-dvd-consolas-bocinas-pantallas-monotores\/soporte-y-base-para-tv-pantallas-monitores-kiosko\/"},{"@type":"ListItem","position":5,"name":"Startech.com Fpceilptblp Soporte De Techo Para Montaje De Pantallas Y Tv De 32 A 75 Pulgadas Con Mastil De Hasta 3m &#8211; Ajustable &#8211; Vesa &#8211; Mod."}]},{"@type":"WebSite","@id":"https:\/\/compuviper.mx\/tienda\/#website","url":"https:\/\/compuviper.mx\/tienda\/","name":"Compuviper","description":"Proveedor de Computadoras, Laptops, Servidores, Monitores, Puntos de Venta, Teclados,   Impresoras, T\u00f3ner, C\u00e1maras de Seguridad y m\u00e1s en tu tienda en l\u00ednea","publisher":{"@id":"https:\/\/compuviper.mx\/tienda\/#organization"},"potentialAction":[{"@type":"SearchAction","target":{"@type":"EntryPoint","urlTemplate":"https:\/\/compuviper.mx\/tienda\/?s={search_term_string}"},"query-input":"required name=search_term_string"}],"inLanguage":"es-MX"},{"@type":"Organization","@id":"https:\/\/compuviper.mx\/tienda\/#organization","name":"Compuviper","url":"https:\/\/compuviper.mx\/tienda\/","logo":{"@type":"ImageObject","inLanguage":"es-MX","@id":"https:\/\/compuviper.mx\/tienda\/#\/schema\/logo\/image\/","url":"https:\/\/compuviper.mx\/tienda\/wp-content\/uploads\/2021\/08\/Logo-Compuviper-10.png","contentUrl":"https:\/\/compuviper.mx\/tienda\/wp-content\/uploads\/2021\/08\/Logo-Compuviper-10.png","width":1000,"height":500,"caption":"Compuviper"},"image":{"@id":"https:\/\/compuviper.mx\/tienda\/#\/schema\/logo\/image\/"},"sameAs":["https:\/\/www.facebook.com\/compuviper","https:\/\/www.youtube.com\/channel\/UCf73dERp9Y3cfOq7q8BhLjA?view_as=subscriber"]}]},"product_brand":"STARTECH.COM","product_price_amount":"4217","product_price_currency":"MXN","og_availability":"instock","product_availability":"instock","product_retailer_item_id":"FPCEILPTBLP","product_condition":"new"},"_links":{"self":[{"href":"https:\/\/compuviper.mx\/tienda\/wp-json\/wp\/v2\/product\/212237"}],"collection":[{"href":"https:\/\/compuviper.mx\/tienda\/wp-json\/wp\/v2\/product"}],"about":[{"href":"https:\/\/compuviper.mx\/tienda\/wp-json\/wp\/v2\/types\/product"}],"replies":[{"embeddable":true,"href":"https:\/\/compuviper.mx\/tienda\/wp-json\/wp\/v2\/comments?post=212237"}],"wp:featuredmedia":[{"embeddable":true,"href":"https:\/\/compuviper.mx\/tienda\/wp-json\/wp\/v2\/media\/212238"}],"wp:attachment":[{"href":"https:\/\/compuviper.mx\/tienda\/wp-json\/wp\/v2\/media?parent=212237"}],"wp:term":[{"taxonomy":"product_cat","embeddable":true,"href":"https:\/\/compuviper.mx\/tienda\/wp-json\/wp\/v2\/product_cat?post=212237"},{"taxonomy":"product_tag","embeddable":true,"href":"https:\/\/compuviper.mx\/tienda\/wp-json\/wp\/v2\/product_tag?post=212237"}],"curies":[{"name":"wp","href":"https:\/\/api.w.org\/{rel}","templated":true}]}}