{"id":212231,"date":"2026-04-01T23:30:42","date_gmt":"2026-04-02T05:30:42","guid":{"rendered":"https:\/\/compuviper.mx\/tienda\/producto\/startech-com-bracketfdbk-bracket-de-montaje-de-disco-duro-para-baha-de-entre-3-5-a-5-25-adaptador-de-baha-frontal-abierto-mod\/"},"modified":"2026-04-01T23:30:42","modified_gmt":"2026-04-02T05:30:42","slug":"startech-com-bracketfdbk-bracket-de-montaje-de-disco-duro-para-baha-de-entre-3-5-a-5-25-adaptador-de-baha-frontal-abierto-mod","status":"publish","type":"product","link":"https:\/\/compuviper.mx\/tienda\/producto\/startech-com-bracketfdbk-bracket-de-montaje-de-disco-duro-para-baha-de-entre-3-5-a-5-25-adaptador-de-baha-frontal-abierto-mod\/","title":{"rendered":"Startech.com Bracketfdbk Bracket De Montaje De Disco Duro Para Bah?a De Entre 3.5 A 5.25 &#8211; Adaptador De Bah?a Frontal Abierto &#8211;  Mod."},"content":{"rendered":"<table class=\"descripcion\">\n<tr>\n<td>Caracter\u00edsticas f\u00edsicas<\/td>\n<\/tr>\n<tr>\n<td>Altura del producto : 28.6 mm<\/td>\n<\/tr>\n<tr>\n<td>Ancho del producto : 13.3 cm<\/td>\n<\/tr>\n<tr>\n<td>Longitud del producto : 14.6 cm<\/td>\n<\/tr>\n<tr>\n<td>Peso del producto : 68 g<\/td>\n<\/tr>\n<tr>\n<td>Contenido de la caja<\/td>\n<\/tr>\n<tr>\n<td>Incluido en la caja : cubierta de pl\u00e1stico<\/td>\n<\/tr>\n<tr>\n<td>Incluido en la caja : tornillos<\/td>\n<\/tr>\n<\/table>\n","protected":false},"excerpt":{"rendered":"<p>Este adaptador pl\u00e1stico permite instalar una unidad de disco floppy de 3.5 pulgadas en una bah\u00eda de 5.25 pulgadas. El adaptador de unidad floppy constituye una soluci\u00f3n simple que permite instalar un disco floppy de 3.5 pulgadas en la carcasa de una computadora seg\u00fan se requiera (sin necesidad de limitarse a la bah\u00eda floppy de 3.5 pulgadas determinada por la disposici\u00f3n de la carcasa). Un atractivo bisel frontal abierto de color negro ofrece el calce adecuado para los discos instalados.<\/p>\n","protected":false},"featured_media":212232,"comment_status":"open","ping_status":"open","template":"","meta":[],"product_cat":[1485,1492],"product_tag":[1590],"acf":[],"yoast_head":"<!-- This site is optimized with the Yoast SEO plugin v21.7 - https:\/\/yoast.com\/wordpress\/plugins\/seo\/ -->\n<title>[ Startech.com ] &#129351; Bracketfdbk Bracket De Montaje De Disco Duro Para Bah\u00eda De Entre 3.5 A 5.25 - Adaptador De Bah\u00eda Frontal Abierto - Mod.<\/title>\n<meta name=\"description\" content=\"Compra Bracketfdbk Bracket De Montaje De Disco Duro Para Bah\u00eda De Entre 3.5 A 5.25 - Adaptador De Bah\u00eda Frontal Abierto - Mod. + Env\u00edo a domicilio + Pago seguro + Garant\u00eda\" \/>\n<meta name=\"robots\" content=\"index, follow, max-snippet:-1, max-image-preview:large, max-video-preview:-1\" \/>\n<link rel=\"canonical\" href=\"https:\/\/compuviper.mx\/tienda\/producto\/startech-com-bracketfdbk-bracket-de-montaje-de-disco-duro-para-baha-de-entre-3-5-a-5-25-adaptador-de-baha-frontal-abierto-mod\/\" \/>\n<meta property=\"og:locale\" content=\"es_MX\" \/>\n<meta property=\"og:type\" content=\"article\" \/>\n<meta property=\"og:title\" content=\"[ Startech.com ] &#129351; Bracketfdbk Bracket De Montaje De Disco Duro Para Bah\u00eda De Entre 3.5 A 5.25 - Adaptador De Bah\u00eda Frontal Abierto - Mod.\" \/>\n<meta property=\"og:description\" content=\"Compra Bracketfdbk Bracket De Montaje De Disco Duro Para Bah\u00eda De Entre 3.5 A 5.25 - Adaptador De Bah\u00eda Frontal Abierto - Mod. + Env\u00edo a domicilio + Pago seguro + Garant\u00eda\" \/>\n<meta property=\"og:url\" content=\"https:\/\/compuviper.mx\/tienda\/producto\/startech-com-bracketfdbk-bracket-de-montaje-de-disco-duro-para-baha-de-entre-3-5-a-5-25-adaptador-de-baha-frontal-abierto-mod\/\" \/>\n<meta property=\"og:site_name\" content=\"Compuviper\" \/>\n<meta property=\"article:publisher\" content=\"https:\/\/www.facebook.com\/compuviper\" \/>\n<meta property=\"og:image\" content=\"https:\/\/compuviper.mx\/tienda\/wp-content\/uploads\/2023\/12\/Bracket-de-montaje-de-disco-duro-para-bahia-de-entre-3.5-a-5.25-adaptador-de-bahia-frontal-abierto-startech.com-mod.-bracketfdbk.jpg\" \/>\n\t<meta property=\"og:image:width\" content=\"200\" \/>\n\t<meta property=\"og:image:height\" content=\"200\" \/>\n\t<meta property=\"og:image:type\" content=\"image\/jpeg\" \/>\n<meta name=\"twitter:card\" content=\"summary_large_image\" \/>\n<meta name=\"twitter:label1\" content=\"Precio\" \/>\n\t<meta name=\"twitter:data1\" content=\"&#36;137 con IVA\" \/>\n\t<meta name=\"twitter:label2\" content=\"Availability\" \/>\n\t<meta name=\"twitter:data2\" content=\"Out of stock\" \/>\n<script type=\"application\/ld+json\" class=\"yoast-schema-graph\">{\"@context\":\"https:\/\/schema.org\",\"@graph\":[{\"@type\":\"WebPage\",\"@id\":\"https:\/\/compuviper.mx\/tienda\/producto\/startech-com-bracketfdbk-bracket-de-montaje-de-disco-duro-para-baha-de-entre-3-5-a-5-25-adaptador-de-baha-frontal-abierto-mod\/\",\"url\":\"https:\/\/compuviper.mx\/tienda\/producto\/startech-com-bracketfdbk-bracket-de-montaje-de-disco-duro-para-baha-de-entre-3-5-a-5-25-adaptador-de-baha-frontal-abierto-mod\/\",\"name\":\"[ Startech.com ] &#129351; Bracketfdbk Bracket De Montaje De Disco Duro Para Bah\u00eda De Entre 3.5 A 5.25 - Adaptador De Bah\u00eda Frontal Abierto - Mod.\",\"isPartOf\":{\"@id\":\"https:\/\/compuviper.mx\/tienda\/#website\"},\"datePublished\":\"2026-04-02T05:30:42+00:00\",\"dateModified\":\"2026-04-02T05:30:42+00:00\",\"description\":\"Compra Bracketfdbk Bracket De Montaje De Disco Duro Para Bah\u00eda De Entre 3.5 A 5.25 - Adaptador De Bah\u00eda Frontal Abierto - Mod. + Env\u00edo a domicilio + Pago seguro + Garant\u00eda\",\"breadcrumb\":{\"@id\":\"https:\/\/compuviper.mx\/tienda\/producto\/startech-com-bracketfdbk-bracket-de-montaje-de-disco-duro-para-baha-de-entre-3-5-a-5-25-adaptador-de-baha-frontal-abierto-mod\/#breadcrumb\"},\"inLanguage\":\"es-MX\",\"potentialAction\":[{\"@type\":\"ReadAction\",\"target\":[\"https:\/\/compuviper.mx\/tienda\/producto\/startech-com-bracketfdbk-bracket-de-montaje-de-disco-duro-para-baha-de-entre-3-5-a-5-25-adaptador-de-baha-frontal-abierto-mod\/\"]}]},{\"@type\":\"BreadcrumbList\",\"@id\":\"https:\/\/compuviper.mx\/tienda\/producto\/startech-com-bracketfdbk-bracket-de-montaje-de-disco-duro-para-baha-de-entre-3-5-a-5-25-adaptador-de-baha-frontal-abierto-mod\/#breadcrumb\",\"itemListElement\":[{\"@type\":\"ListItem\",\"position\":1,\"name\":\"Inicio\",\"item\":\"https:\/\/compuviper.mx\/tienda\/\"},{\"@type\":\"ListItem\",\"position\":2,\"name\":\"Productos\",\"item\":\"https:\/\/compuviper.mx\/tienda\/productos\/\"},{\"@type\":\"ListItem\",\"position\":3,\"name\":\"Accesorios\",\"item\":\"https:\/\/compuviper.mx\/tienda\/categoria-producto\/accesorios\/\"},{\"@type\":\"ListItem\",\"position\":4,\"name\":\"Adaptadores\",\"item\":\"https:\/\/compuviper.mx\/tienda\/categoria-producto\/accesorios\/adaptadores\/\"},{\"@type\":\"ListItem\",\"position\":5,\"name\":\"Startech.com Bracketfdbk Bracket De Montaje De Disco Duro Para Bah?a De Entre 3.5 A 5.25 &#8211; Adaptador De Bah?a Frontal Abierto &#8211; Mod.\"}]},{\"@type\":\"WebSite\",\"@id\":\"https:\/\/compuviper.mx\/tienda\/#website\",\"url\":\"https:\/\/compuviper.mx\/tienda\/\",\"name\":\"Compuviper\",\"description\":\"Proveedor de Computadoras, Laptops, Servidores, Monitores, Puntos de Venta, Teclados,   Impresoras, T\u00f3ner, C\u00e1maras de Seguridad y m\u00e1s en tu tienda en l\u00ednea\",\"publisher\":{\"@id\":\"https:\/\/compuviper.mx\/tienda\/#organization\"},\"potentialAction\":[{\"@type\":\"SearchAction\",\"target\":{\"@type\":\"EntryPoint\",\"urlTemplate\":\"https:\/\/compuviper.mx\/tienda\/?s={search_term_string}\"},\"query-input\":\"required name=search_term_string\"}],\"inLanguage\":\"es-MX\"},{\"@type\":\"Organization\",\"@id\":\"https:\/\/compuviper.mx\/tienda\/#organization\",\"name\":\"Compuviper\",\"url\":\"https:\/\/compuviper.mx\/tienda\/\",\"logo\":{\"@type\":\"ImageObject\",\"inLanguage\":\"es-MX\",\"@id\":\"https:\/\/compuviper.mx\/tienda\/#\/schema\/logo\/image\/\",\"url\":\"https:\/\/compuviper.mx\/tienda\/wp-content\/uploads\/2021\/08\/Logo-Compuviper-10.png\",\"contentUrl\":\"https:\/\/compuviper.mx\/tienda\/wp-content\/uploads\/2021\/08\/Logo-Compuviper-10.png\",\"width\":1000,\"height\":500,\"caption\":\"Compuviper\"},\"image\":{\"@id\":\"https:\/\/compuviper.mx\/tienda\/#\/schema\/logo\/image\/\"},\"sameAs\":[\"https:\/\/www.facebook.com\/compuviper\",\"https:\/\/www.youtube.com\/channel\/UCf73dERp9Y3cfOq7q8BhLjA?view_as=subscriber\"]}]}<\/script>\n<meta property=\"product:brand\" content=\"STARTECH.COM\" \/>\n<meta property=\"product:price:amount\" content=\"137\" \/>\n<meta property=\"product:price:currency\" content=\"MXN\" \/>\n<meta property=\"og:availability\" content=\"out of stock\" \/>\n<meta property=\"product:availability\" content=\"out of stock\" \/>\n<meta property=\"product:retailer_item_id\" content=\"BRACKETFDBK\" \/>\n<meta property=\"product:condition\" content=\"new\" \/>\n<!-- \/ Yoast SEO plugin. -->","yoast_head_json":{"title":"[ Startech.com ] &#129351; Bracketfdbk Bracket De Montaje De Disco Duro Para Bah\u00eda De Entre 3.5 A 5.25 - Adaptador De Bah\u00eda Frontal Abierto - Mod.","description":"Compra Bracketfdbk Bracket De Montaje De Disco Duro Para Bah\u00eda De Entre 3.5 A 5.25 - Adaptador De Bah\u00eda Frontal Abierto - Mod. + Env\u00edo a domicilio + Pago seguro + Garant\u00eda","robots":{"index":"index","follow":"follow","max-snippet":"max-snippet:-1","max-image-preview":"max-image-preview:large","max-video-preview":"max-video-preview:-1"},"canonical":"https:\/\/compuviper.mx\/tienda\/producto\/startech-com-bracketfdbk-bracket-de-montaje-de-disco-duro-para-baha-de-entre-3-5-a-5-25-adaptador-de-baha-frontal-abierto-mod\/","og_locale":"es_MX","og_type":"article","og_title":"[ Startech.com ] &#129351; Bracketfdbk Bracket De Montaje De Disco Duro Para Bah\u00eda De Entre 3.5 A 5.25 - Adaptador De Bah\u00eda Frontal Abierto - Mod.","og_description":"Compra Bracketfdbk Bracket De Montaje De Disco Duro Para Bah\u00eda De Entre 3.5 A 5.25 - Adaptador De Bah\u00eda Frontal Abierto - Mod. + Env\u00edo a domicilio + Pago seguro + Garant\u00eda","og_url":"https:\/\/compuviper.mx\/tienda\/producto\/startech-com-bracketfdbk-bracket-de-montaje-de-disco-duro-para-baha-de-entre-3-5-a-5-25-adaptador-de-baha-frontal-abierto-mod\/","og_site_name":"Compuviper","article_publisher":"https:\/\/www.facebook.com\/compuviper","og_image":[{"width":200,"height":200,"url":"https:\/\/compuviper.mx\/tienda\/wp-content\/uploads\/2023\/12\/Bracket-de-montaje-de-disco-duro-para-bahia-de-entre-3.5-a-5.25-adaptador-de-bahia-frontal-abierto-startech.com-mod.-bracketfdbk.jpg","type":"image\/jpeg"}],"twitter_card":"summary_large_image","twitter_misc":{"Precio":"&#36;137 con IVA","Availability":"Out of stock"},"schema":{"@context":"https:\/\/schema.org","@graph":[{"@type":"WebPage","@id":"https:\/\/compuviper.mx\/tienda\/producto\/startech-com-bracketfdbk-bracket-de-montaje-de-disco-duro-para-baha-de-entre-3-5-a-5-25-adaptador-de-baha-frontal-abierto-mod\/","url":"https:\/\/compuviper.mx\/tienda\/producto\/startech-com-bracketfdbk-bracket-de-montaje-de-disco-duro-para-baha-de-entre-3-5-a-5-25-adaptador-de-baha-frontal-abierto-mod\/","name":"[ Startech.com ] &#129351; Bracketfdbk Bracket De Montaje De Disco Duro Para Bah\u00eda De Entre 3.5 A 5.25 - Adaptador De Bah\u00eda Frontal Abierto - Mod.","isPartOf":{"@id":"https:\/\/compuviper.mx\/tienda\/#website"},"datePublished":"2026-04-02T05:30:42+00:00","dateModified":"2026-04-02T05:30:42+00:00","description":"Compra Bracketfdbk Bracket De Montaje De Disco Duro Para Bah\u00eda De Entre 3.5 A 5.25 - Adaptador De Bah\u00eda Frontal Abierto - Mod. + Env\u00edo a domicilio + Pago seguro + Garant\u00eda","breadcrumb":{"@id":"https:\/\/compuviper.mx\/tienda\/producto\/startech-com-bracketfdbk-bracket-de-montaje-de-disco-duro-para-baha-de-entre-3-5-a-5-25-adaptador-de-baha-frontal-abierto-mod\/#breadcrumb"},"inLanguage":"es-MX","potentialAction":[{"@type":"ReadAction","target":["https:\/\/compuviper.mx\/tienda\/producto\/startech-com-bracketfdbk-bracket-de-montaje-de-disco-duro-para-baha-de-entre-3-5-a-5-25-adaptador-de-baha-frontal-abierto-mod\/"]}]},{"@type":"BreadcrumbList","@id":"https:\/\/compuviper.mx\/tienda\/producto\/startech-com-bracketfdbk-bracket-de-montaje-de-disco-duro-para-baha-de-entre-3-5-a-5-25-adaptador-de-baha-frontal-abierto-mod\/#breadcrumb","itemListElement":[{"@type":"ListItem","position":1,"name":"Inicio","item":"https:\/\/compuviper.mx\/tienda\/"},{"@type":"ListItem","position":2,"name":"Productos","item":"https:\/\/compuviper.mx\/tienda\/productos\/"},{"@type":"ListItem","position":3,"name":"Accesorios","item":"https:\/\/compuviper.mx\/tienda\/categoria-producto\/accesorios\/"},{"@type":"ListItem","position":4,"name":"Adaptadores","item":"https:\/\/compuviper.mx\/tienda\/categoria-producto\/accesorios\/adaptadores\/"},{"@type":"ListItem","position":5,"name":"Startech.com Bracketfdbk Bracket De Montaje De Disco Duro Para Bah?a De Entre 3.5 A 5.25 &#8211; Adaptador De Bah?a Frontal Abierto &#8211; Mod."}]},{"@type":"WebSite","@id":"https:\/\/compuviper.mx\/tienda\/#website","url":"https:\/\/compuviper.mx\/tienda\/","name":"Compuviper","description":"Proveedor de Computadoras, Laptops, Servidores, Monitores, Puntos de Venta, Teclados,   Impresoras, T\u00f3ner, C\u00e1maras de Seguridad y m\u00e1s en tu tienda en l\u00ednea","publisher":{"@id":"https:\/\/compuviper.mx\/tienda\/#organization"},"potentialAction":[{"@type":"SearchAction","target":{"@type":"EntryPoint","urlTemplate":"https:\/\/compuviper.mx\/tienda\/?s={search_term_string}"},"query-input":"required name=search_term_string"}],"inLanguage":"es-MX"},{"@type":"Organization","@id":"https:\/\/compuviper.mx\/tienda\/#organization","name":"Compuviper","url":"https:\/\/compuviper.mx\/tienda\/","logo":{"@type":"ImageObject","inLanguage":"es-MX","@id":"https:\/\/compuviper.mx\/tienda\/#\/schema\/logo\/image\/","url":"https:\/\/compuviper.mx\/tienda\/wp-content\/uploads\/2021\/08\/Logo-Compuviper-10.png","contentUrl":"https:\/\/compuviper.mx\/tienda\/wp-content\/uploads\/2021\/08\/Logo-Compuviper-10.png","width":1000,"height":500,"caption":"Compuviper"},"image":{"@id":"https:\/\/compuviper.mx\/tienda\/#\/schema\/logo\/image\/"},"sameAs":["https:\/\/www.facebook.com\/compuviper","https:\/\/www.youtube.com\/channel\/UCf73dERp9Y3cfOq7q8BhLjA?view_as=subscriber"]}]},"product_brand":"STARTECH.COM","product_price_amount":"137","product_price_currency":"MXN","og_availability":"out of stock","product_availability":"out of stock","product_retailer_item_id":"BRACKETFDBK","product_condition":"new"},"_links":{"self":[{"href":"https:\/\/compuviper.mx\/tienda\/wp-json\/wp\/v2\/product\/212231"}],"collection":[{"href":"https:\/\/compuviper.mx\/tienda\/wp-json\/wp\/v2\/product"}],"about":[{"href":"https:\/\/compuviper.mx\/tienda\/wp-json\/wp\/v2\/types\/product"}],"replies":[{"embeddable":true,"href":"https:\/\/compuviper.mx\/tienda\/wp-json\/wp\/v2\/comments?post=212231"}],"wp:featuredmedia":[{"embeddable":true,"href":"https:\/\/compuviper.mx\/tienda\/wp-json\/wp\/v2\/media\/212232"}],"wp:attachment":[{"href":"https:\/\/compuviper.mx\/tienda\/wp-json\/wp\/v2\/media?parent=212231"}],"wp:term":[{"taxonomy":"product_cat","embeddable":true,"href":"https:\/\/compuviper.mx\/tienda\/wp-json\/wp\/v2\/product_cat?post=212231"},{"taxonomy":"product_tag","embeddable":true,"href":"https:\/\/compuviper.mx\/tienda\/wp-json\/wp\/v2\/product_tag?post=212231"}],"curies":[{"name":"wp","href":"https:\/\/api.w.org\/{rel}","templated":true}]}}