{"id":212207,"date":"2026-04-08T23:30:45","date_gmt":"2026-04-09T05:30:45","guid":{"rendered":"https:\/\/compuviper.mx\/tienda\/producto\/cyberpower-pdu15b12r-pdu-12-salidas-nema-5-15r-montaje-1u-salida-de-100-125-v-15a\/"},"modified":"2026-04-08T23:30:46","modified_gmt":"2026-04-09T05:30:46","slug":"cyberpower-pdu15b12r-pdu-12-salidas-nema-5-15r-montaje-1u-salida-de-100-125-v-15a","status":"publish","type":"product","link":"https:\/\/compuviper.mx\/tienda\/producto\/cyberpower-pdu15b12r-pdu-12-salidas-nema-5-15r-montaje-1u-salida-de-100-125-v-15a\/","title":{"rendered":"Cyberpower Pdu15b12r Pdu  () 12 Salidas Nema 5-15r, Montaje 1u. Salida De 100-125 V 15a."},"content":{"rendered":"<table class=\"descripcion\">\n<tr>\n<td>Entrada<\/td>\n<\/tr>\n<tr>\n<td>Voltaje 100 &#8211; 125 v<\/td>\n<\/tr>\n<tr>\n<td>Corriente m\u00e1xima 15a (reducido a 12a)<\/td>\n<\/tr>\n<tr>\n<td>Frecuencia 50\/60 hz<\/td>\n<\/tr>\n<tr>\n<td>Tipo de enchufe nema 5-15p<\/td>\n<\/tr>\n<tr>\n<td>Estilo de enchufe derecho<\/td>\n<\/tr>\n<tr>\n<td>Longitud del cable 15 pies<\/td>\n<\/tr>\n<tr>\n<td>Salida<\/td>\n<\/tr>\n<tr>\n<td>Voltaje nominal de salida 100 &#8211; 125 v<\/td>\n<\/tr>\n<tr>\n<td>Tipo de salida nema 5-15r<\/td>\n<\/tr>\n<tr>\n<td>Tomacorrientes &#8211; frente 0 0<\/td>\n<\/tr>\n<tr>\n<td>Salidas &#8211; traseras 12<\/td>\n<\/tr>\n<tr>\n<td>Puntos de venta &#8211; total 12<\/td>\n<\/tr>\n<tr>\n<td>Protecci\u00f3n de sobrecarga 15a<\/td>\n<\/tr>\n<tr>\n<td>F\u00edsico<\/td>\n<\/tr>\n<tr>\n<td>Tama\u00f1o de estante 1u<\/td>\n<\/tr>\n<tr>\n<td>Factores de forma admitidos 1u<\/td>\n<\/tr>\n<tr>\n<td>Montado en bastidor 0u<\/td>\n<\/tr>\n<tr>\n<td>Instalaci\u00f3n vertical debajo del mostrador montado en bastidor compatible<\/td>\n<\/tr>\n<tr>\n<td>Estilo montaje en bastidor<\/td>\n<\/tr>\n<tr>\n<td>Vertical<\/td>\n<\/tr>\n<tr>\n<td>Debajo del mostrador<\/td>\n<\/tr>\n<tr>\n<td>Bandeja de retenci\u00f3n de cable \/ organizadores de cable si<\/td>\n<\/tr>\n<tr>\n<td>Pin de tierra del sitio externo si<\/td>\n<\/tr>\n<tr>\n<td>Soportes de montaje ajustables 2 juegos (l-corto, l-largo)<\/td>\n<\/tr>\n<tr>\n<td>Dimensiones &#8211; w \u00d7 h \u00d7 d (in) 17.5 \u00d7 1.75 \u00d7 1.5 pulgadas<\/td>\n<\/tr>\n<tr>\n<td>Peso libras) 3.4 libras<\/td>\n<\/tr>\n<tr>\n<td>Ambiental<\/td>\n<\/tr>\n<tr>\n<td>Temperatura de funcionamiento 32-95 \u00b0 f (0-35 \u00b0 c)<\/td>\n<\/tr>\n<tr>\n<td>Humedad de funcionamiento 0 &#8211; 95% (sin condensaci\u00f3n)<\/td>\n<\/tr>\n<tr>\n<td>Temperatura de almacenamiento 5 &#8211; 113 \u00b0 f (-15 &#8211; 45 \u00b0 c)<\/td>\n<\/tr>\n<tr>\n<td>Elevaci\u00f3n operativa m\u00e1xima 10,000 pies (3,000 m)<\/td>\n<\/tr>\n<tr>\n<td>Elevaci\u00f3n m\u00e1xima de almacenamiento 50,000 pies (15,000 m)<\/td>\n<\/tr>\n<tr>\n<td>Certificaciones<\/td>\n<\/tr>\n<tr>\n<td>La seguridad ul1363 certificado por etl<\/td>\n<\/tr>\n<tr>\n<td>Csa c22.2<\/td>\n<\/tr>\n<tr>\n<td>Ambiental rohs<\/td>\n<\/tr>\n<\/table>\n","protected":false},"excerpt":{"rendered":"<p>La pdu15b12r de cyberpower, una unidad de distribuci\u00f3n de energ\u00eda b\u00e1sica (pdu) de montaje en bastidor (posterior) de 12 salidas, proporciona una salida de 100-125 v 15a. Distribuye energ\u00eda a 12 recept\u00e1culos nema 5-15r desde una sola entrada nema 5-15p con paso el\u00e9ctrico sin filtro. Dise\u00f1ada para centros de datos y otras aplicaciones el\u00e9ctricamente exigentes, la pdu15b12r tiene una carcasa met\u00e1lica resistente de grado industrial y un cable de alimentaci\u00f3n de ca de 15 pies. Se puede montar horizontal o verticalmente, incluye una bandeja de retenci\u00f3n de cable y tiene certificaci\u00f3n etl \/ rohs.<\/p>\n","protected":false},"featured_media":212208,"comment_status":"open","ping_status":"open","template":"","meta":[],"product_cat":[1508,1895],"product_tag":[1692],"acf":[],"yoast_head":"<!-- This site is optimized with the Yoast SEO plugin v21.7 - https:\/\/yoast.com\/wordpress\/plugins\/seo\/ -->\n<title>[ Cyberpower ] &#129351; Pdu15b12r Pdu () 12 Salidas Nema 5-15r, Montaje 1u. Salida De 100-125 V 15a.<\/title>\n<meta name=\"description\" content=\"Compra Pdu15b12r Pdu () 12 Salidas Nema 5-15r, Montaje 1u. Salida De 100-125 V 15a. + Env\u00edo a domicilio + Pago seguro + Garant\u00eda\" \/>\n<meta name=\"robots\" content=\"index, follow, max-snippet:-1, max-image-preview:large, max-video-preview:-1\" \/>\n<link rel=\"canonical\" href=\"https:\/\/compuviper.mx\/tienda\/producto\/cyberpower-pdu15b12r-pdu-12-salidas-nema-5-15r-montaje-1u-salida-de-100-125-v-15a\/\" \/>\n<meta property=\"og:locale\" content=\"es_MX\" \/>\n<meta property=\"og:type\" content=\"article\" \/>\n<meta property=\"og:title\" content=\"[ Cyberpower ] &#129351; Pdu15b12r Pdu () 12 Salidas Nema 5-15r, Montaje 1u. Salida De 100-125 V 15a.\" \/>\n<meta property=\"og:description\" content=\"Compra Pdu15b12r Pdu () 12 Salidas Nema 5-15r, Montaje 1u. Salida De 100-125 V 15a. + Env\u00edo a domicilio + Pago seguro + Garant\u00eda\" \/>\n<meta property=\"og:url\" content=\"https:\/\/compuviper.mx\/tienda\/producto\/cyberpower-pdu15b12r-pdu-12-salidas-nema-5-15r-montaje-1u-salida-de-100-125-v-15a\/\" \/>\n<meta property=\"og:site_name\" content=\"Compuviper\" \/>\n<meta property=\"article:publisher\" content=\"https:\/\/www.facebook.com\/compuviper\" \/>\n<meta property=\"article:modified_time\" content=\"2026-04-09T05:30:46+00:00\" \/>\n<meta property=\"og:image\" content=\"https:\/\/compuviper.mx\/tienda\/wp-content\/uploads\/2023\/12\/Pdu-cyberpower-pdu15b12r-12-salidas-nema-5-15r-montaje-1u.-salida-de-100-125-v-15a.jpg\" \/>\n\t<meta property=\"og:image:width\" content=\"200\" \/>\n\t<meta property=\"og:image:height\" content=\"200\" \/>\n\t<meta property=\"og:image:type\" content=\"image\/jpeg\" \/>\n<meta name=\"twitter:card\" content=\"summary_large_image\" \/>\n<meta name=\"twitter:label1\" content=\"Precio\" \/>\n\t<meta name=\"twitter:data1\" content=\"&#36;1,566 &#36;1,458 con IVA\" \/>\n\t<meta name=\"twitter:label2\" content=\"Availability\" \/>\n\t<meta name=\"twitter:data2\" content=\"In stock\" \/>\n<script type=\"application\/ld+json\" class=\"yoast-schema-graph\">{\"@context\":\"https:\/\/schema.org\",\"@graph\":[{\"@type\":\"WebPage\",\"@id\":\"https:\/\/compuviper.mx\/tienda\/producto\/cyberpower-pdu15b12r-pdu-12-salidas-nema-5-15r-montaje-1u-salida-de-100-125-v-15a\/\",\"url\":\"https:\/\/compuviper.mx\/tienda\/producto\/cyberpower-pdu15b12r-pdu-12-salidas-nema-5-15r-montaje-1u-salida-de-100-125-v-15a\/\",\"name\":\"[ Cyberpower ] &#129351; Pdu15b12r Pdu () 12 Salidas Nema 5-15r, Montaje 1u. Salida De 100-125 V 15a.\",\"isPartOf\":{\"@id\":\"https:\/\/compuviper.mx\/tienda\/#website\"},\"datePublished\":\"2026-04-09T05:30:45+00:00\",\"dateModified\":\"2026-04-09T05:30:46+00:00\",\"description\":\"Compra Pdu15b12r Pdu () 12 Salidas Nema 5-15r, Montaje 1u. Salida De 100-125 V 15a. + Env\u00edo a domicilio + Pago seguro + Garant\u00eda\",\"breadcrumb\":{\"@id\":\"https:\/\/compuviper.mx\/tienda\/producto\/cyberpower-pdu15b12r-pdu-12-salidas-nema-5-15r-montaje-1u-salida-de-100-125-v-15a\/#breadcrumb\"},\"inLanguage\":\"es-MX\",\"potentialAction\":[{\"@type\":\"ReadAction\",\"target\":[\"https:\/\/compuviper.mx\/tienda\/producto\/cyberpower-pdu15b12r-pdu-12-salidas-nema-5-15r-montaje-1u-salida-de-100-125-v-15a\/\"]}]},{\"@type\":\"BreadcrumbList\",\"@id\":\"https:\/\/compuviper.mx\/tienda\/producto\/cyberpower-pdu15b12r-pdu-12-salidas-nema-5-15r-montaje-1u-salida-de-100-125-v-15a\/#breadcrumb\",\"itemListElement\":[{\"@type\":\"ListItem\",\"position\":1,\"name\":\"Inicio\",\"item\":\"https:\/\/compuviper.mx\/tienda\/\"},{\"@type\":\"ListItem\",\"position\":2,\"name\":\"Productos\",\"item\":\"https:\/\/compuviper.mx\/tienda\/productos\/\"},{\"@type\":\"ListItem\",\"position\":3,\"name\":\"Energia\",\"item\":\"https:\/\/compuviper.mx\/tienda\/categoria-producto\/energia\/\"},{\"@type\":\"ListItem\",\"position\":4,\"name\":\"Pdu\",\"item\":\"https:\/\/compuviper.mx\/tienda\/categoria-producto\/energia\/pdu\/\"},{\"@type\":\"ListItem\",\"position\":5,\"name\":\"Cyberpower Pdu15b12r Pdu () 12 Salidas Nema 5-15r, Montaje 1u. Salida De 100-125 V 15a.\"}]},{\"@type\":\"WebSite\",\"@id\":\"https:\/\/compuviper.mx\/tienda\/#website\",\"url\":\"https:\/\/compuviper.mx\/tienda\/\",\"name\":\"Compuviper\",\"description\":\"Proveedor de Computadoras, Laptops, Servidores, Monitores, Puntos de Venta, Teclados,   Impresoras, T\u00f3ner, C\u00e1maras de Seguridad y m\u00e1s en tu tienda en l\u00ednea\",\"publisher\":{\"@id\":\"https:\/\/compuviper.mx\/tienda\/#organization\"},\"potentialAction\":[{\"@type\":\"SearchAction\",\"target\":{\"@type\":\"EntryPoint\",\"urlTemplate\":\"https:\/\/compuviper.mx\/tienda\/?s={search_term_string}\"},\"query-input\":\"required name=search_term_string\"}],\"inLanguage\":\"es-MX\"},{\"@type\":\"Organization\",\"@id\":\"https:\/\/compuviper.mx\/tienda\/#organization\",\"name\":\"Compuviper\",\"url\":\"https:\/\/compuviper.mx\/tienda\/\",\"logo\":{\"@type\":\"ImageObject\",\"inLanguage\":\"es-MX\",\"@id\":\"https:\/\/compuviper.mx\/tienda\/#\/schema\/logo\/image\/\",\"url\":\"https:\/\/compuviper.mx\/tienda\/wp-content\/uploads\/2021\/08\/Logo-Compuviper-10.png\",\"contentUrl\":\"https:\/\/compuviper.mx\/tienda\/wp-content\/uploads\/2021\/08\/Logo-Compuviper-10.png\",\"width\":1000,\"height\":500,\"caption\":\"Compuviper\"},\"image\":{\"@id\":\"https:\/\/compuviper.mx\/tienda\/#\/schema\/logo\/image\/\"},\"sameAs\":[\"https:\/\/www.facebook.com\/compuviper\",\"https:\/\/www.youtube.com\/channel\/UCf73dERp9Y3cfOq7q8BhLjA?view_as=subscriber\"]}]}<\/script>\n<meta property=\"product:brand\" content=\"CYBERPOWER\" \/>\n<meta property=\"product:price:amount\" content=\"1458\" \/>\n<meta property=\"product:price:currency\" content=\"MXN\" \/>\n<meta property=\"og:availability\" content=\"instock\" \/>\n<meta property=\"product:availability\" content=\"instock\" \/>\n<meta property=\"product:retailer_item_id\" content=\"PDU15B12R\" \/>\n<meta property=\"product:condition\" content=\"new\" \/>\n<!-- \/ Yoast SEO plugin. -->","yoast_head_json":{"title":"[ Cyberpower ] &#129351; Pdu15b12r Pdu () 12 Salidas Nema 5-15r, Montaje 1u. Salida De 100-125 V 15a.","description":"Compra Pdu15b12r Pdu () 12 Salidas Nema 5-15r, Montaje 1u. Salida De 100-125 V 15a. + Env\u00edo a domicilio + Pago seguro + Garant\u00eda","robots":{"index":"index","follow":"follow","max-snippet":"max-snippet:-1","max-image-preview":"max-image-preview:large","max-video-preview":"max-video-preview:-1"},"canonical":"https:\/\/compuviper.mx\/tienda\/producto\/cyberpower-pdu15b12r-pdu-12-salidas-nema-5-15r-montaje-1u-salida-de-100-125-v-15a\/","og_locale":"es_MX","og_type":"article","og_title":"[ Cyberpower ] &#129351; Pdu15b12r Pdu () 12 Salidas Nema 5-15r, Montaje 1u. Salida De 100-125 V 15a.","og_description":"Compra Pdu15b12r Pdu () 12 Salidas Nema 5-15r, Montaje 1u. Salida De 100-125 V 15a. + Env\u00edo a domicilio + Pago seguro + Garant\u00eda","og_url":"https:\/\/compuviper.mx\/tienda\/producto\/cyberpower-pdu15b12r-pdu-12-salidas-nema-5-15r-montaje-1u-salida-de-100-125-v-15a\/","og_site_name":"Compuviper","article_publisher":"https:\/\/www.facebook.com\/compuviper","article_modified_time":"2026-04-09T05:30:46+00:00","og_image":[{"width":200,"height":200,"url":"https:\/\/compuviper.mx\/tienda\/wp-content\/uploads\/2023\/12\/Pdu-cyberpower-pdu15b12r-12-salidas-nema-5-15r-montaje-1u.-salida-de-100-125-v-15a.jpg","type":"image\/jpeg"}],"twitter_card":"summary_large_image","twitter_misc":{"Precio":"&#36;1,566 &#36;1,458 con IVA","Availability":"In stock"},"schema":{"@context":"https:\/\/schema.org","@graph":[{"@type":"WebPage","@id":"https:\/\/compuviper.mx\/tienda\/producto\/cyberpower-pdu15b12r-pdu-12-salidas-nema-5-15r-montaje-1u-salida-de-100-125-v-15a\/","url":"https:\/\/compuviper.mx\/tienda\/producto\/cyberpower-pdu15b12r-pdu-12-salidas-nema-5-15r-montaje-1u-salida-de-100-125-v-15a\/","name":"[ Cyberpower ] &#129351; Pdu15b12r Pdu () 12 Salidas Nema 5-15r, Montaje 1u. Salida De 100-125 V 15a.","isPartOf":{"@id":"https:\/\/compuviper.mx\/tienda\/#website"},"datePublished":"2026-04-09T05:30:45+00:00","dateModified":"2026-04-09T05:30:46+00:00","description":"Compra Pdu15b12r Pdu () 12 Salidas Nema 5-15r, Montaje 1u. Salida De 100-125 V 15a. + Env\u00edo a domicilio + Pago seguro + Garant\u00eda","breadcrumb":{"@id":"https:\/\/compuviper.mx\/tienda\/producto\/cyberpower-pdu15b12r-pdu-12-salidas-nema-5-15r-montaje-1u-salida-de-100-125-v-15a\/#breadcrumb"},"inLanguage":"es-MX","potentialAction":[{"@type":"ReadAction","target":["https:\/\/compuviper.mx\/tienda\/producto\/cyberpower-pdu15b12r-pdu-12-salidas-nema-5-15r-montaje-1u-salida-de-100-125-v-15a\/"]}]},{"@type":"BreadcrumbList","@id":"https:\/\/compuviper.mx\/tienda\/producto\/cyberpower-pdu15b12r-pdu-12-salidas-nema-5-15r-montaje-1u-salida-de-100-125-v-15a\/#breadcrumb","itemListElement":[{"@type":"ListItem","position":1,"name":"Inicio","item":"https:\/\/compuviper.mx\/tienda\/"},{"@type":"ListItem","position":2,"name":"Productos","item":"https:\/\/compuviper.mx\/tienda\/productos\/"},{"@type":"ListItem","position":3,"name":"Energia","item":"https:\/\/compuviper.mx\/tienda\/categoria-producto\/energia\/"},{"@type":"ListItem","position":4,"name":"Pdu","item":"https:\/\/compuviper.mx\/tienda\/categoria-producto\/energia\/pdu\/"},{"@type":"ListItem","position":5,"name":"Cyberpower Pdu15b12r Pdu () 12 Salidas Nema 5-15r, Montaje 1u. Salida De 100-125 V 15a."}]},{"@type":"WebSite","@id":"https:\/\/compuviper.mx\/tienda\/#website","url":"https:\/\/compuviper.mx\/tienda\/","name":"Compuviper","description":"Proveedor de Computadoras, Laptops, Servidores, Monitores, Puntos de Venta, Teclados,   Impresoras, T\u00f3ner, C\u00e1maras de Seguridad y m\u00e1s en tu tienda en l\u00ednea","publisher":{"@id":"https:\/\/compuviper.mx\/tienda\/#organization"},"potentialAction":[{"@type":"SearchAction","target":{"@type":"EntryPoint","urlTemplate":"https:\/\/compuviper.mx\/tienda\/?s={search_term_string}"},"query-input":"required name=search_term_string"}],"inLanguage":"es-MX"},{"@type":"Organization","@id":"https:\/\/compuviper.mx\/tienda\/#organization","name":"Compuviper","url":"https:\/\/compuviper.mx\/tienda\/","logo":{"@type":"ImageObject","inLanguage":"es-MX","@id":"https:\/\/compuviper.mx\/tienda\/#\/schema\/logo\/image\/","url":"https:\/\/compuviper.mx\/tienda\/wp-content\/uploads\/2021\/08\/Logo-Compuviper-10.png","contentUrl":"https:\/\/compuviper.mx\/tienda\/wp-content\/uploads\/2021\/08\/Logo-Compuviper-10.png","width":1000,"height":500,"caption":"Compuviper"},"image":{"@id":"https:\/\/compuviper.mx\/tienda\/#\/schema\/logo\/image\/"},"sameAs":["https:\/\/www.facebook.com\/compuviper","https:\/\/www.youtube.com\/channel\/UCf73dERp9Y3cfOq7q8BhLjA?view_as=subscriber"]}]},"product_brand":"CYBERPOWER","product_price_amount":"1458","product_price_currency":"MXN","og_availability":"instock","product_availability":"instock","product_retailer_item_id":"PDU15B12R","product_condition":"new"},"_links":{"self":[{"href":"https:\/\/compuviper.mx\/tienda\/wp-json\/wp\/v2\/product\/212207"}],"collection":[{"href":"https:\/\/compuviper.mx\/tienda\/wp-json\/wp\/v2\/product"}],"about":[{"href":"https:\/\/compuviper.mx\/tienda\/wp-json\/wp\/v2\/types\/product"}],"replies":[{"embeddable":true,"href":"https:\/\/compuviper.mx\/tienda\/wp-json\/wp\/v2\/comments?post=212207"}],"wp:featuredmedia":[{"embeddable":true,"href":"https:\/\/compuviper.mx\/tienda\/wp-json\/wp\/v2\/media\/212208"}],"wp:attachment":[{"href":"https:\/\/compuviper.mx\/tienda\/wp-json\/wp\/v2\/media?parent=212207"}],"wp:term":[{"taxonomy":"product_cat","embeddable":true,"href":"https:\/\/compuviper.mx\/tienda\/wp-json\/wp\/v2\/product_cat?post=212207"},{"taxonomy":"product_tag","embeddable":true,"href":"https:\/\/compuviper.mx\/tienda\/wp-json\/wp\/v2\/product_tag?post=212207"}],"curies":[{"name":"wp","href":"https:\/\/api.w.org\/{rel}","templated":true}]}}