{"id":212175,"date":"2026-04-01T23:30:31","date_gmt":"2026-04-02T05:30:31","guid":{"rendered":"https:\/\/compuviper.mx\/tienda\/producto\/peerless-av-ds-vw795-qr-soportes-video-wall-peerless-de-pared-65-a-98-pulgadas-capacidad-hasta-102-kg\/"},"modified":"2026-04-01T23:30:31","modified_gmt":"2026-04-02T05:30:31","slug":"peerless-av-ds-vw795-qr-soportes-video-wall-peerless-de-pared-65-a-98-pulgadas-capacidad-hasta-102-kg","status":"publish","type":"product","link":"https:\/\/compuviper.mx\/tienda\/producto\/peerless-av-ds-vw795-qr-soportes-video-wall-peerless-de-pared-65-a-98-pulgadas-capacidad-hasta-102-kg\/","title":{"rendered":"Peerless-av Ds-vw795-qr Soportes Video Wall Peerless  De Pared 65 A 98 Pulgadas Capacidad Hasta 102 Kg"},"content":{"rendered":"<table class=\"descripcion\">\n<tr>\n<td>Color negro<\/td>\n<\/tr>\n<tr>\n<td>Tama\u00f1o de pantalla 65 a 98 pulgadas<\/td>\n<\/tr>\n<tr>\n<td>Vesa: 200 x 200 hasta 600 x 600 mm<\/td>\n<\/tr>\n<tr>\n<td>Capacidad de carga hasta 102 kg<\/td>\n<\/tr>\n<tr>\n<td>Dimensiones 835 x 700 x 93-113 mm<\/td>\n<\/tr>\n<tr>\n<td>Peso 18.1 kg<\/td>\n<\/tr>\n<tr>\n<td>Dimensiones de envio 864 x 711 x 95 mm<\/td>\n<\/tr>\n<tr>\n<td>Peso envio 19.5 kg<\/td>\n<\/tr>\n<\/table>\n","protected":false},"excerpt":{"rendered":"<p>Liberacion rapida y acceso completo para mantenimiento es una solucion facil de instalar y mantener para pantallas de gran tama\u00f1o en posicion horizontal o vertical. El modelo ds-vw795-qr se creo para aplicaciones de mural de video empotradas con acceso rapido para mantenimiento, y ofrece la versatilidad que exigen los integradores actuales. La funcionalidad de liberacion rapida permite a los usuarios alejar la pantalla de la pared presionando suavemente el frente de la pantalla. Los microajustes sin herramientas en ocho puntos facilitan la creacion de un mural de video uniforme incluso en paredes con desniveles. Ademas, los separadores de la placa de pared personalizados facilitan las medidas y los calculos durante la instalacion en el lugar, reduciendo costos y tiempo. Los microajustes sin herramientas y el facil acceso a cualquier pantalla para realizar mantenimiento rapidamente convierten a este soporte en la mejor solucion para murales de video.<\/p>\n","protected":false},"featured_media":212176,"comment_status":"open","ping_status":"open","template":"","meta":[],"product_cat":[2321,2265],"product_tag":[1904],"acf":[],"yoast_head":"<!-- This site is optimized with the Yoast SEO plugin v21.7 - https:\/\/yoast.com\/wordpress\/plugins\/seo\/ -->\n<title>[ Peerless-av ] &#129351; Ds-vw795-qr Soportes Video Wall Peerless De Pared 65 A 98 Pulgadas Capacidad Hasta 102 Kg<\/title>\n<meta name=\"description\" content=\"Compra Ds-vw795-qr Soportes Video Wall Peerless De Pared 65 A 98 Pulgadas Capacidad Hasta 102 Kg + Env\u00edo a domicilio + Pago seguro + Garant\u00eda\" \/>\n<meta name=\"robots\" content=\"index, follow, max-snippet:-1, max-image-preview:large, max-video-preview:-1\" \/>\n<link rel=\"canonical\" href=\"https:\/\/compuviper.mx\/tienda\/producto\/peerless-av-ds-vw795-qr-soportes-video-wall-peerless-de-pared-65-a-98-pulgadas-capacidad-hasta-102-kg\/\" \/>\n<meta property=\"og:locale\" content=\"es_MX\" \/>\n<meta property=\"og:type\" content=\"article\" \/>\n<meta property=\"og:title\" content=\"[ Peerless-av ] &#129351; Ds-vw795-qr Soportes Video Wall Peerless De Pared 65 A 98 Pulgadas Capacidad Hasta 102 Kg\" \/>\n<meta property=\"og:description\" content=\"Compra Ds-vw795-qr Soportes Video Wall Peerless De Pared 65 A 98 Pulgadas Capacidad Hasta 102 Kg + Env\u00edo a domicilio + Pago seguro + Garant\u00eda\" \/>\n<meta property=\"og:url\" content=\"https:\/\/compuviper.mx\/tienda\/producto\/peerless-av-ds-vw795-qr-soportes-video-wall-peerless-de-pared-65-a-98-pulgadas-capacidad-hasta-102-kg\/\" \/>\n<meta property=\"og:site_name\" content=\"Compuviper\" \/>\n<meta property=\"article:publisher\" content=\"https:\/\/www.facebook.com\/compuviper\" \/>\n<meta property=\"og:image\" content=\"https:\/\/compuviper.mx\/tienda\/wp-content\/uploads\/2023\/12\/Soportes-video-wall-peerless-ds-vw795-qr-de-pared-65-a-98-pulgadas-capacidad-hasta-102-kg.jpg\" \/>\n\t<meta property=\"og:image:width\" content=\"200\" \/>\n\t<meta property=\"og:image:height\" content=\"200\" \/>\n\t<meta property=\"og:image:type\" content=\"image\/jpeg\" \/>\n<meta name=\"twitter:card\" content=\"summary_large_image\" \/>\n<meta name=\"twitter:label1\" content=\"Precio\" \/>\n\t<meta name=\"twitter:data1\" content=\"&#36;10,884 con IVA\" \/>\n\t<meta name=\"twitter:label2\" content=\"Availability\" \/>\n\t<meta name=\"twitter:data2\" content=\"On backorder\" \/>\n<script type=\"application\/ld+json\" class=\"yoast-schema-graph\">{\"@context\":\"https:\/\/schema.org\",\"@graph\":[{\"@type\":\"WebPage\",\"@id\":\"https:\/\/compuviper.mx\/tienda\/producto\/peerless-av-ds-vw795-qr-soportes-video-wall-peerless-de-pared-65-a-98-pulgadas-capacidad-hasta-102-kg\/\",\"url\":\"https:\/\/compuviper.mx\/tienda\/producto\/peerless-av-ds-vw795-qr-soportes-video-wall-peerless-de-pared-65-a-98-pulgadas-capacidad-hasta-102-kg\/\",\"name\":\"[ Peerless-av ] &#129351; Ds-vw795-qr Soportes Video Wall Peerless De Pared 65 A 98 Pulgadas Capacidad Hasta 102 Kg\",\"isPartOf\":{\"@id\":\"https:\/\/compuviper.mx\/tienda\/#website\"},\"datePublished\":\"2026-04-02T05:30:31+00:00\",\"dateModified\":\"2026-04-02T05:30:31+00:00\",\"description\":\"Compra Ds-vw795-qr Soportes Video Wall Peerless De Pared 65 A 98 Pulgadas Capacidad Hasta 102 Kg + Env\u00edo a domicilio + Pago seguro + Garant\u00eda\",\"breadcrumb\":{\"@id\":\"https:\/\/compuviper.mx\/tienda\/producto\/peerless-av-ds-vw795-qr-soportes-video-wall-peerless-de-pared-65-a-98-pulgadas-capacidad-hasta-102-kg\/#breadcrumb\"},\"inLanguage\":\"es-MX\",\"potentialAction\":[{\"@type\":\"ReadAction\",\"target\":[\"https:\/\/compuviper.mx\/tienda\/producto\/peerless-av-ds-vw795-qr-soportes-video-wall-peerless-de-pared-65-a-98-pulgadas-capacidad-hasta-102-kg\/\"]}]},{\"@type\":\"BreadcrumbList\",\"@id\":\"https:\/\/compuviper.mx\/tienda\/producto\/peerless-av-ds-vw795-qr-soportes-video-wall-peerless-de-pared-65-a-98-pulgadas-capacidad-hasta-102-kg\/#breadcrumb\",\"itemListElement\":[{\"@type\":\"ListItem\",\"position\":1,\"name\":\"Inicio\",\"item\":\"https:\/\/compuviper.mx\/tienda\/\"},{\"@type\":\"ListItem\",\"position\":2,\"name\":\"Productos\",\"item\":\"https:\/\/compuviper.mx\/tienda\/productos\/\"},{\"@type\":\"ListItem\",\"position\":3,\"name\":\"Soportes Y Bases P\/tv\/ Proyectores\/dvd\/consolas\/bocinas\/pantallas\/monotores\",\"item\":\"https:\/\/compuviper.mx\/tienda\/categoria-producto\/soportes-y-bases-p-tv-proyectores-dvd-consolas-bocinas-pantallas-monotores\/\"},{\"@type\":\"ListItem\",\"position\":4,\"name\":\"Soporte Y Base Para Tv\/pantallas\/monitores\/kiosko\",\"item\":\"https:\/\/compuviper.mx\/tienda\/categoria-producto\/soportes-y-bases-p-tv-proyectores-dvd-consolas-bocinas-pantallas-monotores\/soporte-y-base-para-tv-pantallas-monitores-kiosko\/\"},{\"@type\":\"ListItem\",\"position\":5,\"name\":\"Peerless-av Ds-vw795-qr Soportes Video Wall Peerless De Pared 65 A 98 Pulgadas Capacidad Hasta 102 Kg\"}]},{\"@type\":\"WebSite\",\"@id\":\"https:\/\/compuviper.mx\/tienda\/#website\",\"url\":\"https:\/\/compuviper.mx\/tienda\/\",\"name\":\"Compuviper\",\"description\":\"Proveedor de Computadoras, Laptops, Servidores, Monitores, Puntos de Venta, Teclados,   Impresoras, T\u00f3ner, C\u00e1maras de Seguridad y m\u00e1s en tu tienda en l\u00ednea\",\"publisher\":{\"@id\":\"https:\/\/compuviper.mx\/tienda\/#organization\"},\"potentialAction\":[{\"@type\":\"SearchAction\",\"target\":{\"@type\":\"EntryPoint\",\"urlTemplate\":\"https:\/\/compuviper.mx\/tienda\/?s={search_term_string}\"},\"query-input\":\"required name=search_term_string\"}],\"inLanguage\":\"es-MX\"},{\"@type\":\"Organization\",\"@id\":\"https:\/\/compuviper.mx\/tienda\/#organization\",\"name\":\"Compuviper\",\"url\":\"https:\/\/compuviper.mx\/tienda\/\",\"logo\":{\"@type\":\"ImageObject\",\"inLanguage\":\"es-MX\",\"@id\":\"https:\/\/compuviper.mx\/tienda\/#\/schema\/logo\/image\/\",\"url\":\"https:\/\/compuviper.mx\/tienda\/wp-content\/uploads\/2021\/08\/Logo-Compuviper-10.png\",\"contentUrl\":\"https:\/\/compuviper.mx\/tienda\/wp-content\/uploads\/2021\/08\/Logo-Compuviper-10.png\",\"width\":1000,\"height\":500,\"caption\":\"Compuviper\"},\"image\":{\"@id\":\"https:\/\/compuviper.mx\/tienda\/#\/schema\/logo\/image\/\"},\"sameAs\":[\"https:\/\/www.facebook.com\/compuviper\",\"https:\/\/www.youtube.com\/channel\/UCf73dERp9Y3cfOq7q8BhLjA?view_as=subscriber\"]}]}<\/script>\n<meta property=\"product:brand\" content=\"PEERLESS-AV\" \/>\n<meta property=\"product:price:amount\" content=\"10884\" \/>\n<meta property=\"product:price:currency\" content=\"MXN\" \/>\n<meta property=\"og:availability\" content=\"backorder\" \/>\n<meta property=\"product:availability\" content=\"available for order\" \/>\n<meta property=\"product:retailer_item_id\" content=\"DS-VW795-QR\" \/>\n<meta property=\"product:condition\" content=\"new\" \/>\n<!-- \/ Yoast SEO plugin. -->","yoast_head_json":{"title":"[ Peerless-av ] &#129351; Ds-vw795-qr Soportes Video Wall Peerless De Pared 65 A 98 Pulgadas Capacidad Hasta 102 Kg","description":"Compra Ds-vw795-qr Soportes Video Wall Peerless De Pared 65 A 98 Pulgadas Capacidad Hasta 102 Kg + Env\u00edo a domicilio + Pago seguro + Garant\u00eda","robots":{"index":"index","follow":"follow","max-snippet":"max-snippet:-1","max-image-preview":"max-image-preview:large","max-video-preview":"max-video-preview:-1"},"canonical":"https:\/\/compuviper.mx\/tienda\/producto\/peerless-av-ds-vw795-qr-soportes-video-wall-peerless-de-pared-65-a-98-pulgadas-capacidad-hasta-102-kg\/","og_locale":"es_MX","og_type":"article","og_title":"[ Peerless-av ] &#129351; Ds-vw795-qr Soportes Video Wall Peerless De Pared 65 A 98 Pulgadas Capacidad Hasta 102 Kg","og_description":"Compra Ds-vw795-qr Soportes Video Wall Peerless De Pared 65 A 98 Pulgadas Capacidad Hasta 102 Kg + Env\u00edo a domicilio + Pago seguro + Garant\u00eda","og_url":"https:\/\/compuviper.mx\/tienda\/producto\/peerless-av-ds-vw795-qr-soportes-video-wall-peerless-de-pared-65-a-98-pulgadas-capacidad-hasta-102-kg\/","og_site_name":"Compuviper","article_publisher":"https:\/\/www.facebook.com\/compuviper","og_image":[{"width":200,"height":200,"url":"https:\/\/compuviper.mx\/tienda\/wp-content\/uploads\/2023\/12\/Soportes-video-wall-peerless-ds-vw795-qr-de-pared-65-a-98-pulgadas-capacidad-hasta-102-kg.jpg","type":"image\/jpeg"}],"twitter_card":"summary_large_image","twitter_misc":{"Precio":"&#36;10,884 con IVA","Availability":"On backorder"},"schema":{"@context":"https:\/\/schema.org","@graph":[{"@type":"WebPage","@id":"https:\/\/compuviper.mx\/tienda\/producto\/peerless-av-ds-vw795-qr-soportes-video-wall-peerless-de-pared-65-a-98-pulgadas-capacidad-hasta-102-kg\/","url":"https:\/\/compuviper.mx\/tienda\/producto\/peerless-av-ds-vw795-qr-soportes-video-wall-peerless-de-pared-65-a-98-pulgadas-capacidad-hasta-102-kg\/","name":"[ Peerless-av ] &#129351; Ds-vw795-qr Soportes Video Wall Peerless De Pared 65 A 98 Pulgadas Capacidad Hasta 102 Kg","isPartOf":{"@id":"https:\/\/compuviper.mx\/tienda\/#website"},"datePublished":"2026-04-02T05:30:31+00:00","dateModified":"2026-04-02T05:30:31+00:00","description":"Compra Ds-vw795-qr Soportes Video Wall Peerless De Pared 65 A 98 Pulgadas Capacidad Hasta 102 Kg + Env\u00edo a domicilio + Pago seguro + Garant\u00eda","breadcrumb":{"@id":"https:\/\/compuviper.mx\/tienda\/producto\/peerless-av-ds-vw795-qr-soportes-video-wall-peerless-de-pared-65-a-98-pulgadas-capacidad-hasta-102-kg\/#breadcrumb"},"inLanguage":"es-MX","potentialAction":[{"@type":"ReadAction","target":["https:\/\/compuviper.mx\/tienda\/producto\/peerless-av-ds-vw795-qr-soportes-video-wall-peerless-de-pared-65-a-98-pulgadas-capacidad-hasta-102-kg\/"]}]},{"@type":"BreadcrumbList","@id":"https:\/\/compuviper.mx\/tienda\/producto\/peerless-av-ds-vw795-qr-soportes-video-wall-peerless-de-pared-65-a-98-pulgadas-capacidad-hasta-102-kg\/#breadcrumb","itemListElement":[{"@type":"ListItem","position":1,"name":"Inicio","item":"https:\/\/compuviper.mx\/tienda\/"},{"@type":"ListItem","position":2,"name":"Productos","item":"https:\/\/compuviper.mx\/tienda\/productos\/"},{"@type":"ListItem","position":3,"name":"Soportes Y Bases P\/tv\/ Proyectores\/dvd\/consolas\/bocinas\/pantallas\/monotores","item":"https:\/\/compuviper.mx\/tienda\/categoria-producto\/soportes-y-bases-p-tv-proyectores-dvd-consolas-bocinas-pantallas-monotores\/"},{"@type":"ListItem","position":4,"name":"Soporte Y Base Para Tv\/pantallas\/monitores\/kiosko","item":"https:\/\/compuviper.mx\/tienda\/categoria-producto\/soportes-y-bases-p-tv-proyectores-dvd-consolas-bocinas-pantallas-monotores\/soporte-y-base-para-tv-pantallas-monitores-kiosko\/"},{"@type":"ListItem","position":5,"name":"Peerless-av Ds-vw795-qr Soportes Video Wall Peerless De Pared 65 A 98 Pulgadas Capacidad Hasta 102 Kg"}]},{"@type":"WebSite","@id":"https:\/\/compuviper.mx\/tienda\/#website","url":"https:\/\/compuviper.mx\/tienda\/","name":"Compuviper","description":"Proveedor de Computadoras, Laptops, Servidores, Monitores, Puntos de Venta, Teclados,   Impresoras, T\u00f3ner, C\u00e1maras de Seguridad y m\u00e1s en tu tienda en l\u00ednea","publisher":{"@id":"https:\/\/compuviper.mx\/tienda\/#organization"},"potentialAction":[{"@type":"SearchAction","target":{"@type":"EntryPoint","urlTemplate":"https:\/\/compuviper.mx\/tienda\/?s={search_term_string}"},"query-input":"required name=search_term_string"}],"inLanguage":"es-MX"},{"@type":"Organization","@id":"https:\/\/compuviper.mx\/tienda\/#organization","name":"Compuviper","url":"https:\/\/compuviper.mx\/tienda\/","logo":{"@type":"ImageObject","inLanguage":"es-MX","@id":"https:\/\/compuviper.mx\/tienda\/#\/schema\/logo\/image\/","url":"https:\/\/compuviper.mx\/tienda\/wp-content\/uploads\/2021\/08\/Logo-Compuviper-10.png","contentUrl":"https:\/\/compuviper.mx\/tienda\/wp-content\/uploads\/2021\/08\/Logo-Compuviper-10.png","width":1000,"height":500,"caption":"Compuviper"},"image":{"@id":"https:\/\/compuviper.mx\/tienda\/#\/schema\/logo\/image\/"},"sameAs":["https:\/\/www.facebook.com\/compuviper","https:\/\/www.youtube.com\/channel\/UCf73dERp9Y3cfOq7q8BhLjA?view_as=subscriber"]}]},"product_brand":"PEERLESS-AV","product_price_amount":"10884","product_price_currency":"MXN","og_availability":"backorder","product_availability":"available for order","product_retailer_item_id":"DS-VW795-QR","product_condition":"new"},"_links":{"self":[{"href":"https:\/\/compuviper.mx\/tienda\/wp-json\/wp\/v2\/product\/212175"}],"collection":[{"href":"https:\/\/compuviper.mx\/tienda\/wp-json\/wp\/v2\/product"}],"about":[{"href":"https:\/\/compuviper.mx\/tienda\/wp-json\/wp\/v2\/types\/product"}],"replies":[{"embeddable":true,"href":"https:\/\/compuviper.mx\/tienda\/wp-json\/wp\/v2\/comments?post=212175"}],"wp:featuredmedia":[{"embeddable":true,"href":"https:\/\/compuviper.mx\/tienda\/wp-json\/wp\/v2\/media\/212176"}],"wp:attachment":[{"href":"https:\/\/compuviper.mx\/tienda\/wp-json\/wp\/v2\/media?parent=212175"}],"wp:term":[{"taxonomy":"product_cat","embeddable":true,"href":"https:\/\/compuviper.mx\/tienda\/wp-json\/wp\/v2\/product_cat?post=212175"},{"taxonomy":"product_tag","embeddable":true,"href":"https:\/\/compuviper.mx\/tienda\/wp-json\/wp\/v2\/product_tag?post=212175"}],"curies":[{"name":"wp","href":"https:\/\/api.w.org\/{rel}","templated":true}]}}