{"id":212139,"date":"2026-04-10T23:29:09","date_gmt":"2026-04-11T05:29:09","guid":{"rendered":"https:\/\/compuviper.mx\/tienda\/producto\/dahua-psu1230-d18-fuente-de-poder-saxxon-12v-cd-30-amperes-distribuidor-para-18-camaras-1-65-amperes-por-canal-ce-fcc-certificacion-ul\/"},"modified":"2026-04-11T00:00:41","modified_gmt":"2026-04-11T06:00:41","slug":"dahua-psu1230-d18-fuente-de-poder-saxxon-12v-cd-30-amperes-distribuidor-para-18-camaras-1-65-amperes-por-canal-ce-fcc-certificacion-ul","status":"publish","type":"product","link":"https:\/\/compuviper.mx\/tienda\/producto\/dahua-psu1230-d18-fuente-de-poder-saxxon-12v-cd-30-amperes-distribuidor-para-18-camaras-1-65-amperes-por-canal-ce-fcc-certificacion-ul\/","title":{"rendered":"Dahua Psu1230-d18 Fuente De Poder Saxxon 12v Cd\/ 30 Amperes\/ Distribuidor Para 18 Camaras\/ 1.65 Amperes Por Canal\/ce\/ Fcc\/ Certificacion Ul"},"content":{"rendered":"<table class=\"descripcion\">\n<tr>\n<td>Entrada: 100-240v ac.<\/td>\n<\/tr>\n<tr>\n<td>Salida: 12 vdc.<\/td>\n<\/tr>\n<tr>\n<td>Mxima corriente: 30 amp.<\/td>\n<\/tr>\n<tr>\n<td>Fusil tipo: ptc<\/td>\n<\/tr>\n<tr>\n<td>Proteccin de cortes trmicos tco: cada salida tiene un fusible ptc independiente e indicador led, cuando ocurre un problema, solo afecta la salida independiente, las demas salidas siguen funcionando.<\/td>\n<\/tr>\n<tr>\n<td>Proteccin contra cortocircuitos: cuando se produce una sobrecarga o cortocircuito, el fusible ptc independiente abrir el circuito, cuando se elimine la condicin, el fusible ptc automticamente volver a cerrarse.<\/td>\n<\/tr>\n<\/table>\n","protected":false},"excerpt":{"rendered":"<p>Sta fuente de alimentacin de 110 vac, le entregara 12 vcd, 30 amp. De salida para la alimentacion de sus cmaras. Cuenta con distribuidor de voltaje para 18 cmaras protegido con resistencias en cada canal.<\/p>\n","protected":false},"featured_media":212140,"comment_status":"open","ping_status":"open","template":"","meta":[],"product_cat":[1485,1525],"product_tag":[1555],"acf":[],"yoast_head":"<!-- This site is optimized with the Yoast SEO plugin v21.7 - https:\/\/yoast.com\/wordpress\/plugins\/seo\/ -->\n<title>[ Dahua ] &#129351; Psu1230-d18 Fuente De Poder Saxxon 12v Cd\/ 30 Amperes\/ Distribuidor Para 18 Camaras\/ 1.65 Amperes Por Canal\/ce\/ Fcc\/ Certificacion Ul<\/title>\n<meta name=\"description\" content=\"Compra Psu1230-d18 Fuente De Poder Saxxon 12v Cd\/ 30 Amperes\/ Distribuidor Para 18 Camaras\/ 1.65 Amperes Por Canal\/ce\/ Fcc\/ Certificacion Ul + Env\u00edo a domicilio + Pago seguro + Garant\u00eda\" \/>\n<meta name=\"robots\" content=\"index, follow, max-snippet:-1, max-image-preview:large, max-video-preview:-1\" \/>\n<link rel=\"canonical\" href=\"https:\/\/compuviper.mx\/tienda\/producto\/dahua-psu1230-d18-fuente-de-poder-saxxon-12v-cd-30-amperes-distribuidor-para-18-camaras-1-65-amperes-por-canal-ce-fcc-certificacion-ul\/\" \/>\n<meta property=\"og:locale\" content=\"es_MX\" \/>\n<meta property=\"og:type\" content=\"article\" \/>\n<meta property=\"og:title\" content=\"[ Dahua ] &#129351; Psu1230-d18 Fuente De Poder Saxxon 12v Cd\/ 30 Amperes\/ Distribuidor Para 18 Camaras\/ 1.65 Amperes Por Canal\/ce\/ Fcc\/ Certificacion Ul\" \/>\n<meta property=\"og:description\" content=\"Compra Psu1230-d18 Fuente De Poder Saxxon 12v Cd\/ 30 Amperes\/ Distribuidor Para 18 Camaras\/ 1.65 Amperes Por Canal\/ce\/ Fcc\/ Certificacion Ul + Env\u00edo a domicilio + Pago seguro + Garant\u00eda\" \/>\n<meta property=\"og:url\" content=\"https:\/\/compuviper.mx\/tienda\/producto\/dahua-psu1230-d18-fuente-de-poder-saxxon-12v-cd-30-amperes-distribuidor-para-18-camaras-1-65-amperes-por-canal-ce-fcc-certificacion-ul\/\" \/>\n<meta property=\"og:site_name\" content=\"Compuviper\" \/>\n<meta property=\"article:publisher\" content=\"https:\/\/www.facebook.com\/compuviper\" \/>\n<meta property=\"article:modified_time\" content=\"2026-04-11T06:00:41+00:00\" \/>\n<meta property=\"og:image\" content=\"https:\/\/compuviper.mx\/tienda\/wp-content\/uploads\/2023\/12\/Fuente-de-poder-saxxon-12v-cd-30-amperes-distribuidor-para-18-camaras-1.65-amperes-por-canalce-fcc-certificacion-ul.jpg\" \/>\n\t<meta property=\"og:image:width\" content=\"200\" \/>\n\t<meta property=\"og:image:height\" content=\"200\" \/>\n\t<meta property=\"og:image:type\" content=\"image\/jpeg\" \/>\n<meta name=\"twitter:card\" content=\"summary_large_image\" \/>\n<meta name=\"twitter:label1\" content=\"Precio\" \/>\n\t<meta name=\"twitter:data1\" content=\"&#36;1,194 con IVA\" \/>\n\t<meta name=\"twitter:label2\" content=\"Availability\" \/>\n\t<meta name=\"twitter:data2\" content=\"In stock\" \/>\n<script type=\"application\/ld+json\" class=\"yoast-schema-graph\">{\"@context\":\"https:\/\/schema.org\",\"@graph\":[{\"@type\":\"WebPage\",\"@id\":\"https:\/\/compuviper.mx\/tienda\/producto\/dahua-psu1230-d18-fuente-de-poder-saxxon-12v-cd-30-amperes-distribuidor-para-18-camaras-1-65-amperes-por-canal-ce-fcc-certificacion-ul\/\",\"url\":\"https:\/\/compuviper.mx\/tienda\/producto\/dahua-psu1230-d18-fuente-de-poder-saxxon-12v-cd-30-amperes-distribuidor-para-18-camaras-1-65-amperes-por-canal-ce-fcc-certificacion-ul\/\",\"name\":\"[ Dahua ] &#129351; Psu1230-d18 Fuente De Poder Saxxon 12v Cd\/ 30 Amperes\/ Distribuidor Para 18 Camaras\/ 1.65 Amperes Por Canal\/ce\/ Fcc\/ Certificacion Ul\",\"isPartOf\":{\"@id\":\"https:\/\/compuviper.mx\/tienda\/#website\"},\"datePublished\":\"2026-04-11T05:29:09+00:00\",\"dateModified\":\"2026-04-11T06:00:41+00:00\",\"description\":\"Compra Psu1230-d18 Fuente De Poder Saxxon 12v Cd\/ 30 Amperes\/ Distribuidor Para 18 Camaras\/ 1.65 Amperes Por Canal\/ce\/ Fcc\/ Certificacion Ul + Env\u00edo a domicilio + Pago seguro + Garant\u00eda\",\"breadcrumb\":{\"@id\":\"https:\/\/compuviper.mx\/tienda\/producto\/dahua-psu1230-d18-fuente-de-poder-saxxon-12v-cd-30-amperes-distribuidor-para-18-camaras-1-65-amperes-por-canal-ce-fcc-certificacion-ul\/#breadcrumb\"},\"inLanguage\":\"es-MX\",\"potentialAction\":[{\"@type\":\"ReadAction\",\"target\":[\"https:\/\/compuviper.mx\/tienda\/producto\/dahua-psu1230-d18-fuente-de-poder-saxxon-12v-cd-30-amperes-distribuidor-para-18-camaras-1-65-amperes-por-canal-ce-fcc-certificacion-ul\/\"]}]},{\"@type\":\"BreadcrumbList\",\"@id\":\"https:\/\/compuviper.mx\/tienda\/producto\/dahua-psu1230-d18-fuente-de-poder-saxxon-12v-cd-30-amperes-distribuidor-para-18-camaras-1-65-amperes-por-canal-ce-fcc-certificacion-ul\/#breadcrumb\",\"itemListElement\":[{\"@type\":\"ListItem\",\"position\":1,\"name\":\"Inicio\",\"item\":\"https:\/\/compuviper.mx\/tienda\/\"},{\"@type\":\"ListItem\",\"position\":2,\"name\":\"Productos\",\"item\":\"https:\/\/compuviper.mx\/tienda\/productos\/\"},{\"@type\":\"ListItem\",\"position\":3,\"name\":\"Accesorios\",\"item\":\"https:\/\/compuviper.mx\/tienda\/categoria-producto\/accesorios\/\"},{\"@type\":\"ListItem\",\"position\":4,\"name\":\"Camaras\",\"item\":\"https:\/\/compuviper.mx\/tienda\/categoria-producto\/accesorios\/camaras\/\"},{\"@type\":\"ListItem\",\"position\":5,\"name\":\"Dahua Psu1230-d18 Fuente De Poder Saxxon 12v Cd\/ 30 Amperes\/ Distribuidor Para 18 Camaras\/ 1.65 Amperes Por Canal\/ce\/ Fcc\/ Certificacion Ul\"}]},{\"@type\":\"WebSite\",\"@id\":\"https:\/\/compuviper.mx\/tienda\/#website\",\"url\":\"https:\/\/compuviper.mx\/tienda\/\",\"name\":\"Compuviper\",\"description\":\"Proveedor de Computadoras, Laptops, Servidores, Monitores, Puntos de Venta, Teclados,   Impresoras, T\u00f3ner, C\u00e1maras de Seguridad y m\u00e1s en tu tienda en l\u00ednea\",\"publisher\":{\"@id\":\"https:\/\/compuviper.mx\/tienda\/#organization\"},\"potentialAction\":[{\"@type\":\"SearchAction\",\"target\":{\"@type\":\"EntryPoint\",\"urlTemplate\":\"https:\/\/compuviper.mx\/tienda\/?s={search_term_string}\"},\"query-input\":\"required name=search_term_string\"}],\"inLanguage\":\"es-MX\"},{\"@type\":\"Organization\",\"@id\":\"https:\/\/compuviper.mx\/tienda\/#organization\",\"name\":\"Compuviper\",\"url\":\"https:\/\/compuviper.mx\/tienda\/\",\"logo\":{\"@type\":\"ImageObject\",\"inLanguage\":\"es-MX\",\"@id\":\"https:\/\/compuviper.mx\/tienda\/#\/schema\/logo\/image\/\",\"url\":\"https:\/\/compuviper.mx\/tienda\/wp-content\/uploads\/2021\/08\/Logo-Compuviper-10.png\",\"contentUrl\":\"https:\/\/compuviper.mx\/tienda\/wp-content\/uploads\/2021\/08\/Logo-Compuviper-10.png\",\"width\":1000,\"height\":500,\"caption\":\"Compuviper\"},\"image\":{\"@id\":\"https:\/\/compuviper.mx\/tienda\/#\/schema\/logo\/image\/\"},\"sameAs\":[\"https:\/\/www.facebook.com\/compuviper\",\"https:\/\/www.youtube.com\/channel\/UCf73dERp9Y3cfOq7q8BhLjA?view_as=subscriber\"]}]}<\/script>\n<meta property=\"product:brand\" content=\"DAHUA\" \/>\n<meta property=\"product:price:amount\" content=\"1194\" \/>\n<meta property=\"product:price:currency\" content=\"MXN\" \/>\n<meta property=\"og:availability\" content=\"instock\" \/>\n<meta property=\"product:availability\" content=\"instock\" \/>\n<meta property=\"product:retailer_item_id\" content=\"PSU1230-D18\" \/>\n<meta property=\"product:condition\" content=\"new\" \/>\n<!-- \/ Yoast SEO plugin. -->","yoast_head_json":{"title":"[ Dahua ] &#129351; Psu1230-d18 Fuente De Poder Saxxon 12v Cd\/ 30 Amperes\/ Distribuidor Para 18 Camaras\/ 1.65 Amperes Por Canal\/ce\/ Fcc\/ Certificacion Ul","description":"Compra Psu1230-d18 Fuente De Poder Saxxon 12v Cd\/ 30 Amperes\/ Distribuidor Para 18 Camaras\/ 1.65 Amperes Por Canal\/ce\/ Fcc\/ Certificacion Ul + Env\u00edo a domicilio + Pago seguro + Garant\u00eda","robots":{"index":"index","follow":"follow","max-snippet":"max-snippet:-1","max-image-preview":"max-image-preview:large","max-video-preview":"max-video-preview:-1"},"canonical":"https:\/\/compuviper.mx\/tienda\/producto\/dahua-psu1230-d18-fuente-de-poder-saxxon-12v-cd-30-amperes-distribuidor-para-18-camaras-1-65-amperes-por-canal-ce-fcc-certificacion-ul\/","og_locale":"es_MX","og_type":"article","og_title":"[ Dahua ] &#129351; Psu1230-d18 Fuente De Poder Saxxon 12v Cd\/ 30 Amperes\/ Distribuidor Para 18 Camaras\/ 1.65 Amperes Por Canal\/ce\/ Fcc\/ Certificacion Ul","og_description":"Compra Psu1230-d18 Fuente De Poder Saxxon 12v Cd\/ 30 Amperes\/ Distribuidor Para 18 Camaras\/ 1.65 Amperes Por Canal\/ce\/ Fcc\/ Certificacion Ul + Env\u00edo a domicilio + Pago seguro + Garant\u00eda","og_url":"https:\/\/compuviper.mx\/tienda\/producto\/dahua-psu1230-d18-fuente-de-poder-saxxon-12v-cd-30-amperes-distribuidor-para-18-camaras-1-65-amperes-por-canal-ce-fcc-certificacion-ul\/","og_site_name":"Compuviper","article_publisher":"https:\/\/www.facebook.com\/compuviper","article_modified_time":"2026-04-11T06:00:41+00:00","og_image":[{"width":200,"height":200,"url":"https:\/\/compuviper.mx\/tienda\/wp-content\/uploads\/2023\/12\/Fuente-de-poder-saxxon-12v-cd-30-amperes-distribuidor-para-18-camaras-1.65-amperes-por-canalce-fcc-certificacion-ul.jpg","type":"image\/jpeg"}],"twitter_card":"summary_large_image","twitter_misc":{"Precio":"&#36;1,194 con IVA","Availability":"In stock"},"schema":{"@context":"https:\/\/schema.org","@graph":[{"@type":"WebPage","@id":"https:\/\/compuviper.mx\/tienda\/producto\/dahua-psu1230-d18-fuente-de-poder-saxxon-12v-cd-30-amperes-distribuidor-para-18-camaras-1-65-amperes-por-canal-ce-fcc-certificacion-ul\/","url":"https:\/\/compuviper.mx\/tienda\/producto\/dahua-psu1230-d18-fuente-de-poder-saxxon-12v-cd-30-amperes-distribuidor-para-18-camaras-1-65-amperes-por-canal-ce-fcc-certificacion-ul\/","name":"[ Dahua ] &#129351; Psu1230-d18 Fuente De Poder Saxxon 12v Cd\/ 30 Amperes\/ Distribuidor Para 18 Camaras\/ 1.65 Amperes Por Canal\/ce\/ Fcc\/ Certificacion Ul","isPartOf":{"@id":"https:\/\/compuviper.mx\/tienda\/#website"},"datePublished":"2026-04-11T05:29:09+00:00","dateModified":"2026-04-11T06:00:41+00:00","description":"Compra Psu1230-d18 Fuente De Poder Saxxon 12v Cd\/ 30 Amperes\/ Distribuidor Para 18 Camaras\/ 1.65 Amperes Por Canal\/ce\/ Fcc\/ Certificacion Ul + Env\u00edo a domicilio + Pago seguro + Garant\u00eda","breadcrumb":{"@id":"https:\/\/compuviper.mx\/tienda\/producto\/dahua-psu1230-d18-fuente-de-poder-saxxon-12v-cd-30-amperes-distribuidor-para-18-camaras-1-65-amperes-por-canal-ce-fcc-certificacion-ul\/#breadcrumb"},"inLanguage":"es-MX","potentialAction":[{"@type":"ReadAction","target":["https:\/\/compuviper.mx\/tienda\/producto\/dahua-psu1230-d18-fuente-de-poder-saxxon-12v-cd-30-amperes-distribuidor-para-18-camaras-1-65-amperes-por-canal-ce-fcc-certificacion-ul\/"]}]},{"@type":"BreadcrumbList","@id":"https:\/\/compuviper.mx\/tienda\/producto\/dahua-psu1230-d18-fuente-de-poder-saxxon-12v-cd-30-amperes-distribuidor-para-18-camaras-1-65-amperes-por-canal-ce-fcc-certificacion-ul\/#breadcrumb","itemListElement":[{"@type":"ListItem","position":1,"name":"Inicio","item":"https:\/\/compuviper.mx\/tienda\/"},{"@type":"ListItem","position":2,"name":"Productos","item":"https:\/\/compuviper.mx\/tienda\/productos\/"},{"@type":"ListItem","position":3,"name":"Accesorios","item":"https:\/\/compuviper.mx\/tienda\/categoria-producto\/accesorios\/"},{"@type":"ListItem","position":4,"name":"Camaras","item":"https:\/\/compuviper.mx\/tienda\/categoria-producto\/accesorios\/camaras\/"},{"@type":"ListItem","position":5,"name":"Dahua Psu1230-d18 Fuente De Poder Saxxon 12v Cd\/ 30 Amperes\/ Distribuidor Para 18 Camaras\/ 1.65 Amperes Por Canal\/ce\/ Fcc\/ Certificacion Ul"}]},{"@type":"WebSite","@id":"https:\/\/compuviper.mx\/tienda\/#website","url":"https:\/\/compuviper.mx\/tienda\/","name":"Compuviper","description":"Proveedor de Computadoras, Laptops, Servidores, Monitores, Puntos de Venta, Teclados,   Impresoras, T\u00f3ner, C\u00e1maras de Seguridad y m\u00e1s en tu tienda en l\u00ednea","publisher":{"@id":"https:\/\/compuviper.mx\/tienda\/#organization"},"potentialAction":[{"@type":"SearchAction","target":{"@type":"EntryPoint","urlTemplate":"https:\/\/compuviper.mx\/tienda\/?s={search_term_string}"},"query-input":"required name=search_term_string"}],"inLanguage":"es-MX"},{"@type":"Organization","@id":"https:\/\/compuviper.mx\/tienda\/#organization","name":"Compuviper","url":"https:\/\/compuviper.mx\/tienda\/","logo":{"@type":"ImageObject","inLanguage":"es-MX","@id":"https:\/\/compuviper.mx\/tienda\/#\/schema\/logo\/image\/","url":"https:\/\/compuviper.mx\/tienda\/wp-content\/uploads\/2021\/08\/Logo-Compuviper-10.png","contentUrl":"https:\/\/compuviper.mx\/tienda\/wp-content\/uploads\/2021\/08\/Logo-Compuviper-10.png","width":1000,"height":500,"caption":"Compuviper"},"image":{"@id":"https:\/\/compuviper.mx\/tienda\/#\/schema\/logo\/image\/"},"sameAs":["https:\/\/www.facebook.com\/compuviper","https:\/\/www.youtube.com\/channel\/UCf73dERp9Y3cfOq7q8BhLjA?view_as=subscriber"]}]},"product_brand":"DAHUA","product_price_amount":"1194","product_price_currency":"MXN","og_availability":"instock","product_availability":"instock","product_retailer_item_id":"PSU1230-D18","product_condition":"new"},"_links":{"self":[{"href":"https:\/\/compuviper.mx\/tienda\/wp-json\/wp\/v2\/product\/212139"}],"collection":[{"href":"https:\/\/compuviper.mx\/tienda\/wp-json\/wp\/v2\/product"}],"about":[{"href":"https:\/\/compuviper.mx\/tienda\/wp-json\/wp\/v2\/types\/product"}],"replies":[{"embeddable":true,"href":"https:\/\/compuviper.mx\/tienda\/wp-json\/wp\/v2\/comments?post=212139"}],"wp:featuredmedia":[{"embeddable":true,"href":"https:\/\/compuviper.mx\/tienda\/wp-json\/wp\/v2\/media\/212140"}],"wp:attachment":[{"href":"https:\/\/compuviper.mx\/tienda\/wp-json\/wp\/v2\/media?parent=212139"}],"wp:term":[{"taxonomy":"product_cat","embeddable":true,"href":"https:\/\/compuviper.mx\/tienda\/wp-json\/wp\/v2\/product_cat?post=212139"},{"taxonomy":"product_tag","embeddable":true,"href":"https:\/\/compuviper.mx\/tienda\/wp-json\/wp\/v2\/product_tag?post=212139"}],"curies":[{"name":"wp","href":"https:\/\/api.w.org\/{rel}","templated":true}]}}