{"id":212048,"date":"2026-04-01T23:30:16","date_gmt":"2026-04-02T05:30:16","guid":{"rendered":"https:\/\/compuviper.mx\/tienda\/producto\/peerless-av-sfp680-soporte-plano-vertical-peerless-para-pantalla-plana-46-a-90-pulgadas-capacidad-hasta-158-76-kg\/"},"modified":"2026-04-01T23:30:16","modified_gmt":"2026-04-02T05:30:16","slug":"peerless-av-sfp680-soporte-plano-vertical-peerless-para-pantalla-plana-46-a-90-pulgadas-capacidad-hasta-158-76-kg","status":"publish","type":"product","link":"https:\/\/compuviper.mx\/tienda\/producto\/peerless-av-sfp680-soporte-plano-vertical-peerless-para-pantalla-plana-46-a-90-pulgadas-capacidad-hasta-158-76-kg\/","title":{"rendered":"Peerless-av Sfp680 Soporte Plano Vertical Peerless  Para Pantalla Plana 46 A 90 Pulgadas Capacidad Hasta 158.76 Kg"},"content":{"rendered":"<table class=\"descripcion\">\n<tr>\n<td>Tama\u00f1o de pantalla   46 a 90<\/td>\n<\/tr>\n<tr>\n<td>Patr\u00f3n vesa    400 x 650<\/td>\n<\/tr>\n<tr>\n<td>Capacidad de peso   350 libras (158,76 kg)<\/td>\n<\/tr>\n<tr>\n<td>Color     negro<\/td>\n<\/tr>\n<tr>\n<td>Distancia de la pared  1.70 (43 mm)<\/td>\n<\/tr>\n<tr>\n<td>Patr\u00f3n de montaje   494 x 650 mm (19.45 x 25.60 )<\/td>\n<\/tr>\n<tr>\n<td>Caracter\u00edsticas de seguridad hardware de seguridad<\/td>\n<\/tr>\n<tr>\n<td>Dimensiones del producto  22,00 x 27,48 x 1,70 (559 x 698 x 43 mm)<\/td>\n<\/tr>\n<tr>\n<td>Peso de envio    16.55 libras (6.7kg)<\/td>\n<\/tr>\n<\/table>\n","protected":false},"excerpt":{"rendered":"<p>El montaje universal se adapta a pantallas con patrones de montaje de hasta 494 x 650 mm (19.45 w x 25.59 h. El dise\u00f1o de bajo perfil sostiene la pantalla a solo 1.70 (43 mm) de la pared. La placa de pared f\u00e1cil de colgar permite preinstalar un perno para facilitar la instalaci\u00f3n de la placa de pared. Ajuste de pantalla lateral de hasta 3.38 (85.9mm. 1 de ajuste vertical posterior a la instalaci\u00f3n proporciona flexibilidad en la instalaci\u00f3n. Incluye un paquete de sujetadores con todos los accesorios de montaje y visualizaci\u00f3n necesarios (incluido m10)<\/p>\n","protected":false},"featured_media":212049,"comment_status":"open","ping_status":"open","template":"","meta":[],"product_cat":[2321,2265],"product_tag":[1904],"acf":[],"yoast_head":"<!-- This site is optimized with the Yoast SEO plugin v21.7 - https:\/\/yoast.com\/wordpress\/plugins\/seo\/ -->\n<title>[ Peerless-av ] &#129351; Sfp680 Soporte Plano Vertical Peerless Para Pantalla Plana 46 A 90 Pulgadas Capacidad Hasta 158.76 Kg<\/title>\n<meta name=\"description\" content=\"Compra Sfp680 Soporte Plano Vertical Peerless Para Pantalla Plana 46 A 90 Pulgadas Capacidad Hasta 158.76 Kg + Env\u00edo a domicilio + Pago seguro + Garant\u00eda\" \/>\n<meta name=\"robots\" content=\"index, follow, max-snippet:-1, max-image-preview:large, max-video-preview:-1\" \/>\n<link rel=\"canonical\" href=\"https:\/\/compuviper.mx\/tienda\/producto\/peerless-av-sfp680-soporte-plano-vertical-peerless-para-pantalla-plana-46-a-90-pulgadas-capacidad-hasta-158-76-kg\/\" \/>\n<meta property=\"og:locale\" content=\"es_MX\" \/>\n<meta property=\"og:type\" content=\"article\" \/>\n<meta property=\"og:title\" content=\"[ Peerless-av ] &#129351; Sfp680 Soporte Plano Vertical Peerless Para Pantalla Plana 46 A 90 Pulgadas Capacidad Hasta 158.76 Kg\" \/>\n<meta property=\"og:description\" content=\"Compra Sfp680 Soporte Plano Vertical Peerless Para Pantalla Plana 46 A 90 Pulgadas Capacidad Hasta 158.76 Kg + Env\u00edo a domicilio + Pago seguro + Garant\u00eda\" \/>\n<meta property=\"og:url\" content=\"https:\/\/compuviper.mx\/tienda\/producto\/peerless-av-sfp680-soporte-plano-vertical-peerless-para-pantalla-plana-46-a-90-pulgadas-capacidad-hasta-158-76-kg\/\" \/>\n<meta property=\"og:site_name\" content=\"Compuviper\" \/>\n<meta property=\"article:publisher\" content=\"https:\/\/www.facebook.com\/compuviper\" \/>\n<meta property=\"og:image\" content=\"https:\/\/compuviper.mx\/tienda\/wp-content\/uploads\/2023\/12\/Soporte-plano-vertical-peerless-sfp680-para-pantalla-plana-46-a-90-pulgadas-capacidad-hasta-158.76-kg.jpg\" \/>\n\t<meta property=\"og:image:width\" content=\"200\" \/>\n\t<meta property=\"og:image:height\" content=\"200\" \/>\n\t<meta property=\"og:image:type\" content=\"image\/jpeg\" \/>\n<meta name=\"twitter:card\" content=\"summary_large_image\" \/>\n<meta name=\"twitter:label1\" content=\"Precio\" \/>\n\t<meta name=\"twitter:data1\" content=\"&#36;4,351 con IVA\" \/>\n\t<meta name=\"twitter:label2\" content=\"Availability\" \/>\n\t<meta name=\"twitter:data2\" content=\"On backorder\" \/>\n<script type=\"application\/ld+json\" class=\"yoast-schema-graph\">{\"@context\":\"https:\/\/schema.org\",\"@graph\":[{\"@type\":\"WebPage\",\"@id\":\"https:\/\/compuviper.mx\/tienda\/producto\/peerless-av-sfp680-soporte-plano-vertical-peerless-para-pantalla-plana-46-a-90-pulgadas-capacidad-hasta-158-76-kg\/\",\"url\":\"https:\/\/compuviper.mx\/tienda\/producto\/peerless-av-sfp680-soporte-plano-vertical-peerless-para-pantalla-plana-46-a-90-pulgadas-capacidad-hasta-158-76-kg\/\",\"name\":\"[ Peerless-av ] &#129351; Sfp680 Soporte Plano Vertical Peerless Para Pantalla Plana 46 A 90 Pulgadas Capacidad Hasta 158.76 Kg\",\"isPartOf\":{\"@id\":\"https:\/\/compuviper.mx\/tienda\/#website\"},\"datePublished\":\"2026-04-02T05:30:16+00:00\",\"dateModified\":\"2026-04-02T05:30:16+00:00\",\"description\":\"Compra Sfp680 Soporte Plano Vertical Peerless Para Pantalla Plana 46 A 90 Pulgadas Capacidad Hasta 158.76 Kg + Env\u00edo a domicilio + Pago seguro + Garant\u00eda\",\"breadcrumb\":{\"@id\":\"https:\/\/compuviper.mx\/tienda\/producto\/peerless-av-sfp680-soporte-plano-vertical-peerless-para-pantalla-plana-46-a-90-pulgadas-capacidad-hasta-158-76-kg\/#breadcrumb\"},\"inLanguage\":\"es-MX\",\"potentialAction\":[{\"@type\":\"ReadAction\",\"target\":[\"https:\/\/compuviper.mx\/tienda\/producto\/peerless-av-sfp680-soporte-plano-vertical-peerless-para-pantalla-plana-46-a-90-pulgadas-capacidad-hasta-158-76-kg\/\"]}]},{\"@type\":\"BreadcrumbList\",\"@id\":\"https:\/\/compuviper.mx\/tienda\/producto\/peerless-av-sfp680-soporte-plano-vertical-peerless-para-pantalla-plana-46-a-90-pulgadas-capacidad-hasta-158-76-kg\/#breadcrumb\",\"itemListElement\":[{\"@type\":\"ListItem\",\"position\":1,\"name\":\"Inicio\",\"item\":\"https:\/\/compuviper.mx\/tienda\/\"},{\"@type\":\"ListItem\",\"position\":2,\"name\":\"Productos\",\"item\":\"https:\/\/compuviper.mx\/tienda\/productos\/\"},{\"@type\":\"ListItem\",\"position\":3,\"name\":\"Soportes Y Bases P\/tv\/ Proyectores\/dvd\/consolas\/bocinas\/pantallas\/monotores\",\"item\":\"https:\/\/compuviper.mx\/tienda\/categoria-producto\/soportes-y-bases-p-tv-proyectores-dvd-consolas-bocinas-pantallas-monotores\/\"},{\"@type\":\"ListItem\",\"position\":4,\"name\":\"Soporte Y Base Para Tv\/pantallas\/monitores\/kiosko\",\"item\":\"https:\/\/compuviper.mx\/tienda\/categoria-producto\/soportes-y-bases-p-tv-proyectores-dvd-consolas-bocinas-pantallas-monotores\/soporte-y-base-para-tv-pantallas-monitores-kiosko\/\"},{\"@type\":\"ListItem\",\"position\":5,\"name\":\"Peerless-av Sfp680 Soporte Plano Vertical Peerless Para Pantalla Plana 46 A 90 Pulgadas Capacidad Hasta 158.76 Kg\"}]},{\"@type\":\"WebSite\",\"@id\":\"https:\/\/compuviper.mx\/tienda\/#website\",\"url\":\"https:\/\/compuviper.mx\/tienda\/\",\"name\":\"Compuviper\",\"description\":\"Proveedor de Computadoras, Laptops, Servidores, Monitores, Puntos de Venta, Teclados,   Impresoras, T\u00f3ner, C\u00e1maras de Seguridad y m\u00e1s en tu tienda en l\u00ednea\",\"publisher\":{\"@id\":\"https:\/\/compuviper.mx\/tienda\/#organization\"},\"potentialAction\":[{\"@type\":\"SearchAction\",\"target\":{\"@type\":\"EntryPoint\",\"urlTemplate\":\"https:\/\/compuviper.mx\/tienda\/?s={search_term_string}\"},\"query-input\":\"required name=search_term_string\"}],\"inLanguage\":\"es-MX\"},{\"@type\":\"Organization\",\"@id\":\"https:\/\/compuviper.mx\/tienda\/#organization\",\"name\":\"Compuviper\",\"url\":\"https:\/\/compuviper.mx\/tienda\/\",\"logo\":{\"@type\":\"ImageObject\",\"inLanguage\":\"es-MX\",\"@id\":\"https:\/\/compuviper.mx\/tienda\/#\/schema\/logo\/image\/\",\"url\":\"https:\/\/compuviper.mx\/tienda\/wp-content\/uploads\/2021\/08\/Logo-Compuviper-10.png\",\"contentUrl\":\"https:\/\/compuviper.mx\/tienda\/wp-content\/uploads\/2021\/08\/Logo-Compuviper-10.png\",\"width\":1000,\"height\":500,\"caption\":\"Compuviper\"},\"image\":{\"@id\":\"https:\/\/compuviper.mx\/tienda\/#\/schema\/logo\/image\/\"},\"sameAs\":[\"https:\/\/www.facebook.com\/compuviper\",\"https:\/\/www.youtube.com\/channel\/UCf73dERp9Y3cfOq7q8BhLjA?view_as=subscriber\"]}]}<\/script>\n<meta property=\"product:brand\" content=\"PEERLESS-AV\" \/>\n<meta property=\"product:price:amount\" content=\"4351\" \/>\n<meta property=\"product:price:currency\" content=\"MXN\" \/>\n<meta property=\"og:availability\" content=\"backorder\" \/>\n<meta property=\"product:availability\" content=\"available for order\" \/>\n<meta property=\"product:retailer_item_id\" content=\"SFP680\" \/>\n<meta property=\"product:condition\" content=\"new\" \/>\n<!-- \/ Yoast SEO plugin. -->","yoast_head_json":{"title":"[ Peerless-av ] &#129351; Sfp680 Soporte Plano Vertical Peerless Para Pantalla Plana 46 A 90 Pulgadas Capacidad Hasta 158.76 Kg","description":"Compra Sfp680 Soporte Plano Vertical Peerless Para Pantalla Plana 46 A 90 Pulgadas Capacidad Hasta 158.76 Kg + Env\u00edo a domicilio + Pago seguro + Garant\u00eda","robots":{"index":"index","follow":"follow","max-snippet":"max-snippet:-1","max-image-preview":"max-image-preview:large","max-video-preview":"max-video-preview:-1"},"canonical":"https:\/\/compuviper.mx\/tienda\/producto\/peerless-av-sfp680-soporte-plano-vertical-peerless-para-pantalla-plana-46-a-90-pulgadas-capacidad-hasta-158-76-kg\/","og_locale":"es_MX","og_type":"article","og_title":"[ Peerless-av ] &#129351; Sfp680 Soporte Plano Vertical Peerless Para Pantalla Plana 46 A 90 Pulgadas Capacidad Hasta 158.76 Kg","og_description":"Compra Sfp680 Soporte Plano Vertical Peerless Para Pantalla Plana 46 A 90 Pulgadas Capacidad Hasta 158.76 Kg + Env\u00edo a domicilio + Pago seguro + Garant\u00eda","og_url":"https:\/\/compuviper.mx\/tienda\/producto\/peerless-av-sfp680-soporte-plano-vertical-peerless-para-pantalla-plana-46-a-90-pulgadas-capacidad-hasta-158-76-kg\/","og_site_name":"Compuviper","article_publisher":"https:\/\/www.facebook.com\/compuviper","og_image":[{"width":200,"height":200,"url":"https:\/\/compuviper.mx\/tienda\/wp-content\/uploads\/2023\/12\/Soporte-plano-vertical-peerless-sfp680-para-pantalla-plana-46-a-90-pulgadas-capacidad-hasta-158.76-kg.jpg","type":"image\/jpeg"}],"twitter_card":"summary_large_image","twitter_misc":{"Precio":"&#36;4,351 con IVA","Availability":"On backorder"},"schema":{"@context":"https:\/\/schema.org","@graph":[{"@type":"WebPage","@id":"https:\/\/compuviper.mx\/tienda\/producto\/peerless-av-sfp680-soporte-plano-vertical-peerless-para-pantalla-plana-46-a-90-pulgadas-capacidad-hasta-158-76-kg\/","url":"https:\/\/compuviper.mx\/tienda\/producto\/peerless-av-sfp680-soporte-plano-vertical-peerless-para-pantalla-plana-46-a-90-pulgadas-capacidad-hasta-158-76-kg\/","name":"[ Peerless-av ] &#129351; Sfp680 Soporte Plano Vertical Peerless Para Pantalla Plana 46 A 90 Pulgadas Capacidad Hasta 158.76 Kg","isPartOf":{"@id":"https:\/\/compuviper.mx\/tienda\/#website"},"datePublished":"2026-04-02T05:30:16+00:00","dateModified":"2026-04-02T05:30:16+00:00","description":"Compra Sfp680 Soporte Plano Vertical Peerless Para Pantalla Plana 46 A 90 Pulgadas Capacidad Hasta 158.76 Kg + Env\u00edo a domicilio + Pago seguro + Garant\u00eda","breadcrumb":{"@id":"https:\/\/compuviper.mx\/tienda\/producto\/peerless-av-sfp680-soporte-plano-vertical-peerless-para-pantalla-plana-46-a-90-pulgadas-capacidad-hasta-158-76-kg\/#breadcrumb"},"inLanguage":"es-MX","potentialAction":[{"@type":"ReadAction","target":["https:\/\/compuviper.mx\/tienda\/producto\/peerless-av-sfp680-soporte-plano-vertical-peerless-para-pantalla-plana-46-a-90-pulgadas-capacidad-hasta-158-76-kg\/"]}]},{"@type":"BreadcrumbList","@id":"https:\/\/compuviper.mx\/tienda\/producto\/peerless-av-sfp680-soporte-plano-vertical-peerless-para-pantalla-plana-46-a-90-pulgadas-capacidad-hasta-158-76-kg\/#breadcrumb","itemListElement":[{"@type":"ListItem","position":1,"name":"Inicio","item":"https:\/\/compuviper.mx\/tienda\/"},{"@type":"ListItem","position":2,"name":"Productos","item":"https:\/\/compuviper.mx\/tienda\/productos\/"},{"@type":"ListItem","position":3,"name":"Soportes Y Bases P\/tv\/ Proyectores\/dvd\/consolas\/bocinas\/pantallas\/monotores","item":"https:\/\/compuviper.mx\/tienda\/categoria-producto\/soportes-y-bases-p-tv-proyectores-dvd-consolas-bocinas-pantallas-monotores\/"},{"@type":"ListItem","position":4,"name":"Soporte Y Base Para Tv\/pantallas\/monitores\/kiosko","item":"https:\/\/compuviper.mx\/tienda\/categoria-producto\/soportes-y-bases-p-tv-proyectores-dvd-consolas-bocinas-pantallas-monotores\/soporte-y-base-para-tv-pantallas-monitores-kiosko\/"},{"@type":"ListItem","position":5,"name":"Peerless-av Sfp680 Soporte Plano Vertical Peerless Para Pantalla Plana 46 A 90 Pulgadas Capacidad Hasta 158.76 Kg"}]},{"@type":"WebSite","@id":"https:\/\/compuviper.mx\/tienda\/#website","url":"https:\/\/compuviper.mx\/tienda\/","name":"Compuviper","description":"Proveedor de Computadoras, Laptops, Servidores, Monitores, Puntos de Venta, Teclados,   Impresoras, T\u00f3ner, C\u00e1maras de Seguridad y m\u00e1s en tu tienda en l\u00ednea","publisher":{"@id":"https:\/\/compuviper.mx\/tienda\/#organization"},"potentialAction":[{"@type":"SearchAction","target":{"@type":"EntryPoint","urlTemplate":"https:\/\/compuviper.mx\/tienda\/?s={search_term_string}"},"query-input":"required name=search_term_string"}],"inLanguage":"es-MX"},{"@type":"Organization","@id":"https:\/\/compuviper.mx\/tienda\/#organization","name":"Compuviper","url":"https:\/\/compuviper.mx\/tienda\/","logo":{"@type":"ImageObject","inLanguage":"es-MX","@id":"https:\/\/compuviper.mx\/tienda\/#\/schema\/logo\/image\/","url":"https:\/\/compuviper.mx\/tienda\/wp-content\/uploads\/2021\/08\/Logo-Compuviper-10.png","contentUrl":"https:\/\/compuviper.mx\/tienda\/wp-content\/uploads\/2021\/08\/Logo-Compuviper-10.png","width":1000,"height":500,"caption":"Compuviper"},"image":{"@id":"https:\/\/compuviper.mx\/tienda\/#\/schema\/logo\/image\/"},"sameAs":["https:\/\/www.facebook.com\/compuviper","https:\/\/www.youtube.com\/channel\/UCf73dERp9Y3cfOq7q8BhLjA?view_as=subscriber"]}]},"product_brand":"PEERLESS-AV","product_price_amount":"4351","product_price_currency":"MXN","og_availability":"backorder","product_availability":"available for order","product_retailer_item_id":"SFP680","product_condition":"new"},"_links":{"self":[{"href":"https:\/\/compuviper.mx\/tienda\/wp-json\/wp\/v2\/product\/212048"}],"collection":[{"href":"https:\/\/compuviper.mx\/tienda\/wp-json\/wp\/v2\/product"}],"about":[{"href":"https:\/\/compuviper.mx\/tienda\/wp-json\/wp\/v2\/types\/product"}],"replies":[{"embeddable":true,"href":"https:\/\/compuviper.mx\/tienda\/wp-json\/wp\/v2\/comments?post=212048"}],"wp:featuredmedia":[{"embeddable":true,"href":"https:\/\/compuviper.mx\/tienda\/wp-json\/wp\/v2\/media\/212049"}],"wp:attachment":[{"href":"https:\/\/compuviper.mx\/tienda\/wp-json\/wp\/v2\/media?parent=212048"}],"wp:term":[{"taxonomy":"product_cat","embeddable":true,"href":"https:\/\/compuviper.mx\/tienda\/wp-json\/wp\/v2\/product_cat?post=212048"},{"taxonomy":"product_tag","embeddable":true,"href":"https:\/\/compuviper.mx\/tienda\/wp-json\/wp\/v2\/product_tag?post=212048"}],"curies":[{"name":"wp","href":"https:\/\/api.w.org\/{rel}","templated":true}]}}