{"id":211791,"date":"2026-04-24T23:25:29","date_gmt":"2026-04-25T05:25:29","guid":{"rendered":"https:\/\/compuviper.mx\/tienda\/producto\/intellinet-780094-probador-de-cable-red-5-en-1-rj11-rj45-usb-bnc-firewire\/"},"modified":"2026-04-24T23:25:29","modified_gmt":"2026-04-25T05:25:29","slug":"intellinet-780094-probador-de-cable-red-5-en-1-rj11-rj45-usb-bnc-firewire","status":"publish","type":"product","link":"https:\/\/compuviper.mx\/tienda\/producto\/intellinet-780094-probador-de-cable-red-5-en-1-rj11-rj45-usb-bnc-firewire\/","title":{"rendered":"Intellinet 780094 Probador De Cable,,, Red 5 En 1, Rj11 \/ Rj45 \/ Usb \/ Bnc \/ Firewire"},"content":{"rendered":"<table class=\"descripcion\">\n<tr>\n<td>Prueba de cableado abierto \/ corto<\/td>\n<\/tr>\n<tr>\n<td>Display para cables conectados<\/td>\n<\/tr>\n<tr>\n<td>Indicador sin conexi\u00f3n \/ sin terminaci\u00f3n<\/td>\n<\/tr>\n<tr>\n<td>Indicador de mala conexi\u00f3n \/ conexi\u00f3n sin paralelos<\/td>\n<\/tr>\n<tr>\n<td>Opciones de prueba de ethernet (rj45), 10base, rj11, usb y firewire<\/td>\n<\/tr>\n<tr>\n<td>Contenido del paquete:<\/td>\n<\/tr>\n<tr>\n<td>Probador de cables<\/td>\n<\/tr>\n<tr>\n<td>Bolsa protectora<\/td>\n<\/tr>\n<tr>\n<td>Adaptador coaxial<\/td>\n<\/tr>\n<tr>\n<td>Manual del usuario<\/td>\n<\/tr>\n<\/table>\n","protected":false},"excerpt":{"rendered":"<p>Probador vers\u00e1til para cables. Para pruebas de cable de red cat5\/cat6 y conexiones isdn. Probador para usb ab y firewire ieee1394. Pruebas de conexi\u00f3n con indicadores led para 8 lineas sencillas y blindaje. Pruebas para: cableado corto, sin paralelo o sin conexi\u00f3n. Bolsa protectora. 5 a\u00f1os de garant\u00eda<\/p>\n","protected":false},"featured_media":211792,"comment_status":"open","ping_status":"open","template":"","meta":[],"product_cat":[1490,1491],"product_tag":[1489],"acf":[],"yoast_head":"<!-- This site is optimized with the Yoast SEO plugin v21.7 - https:\/\/yoast.com\/wordpress\/plugins\/seo\/ -->\n<title>[ Intellinet ] &#129351; 780094 Probador De Cable,,, Red 5 En 1, Rj11 \/ Rj45 \/ Usb \/ Bnc \/ Firewire<\/title>\n<meta name=\"description\" content=\"Compra 780094 Probador De Cable,,, Red 5 En 1, Rj11 \/ Rj45 \/ Usb \/ Bnc \/ Firewire + Env\u00edo a domicilio + Pago seguro + Garant\u00eda\" \/>\n<meta name=\"robots\" content=\"index, follow, max-snippet:-1, max-image-preview:large, max-video-preview:-1\" \/>\n<link rel=\"canonical\" href=\"https:\/\/compuviper.mx\/tienda\/producto\/intellinet-780094-probador-de-cable-red-5-en-1-rj11-rj45-usb-bnc-firewire\/\" \/>\n<meta property=\"og:locale\" content=\"es_MX\" \/>\n<meta property=\"og:type\" content=\"article\" \/>\n<meta property=\"og:title\" content=\"[ Intellinet ] &#129351; 780094 Probador De Cable,,, Red 5 En 1, Rj11 \/ Rj45 \/ Usb \/ Bnc \/ Firewire\" \/>\n<meta property=\"og:description\" content=\"Compra 780094 Probador De Cable,,, Red 5 En 1, Rj11 \/ Rj45 \/ Usb \/ Bnc \/ Firewire + Env\u00edo a domicilio + Pago seguro + Garant\u00eda\" \/>\n<meta property=\"og:url\" content=\"https:\/\/compuviper.mx\/tienda\/producto\/intellinet-780094-probador-de-cable-red-5-en-1-rj11-rj45-usb-bnc-firewire\/\" \/>\n<meta property=\"og:site_name\" content=\"Compuviper\" \/>\n<meta property=\"article:publisher\" content=\"https:\/\/www.facebook.com\/compuviper\" \/>\n<meta property=\"og:image\" content=\"https:\/\/compuviper.mx\/tienda\/wp-content\/uploads\/2023\/12\/Probador-de-cableintellinet780094-red-5-en-1-rj11-rj45-usb-bnc-firewire.jpg\" \/>\n\t<meta property=\"og:image:width\" content=\"200\" \/>\n\t<meta property=\"og:image:height\" content=\"200\" \/>\n\t<meta property=\"og:image:type\" content=\"image\/jpeg\" \/>\n<meta name=\"twitter:card\" content=\"summary_large_image\" \/>\n<meta name=\"twitter:label1\" content=\"Precio\" \/>\n\t<meta name=\"twitter:data1\" content=\"&#36;761 con IVA\" \/>\n\t<meta name=\"twitter:label2\" content=\"Availability\" \/>\n\t<meta name=\"twitter:data2\" content=\"In stock\" \/>\n<script type=\"application\/ld+json\" class=\"yoast-schema-graph\">{\"@context\":\"https:\/\/schema.org\",\"@graph\":[{\"@type\":\"WebPage\",\"@id\":\"https:\/\/compuviper.mx\/tienda\/producto\/intellinet-780094-probador-de-cable-red-5-en-1-rj11-rj45-usb-bnc-firewire\/\",\"url\":\"https:\/\/compuviper.mx\/tienda\/producto\/intellinet-780094-probador-de-cable-red-5-en-1-rj11-rj45-usb-bnc-firewire\/\",\"name\":\"[ Intellinet ] &#129351; 780094 Probador De Cable,,, Red 5 En 1, Rj11 \/ Rj45 \/ Usb \/ Bnc \/ Firewire\",\"isPartOf\":{\"@id\":\"https:\/\/compuviper.mx\/tienda\/#website\"},\"datePublished\":\"2026-04-25T05:25:29+00:00\",\"dateModified\":\"2026-04-25T05:25:29+00:00\",\"description\":\"Compra 780094 Probador De Cable,,, Red 5 En 1, Rj11 \/ Rj45 \/ Usb \/ Bnc \/ Firewire + Env\u00edo a domicilio + Pago seguro + Garant\u00eda\",\"breadcrumb\":{\"@id\":\"https:\/\/compuviper.mx\/tienda\/producto\/intellinet-780094-probador-de-cable-red-5-en-1-rj11-rj45-usb-bnc-firewire\/#breadcrumb\"},\"inLanguage\":\"es-MX\",\"potentialAction\":[{\"@type\":\"ReadAction\",\"target\":[\"https:\/\/compuviper.mx\/tienda\/producto\/intellinet-780094-probador-de-cable-red-5-en-1-rj11-rj45-usb-bnc-firewire\/\"]}]},{\"@type\":\"BreadcrumbList\",\"@id\":\"https:\/\/compuviper.mx\/tienda\/producto\/intellinet-780094-probador-de-cable-red-5-en-1-rj11-rj45-usb-bnc-firewire\/#breadcrumb\",\"itemListElement\":[{\"@type\":\"ListItem\",\"position\":1,\"name\":\"Inicio\",\"item\":\"https:\/\/compuviper.mx\/tienda\/\"},{\"@type\":\"ListItem\",\"position\":2,\"name\":\"Productos\",\"item\":\"https:\/\/compuviper.mx\/tienda\/productos\/\"},{\"@type\":\"ListItem\",\"position\":3,\"name\":\"Herramientas\",\"item\":\"https:\/\/compuviper.mx\/tienda\/categoria-producto\/herramientas\/\"},{\"@type\":\"ListItem\",\"position\":4,\"name\":\"Sin Categor\u00eda\",\"item\":\"https:\/\/compuviper.mx\/tienda\/categoria-producto\/herramientas\/sin-categoria\/\"},{\"@type\":\"ListItem\",\"position\":5,\"name\":\"Intellinet 780094 Probador De Cable,,, Red 5 En 1, Rj11 \/ Rj45 \/ Usb \/ Bnc \/ Firewire\"}]},{\"@type\":\"WebSite\",\"@id\":\"https:\/\/compuviper.mx\/tienda\/#website\",\"url\":\"https:\/\/compuviper.mx\/tienda\/\",\"name\":\"Compuviper\",\"description\":\"Proveedor de Computadoras, Laptops, Servidores, Monitores, Puntos de Venta, Teclados,   Impresoras, T\u00f3ner, C\u00e1maras de Seguridad y m\u00e1s en tu tienda en l\u00ednea\",\"publisher\":{\"@id\":\"https:\/\/compuviper.mx\/tienda\/#organization\"},\"potentialAction\":[{\"@type\":\"SearchAction\",\"target\":{\"@type\":\"EntryPoint\",\"urlTemplate\":\"https:\/\/compuviper.mx\/tienda\/?s={search_term_string}\"},\"query-input\":\"required name=search_term_string\"}],\"inLanguage\":\"es-MX\"},{\"@type\":\"Organization\",\"@id\":\"https:\/\/compuviper.mx\/tienda\/#organization\",\"name\":\"Compuviper\",\"url\":\"https:\/\/compuviper.mx\/tienda\/\",\"logo\":{\"@type\":\"ImageObject\",\"inLanguage\":\"es-MX\",\"@id\":\"https:\/\/compuviper.mx\/tienda\/#\/schema\/logo\/image\/\",\"url\":\"https:\/\/compuviper.mx\/tienda\/wp-content\/uploads\/2021\/08\/Logo-Compuviper-10.png\",\"contentUrl\":\"https:\/\/compuviper.mx\/tienda\/wp-content\/uploads\/2021\/08\/Logo-Compuviper-10.png\",\"width\":1000,\"height\":500,\"caption\":\"Compuviper\"},\"image\":{\"@id\":\"https:\/\/compuviper.mx\/tienda\/#\/schema\/logo\/image\/\"},\"sameAs\":[\"https:\/\/www.facebook.com\/compuviper\",\"https:\/\/www.youtube.com\/channel\/UCf73dERp9Y3cfOq7q8BhLjA?view_as=subscriber\"]}]}<\/script>\n<meta property=\"product:brand\" content=\"INTELLINET\" \/>\n<meta property=\"product:price:amount\" content=\"761\" \/>\n<meta property=\"product:price:currency\" content=\"MXN\" \/>\n<meta property=\"og:availability\" content=\"instock\" \/>\n<meta property=\"product:availability\" content=\"instock\" \/>\n<meta property=\"product:retailer_item_id\" content=\"780094\" \/>\n<meta property=\"product:condition\" content=\"new\" \/>\n<!-- \/ Yoast SEO plugin. -->","yoast_head_json":{"title":"[ Intellinet ] &#129351; 780094 Probador De Cable,,, Red 5 En 1, Rj11 \/ Rj45 \/ Usb \/ Bnc \/ Firewire","description":"Compra 780094 Probador De Cable,,, Red 5 En 1, Rj11 \/ Rj45 \/ Usb \/ Bnc \/ Firewire + Env\u00edo a domicilio + Pago seguro + Garant\u00eda","robots":{"index":"index","follow":"follow","max-snippet":"max-snippet:-1","max-image-preview":"max-image-preview:large","max-video-preview":"max-video-preview:-1"},"canonical":"https:\/\/compuviper.mx\/tienda\/producto\/intellinet-780094-probador-de-cable-red-5-en-1-rj11-rj45-usb-bnc-firewire\/","og_locale":"es_MX","og_type":"article","og_title":"[ Intellinet ] &#129351; 780094 Probador De Cable,,, Red 5 En 1, Rj11 \/ Rj45 \/ Usb \/ Bnc \/ Firewire","og_description":"Compra 780094 Probador De Cable,,, Red 5 En 1, Rj11 \/ Rj45 \/ Usb \/ Bnc \/ Firewire + Env\u00edo a domicilio + Pago seguro + Garant\u00eda","og_url":"https:\/\/compuviper.mx\/tienda\/producto\/intellinet-780094-probador-de-cable-red-5-en-1-rj11-rj45-usb-bnc-firewire\/","og_site_name":"Compuviper","article_publisher":"https:\/\/www.facebook.com\/compuviper","og_image":[{"width":200,"height":200,"url":"https:\/\/compuviper.mx\/tienda\/wp-content\/uploads\/2023\/12\/Probador-de-cableintellinet780094-red-5-en-1-rj11-rj45-usb-bnc-firewire.jpg","type":"image\/jpeg"}],"twitter_card":"summary_large_image","twitter_misc":{"Precio":"&#36;761 con IVA","Availability":"In stock"},"schema":{"@context":"https:\/\/schema.org","@graph":[{"@type":"WebPage","@id":"https:\/\/compuviper.mx\/tienda\/producto\/intellinet-780094-probador-de-cable-red-5-en-1-rj11-rj45-usb-bnc-firewire\/","url":"https:\/\/compuviper.mx\/tienda\/producto\/intellinet-780094-probador-de-cable-red-5-en-1-rj11-rj45-usb-bnc-firewire\/","name":"[ Intellinet ] &#129351; 780094 Probador De Cable,,, Red 5 En 1, Rj11 \/ Rj45 \/ Usb \/ Bnc \/ Firewire","isPartOf":{"@id":"https:\/\/compuviper.mx\/tienda\/#website"},"datePublished":"2026-04-25T05:25:29+00:00","dateModified":"2026-04-25T05:25:29+00:00","description":"Compra 780094 Probador De Cable,,, Red 5 En 1, Rj11 \/ Rj45 \/ Usb \/ Bnc \/ Firewire + Env\u00edo a domicilio + Pago seguro + Garant\u00eda","breadcrumb":{"@id":"https:\/\/compuviper.mx\/tienda\/producto\/intellinet-780094-probador-de-cable-red-5-en-1-rj11-rj45-usb-bnc-firewire\/#breadcrumb"},"inLanguage":"es-MX","potentialAction":[{"@type":"ReadAction","target":["https:\/\/compuviper.mx\/tienda\/producto\/intellinet-780094-probador-de-cable-red-5-en-1-rj11-rj45-usb-bnc-firewire\/"]}]},{"@type":"BreadcrumbList","@id":"https:\/\/compuviper.mx\/tienda\/producto\/intellinet-780094-probador-de-cable-red-5-en-1-rj11-rj45-usb-bnc-firewire\/#breadcrumb","itemListElement":[{"@type":"ListItem","position":1,"name":"Inicio","item":"https:\/\/compuviper.mx\/tienda\/"},{"@type":"ListItem","position":2,"name":"Productos","item":"https:\/\/compuviper.mx\/tienda\/productos\/"},{"@type":"ListItem","position":3,"name":"Herramientas","item":"https:\/\/compuviper.mx\/tienda\/categoria-producto\/herramientas\/"},{"@type":"ListItem","position":4,"name":"Sin Categor\u00eda","item":"https:\/\/compuviper.mx\/tienda\/categoria-producto\/herramientas\/sin-categoria\/"},{"@type":"ListItem","position":5,"name":"Intellinet 780094 Probador De Cable,,, Red 5 En 1, Rj11 \/ Rj45 \/ Usb \/ Bnc \/ Firewire"}]},{"@type":"WebSite","@id":"https:\/\/compuviper.mx\/tienda\/#website","url":"https:\/\/compuviper.mx\/tienda\/","name":"Compuviper","description":"Proveedor de Computadoras, Laptops, Servidores, Monitores, Puntos de Venta, Teclados,   Impresoras, T\u00f3ner, C\u00e1maras de Seguridad y m\u00e1s en tu tienda en l\u00ednea","publisher":{"@id":"https:\/\/compuviper.mx\/tienda\/#organization"},"potentialAction":[{"@type":"SearchAction","target":{"@type":"EntryPoint","urlTemplate":"https:\/\/compuviper.mx\/tienda\/?s={search_term_string}"},"query-input":"required name=search_term_string"}],"inLanguage":"es-MX"},{"@type":"Organization","@id":"https:\/\/compuviper.mx\/tienda\/#organization","name":"Compuviper","url":"https:\/\/compuviper.mx\/tienda\/","logo":{"@type":"ImageObject","inLanguage":"es-MX","@id":"https:\/\/compuviper.mx\/tienda\/#\/schema\/logo\/image\/","url":"https:\/\/compuviper.mx\/tienda\/wp-content\/uploads\/2021\/08\/Logo-Compuviper-10.png","contentUrl":"https:\/\/compuviper.mx\/tienda\/wp-content\/uploads\/2021\/08\/Logo-Compuviper-10.png","width":1000,"height":500,"caption":"Compuviper"},"image":{"@id":"https:\/\/compuviper.mx\/tienda\/#\/schema\/logo\/image\/"},"sameAs":["https:\/\/www.facebook.com\/compuviper","https:\/\/www.youtube.com\/channel\/UCf73dERp9Y3cfOq7q8BhLjA?view_as=subscriber"]}]},"product_brand":"INTELLINET","product_price_amount":"761","product_price_currency":"MXN","og_availability":"instock","product_availability":"instock","product_retailer_item_id":"780094","product_condition":"new"},"_links":{"self":[{"href":"https:\/\/compuviper.mx\/tienda\/wp-json\/wp\/v2\/product\/211791"}],"collection":[{"href":"https:\/\/compuviper.mx\/tienda\/wp-json\/wp\/v2\/product"}],"about":[{"href":"https:\/\/compuviper.mx\/tienda\/wp-json\/wp\/v2\/types\/product"}],"replies":[{"embeddable":true,"href":"https:\/\/compuviper.mx\/tienda\/wp-json\/wp\/v2\/comments?post=211791"}],"wp:featuredmedia":[{"embeddable":true,"href":"https:\/\/compuviper.mx\/tienda\/wp-json\/wp\/v2\/media\/211792"}],"wp:attachment":[{"href":"https:\/\/compuviper.mx\/tienda\/wp-json\/wp\/v2\/media?parent=211791"}],"wp:term":[{"taxonomy":"product_cat","embeddable":true,"href":"https:\/\/compuviper.mx\/tienda\/wp-json\/wp\/v2\/product_cat?post=211791"},{"taxonomy":"product_tag","embeddable":true,"href":"https:\/\/compuviper.mx\/tienda\/wp-json\/wp\/v2\/product_tag?post=211791"}],"curies":[{"name":"wp","href":"https:\/\/api.w.org\/{rel}","templated":true}]}}