{"id":211495,"date":"2026-04-01T23:28:44","date_gmt":"2026-04-02T05:28:44","guid":{"rendered":"https:\/\/compuviper.mx\/tienda\/producto\/apc-ap7900b-unidad-pdu-para-rack-con-conmutacion-de-1u-15a-100-120v-8-5-15\/"},"modified":"2026-04-01T23:28:44","modified_gmt":"2026-04-02T05:28:44","slug":"apc-ap7900b-unidad-pdu-para-rack-con-conmutacin-de-1u-15a-100-120v-8-5-15","status":"publish","type":"product","link":"https:\/\/compuviper.mx\/tienda\/producto\/apc-ap7900b-unidad-pdu-para-rack-con-conmutacin-de-1u-15a-100-120v-8-5-15\/","title":{"rendered":"Apc Ap7900b  Unidad Pdu Para Rack Con Conmutacin De 1u, 15a, 100\/120v, 8 5-15"},"content":{"rendered":"<table class=\"descripcion\">\n<tr>\n<td>Salida<\/td>\n<\/tr>\n<tr>\n<td>Tensi\u00f3n de salida nominal: 120v<\/td>\n<\/tr>\n<tr>\n<td>Consumo m\u00e1ximo total de corriente: 15<\/td>\n<\/tr>\n<tr>\n<td>Conexiones de salida: (8) nema 5-15r (respaldo de bater\u00eda)<\/td>\n<\/tr>\n<tr>\n<td>Entrada<\/td>\n<\/tr>\n<tr>\n<td>Entrada de voltaje; 100v , 120v<\/td>\n<\/tr>\n<tr>\n<td>Frecuencia de entrada: 50\/60 hz<\/td>\n<\/tr>\n<tr>\n<td>Tipo de enchufe: nema 5-15p<\/td>\n<\/tr>\n<tr>\n<td>Longitud del cable: 3.66 metros<\/td>\n<\/tr>\n<tr>\n<td>Tensi\u00f3n de entrada aceptable: 100-120vac<\/td>\n<\/tr>\n<tr>\n<td>Cantidad de cables de alimentaci\u00f3n: 1<\/td>\n<\/tr>\n<tr>\n<td>Capacidad de carga: 1440va<\/td>\n<\/tr>\n<tr>\n<td>Corriente m\u00e1xima de entrada: 15a<\/td>\n<\/tr>\n<tr>\n<td>Corriente de entrada con reducci\u00f3n del regimen nominal, conforme a las normas (norteam\u00e9rica): 12a<\/td>\n<\/tr>\n<tr>\n<td>F\u00edsico<\/td>\n<\/tr>\n<tr>\n<td>Dimensiones de altura m\u00e1xima: 44mm , 4.4cm<\/td>\n<\/tr>\n<tr>\n<td>Dimensiones de anchura m\u00e1xima: 445mm , 44.5cm<\/td>\n<\/tr>\n<tr>\n<td>Dimensiones de profundidad m\u00e1xima: 108mm , 10.8cm<\/td>\n<\/tr>\n<tr>\n<td>Altura del rack: 1u<\/td>\n<\/tr>\n<tr>\n<td>Peso neto:  2.27kg<\/td>\n<\/tr>\n<tr>\n<td>Color: black<\/td>\n<\/tr>\n<tr>\n<td>Ambiental<\/td>\n<\/tr>\n<tr>\n<td>Temperatura de operaci\u00f3n: 0 &#8211; 45 \u00b0c<\/td>\n<\/tr>\n<tr>\n<td>Humedad relativa de operaci\u00f3n: 0 &#8211; 95 %<\/td>\n<\/tr>\n<tr>\n<td>Elevaci\u00f3n de operaci\u00f3n: 0-3000 metros<\/td>\n<\/tr>\n<tr>\n<td>Temperatura de almacenamiento:  -25 &#8211; 65 \u00b0c<\/td>\n<\/tr>\n<tr>\n<td>Humedad relativa de almacenamiento: 0 &#8211; 95 %<\/td>\n<\/tr>\n<tr>\n<td>Elevaci\u00f3n de almacenamiento: 0-15000 metros<\/td>\n<\/tr>\n<\/table>\n","protected":false},"excerpt":{"rendered":"<p>Permite  a los usuarios configurar la secuencia en la cual se activa o desactiva la energ\u00eda para cada tomacorriente. Esto ayuda a evitar torrentes de entrada de energ\u00eda  durante la puesta en marcha, que pueden causar sobrecargas en los circuitos y ca\u00eddas de las cargas. La clasificaci\u00f3n secuencial tambi\u00e9n permite a los usuarios predeterminar qu\u00e9 parte del equipo se enciende primero para que otros equipos  que dependen de esa unidad funcionen correctamente.<\/p>\n","protected":false},"featured_media":211496,"comment_status":"open","ping_status":"open","template":"","meta":[],"product_cat":[1508,1895],"product_tag":[1694],"acf":[],"yoast_head":"<!-- This site is optimized with the Yoast SEO plugin v21.7 - https:\/\/yoast.com\/wordpress\/plugins\/seo\/ -->\n<title>[ Apc ] &#129351; Ap7900b Unidad Pdu Para Rack Con Conmutacin De 1u, 15a, 100\/120v, 8 5-15<\/title>\n<meta name=\"description\" content=\"Compra Ap7900b Unidad Pdu Para Rack Con Conmutacin De 1u, 15a, 100\/120v, 8 5-15 + Env\u00edo a domicilio + Pago seguro + Garant\u00eda\" \/>\n<meta name=\"robots\" content=\"index, follow, max-snippet:-1, max-image-preview:large, max-video-preview:-1\" \/>\n<link rel=\"canonical\" href=\"https:\/\/compuviper.mx\/tienda\/producto\/apc-ap7900b-unidad-pdu-para-rack-con-conmutacin-de-1u-15a-100-120v-8-5-15\/\" \/>\n<meta property=\"og:locale\" content=\"es_MX\" \/>\n<meta property=\"og:type\" content=\"article\" \/>\n<meta property=\"og:title\" content=\"[ Apc ] &#129351; Ap7900b Unidad Pdu Para Rack Con Conmutacin De 1u, 15a, 100\/120v, 8 5-15\" \/>\n<meta property=\"og:description\" content=\"Compra Ap7900b Unidad Pdu Para Rack Con Conmutacin De 1u, 15a, 100\/120v, 8 5-15 + Env\u00edo a domicilio + Pago seguro + Garant\u00eda\" \/>\n<meta property=\"og:url\" content=\"https:\/\/compuviper.mx\/tienda\/producto\/apc-ap7900b-unidad-pdu-para-rack-con-conmutacin-de-1u-15a-100-120v-8-5-15\/\" \/>\n<meta property=\"og:site_name\" content=\"Compuviper\" \/>\n<meta property=\"article:publisher\" content=\"https:\/\/www.facebook.com\/compuviper\" \/>\n<meta property=\"og:image\" content=\"https:\/\/compuviper.mx\/tienda\/wp-content\/uploads\/2023\/12\/Unidad-pdu-para-rack-con-conmutacion-de-1u-15a-100120v-8-5-15.jpg\" \/>\n\t<meta property=\"og:image:width\" content=\"200\" \/>\n\t<meta property=\"og:image:height\" content=\"200\" \/>\n\t<meta property=\"og:image:type\" content=\"image\/jpeg\" \/>\n<meta name=\"twitter:card\" content=\"summary_large_image\" \/>\n<meta name=\"twitter:label1\" content=\"Precio\" \/>\n\t<meta name=\"twitter:data1\" content=\"&#36;11,320 con IVA\" \/>\n\t<meta name=\"twitter:label2\" content=\"Availability\" \/>\n\t<meta name=\"twitter:data2\" content=\"Out of stock\" \/>\n<script type=\"application\/ld+json\" class=\"yoast-schema-graph\">{\"@context\":\"https:\/\/schema.org\",\"@graph\":[{\"@type\":\"WebPage\",\"@id\":\"https:\/\/compuviper.mx\/tienda\/producto\/apc-ap7900b-unidad-pdu-para-rack-con-conmutacin-de-1u-15a-100-120v-8-5-15\/\",\"url\":\"https:\/\/compuviper.mx\/tienda\/producto\/apc-ap7900b-unidad-pdu-para-rack-con-conmutacin-de-1u-15a-100-120v-8-5-15\/\",\"name\":\"[ Apc ] &#129351; Ap7900b Unidad Pdu Para Rack Con Conmutacin De 1u, 15a, 100\/120v, 8 5-15\",\"isPartOf\":{\"@id\":\"https:\/\/compuviper.mx\/tienda\/#website\"},\"datePublished\":\"2026-04-02T05:28:44+00:00\",\"dateModified\":\"2026-04-02T05:28:44+00:00\",\"description\":\"Compra Ap7900b Unidad Pdu Para Rack Con Conmutacin De 1u, 15a, 100\/120v, 8 5-15 + Env\u00edo a domicilio + Pago seguro + Garant\u00eda\",\"breadcrumb\":{\"@id\":\"https:\/\/compuviper.mx\/tienda\/producto\/apc-ap7900b-unidad-pdu-para-rack-con-conmutacin-de-1u-15a-100-120v-8-5-15\/#breadcrumb\"},\"inLanguage\":\"es-MX\",\"potentialAction\":[{\"@type\":\"ReadAction\",\"target\":[\"https:\/\/compuviper.mx\/tienda\/producto\/apc-ap7900b-unidad-pdu-para-rack-con-conmutacin-de-1u-15a-100-120v-8-5-15\/\"]}]},{\"@type\":\"BreadcrumbList\",\"@id\":\"https:\/\/compuviper.mx\/tienda\/producto\/apc-ap7900b-unidad-pdu-para-rack-con-conmutacin-de-1u-15a-100-120v-8-5-15\/#breadcrumb\",\"itemListElement\":[{\"@type\":\"ListItem\",\"position\":1,\"name\":\"Inicio\",\"item\":\"https:\/\/compuviper.mx\/tienda\/\"},{\"@type\":\"ListItem\",\"position\":2,\"name\":\"Productos\",\"item\":\"https:\/\/compuviper.mx\/tienda\/productos\/\"},{\"@type\":\"ListItem\",\"position\":3,\"name\":\"Energia\",\"item\":\"https:\/\/compuviper.mx\/tienda\/categoria-producto\/energia\/\"},{\"@type\":\"ListItem\",\"position\":4,\"name\":\"Pdu\",\"item\":\"https:\/\/compuviper.mx\/tienda\/categoria-producto\/energia\/pdu\/\"},{\"@type\":\"ListItem\",\"position\":5,\"name\":\"Apc Ap7900b Unidad Pdu Para Rack Con Conmutacin De 1u, 15a, 100\/120v, 8 5-15\"}]},{\"@type\":\"WebSite\",\"@id\":\"https:\/\/compuviper.mx\/tienda\/#website\",\"url\":\"https:\/\/compuviper.mx\/tienda\/\",\"name\":\"Compuviper\",\"description\":\"Proveedor de Computadoras, Laptops, Servidores, Monitores, Puntos de Venta, Teclados,   Impresoras, T\u00f3ner, C\u00e1maras de Seguridad y m\u00e1s en tu tienda en l\u00ednea\",\"publisher\":{\"@id\":\"https:\/\/compuviper.mx\/tienda\/#organization\"},\"potentialAction\":[{\"@type\":\"SearchAction\",\"target\":{\"@type\":\"EntryPoint\",\"urlTemplate\":\"https:\/\/compuviper.mx\/tienda\/?s={search_term_string}\"},\"query-input\":\"required name=search_term_string\"}],\"inLanguage\":\"es-MX\"},{\"@type\":\"Organization\",\"@id\":\"https:\/\/compuviper.mx\/tienda\/#organization\",\"name\":\"Compuviper\",\"url\":\"https:\/\/compuviper.mx\/tienda\/\",\"logo\":{\"@type\":\"ImageObject\",\"inLanguage\":\"es-MX\",\"@id\":\"https:\/\/compuviper.mx\/tienda\/#\/schema\/logo\/image\/\",\"url\":\"https:\/\/compuviper.mx\/tienda\/wp-content\/uploads\/2021\/08\/Logo-Compuviper-10.png\",\"contentUrl\":\"https:\/\/compuviper.mx\/tienda\/wp-content\/uploads\/2021\/08\/Logo-Compuviper-10.png\",\"width\":1000,\"height\":500,\"caption\":\"Compuviper\"},\"image\":{\"@id\":\"https:\/\/compuviper.mx\/tienda\/#\/schema\/logo\/image\/\"},\"sameAs\":[\"https:\/\/www.facebook.com\/compuviper\",\"https:\/\/www.youtube.com\/channel\/UCf73dERp9Y3cfOq7q8BhLjA?view_as=subscriber\"]}]}<\/script>\n<meta property=\"product:brand\" content=\"APC\" \/>\n<meta property=\"product:price:amount\" content=\"11320\" \/>\n<meta property=\"product:price:currency\" content=\"MXN\" \/>\n<meta property=\"og:availability\" content=\"out of stock\" \/>\n<meta property=\"product:availability\" content=\"out of stock\" \/>\n<meta property=\"product:retailer_item_id\" content=\"AP7900B\" \/>\n<meta property=\"product:condition\" content=\"new\" \/>\n<!-- \/ Yoast SEO plugin. -->","yoast_head_json":{"title":"[ Apc ] &#129351; Ap7900b Unidad Pdu Para Rack Con Conmutacin De 1u, 15a, 100\/120v, 8 5-15","description":"Compra Ap7900b Unidad Pdu Para Rack Con Conmutacin De 1u, 15a, 100\/120v, 8 5-15 + Env\u00edo a domicilio + Pago seguro + Garant\u00eda","robots":{"index":"index","follow":"follow","max-snippet":"max-snippet:-1","max-image-preview":"max-image-preview:large","max-video-preview":"max-video-preview:-1"},"canonical":"https:\/\/compuviper.mx\/tienda\/producto\/apc-ap7900b-unidad-pdu-para-rack-con-conmutacin-de-1u-15a-100-120v-8-5-15\/","og_locale":"es_MX","og_type":"article","og_title":"[ Apc ] &#129351; Ap7900b Unidad Pdu Para Rack Con Conmutacin De 1u, 15a, 100\/120v, 8 5-15","og_description":"Compra Ap7900b Unidad Pdu Para Rack Con Conmutacin De 1u, 15a, 100\/120v, 8 5-15 + Env\u00edo a domicilio + Pago seguro + Garant\u00eda","og_url":"https:\/\/compuviper.mx\/tienda\/producto\/apc-ap7900b-unidad-pdu-para-rack-con-conmutacin-de-1u-15a-100-120v-8-5-15\/","og_site_name":"Compuviper","article_publisher":"https:\/\/www.facebook.com\/compuviper","og_image":[{"width":200,"height":200,"url":"https:\/\/compuviper.mx\/tienda\/wp-content\/uploads\/2023\/12\/Unidad-pdu-para-rack-con-conmutacion-de-1u-15a-100120v-8-5-15.jpg","type":"image\/jpeg"}],"twitter_card":"summary_large_image","twitter_misc":{"Precio":"&#36;11,320 con IVA","Availability":"Out of stock"},"schema":{"@context":"https:\/\/schema.org","@graph":[{"@type":"WebPage","@id":"https:\/\/compuviper.mx\/tienda\/producto\/apc-ap7900b-unidad-pdu-para-rack-con-conmutacin-de-1u-15a-100-120v-8-5-15\/","url":"https:\/\/compuviper.mx\/tienda\/producto\/apc-ap7900b-unidad-pdu-para-rack-con-conmutacin-de-1u-15a-100-120v-8-5-15\/","name":"[ Apc ] &#129351; Ap7900b Unidad Pdu Para Rack Con Conmutacin De 1u, 15a, 100\/120v, 8 5-15","isPartOf":{"@id":"https:\/\/compuviper.mx\/tienda\/#website"},"datePublished":"2026-04-02T05:28:44+00:00","dateModified":"2026-04-02T05:28:44+00:00","description":"Compra Ap7900b Unidad Pdu Para Rack Con Conmutacin De 1u, 15a, 100\/120v, 8 5-15 + Env\u00edo a domicilio + Pago seguro + Garant\u00eda","breadcrumb":{"@id":"https:\/\/compuviper.mx\/tienda\/producto\/apc-ap7900b-unidad-pdu-para-rack-con-conmutacin-de-1u-15a-100-120v-8-5-15\/#breadcrumb"},"inLanguage":"es-MX","potentialAction":[{"@type":"ReadAction","target":["https:\/\/compuviper.mx\/tienda\/producto\/apc-ap7900b-unidad-pdu-para-rack-con-conmutacin-de-1u-15a-100-120v-8-5-15\/"]}]},{"@type":"BreadcrumbList","@id":"https:\/\/compuviper.mx\/tienda\/producto\/apc-ap7900b-unidad-pdu-para-rack-con-conmutacin-de-1u-15a-100-120v-8-5-15\/#breadcrumb","itemListElement":[{"@type":"ListItem","position":1,"name":"Inicio","item":"https:\/\/compuviper.mx\/tienda\/"},{"@type":"ListItem","position":2,"name":"Productos","item":"https:\/\/compuviper.mx\/tienda\/productos\/"},{"@type":"ListItem","position":3,"name":"Energia","item":"https:\/\/compuviper.mx\/tienda\/categoria-producto\/energia\/"},{"@type":"ListItem","position":4,"name":"Pdu","item":"https:\/\/compuviper.mx\/tienda\/categoria-producto\/energia\/pdu\/"},{"@type":"ListItem","position":5,"name":"Apc Ap7900b Unidad Pdu Para Rack Con Conmutacin De 1u, 15a, 100\/120v, 8 5-15"}]},{"@type":"WebSite","@id":"https:\/\/compuviper.mx\/tienda\/#website","url":"https:\/\/compuviper.mx\/tienda\/","name":"Compuviper","description":"Proveedor de Computadoras, Laptops, Servidores, Monitores, Puntos de Venta, Teclados,   Impresoras, T\u00f3ner, C\u00e1maras de Seguridad y m\u00e1s en tu tienda en l\u00ednea","publisher":{"@id":"https:\/\/compuviper.mx\/tienda\/#organization"},"potentialAction":[{"@type":"SearchAction","target":{"@type":"EntryPoint","urlTemplate":"https:\/\/compuviper.mx\/tienda\/?s={search_term_string}"},"query-input":"required name=search_term_string"}],"inLanguage":"es-MX"},{"@type":"Organization","@id":"https:\/\/compuviper.mx\/tienda\/#organization","name":"Compuviper","url":"https:\/\/compuviper.mx\/tienda\/","logo":{"@type":"ImageObject","inLanguage":"es-MX","@id":"https:\/\/compuviper.mx\/tienda\/#\/schema\/logo\/image\/","url":"https:\/\/compuviper.mx\/tienda\/wp-content\/uploads\/2021\/08\/Logo-Compuviper-10.png","contentUrl":"https:\/\/compuviper.mx\/tienda\/wp-content\/uploads\/2021\/08\/Logo-Compuviper-10.png","width":1000,"height":500,"caption":"Compuviper"},"image":{"@id":"https:\/\/compuviper.mx\/tienda\/#\/schema\/logo\/image\/"},"sameAs":["https:\/\/www.facebook.com\/compuviper","https:\/\/www.youtube.com\/channel\/UCf73dERp9Y3cfOq7q8BhLjA?view_as=subscriber"]}]},"product_brand":"APC","product_price_amount":"11320","product_price_currency":"MXN","og_availability":"out of stock","product_availability":"out of stock","product_retailer_item_id":"AP7900B","product_condition":"new"},"_links":{"self":[{"href":"https:\/\/compuviper.mx\/tienda\/wp-json\/wp\/v2\/product\/211495"}],"collection":[{"href":"https:\/\/compuviper.mx\/tienda\/wp-json\/wp\/v2\/product"}],"about":[{"href":"https:\/\/compuviper.mx\/tienda\/wp-json\/wp\/v2\/types\/product"}],"replies":[{"embeddable":true,"href":"https:\/\/compuviper.mx\/tienda\/wp-json\/wp\/v2\/comments?post=211495"}],"wp:featuredmedia":[{"embeddable":true,"href":"https:\/\/compuviper.mx\/tienda\/wp-json\/wp\/v2\/media\/211496"}],"wp:attachment":[{"href":"https:\/\/compuviper.mx\/tienda\/wp-json\/wp\/v2\/media?parent=211495"}],"wp:term":[{"taxonomy":"product_cat","embeddable":true,"href":"https:\/\/compuviper.mx\/tienda\/wp-json\/wp\/v2\/product_cat?post=211495"},{"taxonomy":"product_tag","embeddable":true,"href":"https:\/\/compuviper.mx\/tienda\/wp-json\/wp\/v2\/product_tag?post=211495"}],"curies":[{"name":"wp","href":"https:\/\/api.w.org\/{rel}","templated":true}]}}