{"id":211142,"date":"2026-04-21T23:23:33","date_gmt":"2026-04-22T05:23:33","guid":{"rendered":"https:\/\/compuviper.mx\/tienda\/producto\/tripp-lite-pdu1220-pdu-p-rack-monofasico-basico-120v20a-instalacion-horizontal-en-1u-de-rack13-tomacorrientes-nema-5-15-20r12-nema-5-20p-con-cable-de-4-57-m\/"},"modified":"2026-04-21T23:23:33","modified_gmt":"2026-04-22T05:23:33","slug":"tripp-lite-pdu1220-pdu-p-rack-monofasico-basico-120v20a-instalacion-horizontal-en-1u-de-rack13-tomacorrientes-nema-5-15-20r12-nema-5-20p-con-cable-de-4-57-m","status":"publish","type":"product","link":"https:\/\/compuviper.mx\/tienda\/producto\/tripp-lite-pdu1220-pdu-p-rack-monofasico-basico-120v20a-instalacion-horizontal-en-1u-de-rack13-tomacorrientes-nema-5-15-20r12-nema-5-20p-con-cable-de-4-57-m\/","title":{"rendered":"Tripp-lite Pdu1220 Pdu P\/rack     Monofasico Basico 120v,20a, Instalacion Horizontal En 1u De Rack,13 Tomacorrientes Nema 5- 15\/20r?12, Nema 5-20p Con Cable De  4.57 M."},"content":{"rendered":"<table class=\"descripcion\">\n<tr>\n<td>Generalidades<\/td>\n<\/tr>\n<tr>\n<td>Tipo de modelo basico<\/td>\n<\/tr>\n<tr>\n<td>Tipo de pdu basicos<\/td>\n<\/tr>\n<tr>\n<td>Salida<\/td>\n<\/tr>\n<tr>\n<td>Compatibilidad de frecuencia 50 \/ 60 hz<\/td>\n<\/tr>\n<tr>\n<td>Tension nominal de salida 120v<\/td>\n<\/tr>\n<tr>\n<td>Proteccion contra sobrecarga 20a<\/td>\n<\/tr>\n<tr>\n<td>Cantidad \/ tipo de tomacorrientes 13 nema 5-15\/20r<\/td>\n<\/tr>\n<tr>\n<td>Entrada<\/td>\n<\/tr>\n<tr>\n<td>Voltaje de entrada del pdu 100; 120; 127<\/td>\n<\/tr>\n<tr>\n<td>Servicio electrico recomendado 20a 120v<\/td>\n<\/tr>\n<tr>\n<td>Maximo de entrada de amperios 20<\/td>\n<\/tr>\n<tr>\n<td>Tipo de conexion de entrada nema 5-20p<\/td>\n<\/tr>\n<tr>\n<td>Tipo de clavija nema 5-20p (20a 120v)<\/td>\n<\/tr>\n<tr>\n<td>Tipo de clavija del pdu nema 5-20p<\/td>\n<\/tr>\n<tr>\n<td>Longitud del cable de entrada (pies) 15<\/td>\n<\/tr>\n<tr>\n<td>Compatibilidad de voltaje (vca) 120<\/td>\n<\/tr>\n<tr>\n<td>Fase monofasicos<\/td>\n<\/tr>\n<tr>\n<td>Alarmas de led e interruptores<\/td>\n<\/tr>\n<tr>\n<td>Interruptores (botones) sin interruptor de encendido\/apagado.<\/td>\n<\/tr>\n<tr>\n<td>Fisicas<\/td>\n<\/tr>\n<tr>\n<td>Dimensiones de la unidad (a.an.p\/pulgadas) 1,75 (1u) x 17,5 x 4,5<\/td>\n<\/tr>\n<tr>\n<td>Dimensiones de la unidad (a.an.p\/cm) 4,5 x 44,5 x 11,4<\/td>\n<\/tr>\n<tr>\n<td>Material de construccion lamina de metal.<\/td>\n<\/tr>\n<tr>\n<td>Estilo para montar en rack, para montar en rack vertical, para montar en pared\/debajo del mostrador.<\/td>\n<\/tr>\n<tr>\n<td>Factores de formas soportados soporta instalacion montada en rack 1u, en rack vertical 0u, en la pared y debajo del mostrador.<\/td>\n<\/tr>\n<tr>\n<td>Factor de forma del pdu horizontal (1u, 2u, etc)<\/td>\n<\/tr>\n<tr>\n<td>Funciones especiales<\/td>\n<\/tr>\n<tr>\n<td>Conexion a tierra tvss anillo basico de conexion a tierra en el panel trasero.<\/td>\n<\/tr>\n<\/table>\n","protected":false},"excerpt":{"rendered":"<p>La unidad de distribucion de ca pdu1220 de tripp lite ofrece una capacidad de 20 amp., 120 voltios en un versatil gabinete con varias posibilidades de montaje. Los bridas de montaje desmontables se pueden configurar para instalacion en la pared, debajo del mostrador o en rack 1u\/0u. Al ser instalado en un rack de 19 pulgadas (48 cm), utiliza solo 1 espacio de rack (1u), con la posibilidad de montaje 0u en el area de administracion de cables de la mayoria de los racks. Las bridas desmontables con los orificios de acceso prepunzonados y los canales de profundidad ajustable le permiten al usuario configurar docenas de dise?os de montaje posibles. Atractiva carcasa con todos los tomacorrientes en la parte posterior que mide solo 4,5 pulgadas (11,4 cm) de profundidad. El paso electrico no filtrado sin un interruptor de encendido convierte a la pdu1220 en ideal para distribuir formas de ondas alternas del ups o energia del generador en racks, armarios de red y mas. Incluye 12 tomacorrientes en la cara posterior y uno en la cara frontal, cable de alimentacion ca de 15 pies (4,5 m), disyuntor de 20 amp, anillo para conexion a tierra y un dise?o de gabinete de metal resistente. Enchufe\/tomacorrientes: entrada: nema 5-20p\/salida: 13 nema5-20r (12 en la cara posterior y uno en la cara frontal). Electricidad: 120v ca, 50\/60hz, 20a (requiere receptaculo de pared nema 5-20r). Formato: se puede montar en rack de 19 pulgadas (48 cm) (1u\/0u), en la pared, debajo del mostrador y mas.<\/p>\n","protected":false},"featured_media":211143,"comment_status":"open","ping_status":"open","template":"","meta":[],"product_cat":[1508,1895],"product_tag":[1510],"acf":[],"yoast_head":"<!-- This site is optimized with the Yoast SEO plugin v21.7 - https:\/\/yoast.com\/wordpress\/plugins\/seo\/ -->\n<title>[ Tripp-lite ] &#129351; Pdu1220 Pdu P\/rack Monofasico Basico 120v,20a, Instalacion Horizontal En 1u De Rack,13 Tomacorrientes Nema 5- 15\/20r\u009712, Nema 5-20p Con Cable De 4.57 M.<\/title>\n<meta name=\"description\" content=\"Compra Pdu1220 Pdu P\/rack Monofasico Basico 120v,20a, Instalacion Horizontal En 1u De Rack,13 Tomacorrientes Nema 5- 15\/20r\u009712, Nema 5-20p Con Cable De 4.57 M. + Env\u00edo a domicilio + Pago seguro + Garant\u00eda\" \/>\n<meta name=\"robots\" content=\"index, follow, max-snippet:-1, max-image-preview:large, max-video-preview:-1\" \/>\n<link rel=\"canonical\" href=\"https:\/\/compuviper.mx\/tienda\/producto\/tripp-lite-pdu1220-pdu-p-rack-monofasico-basico-120v20a-instalacion-horizontal-en-1u-de-rack13-tomacorrientes-nema-5-15-20r12-nema-5-20p-con-cable-de-4-57-m\/\" \/>\n<meta property=\"og:locale\" content=\"es_MX\" \/>\n<meta property=\"og:type\" content=\"article\" \/>\n<meta property=\"og:title\" content=\"[ Tripp-lite ] &#129351; Pdu1220 Pdu P\/rack Monofasico Basico 120v,20a, Instalacion Horizontal En 1u De Rack,13 Tomacorrientes Nema 5- 15\/20r\u009712, Nema 5-20p Con Cable De 4.57 M.\" \/>\n<meta property=\"og:description\" content=\"Compra Pdu1220 Pdu P\/rack Monofasico Basico 120v,20a, Instalacion Horizontal En 1u De Rack,13 Tomacorrientes Nema 5- 15\/20r\u009712, Nema 5-20p Con Cable De 4.57 M. + Env\u00edo a domicilio + Pago seguro + Garant\u00eda\" \/>\n<meta property=\"og:url\" content=\"https:\/\/compuviper.mx\/tienda\/producto\/tripp-lite-pdu1220-pdu-p-rack-monofasico-basico-120v20a-instalacion-horizontal-en-1u-de-rack13-tomacorrientes-nema-5-15-20r12-nema-5-20p-con-cable-de-4-57-m\/\" \/>\n<meta property=\"og:site_name\" content=\"Compuviper\" \/>\n<meta property=\"article:publisher\" content=\"https:\/\/www.facebook.com\/compuviper\" \/>\n<meta property=\"og:image\" content=\"https:\/\/compuviper.mx\/tienda\/wp-content\/uploads\/2023\/12\/Pdu-prack-tripp-lite-pdu1220-monofasico-basico-120v20a-instalacion-horizontal-en-1u-de-rack13-tomacorrientes-nema-5-1520r\u009712-nema-5-20p-con-cable-de-4.57-m.jpg\" \/>\n\t<meta property=\"og:image:width\" content=\"200\" \/>\n\t<meta property=\"og:image:height\" content=\"200\" \/>\n\t<meta property=\"og:image:type\" content=\"image\/jpeg\" \/>\n<meta name=\"twitter:card\" content=\"summary_large_image\" \/>\n<meta name=\"twitter:label1\" content=\"Precio\" \/>\n\t<meta name=\"twitter:data1\" content=\"&#36;1,797 con IVA\" \/>\n\t<meta name=\"twitter:label2\" content=\"Availability\" \/>\n\t<meta name=\"twitter:data2\" content=\"In stock\" \/>\n<script type=\"application\/ld+json\" class=\"yoast-schema-graph\">{\"@context\":\"https:\/\/schema.org\",\"@graph\":[{\"@type\":\"WebPage\",\"@id\":\"https:\/\/compuviper.mx\/tienda\/producto\/tripp-lite-pdu1220-pdu-p-rack-monofasico-basico-120v20a-instalacion-horizontal-en-1u-de-rack13-tomacorrientes-nema-5-15-20r12-nema-5-20p-con-cable-de-4-57-m\/\",\"url\":\"https:\/\/compuviper.mx\/tienda\/producto\/tripp-lite-pdu1220-pdu-p-rack-monofasico-basico-120v20a-instalacion-horizontal-en-1u-de-rack13-tomacorrientes-nema-5-15-20r12-nema-5-20p-con-cable-de-4-57-m\/\",\"name\":\"[ Tripp-lite ] &#129351; Pdu1220 Pdu P\/rack Monofasico Basico 120v,20a, Instalacion Horizontal En 1u De Rack,13 Tomacorrientes Nema 5- 15\/20r\u009712, Nema 5-20p Con Cable De 4.57 M.\",\"isPartOf\":{\"@id\":\"https:\/\/compuviper.mx\/tienda\/#website\"},\"datePublished\":\"2026-04-22T05:23:33+00:00\",\"dateModified\":\"2026-04-22T05:23:33+00:00\",\"description\":\"Compra Pdu1220 Pdu P\/rack Monofasico Basico 120v,20a, Instalacion Horizontal En 1u De Rack,13 Tomacorrientes Nema 5- 15\/20r\u009712, Nema 5-20p Con Cable De 4.57 M. + Env\u00edo a domicilio + Pago seguro + Garant\u00eda\",\"breadcrumb\":{\"@id\":\"https:\/\/compuviper.mx\/tienda\/producto\/tripp-lite-pdu1220-pdu-p-rack-monofasico-basico-120v20a-instalacion-horizontal-en-1u-de-rack13-tomacorrientes-nema-5-15-20r12-nema-5-20p-con-cable-de-4-57-m\/#breadcrumb\"},\"inLanguage\":\"es-MX\",\"potentialAction\":[{\"@type\":\"ReadAction\",\"target\":[\"https:\/\/compuviper.mx\/tienda\/producto\/tripp-lite-pdu1220-pdu-p-rack-monofasico-basico-120v20a-instalacion-horizontal-en-1u-de-rack13-tomacorrientes-nema-5-15-20r12-nema-5-20p-con-cable-de-4-57-m\/\"]}]},{\"@type\":\"BreadcrumbList\",\"@id\":\"https:\/\/compuviper.mx\/tienda\/producto\/tripp-lite-pdu1220-pdu-p-rack-monofasico-basico-120v20a-instalacion-horizontal-en-1u-de-rack13-tomacorrientes-nema-5-15-20r12-nema-5-20p-con-cable-de-4-57-m\/#breadcrumb\",\"itemListElement\":[{\"@type\":\"ListItem\",\"position\":1,\"name\":\"Inicio\",\"item\":\"https:\/\/compuviper.mx\/tienda\/\"},{\"@type\":\"ListItem\",\"position\":2,\"name\":\"Productos\",\"item\":\"https:\/\/compuviper.mx\/tienda\/productos\/\"},{\"@type\":\"ListItem\",\"position\":3,\"name\":\"Energia\",\"item\":\"https:\/\/compuviper.mx\/tienda\/categoria-producto\/energia\/\"},{\"@type\":\"ListItem\",\"position\":4,\"name\":\"Pdu\",\"item\":\"https:\/\/compuviper.mx\/tienda\/categoria-producto\/energia\/pdu\/\"},{\"@type\":\"ListItem\",\"position\":5,\"name\":\"Tripp-lite Pdu1220 Pdu P\/rack Monofasico Basico 120v,20a, Instalacion Horizontal En 1u De Rack,13 Tomacorrientes Nema 5- 15\/20r?12, Nema 5-20p Con Cable De 4.57 M.\"}]},{\"@type\":\"WebSite\",\"@id\":\"https:\/\/compuviper.mx\/tienda\/#website\",\"url\":\"https:\/\/compuviper.mx\/tienda\/\",\"name\":\"Compuviper\",\"description\":\"Proveedor de Computadoras, Laptops, Servidores, Monitores, Puntos de Venta, Teclados,   Impresoras, T\u00f3ner, C\u00e1maras de Seguridad y m\u00e1s en tu tienda en l\u00ednea\",\"publisher\":{\"@id\":\"https:\/\/compuviper.mx\/tienda\/#organization\"},\"potentialAction\":[{\"@type\":\"SearchAction\",\"target\":{\"@type\":\"EntryPoint\",\"urlTemplate\":\"https:\/\/compuviper.mx\/tienda\/?s={search_term_string}\"},\"query-input\":\"required name=search_term_string\"}],\"inLanguage\":\"es-MX\"},{\"@type\":\"Organization\",\"@id\":\"https:\/\/compuviper.mx\/tienda\/#organization\",\"name\":\"Compuviper\",\"url\":\"https:\/\/compuviper.mx\/tienda\/\",\"logo\":{\"@type\":\"ImageObject\",\"inLanguage\":\"es-MX\",\"@id\":\"https:\/\/compuviper.mx\/tienda\/#\/schema\/logo\/image\/\",\"url\":\"https:\/\/compuviper.mx\/tienda\/wp-content\/uploads\/2021\/08\/Logo-Compuviper-10.png\",\"contentUrl\":\"https:\/\/compuviper.mx\/tienda\/wp-content\/uploads\/2021\/08\/Logo-Compuviper-10.png\",\"width\":1000,\"height\":500,\"caption\":\"Compuviper\"},\"image\":{\"@id\":\"https:\/\/compuviper.mx\/tienda\/#\/schema\/logo\/image\/\"},\"sameAs\":[\"https:\/\/www.facebook.com\/compuviper\",\"https:\/\/www.youtube.com\/channel\/UCf73dERp9Y3cfOq7q8BhLjA?view_as=subscriber\"]}]}<\/script>\n<meta property=\"product:brand\" content=\"TRIPP-LITE\" \/>\n<meta property=\"product:price:amount\" content=\"1797\" \/>\n<meta property=\"product:price:currency\" content=\"MXN\" \/>\n<meta property=\"og:availability\" content=\"instock\" \/>\n<meta property=\"product:availability\" content=\"instock\" \/>\n<meta property=\"product:retailer_item_id\" content=\"PDU1220\" \/>\n<meta property=\"product:condition\" content=\"new\" \/>\n<!-- \/ Yoast SEO plugin. -->","yoast_head_json":{"title":"[ Tripp-lite ] &#129351; Pdu1220 Pdu P\/rack Monofasico Basico 120v,20a, Instalacion Horizontal En 1u De Rack,13 Tomacorrientes Nema 5- 15\/20r\u009712, Nema 5-20p Con Cable De 4.57 M.","description":"Compra Pdu1220 Pdu P\/rack Monofasico Basico 120v,20a, Instalacion Horizontal En 1u De Rack,13 Tomacorrientes Nema 5- 15\/20r\u009712, Nema 5-20p Con Cable De 4.57 M. + Env\u00edo a domicilio + Pago seguro + Garant\u00eda","robots":{"index":"index","follow":"follow","max-snippet":"max-snippet:-1","max-image-preview":"max-image-preview:large","max-video-preview":"max-video-preview:-1"},"canonical":"https:\/\/compuviper.mx\/tienda\/producto\/tripp-lite-pdu1220-pdu-p-rack-monofasico-basico-120v20a-instalacion-horizontal-en-1u-de-rack13-tomacorrientes-nema-5-15-20r12-nema-5-20p-con-cable-de-4-57-m\/","og_locale":"es_MX","og_type":"article","og_title":"[ Tripp-lite ] &#129351; Pdu1220 Pdu P\/rack Monofasico Basico 120v,20a, Instalacion Horizontal En 1u De Rack,13 Tomacorrientes Nema 5- 15\/20r\u009712, Nema 5-20p Con Cable De 4.57 M.","og_description":"Compra Pdu1220 Pdu P\/rack Monofasico Basico 120v,20a, Instalacion Horizontal En 1u De Rack,13 Tomacorrientes Nema 5- 15\/20r\u009712, Nema 5-20p Con Cable De 4.57 M. + Env\u00edo a domicilio + Pago seguro + Garant\u00eda","og_url":"https:\/\/compuviper.mx\/tienda\/producto\/tripp-lite-pdu1220-pdu-p-rack-monofasico-basico-120v20a-instalacion-horizontal-en-1u-de-rack13-tomacorrientes-nema-5-15-20r12-nema-5-20p-con-cable-de-4-57-m\/","og_site_name":"Compuviper","article_publisher":"https:\/\/www.facebook.com\/compuviper","og_image":[{"width":200,"height":200,"url":"https:\/\/compuviper.mx\/tienda\/wp-content\/uploads\/2023\/12\/Pdu-prack-tripp-lite-pdu1220-monofasico-basico-120v20a-instalacion-horizontal-en-1u-de-rack13-tomacorrientes-nema-5-1520r\u009712-nema-5-20p-con-cable-de-4.57-m.jpg","type":"image\/jpeg"}],"twitter_card":"summary_large_image","twitter_misc":{"Precio":"&#36;1,797 con IVA","Availability":"In stock"},"schema":{"@context":"https:\/\/schema.org","@graph":[{"@type":"WebPage","@id":"https:\/\/compuviper.mx\/tienda\/producto\/tripp-lite-pdu1220-pdu-p-rack-monofasico-basico-120v20a-instalacion-horizontal-en-1u-de-rack13-tomacorrientes-nema-5-15-20r12-nema-5-20p-con-cable-de-4-57-m\/","url":"https:\/\/compuviper.mx\/tienda\/producto\/tripp-lite-pdu1220-pdu-p-rack-monofasico-basico-120v20a-instalacion-horizontal-en-1u-de-rack13-tomacorrientes-nema-5-15-20r12-nema-5-20p-con-cable-de-4-57-m\/","name":"[ Tripp-lite ] &#129351; Pdu1220 Pdu P\/rack Monofasico Basico 120v,20a, Instalacion Horizontal En 1u De Rack,13 Tomacorrientes Nema 5- 15\/20r\u009712, Nema 5-20p Con Cable De 4.57 M.","isPartOf":{"@id":"https:\/\/compuviper.mx\/tienda\/#website"},"datePublished":"2026-04-22T05:23:33+00:00","dateModified":"2026-04-22T05:23:33+00:00","description":"Compra Pdu1220 Pdu P\/rack Monofasico Basico 120v,20a, Instalacion Horizontal En 1u De Rack,13 Tomacorrientes Nema 5- 15\/20r\u009712, Nema 5-20p Con Cable De 4.57 M. + Env\u00edo a domicilio + Pago seguro + Garant\u00eda","breadcrumb":{"@id":"https:\/\/compuviper.mx\/tienda\/producto\/tripp-lite-pdu1220-pdu-p-rack-monofasico-basico-120v20a-instalacion-horizontal-en-1u-de-rack13-tomacorrientes-nema-5-15-20r12-nema-5-20p-con-cable-de-4-57-m\/#breadcrumb"},"inLanguage":"es-MX","potentialAction":[{"@type":"ReadAction","target":["https:\/\/compuviper.mx\/tienda\/producto\/tripp-lite-pdu1220-pdu-p-rack-monofasico-basico-120v20a-instalacion-horizontal-en-1u-de-rack13-tomacorrientes-nema-5-15-20r12-nema-5-20p-con-cable-de-4-57-m\/"]}]},{"@type":"BreadcrumbList","@id":"https:\/\/compuviper.mx\/tienda\/producto\/tripp-lite-pdu1220-pdu-p-rack-monofasico-basico-120v20a-instalacion-horizontal-en-1u-de-rack13-tomacorrientes-nema-5-15-20r12-nema-5-20p-con-cable-de-4-57-m\/#breadcrumb","itemListElement":[{"@type":"ListItem","position":1,"name":"Inicio","item":"https:\/\/compuviper.mx\/tienda\/"},{"@type":"ListItem","position":2,"name":"Productos","item":"https:\/\/compuviper.mx\/tienda\/productos\/"},{"@type":"ListItem","position":3,"name":"Energia","item":"https:\/\/compuviper.mx\/tienda\/categoria-producto\/energia\/"},{"@type":"ListItem","position":4,"name":"Pdu","item":"https:\/\/compuviper.mx\/tienda\/categoria-producto\/energia\/pdu\/"},{"@type":"ListItem","position":5,"name":"Tripp-lite Pdu1220 Pdu P\/rack Monofasico Basico 120v,20a, Instalacion Horizontal En 1u De Rack,13 Tomacorrientes Nema 5- 15\/20r?12, Nema 5-20p Con Cable De 4.57 M."}]},{"@type":"WebSite","@id":"https:\/\/compuviper.mx\/tienda\/#website","url":"https:\/\/compuviper.mx\/tienda\/","name":"Compuviper","description":"Proveedor de Computadoras, Laptops, Servidores, Monitores, Puntos de Venta, Teclados,   Impresoras, T\u00f3ner, C\u00e1maras de Seguridad y m\u00e1s en tu tienda en l\u00ednea","publisher":{"@id":"https:\/\/compuviper.mx\/tienda\/#organization"},"potentialAction":[{"@type":"SearchAction","target":{"@type":"EntryPoint","urlTemplate":"https:\/\/compuviper.mx\/tienda\/?s={search_term_string}"},"query-input":"required name=search_term_string"}],"inLanguage":"es-MX"},{"@type":"Organization","@id":"https:\/\/compuviper.mx\/tienda\/#organization","name":"Compuviper","url":"https:\/\/compuviper.mx\/tienda\/","logo":{"@type":"ImageObject","inLanguage":"es-MX","@id":"https:\/\/compuviper.mx\/tienda\/#\/schema\/logo\/image\/","url":"https:\/\/compuviper.mx\/tienda\/wp-content\/uploads\/2021\/08\/Logo-Compuviper-10.png","contentUrl":"https:\/\/compuviper.mx\/tienda\/wp-content\/uploads\/2021\/08\/Logo-Compuviper-10.png","width":1000,"height":500,"caption":"Compuviper"},"image":{"@id":"https:\/\/compuviper.mx\/tienda\/#\/schema\/logo\/image\/"},"sameAs":["https:\/\/www.facebook.com\/compuviper","https:\/\/www.youtube.com\/channel\/UCf73dERp9Y3cfOq7q8BhLjA?view_as=subscriber"]}]},"product_brand":"TRIPP-LITE","product_price_amount":"1797","product_price_currency":"MXN","og_availability":"instock","product_availability":"instock","product_retailer_item_id":"PDU1220","product_condition":"new"},"_links":{"self":[{"href":"https:\/\/compuviper.mx\/tienda\/wp-json\/wp\/v2\/product\/211142"}],"collection":[{"href":"https:\/\/compuviper.mx\/tienda\/wp-json\/wp\/v2\/product"}],"about":[{"href":"https:\/\/compuviper.mx\/tienda\/wp-json\/wp\/v2\/types\/product"}],"replies":[{"embeddable":true,"href":"https:\/\/compuviper.mx\/tienda\/wp-json\/wp\/v2\/comments?post=211142"}],"wp:featuredmedia":[{"embeddable":true,"href":"https:\/\/compuviper.mx\/tienda\/wp-json\/wp\/v2\/media\/211143"}],"wp:attachment":[{"href":"https:\/\/compuviper.mx\/tienda\/wp-json\/wp\/v2\/media?parent=211142"}],"wp:term":[{"taxonomy":"product_cat","embeddable":true,"href":"https:\/\/compuviper.mx\/tienda\/wp-json\/wp\/v2\/product_cat?post=211142"},{"taxonomy":"product_tag","embeddable":true,"href":"https:\/\/compuviper.mx\/tienda\/wp-json\/wp\/v2\/product_tag?post=211142"}],"curies":[{"name":"wp","href":"https:\/\/api.w.org\/{rel}","templated":true}]}}