{"id":211136,"date":"2026-04-24T23:21:31","date_gmt":"2026-04-25T05:21:31","guid":{"rendered":"https:\/\/compuviper.mx\/tienda\/producto\/intellinet-515566-probador-cables-generador-tonos-pollo\/"},"modified":"2026-04-24T23:21:31","modified_gmt":"2026-04-25T05:21:31","slug":"intellinet-515566-probador-cables-generador-tonos-pollo","status":"publish","type":"product","link":"https:\/\/compuviper.mx\/tienda\/producto\/intellinet-515566-probador-cables-generador-tonos-pollo\/","title":{"rendered":"Intellinet 515566 Probador Cables ,,,generador Tonos (pollo)"},"content":{"rendered":"<table class=\"descripcion\">\n<tr>\n<td>Generador de tonos<\/td>\n<\/tr>\n<tr>\n<td>Tonos de frecuencia: altos alternados 500 hz &#8211; 781 hz ; bajos alternados 446 hz &#8211; 657 hz<\/td>\n<\/tr>\n<tr>\n<td>Modo de bateria para voz: 9v en un circuito de 600 ohms<\/td>\n<\/tr>\n<tr>\n<td>Proteccion de voltaje: 50 vdc o 24 vac<\/td>\n<\/tr>\n<tr>\n<td>Bateria: 9v dc estandard o alcalina<\/td>\n<\/tr>\n<tr>\n<td>Aprobado por ce: en 55022 clase b para ite y en 55024<\/td>\n<\/tr>\n<tr>\n<td>Tamano: 125 (largo) x 68 (ancho) x 26 (alto) mm<\/td>\n<\/tr>\n<tr>\n<td>Peso: 120g<\/td>\n<\/tr>\n<tr>\n<td>Probador<\/td>\n<\/tr>\n<tr>\n<td>Ganancia: 30 db<\/td>\n<\/tr>\n<tr>\n<td>Resistencia de la punta: 30 ohms (punta plastica)<\/td>\n<\/tr>\n<tr>\n<td>Bateria: 9v dc estandard o alcalina<\/td>\n<\/tr>\n<tr>\n<td>Aprobado por ce: en 55022 clase b para ite y en 55024<\/td>\n<\/tr>\n<tr>\n<td>Tamano: 210 (largo) x 40 (ancho) x 28 (alto) mm<\/td>\n<\/tr>\n<tr>\n<td>Peso: 140g<\/td>\n<\/tr>\n<tr>\n<td>Contenido del paquete<\/td>\n<\/tr>\n<tr>\n<td>Probador de red<\/td>\n<\/tr>\n<tr>\n<td>Generador de tonos con conectores tipo caiman y rj12<\/td>\n<\/tr>\n<tr>\n<td>Adaptador para conector tipo f a rj45<\/td>\n<\/tr>\n<tr>\n<td>Bolsa para transportacion<\/td>\n<\/tr>\n<tr>\n<td>Manual del usuario<\/td>\n<\/tr>\n<\/table>\n","protected":false},"excerpt":{"rendered":"<p>Prueba redes de datacom, telecom, seguridad, video y audio. Switch de dos posiciones para senal sencilla o multi-tono. Leds de polaridad de linea, continuidad y voltaje. Modo de bateria para voz, proporciona alimentacion para comunicaciones de voz a traves de los pares no usados. Prueba inicios y cables modulares para pruebas individuales o prueba de jack modulares. Punta de plastico reemplazable para evitar cortos accidentales. Rastree o identifique un cableado o cable en un grupo. Conectores tipo caiman, rj45, conector opcional tipo f<\/p>\n","protected":false},"featured_media":211137,"comment_status":"open","ping_status":"open","template":"","meta":[],"product_cat":[1490,1491],"product_tag":[1489],"acf":[],"yoast_head":"<!-- This site is optimized with the Yoast SEO plugin v21.7 - https:\/\/yoast.com\/wordpress\/plugins\/seo\/ -->\n<title>[ Intellinet ] &#129351; 515566 Probador Cables ,,,generador Tonos (pollo)<\/title>\n<meta name=\"description\" content=\"Compra 515566 Probador Cables ,,,generador Tonos (pollo) + Env\u00edo a domicilio + Pago seguro + Garant\u00eda\" \/>\n<meta name=\"robots\" content=\"index, follow, max-snippet:-1, max-image-preview:large, max-video-preview:-1\" \/>\n<link rel=\"canonical\" href=\"https:\/\/compuviper.mx\/tienda\/producto\/intellinet-515566-probador-cables-generador-tonos-pollo\/\" \/>\n<meta property=\"og:locale\" content=\"es_MX\" \/>\n<meta property=\"og:type\" content=\"article\" \/>\n<meta property=\"og:title\" content=\"[ Intellinet ] &#129351; 515566 Probador Cables ,,,generador Tonos (pollo)\" \/>\n<meta property=\"og:description\" content=\"Compra 515566 Probador Cables ,,,generador Tonos (pollo) + Env\u00edo a domicilio + Pago seguro + Garant\u00eda\" \/>\n<meta property=\"og:url\" content=\"https:\/\/compuviper.mx\/tienda\/producto\/intellinet-515566-probador-cables-generador-tonos-pollo\/\" \/>\n<meta property=\"og:site_name\" content=\"Compuviper\" \/>\n<meta property=\"article:publisher\" content=\"https:\/\/www.facebook.com\/compuviper\" \/>\n<meta property=\"og:image\" content=\"https:\/\/compuviper.mx\/tienda\/wp-content\/uploads\/2023\/12\/Probador-cables-intellinet515566generador-tonos-pollo.jpg\" \/>\n\t<meta property=\"og:image:width\" content=\"200\" \/>\n\t<meta property=\"og:image:height\" content=\"200\" \/>\n\t<meta property=\"og:image:type\" content=\"image\/jpeg\" \/>\n<meta name=\"twitter:card\" content=\"summary_large_image\" \/>\n<meta name=\"twitter:label1\" content=\"Precio\" \/>\n\t<meta name=\"twitter:data1\" content=\"&#36;2,127 con IVA\" \/>\n\t<meta name=\"twitter:label2\" content=\"Availability\" \/>\n\t<meta name=\"twitter:data2\" content=\"Out of stock\" \/>\n<script type=\"application\/ld+json\" class=\"yoast-schema-graph\">{\"@context\":\"https:\/\/schema.org\",\"@graph\":[{\"@type\":\"WebPage\",\"@id\":\"https:\/\/compuviper.mx\/tienda\/producto\/intellinet-515566-probador-cables-generador-tonos-pollo\/\",\"url\":\"https:\/\/compuviper.mx\/tienda\/producto\/intellinet-515566-probador-cables-generador-tonos-pollo\/\",\"name\":\"[ Intellinet ] &#129351; 515566 Probador Cables ,,,generador Tonos (pollo)\",\"isPartOf\":{\"@id\":\"https:\/\/compuviper.mx\/tienda\/#website\"},\"datePublished\":\"2026-04-25T05:21:31+00:00\",\"dateModified\":\"2026-04-25T05:21:31+00:00\",\"description\":\"Compra 515566 Probador Cables ,,,generador Tonos (pollo) + Env\u00edo a domicilio + Pago seguro + Garant\u00eda\",\"breadcrumb\":{\"@id\":\"https:\/\/compuviper.mx\/tienda\/producto\/intellinet-515566-probador-cables-generador-tonos-pollo\/#breadcrumb\"},\"inLanguage\":\"es-MX\",\"potentialAction\":[{\"@type\":\"ReadAction\",\"target\":[\"https:\/\/compuviper.mx\/tienda\/producto\/intellinet-515566-probador-cables-generador-tonos-pollo\/\"]}]},{\"@type\":\"BreadcrumbList\",\"@id\":\"https:\/\/compuviper.mx\/tienda\/producto\/intellinet-515566-probador-cables-generador-tonos-pollo\/#breadcrumb\",\"itemListElement\":[{\"@type\":\"ListItem\",\"position\":1,\"name\":\"Inicio\",\"item\":\"https:\/\/compuviper.mx\/tienda\/\"},{\"@type\":\"ListItem\",\"position\":2,\"name\":\"Productos\",\"item\":\"https:\/\/compuviper.mx\/tienda\/productos\/\"},{\"@type\":\"ListItem\",\"position\":3,\"name\":\"Herramientas\",\"item\":\"https:\/\/compuviper.mx\/tienda\/categoria-producto\/herramientas\/\"},{\"@type\":\"ListItem\",\"position\":4,\"name\":\"Sin Categor\u00eda\",\"item\":\"https:\/\/compuviper.mx\/tienda\/categoria-producto\/herramientas\/sin-categoria\/\"},{\"@type\":\"ListItem\",\"position\":5,\"name\":\"Intellinet 515566 Probador Cables ,,,generador Tonos (pollo)\"}]},{\"@type\":\"WebSite\",\"@id\":\"https:\/\/compuviper.mx\/tienda\/#website\",\"url\":\"https:\/\/compuviper.mx\/tienda\/\",\"name\":\"Compuviper\",\"description\":\"Proveedor de Computadoras, Laptops, Servidores, Monitores, Puntos de Venta, Teclados,   Impresoras, T\u00f3ner, C\u00e1maras de Seguridad y m\u00e1s en tu tienda en l\u00ednea\",\"publisher\":{\"@id\":\"https:\/\/compuviper.mx\/tienda\/#organization\"},\"potentialAction\":[{\"@type\":\"SearchAction\",\"target\":{\"@type\":\"EntryPoint\",\"urlTemplate\":\"https:\/\/compuviper.mx\/tienda\/?s={search_term_string}\"},\"query-input\":\"required name=search_term_string\"}],\"inLanguage\":\"es-MX\"},{\"@type\":\"Organization\",\"@id\":\"https:\/\/compuviper.mx\/tienda\/#organization\",\"name\":\"Compuviper\",\"url\":\"https:\/\/compuviper.mx\/tienda\/\",\"logo\":{\"@type\":\"ImageObject\",\"inLanguage\":\"es-MX\",\"@id\":\"https:\/\/compuviper.mx\/tienda\/#\/schema\/logo\/image\/\",\"url\":\"https:\/\/compuviper.mx\/tienda\/wp-content\/uploads\/2021\/08\/Logo-Compuviper-10.png\",\"contentUrl\":\"https:\/\/compuviper.mx\/tienda\/wp-content\/uploads\/2021\/08\/Logo-Compuviper-10.png\",\"width\":1000,\"height\":500,\"caption\":\"Compuviper\"},\"image\":{\"@id\":\"https:\/\/compuviper.mx\/tienda\/#\/schema\/logo\/image\/\"},\"sameAs\":[\"https:\/\/www.facebook.com\/compuviper\",\"https:\/\/www.youtube.com\/channel\/UCf73dERp9Y3cfOq7q8BhLjA?view_as=subscriber\"]}]}<\/script>\n<meta property=\"product:brand\" content=\"INTELLINET\" \/>\n<meta property=\"product:price:amount\" content=\"2127\" \/>\n<meta property=\"product:price:currency\" content=\"MXN\" \/>\n<meta property=\"og:availability\" content=\"out of stock\" \/>\n<meta property=\"product:availability\" content=\"out of stock\" \/>\n<meta property=\"product:retailer_item_id\" content=\"515566\" \/>\n<meta property=\"product:condition\" content=\"new\" \/>\n<!-- \/ Yoast SEO plugin. -->","yoast_head_json":{"title":"[ Intellinet ] &#129351; 515566 Probador Cables ,,,generador Tonos (pollo)","description":"Compra 515566 Probador Cables ,,,generador Tonos (pollo) + Env\u00edo a domicilio + Pago seguro + Garant\u00eda","robots":{"index":"index","follow":"follow","max-snippet":"max-snippet:-1","max-image-preview":"max-image-preview:large","max-video-preview":"max-video-preview:-1"},"canonical":"https:\/\/compuviper.mx\/tienda\/producto\/intellinet-515566-probador-cables-generador-tonos-pollo\/","og_locale":"es_MX","og_type":"article","og_title":"[ Intellinet ] &#129351; 515566 Probador Cables ,,,generador Tonos (pollo)","og_description":"Compra 515566 Probador Cables ,,,generador Tonos (pollo) + Env\u00edo a domicilio + Pago seguro + Garant\u00eda","og_url":"https:\/\/compuviper.mx\/tienda\/producto\/intellinet-515566-probador-cables-generador-tonos-pollo\/","og_site_name":"Compuviper","article_publisher":"https:\/\/www.facebook.com\/compuviper","og_image":[{"width":200,"height":200,"url":"https:\/\/compuviper.mx\/tienda\/wp-content\/uploads\/2023\/12\/Probador-cables-intellinet515566generador-tonos-pollo.jpg","type":"image\/jpeg"}],"twitter_card":"summary_large_image","twitter_misc":{"Precio":"&#36;2,127 con IVA","Availability":"Out of stock"},"schema":{"@context":"https:\/\/schema.org","@graph":[{"@type":"WebPage","@id":"https:\/\/compuviper.mx\/tienda\/producto\/intellinet-515566-probador-cables-generador-tonos-pollo\/","url":"https:\/\/compuviper.mx\/tienda\/producto\/intellinet-515566-probador-cables-generador-tonos-pollo\/","name":"[ Intellinet ] &#129351; 515566 Probador Cables ,,,generador Tonos (pollo)","isPartOf":{"@id":"https:\/\/compuviper.mx\/tienda\/#website"},"datePublished":"2026-04-25T05:21:31+00:00","dateModified":"2026-04-25T05:21:31+00:00","description":"Compra 515566 Probador Cables ,,,generador Tonos (pollo) + Env\u00edo a domicilio + Pago seguro + Garant\u00eda","breadcrumb":{"@id":"https:\/\/compuviper.mx\/tienda\/producto\/intellinet-515566-probador-cables-generador-tonos-pollo\/#breadcrumb"},"inLanguage":"es-MX","potentialAction":[{"@type":"ReadAction","target":["https:\/\/compuviper.mx\/tienda\/producto\/intellinet-515566-probador-cables-generador-tonos-pollo\/"]}]},{"@type":"BreadcrumbList","@id":"https:\/\/compuviper.mx\/tienda\/producto\/intellinet-515566-probador-cables-generador-tonos-pollo\/#breadcrumb","itemListElement":[{"@type":"ListItem","position":1,"name":"Inicio","item":"https:\/\/compuviper.mx\/tienda\/"},{"@type":"ListItem","position":2,"name":"Productos","item":"https:\/\/compuviper.mx\/tienda\/productos\/"},{"@type":"ListItem","position":3,"name":"Herramientas","item":"https:\/\/compuviper.mx\/tienda\/categoria-producto\/herramientas\/"},{"@type":"ListItem","position":4,"name":"Sin Categor\u00eda","item":"https:\/\/compuviper.mx\/tienda\/categoria-producto\/herramientas\/sin-categoria\/"},{"@type":"ListItem","position":5,"name":"Intellinet 515566 Probador Cables ,,,generador Tonos (pollo)"}]},{"@type":"WebSite","@id":"https:\/\/compuviper.mx\/tienda\/#website","url":"https:\/\/compuviper.mx\/tienda\/","name":"Compuviper","description":"Proveedor de Computadoras, Laptops, Servidores, Monitores, Puntos de Venta, Teclados,   Impresoras, T\u00f3ner, C\u00e1maras de Seguridad y m\u00e1s en tu tienda en l\u00ednea","publisher":{"@id":"https:\/\/compuviper.mx\/tienda\/#organization"},"potentialAction":[{"@type":"SearchAction","target":{"@type":"EntryPoint","urlTemplate":"https:\/\/compuviper.mx\/tienda\/?s={search_term_string}"},"query-input":"required name=search_term_string"}],"inLanguage":"es-MX"},{"@type":"Organization","@id":"https:\/\/compuviper.mx\/tienda\/#organization","name":"Compuviper","url":"https:\/\/compuviper.mx\/tienda\/","logo":{"@type":"ImageObject","inLanguage":"es-MX","@id":"https:\/\/compuviper.mx\/tienda\/#\/schema\/logo\/image\/","url":"https:\/\/compuviper.mx\/tienda\/wp-content\/uploads\/2021\/08\/Logo-Compuviper-10.png","contentUrl":"https:\/\/compuviper.mx\/tienda\/wp-content\/uploads\/2021\/08\/Logo-Compuviper-10.png","width":1000,"height":500,"caption":"Compuviper"},"image":{"@id":"https:\/\/compuviper.mx\/tienda\/#\/schema\/logo\/image\/"},"sameAs":["https:\/\/www.facebook.com\/compuviper","https:\/\/www.youtube.com\/channel\/UCf73dERp9Y3cfOq7q8BhLjA?view_as=subscriber"]}]},"product_brand":"INTELLINET","product_price_amount":"2127","product_price_currency":"MXN","og_availability":"out of stock","product_availability":"out of stock","product_retailer_item_id":"515566","product_condition":"new"},"_links":{"self":[{"href":"https:\/\/compuviper.mx\/tienda\/wp-json\/wp\/v2\/product\/211136"}],"collection":[{"href":"https:\/\/compuviper.mx\/tienda\/wp-json\/wp\/v2\/product"}],"about":[{"href":"https:\/\/compuviper.mx\/tienda\/wp-json\/wp\/v2\/types\/product"}],"replies":[{"embeddable":true,"href":"https:\/\/compuviper.mx\/tienda\/wp-json\/wp\/v2\/comments?post=211136"}],"wp:featuredmedia":[{"embeddable":true,"href":"https:\/\/compuviper.mx\/tienda\/wp-json\/wp\/v2\/media\/211137"}],"wp:attachment":[{"href":"https:\/\/compuviper.mx\/tienda\/wp-json\/wp\/v2\/media?parent=211136"}],"wp:term":[{"taxonomy":"product_cat","embeddable":true,"href":"https:\/\/compuviper.mx\/tienda\/wp-json\/wp\/v2\/product_cat?post=211136"},{"taxonomy":"product_tag","embeddable":true,"href":"https:\/\/compuviper.mx\/tienda\/wp-json\/wp\/v2\/product_tag?post=211136"}],"curies":[{"name":"wp","href":"https:\/\/api.w.org\/{rel}","templated":true}]}}