{"id":211040,"date":"2026-04-17T23:13:01","date_gmt":"2026-04-18T05:13:01","guid":{"rendered":"https:\/\/compuviper.mx\/tienda\/producto\/tripp-lite-sr42ub-gabinete-smartrack-para-servidores-de-profundidad-estandar-de-42u-con-puertas-y-paneles-laterales\/"},"modified":"2026-04-17T23:13:01","modified_gmt":"2026-04-18T05:13:01","slug":"tripp-lite-sr42ub037332123770-gabinete-smartrack-sr42ub-para-servidores-de-profundidad-estandar-de-42u-con-puertas-y-paneles-laterales","status":"publish","type":"product","link":"https:\/\/compuviper.mx\/tienda\/producto\/tripp-lite-sr42ub037332123770-gabinete-smartrack-sr42ub-para-servidores-de-profundidad-estandar-de-42u-con-puertas-y-paneles-laterales\/","title":{"rendered":"Tripp-lite Sr42ub,037332123770 Gabinete  Smartrack Sr42ub Para Servidores De Profundidad Estandar De 42u Con Puertas Y Paneles Laterales"},"content":{"rendered":"<table class=\"descripcion\">\n<tr>\n<td>&#8211; smart rack de 4 postes de 19 est\u00e1ndar, soporte 2500 lbs (1133.98 kg) con side panels y puertas incluidas, su altura en eia unit (42u)<\/td>\n<\/tr>\n<tr>\n<td>&#8211;  se env\u00eda totalmente ensamblado para una r\u00e1pida instalaci\u00f3n y traslado a su ubicaci\u00f3n sobre las ruedas para uso pesado preinstaladas (las ruedas son removibles).<\/td>\n<\/tr>\n<tr>\n<td>&#8211;  los juegos de rieles frontales y posteriores para instalaci\u00f3n se ajustan en incrementos de 1\/4 [6.35 mm]. el ajuste es r\u00e1pido y c\u00f3modo. la gu\u00eda de profundidad f\u00e1cil de visualizar asegura la colocaci\u00f3n uniforme del riel, sin necesidad de realizar mediciones que consuman tiempo.<\/td>\n<\/tr>\n<tr>\n<td>&#8211;  los rieles de instalaci\u00f3n accesorios (2 rieles por gabinete), que no requieren herramientas para su instalaci\u00f3n, incluyen ranuras para la colocaci\u00f3n r\u00e1pida de pdus compatibles y administradores de cables verticales. las ranuras de instalaci\u00f3n est\u00e1n dispuestas en un patr\u00f3n est\u00e1ndar de la industria compatible con una gran variedad de accesorios. cada riel puede alojar dos pdus o administradores de cables verticales, uno al lado del otro (cuatro piezas por gabinete).<\/td>\n<\/tr>\n<tr>\n<td>&#8211;  el gabinete incluye 50 tuercas de fijaci\u00f3n m6 y 50 tornillos m6 para instalaci\u00f3n del equipo<\/td>\n<\/tr>\n<tr>\n<td>&#8211;  el robusto acabado en polvo texturizado resiste las condiciones encontradas en ambientes ajenos a ti como las bodegas<\/td>\n<\/tr>\n<tr>\n<td>&#8211;  ventilaci\u00f3n masiva desde el frente hacia la parte posterior. el patr\u00f3n de perforaci\u00f3n en la puerta del 65% o m\u00e1s en espacios abiertos cumple o supera los requisitos del fabricante del servidor<\/td>\n<\/tr>\n<tr>\n<td>&#8211;  profundidad interna m\u00e1xima utilizable de 93.98 cm [37 pulgadas] (desde el riel frontal hasta el riel posterior)<\/td>\n<\/tr>\n<tr>\n<td>&#8211;  carga nominal de 1360.8 kg [3000 libras] estacionaria y 1020.58 kg [2250 libras] en movimiento<\/td>\n<\/tr>\n<tr>\n<td>&#8211;  puerta frontal desmontable, reversible y con cerradura<\/td>\n<\/tr>\n<tr>\n<td>&#8211;  puertas posteriores reversibles y con cerradura el dise\u00f1o de la puerta trasera dividida reduce la distancia de paso necesaria para el ingreso por mantenimiento, lo cual permite la colocaci\u00f3n del rack cerca de la pared<\/td>\n<\/tr>\n<tr>\n<td>&#8211;  los paneles laterales removibles con cerradura son de la mitad del tama\u00f1o est\u00e1ndar para que, al ser m\u00e1s peque\u00f1os y livianos, faciliten la instalaci\u00f3n y el servicio de mantenimiento. dos paneles laterales por lado (4 paneles en total). los paneles laterales se cierran con la misma llave de las puertas frontal y trasera.<\/td>\n<\/tr>\n<tr>\n<td>\u00bf  las pesta\u00f1as de anclaje integradas permiten la combinaci\u00f3n segura de los gabinetes en hileras. el ancho de centro a centro se puede establecer en 60.96 cm [24 pulgadas] para igualar el ancho de las baldosas del piso de un centro de datos est\u00e1ndar<\/td>\n<\/tr>\n<tr>\n<td>\u00bf  las patas niveladoras se extienden para que el gabinete pueda instalarse en pisos desnivelados. las patas niveladoras son removibles<\/td>\n<\/tr>\n<tr>\n<td>\u00bf  el dise\u00f1o compacto permite pasar el gabinete a trav\u00e9s de puertas comerciales de altura est\u00e1ndar<\/td>\n<\/tr>\n<tr>\n<td>\u00bf  conveniente sistema de conexi\u00f3n a tierra todos los componentes tienen la descarga a tierra conectada al marco del gabinete, que incluye varias conexiones para la descarga a tierra de la instalaci\u00f3n. las puertas frontal y trasera incluyen cables de conexi\u00f3n a tierra de desconexi\u00f3n r\u00e1pida.<\/td>\n<\/tr>\n<tr>\n<td>&#8211; base abierta para acceder a los cables<\/td>\n<\/tr>\n<tr>\n<td> el panel superior cuenta con numerosos orificios de acceso a los cables. el panel puede quitarse en cuesti\u00f3n de segundos sin necesidad de herramientas y sin tener que desconectar primero los cables<\/td>\n<\/tr>\n<tr>\n<td>\u00bf  los soportes estabilizadores incluidos se utilizan para el env\u00edo y pueden volver a colocarse en la base del marco del gabinete en el interior o en la parte de afuera<\/td>\n<\/tr>\n<tr>\n<td>&#8211;  cumple con todos los requerimientos para la compatibilidad con pci dss (payment card industry data security standard [est\u00e1ndar para seguridad de datos de la industria de tarjetas de pago])<\/td>\n<\/tr>\n<tr>\n<td>&#8211;  compatibilidad con accesorios de optimizaci\u00f3n de flujo de aire y administradores de los cables<\/td>\n<\/tr>\n<\/table>\n","protected":false},"excerpt":{"rendered":"<p>El sr42ub de tripp lite es la soluci\u00f3n ideal para aplicaciones de servidor y red seguras de alta densidad en entornos de ti. Este gabinete smartrack premium se env\u00eda con caracter\u00edsticas dise\u00f1adas para simplificar las instalaciones de equipo de rack y mantenimiento de equipo de rack: puertos para conducci\u00f3n de cable en panel superior, puertas perforadas para promover el flujo de aire eficiente, rieles de instalaci\u00f3n ajustables, instalaci\u00f3n vertical sin herramientas de pdu y m\u00e1s. Y como parte de la familia smartrack, el sr42ub es compatible con el extenso rango de accesorios para instalaci\u00f3n en rack de tripp lite, permiti\u00e9ndole personalizar su soluci\u00f3n para cumplir cualquier requerimiento. El sr42ub se embarca totalmente ensamblado para una instalaci\u00f3n r\u00e1pida<\/p>\n","protected":false},"featured_media":211041,"comment_status":"open","ping_status":"open","template":"","meta":[],"product_cat":[1493,1494],"product_tag":[1510],"acf":[],"yoast_head":"<!-- This site is optimized with the Yoast SEO plugin v21.7 - https:\/\/yoast.com\/wordpress\/plugins\/seo\/ -->\n<title>[ Tripp-lite ] &#129351; Sr42ub,037332123770 Gabinete Smartrack Sr42ub Para Servidores De Profundidad Estandar De 42u Con Puertas Y Paneles Laterales<\/title>\n<meta name=\"description\" content=\"Compra Sr42ub,037332123770 Gabinete Smartrack Sr42ub Para Servidores De Profundidad Estandar De 42u Con Puertas Y Paneles Laterales + Env\u00edo a domicilio + Pago seguro + Garant\u00eda\" \/>\n<meta name=\"robots\" content=\"index, follow, max-snippet:-1, max-image-preview:large, max-video-preview:-1\" \/>\n<link rel=\"canonical\" href=\"https:\/\/compuviper.mx\/tienda\/producto\/tripp-lite-sr42ub037332123770-gabinete-smartrack-sr42ub-para-servidores-de-profundidad-estandar-de-42u-con-puertas-y-paneles-laterales\/\" \/>\n<meta property=\"og:locale\" content=\"es_MX\" \/>\n<meta property=\"og:type\" content=\"article\" \/>\n<meta property=\"og:title\" content=\"[ Tripp-lite ] &#129351; Sr42ub,037332123770 Gabinete Smartrack Sr42ub Para Servidores De Profundidad Estandar De 42u Con Puertas Y Paneles Laterales\" \/>\n<meta property=\"og:description\" content=\"Compra Sr42ub,037332123770 Gabinete Smartrack Sr42ub Para Servidores De Profundidad Estandar De 42u Con Puertas Y Paneles Laterales + Env\u00edo a domicilio + Pago seguro + Garant\u00eda\" \/>\n<meta property=\"og:url\" content=\"https:\/\/compuviper.mx\/tienda\/producto\/tripp-lite-sr42ub037332123770-gabinete-smartrack-sr42ub-para-servidores-de-profundidad-estandar-de-42u-con-puertas-y-paneles-laterales\/\" \/>\n<meta property=\"og:site_name\" content=\"Compuviper\" \/>\n<meta property=\"article:publisher\" content=\"https:\/\/www.facebook.com\/compuviper\" \/>\n<meta property=\"og:image\" content=\"https:\/\/compuviper.mx\/tienda\/wp-content\/uploads\/2023\/12\/Gabinete-tripp-lite-smartrack-sr42ub-para-servidores-de-profundidad-estandar-de-42u-con-puertas-y-paneles-laterales.jpg\" \/>\n\t<meta property=\"og:image:width\" content=\"200\" \/>\n\t<meta property=\"og:image:height\" content=\"200\" \/>\n\t<meta property=\"og:image:type\" content=\"image\/jpeg\" \/>\n<meta name=\"twitter:card\" content=\"summary_large_image\" \/>\n<meta name=\"twitter:label1\" content=\"Precio\" \/>\n\t<meta name=\"twitter:data1\" content=\"&#36;27,856 con IVA\" \/>\n\t<meta name=\"twitter:label2\" content=\"Availability\" \/>\n\t<meta name=\"twitter:data2\" content=\"In stock\" \/>\n<script type=\"application\/ld+json\" class=\"yoast-schema-graph\">{\"@context\":\"https:\/\/schema.org\",\"@graph\":[{\"@type\":\"WebPage\",\"@id\":\"https:\/\/compuviper.mx\/tienda\/producto\/tripp-lite-sr42ub037332123770-gabinete-smartrack-sr42ub-para-servidores-de-profundidad-estandar-de-42u-con-puertas-y-paneles-laterales\/\",\"url\":\"https:\/\/compuviper.mx\/tienda\/producto\/tripp-lite-sr42ub037332123770-gabinete-smartrack-sr42ub-para-servidores-de-profundidad-estandar-de-42u-con-puertas-y-paneles-laterales\/\",\"name\":\"[ Tripp-lite ] &#129351; Sr42ub,037332123770 Gabinete Smartrack Sr42ub Para Servidores De Profundidad Estandar De 42u Con Puertas Y Paneles Laterales\",\"isPartOf\":{\"@id\":\"https:\/\/compuviper.mx\/tienda\/#website\"},\"datePublished\":\"2026-04-18T05:13:01+00:00\",\"dateModified\":\"2026-04-18T05:13:01+00:00\",\"description\":\"Compra Sr42ub,037332123770 Gabinete Smartrack Sr42ub Para Servidores De Profundidad Estandar De 42u Con Puertas Y Paneles Laterales + Env\u00edo a domicilio + Pago seguro + Garant\u00eda\",\"breadcrumb\":{\"@id\":\"https:\/\/compuviper.mx\/tienda\/producto\/tripp-lite-sr42ub037332123770-gabinete-smartrack-sr42ub-para-servidores-de-profundidad-estandar-de-42u-con-puertas-y-paneles-laterales\/#breadcrumb\"},\"inLanguage\":\"es-MX\",\"potentialAction\":[{\"@type\":\"ReadAction\",\"target\":[\"https:\/\/compuviper.mx\/tienda\/producto\/tripp-lite-sr42ub037332123770-gabinete-smartrack-sr42ub-para-servidores-de-profundidad-estandar-de-42u-con-puertas-y-paneles-laterales\/\"]}]},{\"@type\":\"BreadcrumbList\",\"@id\":\"https:\/\/compuviper.mx\/tienda\/producto\/tripp-lite-sr42ub037332123770-gabinete-smartrack-sr42ub-para-servidores-de-profundidad-estandar-de-42u-con-puertas-y-paneles-laterales\/#breadcrumb\",\"itemListElement\":[{\"@type\":\"ListItem\",\"position\":1,\"name\":\"Inicio\",\"item\":\"https:\/\/compuviper.mx\/tienda\/\"},{\"@type\":\"ListItem\",\"position\":2,\"name\":\"Productos\",\"item\":\"https:\/\/compuviper.mx\/tienda\/productos\/\"},{\"@type\":\"ListItem\",\"position\":3,\"name\":\"Gabinete De Rack\",\"item\":\"https:\/\/compuviper.mx\/tienda\/categoria-producto\/gabinete-de-rack\/\"},{\"@type\":\"ListItem\",\"position\":4,\"name\":\"Sin Categor\u00eda\",\"item\":\"https:\/\/compuviper.mx\/tienda\/categoria-producto\/gabinete-de-rack\/sin-categoria-gabinete-de-rack\/\"},{\"@type\":\"ListItem\",\"position\":5,\"name\":\"Tripp-lite Sr42ub,037332123770 Gabinete Smartrack Sr42ub Para Servidores De Profundidad Estandar De 42u Con Puertas Y Paneles Laterales\"}]},{\"@type\":\"WebSite\",\"@id\":\"https:\/\/compuviper.mx\/tienda\/#website\",\"url\":\"https:\/\/compuviper.mx\/tienda\/\",\"name\":\"Compuviper\",\"description\":\"Proveedor de Computadoras, Laptops, Servidores, Monitores, Puntos de Venta, Teclados,   Impresoras, T\u00f3ner, C\u00e1maras de Seguridad y m\u00e1s en tu tienda en l\u00ednea\",\"publisher\":{\"@id\":\"https:\/\/compuviper.mx\/tienda\/#organization\"},\"potentialAction\":[{\"@type\":\"SearchAction\",\"target\":{\"@type\":\"EntryPoint\",\"urlTemplate\":\"https:\/\/compuviper.mx\/tienda\/?s={search_term_string}\"},\"query-input\":\"required name=search_term_string\"}],\"inLanguage\":\"es-MX\"},{\"@type\":\"Organization\",\"@id\":\"https:\/\/compuviper.mx\/tienda\/#organization\",\"name\":\"Compuviper\",\"url\":\"https:\/\/compuviper.mx\/tienda\/\",\"logo\":{\"@type\":\"ImageObject\",\"inLanguage\":\"es-MX\",\"@id\":\"https:\/\/compuviper.mx\/tienda\/#\/schema\/logo\/image\/\",\"url\":\"https:\/\/compuviper.mx\/tienda\/wp-content\/uploads\/2021\/08\/Logo-Compuviper-10.png\",\"contentUrl\":\"https:\/\/compuviper.mx\/tienda\/wp-content\/uploads\/2021\/08\/Logo-Compuviper-10.png\",\"width\":1000,\"height\":500,\"caption\":\"Compuviper\"},\"image\":{\"@id\":\"https:\/\/compuviper.mx\/tienda\/#\/schema\/logo\/image\/\"},\"sameAs\":[\"https:\/\/www.facebook.com\/compuviper\",\"https:\/\/www.youtube.com\/channel\/UCf73dERp9Y3cfOq7q8BhLjA?view_as=subscriber\"]}]}<\/script>\n<meta property=\"product:brand\" content=\"TRIPP-LITE\" \/>\n<meta property=\"product:price:amount\" content=\"27856\" \/>\n<meta property=\"product:price:currency\" content=\"MXN\" \/>\n<meta property=\"og:availability\" content=\"instock\" \/>\n<meta property=\"product:availability\" content=\"instock\" \/>\n<meta property=\"product:retailer_item_id\" content=\"SR42UB,037332123770\" \/>\n<meta property=\"product:condition\" content=\"new\" \/>\n<!-- \/ Yoast SEO plugin. -->","yoast_head_json":{"title":"[ Tripp-lite ] &#129351; Sr42ub,037332123770 Gabinete Smartrack Sr42ub Para Servidores De Profundidad Estandar De 42u Con Puertas Y Paneles Laterales","description":"Compra Sr42ub,037332123770 Gabinete Smartrack Sr42ub Para Servidores De Profundidad Estandar De 42u Con Puertas Y Paneles Laterales + Env\u00edo a domicilio + Pago seguro + Garant\u00eda","robots":{"index":"index","follow":"follow","max-snippet":"max-snippet:-1","max-image-preview":"max-image-preview:large","max-video-preview":"max-video-preview:-1"},"canonical":"https:\/\/compuviper.mx\/tienda\/producto\/tripp-lite-sr42ub037332123770-gabinete-smartrack-sr42ub-para-servidores-de-profundidad-estandar-de-42u-con-puertas-y-paneles-laterales\/","og_locale":"es_MX","og_type":"article","og_title":"[ Tripp-lite ] &#129351; Sr42ub,037332123770 Gabinete Smartrack Sr42ub Para Servidores De Profundidad Estandar De 42u Con Puertas Y Paneles Laterales","og_description":"Compra Sr42ub,037332123770 Gabinete Smartrack Sr42ub Para Servidores De Profundidad Estandar De 42u Con Puertas Y Paneles Laterales + Env\u00edo a domicilio + Pago seguro + Garant\u00eda","og_url":"https:\/\/compuviper.mx\/tienda\/producto\/tripp-lite-sr42ub037332123770-gabinete-smartrack-sr42ub-para-servidores-de-profundidad-estandar-de-42u-con-puertas-y-paneles-laterales\/","og_site_name":"Compuviper","article_publisher":"https:\/\/www.facebook.com\/compuviper","og_image":[{"width":200,"height":200,"url":"https:\/\/compuviper.mx\/tienda\/wp-content\/uploads\/2023\/12\/Gabinete-tripp-lite-smartrack-sr42ub-para-servidores-de-profundidad-estandar-de-42u-con-puertas-y-paneles-laterales.jpg","type":"image\/jpeg"}],"twitter_card":"summary_large_image","twitter_misc":{"Precio":"&#36;27,856 con IVA","Availability":"In stock"},"schema":{"@context":"https:\/\/schema.org","@graph":[{"@type":"WebPage","@id":"https:\/\/compuviper.mx\/tienda\/producto\/tripp-lite-sr42ub037332123770-gabinete-smartrack-sr42ub-para-servidores-de-profundidad-estandar-de-42u-con-puertas-y-paneles-laterales\/","url":"https:\/\/compuviper.mx\/tienda\/producto\/tripp-lite-sr42ub037332123770-gabinete-smartrack-sr42ub-para-servidores-de-profundidad-estandar-de-42u-con-puertas-y-paneles-laterales\/","name":"[ Tripp-lite ] &#129351; Sr42ub,037332123770 Gabinete Smartrack Sr42ub Para Servidores De Profundidad Estandar De 42u Con Puertas Y Paneles Laterales","isPartOf":{"@id":"https:\/\/compuviper.mx\/tienda\/#website"},"datePublished":"2026-04-18T05:13:01+00:00","dateModified":"2026-04-18T05:13:01+00:00","description":"Compra Sr42ub,037332123770 Gabinete Smartrack Sr42ub Para Servidores De Profundidad Estandar De 42u Con Puertas Y Paneles Laterales + Env\u00edo a domicilio + Pago seguro + Garant\u00eda","breadcrumb":{"@id":"https:\/\/compuviper.mx\/tienda\/producto\/tripp-lite-sr42ub037332123770-gabinete-smartrack-sr42ub-para-servidores-de-profundidad-estandar-de-42u-con-puertas-y-paneles-laterales\/#breadcrumb"},"inLanguage":"es-MX","potentialAction":[{"@type":"ReadAction","target":["https:\/\/compuviper.mx\/tienda\/producto\/tripp-lite-sr42ub037332123770-gabinete-smartrack-sr42ub-para-servidores-de-profundidad-estandar-de-42u-con-puertas-y-paneles-laterales\/"]}]},{"@type":"BreadcrumbList","@id":"https:\/\/compuviper.mx\/tienda\/producto\/tripp-lite-sr42ub037332123770-gabinete-smartrack-sr42ub-para-servidores-de-profundidad-estandar-de-42u-con-puertas-y-paneles-laterales\/#breadcrumb","itemListElement":[{"@type":"ListItem","position":1,"name":"Inicio","item":"https:\/\/compuviper.mx\/tienda\/"},{"@type":"ListItem","position":2,"name":"Productos","item":"https:\/\/compuviper.mx\/tienda\/productos\/"},{"@type":"ListItem","position":3,"name":"Gabinete De Rack","item":"https:\/\/compuviper.mx\/tienda\/categoria-producto\/gabinete-de-rack\/"},{"@type":"ListItem","position":4,"name":"Sin Categor\u00eda","item":"https:\/\/compuviper.mx\/tienda\/categoria-producto\/gabinete-de-rack\/sin-categoria-gabinete-de-rack\/"},{"@type":"ListItem","position":5,"name":"Tripp-lite Sr42ub,037332123770 Gabinete Smartrack Sr42ub Para Servidores De Profundidad Estandar De 42u Con Puertas Y Paneles Laterales"}]},{"@type":"WebSite","@id":"https:\/\/compuviper.mx\/tienda\/#website","url":"https:\/\/compuviper.mx\/tienda\/","name":"Compuviper","description":"Proveedor de Computadoras, Laptops, Servidores, Monitores, Puntos de Venta, Teclados,   Impresoras, T\u00f3ner, C\u00e1maras de Seguridad y m\u00e1s en tu tienda en l\u00ednea","publisher":{"@id":"https:\/\/compuviper.mx\/tienda\/#organization"},"potentialAction":[{"@type":"SearchAction","target":{"@type":"EntryPoint","urlTemplate":"https:\/\/compuviper.mx\/tienda\/?s={search_term_string}"},"query-input":"required name=search_term_string"}],"inLanguage":"es-MX"},{"@type":"Organization","@id":"https:\/\/compuviper.mx\/tienda\/#organization","name":"Compuviper","url":"https:\/\/compuviper.mx\/tienda\/","logo":{"@type":"ImageObject","inLanguage":"es-MX","@id":"https:\/\/compuviper.mx\/tienda\/#\/schema\/logo\/image\/","url":"https:\/\/compuviper.mx\/tienda\/wp-content\/uploads\/2021\/08\/Logo-Compuviper-10.png","contentUrl":"https:\/\/compuviper.mx\/tienda\/wp-content\/uploads\/2021\/08\/Logo-Compuviper-10.png","width":1000,"height":500,"caption":"Compuviper"},"image":{"@id":"https:\/\/compuviper.mx\/tienda\/#\/schema\/logo\/image\/"},"sameAs":["https:\/\/www.facebook.com\/compuviper","https:\/\/www.youtube.com\/channel\/UCf73dERp9Y3cfOq7q8BhLjA?view_as=subscriber"]}]},"product_brand":"TRIPP-LITE","product_price_amount":"27856","product_price_currency":"MXN","og_availability":"instock","product_availability":"instock","product_retailer_item_id":"SR42UB,037332123770","product_condition":"new"},"_links":{"self":[{"href":"https:\/\/compuviper.mx\/tienda\/wp-json\/wp\/v2\/product\/211040"}],"collection":[{"href":"https:\/\/compuviper.mx\/tienda\/wp-json\/wp\/v2\/product"}],"about":[{"href":"https:\/\/compuviper.mx\/tienda\/wp-json\/wp\/v2\/types\/product"}],"replies":[{"embeddable":true,"href":"https:\/\/compuviper.mx\/tienda\/wp-json\/wp\/v2\/comments?post=211040"}],"wp:featuredmedia":[{"embeddable":true,"href":"https:\/\/compuviper.mx\/tienda\/wp-json\/wp\/v2\/media\/211041"}],"wp:attachment":[{"href":"https:\/\/compuviper.mx\/tienda\/wp-json\/wp\/v2\/media?parent=211040"}],"wp:term":[{"taxonomy":"product_cat","embeddable":true,"href":"https:\/\/compuviper.mx\/tienda\/wp-json\/wp\/v2\/product_cat?post=211040"},{"taxonomy":"product_tag","embeddable":true,"href":"https:\/\/compuviper.mx\/tienda\/wp-json\/wp\/v2\/product_tag?post=211040"}],"curies":[{"name":"wp","href":"https:\/\/api.w.org\/{rel}","templated":true}]}}