{"id":210907,"date":"2026-04-01T23:10:49","date_gmt":"2026-04-02T05:10:49","guid":{"rendered":"https:\/\/compuviper.mx\/tienda\/producto\/manhattan-440448-candado-laptop-combinacion-2-0m-4-digitos-plateado\/"},"modified":"2026-04-01T23:10:49","modified_gmt":"2026-04-02T05:10:49","slug":"manhattan-440448-candado-laptop-combinacion-2-0m-4-digitos-plateado","status":"publish","type":"product","link":"https:\/\/compuviper.mx\/tienda\/producto\/manhattan-440448-candado-laptop-combinacion-2-0m-4-digitos-plateado\/","title":{"rendered":"Manhattan 440448 Candado Laptop \/\/\/combinacion 2.0m, 4 Digitos, Plateado"},"content":{"rendered":"<table class=\"descripcion\">\n<tr>\n<td>General<\/td>\n<\/tr>\n<tr>\n<td>Compatibilidad: ranura de seguridad kensington est\u00e1ndar, tambi\u00e9n conocida como k-slot<\/td>\n<\/tr>\n<tr>\n<td>Dise\u00f1o<\/td>\n<\/tr>\n<tr>\n<td>Dimensiones (l x an x al): 2000 x 18 x 50 mm<\/td>\n<\/tr>\n<tr>\n<td>Longitud del cable: 2 m<\/td>\n<\/tr>\n<tr>\n<td>Di\u00e1metro del cable de acero: 4 mm<\/td>\n<\/tr>\n<tr>\n<td>Peso neto: 138 g<\/td>\n<\/tr>\n<tr>\n<td>Peso bruto: 170 g<\/td>\n<\/tr>\n<tr>\n<td>Cerradura<\/td>\n<\/tr>\n<tr>\n<td>C\u00f3digo de n\u00famero por medio de cuatro ruedas<\/td>\n<\/tr>\n<tr>\n<td>Bot\u00f3n de reconfiguraci\u00f3n (para presionar con un clip u objeto similar despu\u00e9s de configurar la combinaci\u00f3n correcta)<\/td>\n<\/tr>\n<tr>\n<td>Materiales<\/td>\n<\/tr>\n<tr>\n<td>Aleaci\u00f3n de zinc fundido a presi\u00f3n<\/td>\n<\/tr>\n<tr>\n<td>Cable de acero<\/td>\n<\/tr>\n<tr>\n<td>Cubierta de pvc transparente<\/td>\n<\/tr>\n<tr>\n<td>Contenidos del paquete<\/td>\n<\/tr>\n<tr>\n<td>Candado de seguridad para laptop<\/td>\n<\/tr>\n<tr>\n<td>Instrucciones<\/td>\n<\/tr>\n<tr>\n<td>Nota: no es compatible con la ranura de seguridad nano de kensington o la ranura de cu\u00f1a de noble\u00ae locks<\/td>\n<\/tr>\n<\/table>\n","protected":false},"excerpt":{"rendered":"<p>Candado de seguridad para laptop, ideal para proteger tu dispositivo cuando viajas y en \u00e1reas con poca supervisi\u00f3n. El candado con cable para laptop de manhattan es tu compa\u00f1ero de seguridad confiable en el mundo actual de fuerzas de trabajo m\u00f3viles y tendencias cuando tienes que llevar tu propio dispositivo o equipo. Protege tus costosos dispositivos m\u00f3viles y la informaci\u00f3n confidencial que contienen, donde sea que lo lleves en tu jornada laboral. Es f\u00e1cil de usar y transportar, por lo que tu laptop permanecer\u00e1 donde la dejaste. Protecci\u00f3n fiable no solo para laptops. Este candado aseguira sin esfuerzo directamente en el dise\u00f1o de ranura de candado est\u00e1ndar m\u00e1s com\u00fan de la industria, el kensington k-slot. Adem\u00e1s de usarse en muchas computadoras port\u00e1tiles, tambi\u00e9n se usa en muchos monitores, proyectores, computadoras de escritorio, impresoras y estaciones de acoplamiento para proteger m\u00e1s tuequipo. Bloqueo combinado reiniciable de 4 d\u00edgitos. La cerradura de combinaci\u00f3n significa que no tienes que preocuparte por las llaves perdidas. El dise\u00f1o de cuatro ruedas ofrece hasta 10,000 combinaciones posibles para ayudar a proteger tu equipo de los intentos de adivinar el c\u00f3digo. Elige tu propia combinaci\u00f3n para que puedas recordarla f\u00e1cilmente o c\u00e1mbiala con frecuencia para evitar que otros la sepan. Cable de acero fuerte, duradero y resistente a cortes. Instalado en 2 metros de acero galvanizado con manguito, este candado de cable resiste fuertemente los intentos de corte. La construcci\u00f3n flexible se dobla f\u00e1cilmente para enrollarse alrededor de un poste estacionario, escritorio, mesa u otro punto de fijaci\u00f3n. Una funda de pvc duradera ayuda a proteger los dispositivos electr\u00f3nicos, los muebles y otros objetos de rayones y da\u00f1os. Primero la seguridad en entornos minoristas, educativos y stands de ferias comerciales. La mayor\u00eda de los robos de productos electr\u00f3nicos son delitos de oportunidad y s\u00f3lo se necesita un segundo para robar una pc no asegurada a un escritorio o una mesa. M\u00e1s vale prevenir que lamentar en lugares como bibliotecas, laboratorios de computaci\u00f3n, oficinas gubernamentales, universidades, aeropuertos y muchos otros espacios p\u00fablicos. Soluci\u00f3n de candado antirrobo que asegura la computadora port\u00e1til u otro equipo a un objeto estacionario. Se adapta a la ranura de seguridad kensington\u00ae est\u00e1ndar (ranura k. Cable de acero fuerte y resistente a los cortes y construcci\u00f3n s\u00f3lida totalmente met\u00e1lica para evitar la manipulaci\u00f3n. Cerradura sin llave de cuatro d\u00edgitos, reconfigurable con 10,000 combinaciones seleccionables. Compatible con todos los dispositivos que utilizan la ranura k est\u00e1ndar, como proyectores, monitores, impresoras, pc de escritorio y estaciones de acoplamiento. Cable flexible de 2 m de largo para anclar f\u00e1cilmente tu dispositivo a un escritorio fijo, poste u otro punto de conexi\u00f3n. Revestimiento de pvc duradero que protege los dispositivos electr\u00f3nicos, los muebles y otros objetos de los rayones. Seguridad maximizada para viajes y en \u00e1reas de baja supervisi\u00f3n como tiendas minoristas, bibliotecas, laboratorios de computaci\u00f3n, oficinas, escuelas o stands de ferias comerciales<\/p>\n","protected":false},"featured_media":210908,"comment_status":"open","ping_status":"open","template":"","meta":[],"product_cat":[1485,1486],"product_tag":[1487],"acf":[],"yoast_head":"<!-- This site is optimized with the Yoast SEO plugin v21.7 - https:\/\/yoast.com\/wordpress\/plugins\/seo\/ -->\n<title>[ Manhattan ] &#129351; 440448 Candado Laptop \/\/\/combinacion 2.0m, 4 Digitos, Plateado<\/title>\n<meta name=\"description\" content=\"Compra 440448 Candado Laptop \/\/\/combinacion 2.0m, 4 Digitos, Plateado + Env\u00edo a domicilio + Pago seguro + Garant\u00eda\" \/>\n<meta name=\"robots\" content=\"index, follow, max-snippet:-1, max-image-preview:large, max-video-preview:-1\" \/>\n<link rel=\"canonical\" href=\"https:\/\/compuviper.mx\/tienda\/producto\/manhattan-440448-candado-laptop-combinacion-2-0m-4-digitos-plateado\/\" \/>\n<meta property=\"og:locale\" content=\"es_MX\" \/>\n<meta property=\"og:type\" content=\"article\" \/>\n<meta property=\"og:title\" content=\"[ Manhattan ] &#129351; 440448 Candado Laptop \/\/\/combinacion 2.0m, 4 Digitos, Plateado\" \/>\n<meta property=\"og:description\" content=\"Compra 440448 Candado Laptop \/\/\/combinacion 2.0m, 4 Digitos, Plateado + Env\u00edo a domicilio + Pago seguro + Garant\u00eda\" \/>\n<meta property=\"og:url\" content=\"https:\/\/compuviper.mx\/tienda\/producto\/manhattan-440448-candado-laptop-combinacion-2-0m-4-digitos-plateado\/\" \/>\n<meta property=\"og:site_name\" content=\"Compuviper\" \/>\n<meta property=\"article:publisher\" content=\"https:\/\/www.facebook.com\/compuviper\" \/>\n<meta property=\"og:image\" content=\"https:\/\/compuviper.mx\/tienda\/wp-content\/uploads\/2023\/12\/Candado-laptop-manhattan440448combinacion-2.0m-4-digitos-plateado.jpg\" \/>\n\t<meta property=\"og:image:width\" content=\"200\" \/>\n\t<meta property=\"og:image:height\" content=\"200\" \/>\n\t<meta property=\"og:image:type\" content=\"image\/jpeg\" \/>\n<meta name=\"twitter:card\" content=\"summary_large_image\" \/>\n<meta name=\"twitter:label1\" content=\"Precio\" \/>\n\t<meta name=\"twitter:data1\" content=\"&#36;214 con IVA\" \/>\n\t<meta name=\"twitter:label2\" content=\"Availability\" \/>\n\t<meta name=\"twitter:data2\" content=\"In stock\" \/>\n<script type=\"application\/ld+json\" class=\"yoast-schema-graph\">{\"@context\":\"https:\/\/schema.org\",\"@graph\":[{\"@type\":\"WebPage\",\"@id\":\"https:\/\/compuviper.mx\/tienda\/producto\/manhattan-440448-candado-laptop-combinacion-2-0m-4-digitos-plateado\/\",\"url\":\"https:\/\/compuviper.mx\/tienda\/producto\/manhattan-440448-candado-laptop-combinacion-2-0m-4-digitos-plateado\/\",\"name\":\"[ Manhattan ] &#129351; 440448 Candado Laptop \/\/\/combinacion 2.0m, 4 Digitos, Plateado\",\"isPartOf\":{\"@id\":\"https:\/\/compuviper.mx\/tienda\/#website\"},\"datePublished\":\"2026-04-02T05:10:49+00:00\",\"dateModified\":\"2026-04-02T05:10:49+00:00\",\"description\":\"Compra 440448 Candado Laptop \/\/\/combinacion 2.0m, 4 Digitos, Plateado + Env\u00edo a domicilio + Pago seguro + Garant\u00eda\",\"breadcrumb\":{\"@id\":\"https:\/\/compuviper.mx\/tienda\/producto\/manhattan-440448-candado-laptop-combinacion-2-0m-4-digitos-plateado\/#breadcrumb\"},\"inLanguage\":\"es-MX\",\"potentialAction\":[{\"@type\":\"ReadAction\",\"target\":[\"https:\/\/compuviper.mx\/tienda\/producto\/manhattan-440448-candado-laptop-combinacion-2-0m-4-digitos-plateado\/\"]}]},{\"@type\":\"BreadcrumbList\",\"@id\":\"https:\/\/compuviper.mx\/tienda\/producto\/manhattan-440448-candado-laptop-combinacion-2-0m-4-digitos-plateado\/#breadcrumb\",\"itemListElement\":[{\"@type\":\"ListItem\",\"position\":1,\"name\":\"Inicio\",\"item\":\"https:\/\/compuviper.mx\/tienda\/\"},{\"@type\":\"ListItem\",\"position\":2,\"name\":\"Productos\",\"item\":\"https:\/\/compuviper.mx\/tienda\/productos\/\"},{\"@type\":\"ListItem\",\"position\":3,\"name\":\"Accesorios\",\"item\":\"https:\/\/compuviper.mx\/tienda\/categoria-producto\/accesorios\/\"},{\"@type\":\"ListItem\",\"position\":4,\"name\":\"Portatil\",\"item\":\"https:\/\/compuviper.mx\/tienda\/categoria-producto\/accesorios\/portatil\/\"},{\"@type\":\"ListItem\",\"position\":5,\"name\":\"Manhattan 440448 Candado Laptop \/\/\/combinacion 2.0m, 4 Digitos, Plateado\"}]},{\"@type\":\"WebSite\",\"@id\":\"https:\/\/compuviper.mx\/tienda\/#website\",\"url\":\"https:\/\/compuviper.mx\/tienda\/\",\"name\":\"Compuviper\",\"description\":\"Proveedor de Computadoras, Laptops, Servidores, Monitores, Puntos de Venta, Teclados,   Impresoras, T\u00f3ner, C\u00e1maras de Seguridad y m\u00e1s en tu tienda en l\u00ednea\",\"publisher\":{\"@id\":\"https:\/\/compuviper.mx\/tienda\/#organization\"},\"potentialAction\":[{\"@type\":\"SearchAction\",\"target\":{\"@type\":\"EntryPoint\",\"urlTemplate\":\"https:\/\/compuviper.mx\/tienda\/?s={search_term_string}\"},\"query-input\":\"required name=search_term_string\"}],\"inLanguage\":\"es-MX\"},{\"@type\":\"Organization\",\"@id\":\"https:\/\/compuviper.mx\/tienda\/#organization\",\"name\":\"Compuviper\",\"url\":\"https:\/\/compuviper.mx\/tienda\/\",\"logo\":{\"@type\":\"ImageObject\",\"inLanguage\":\"es-MX\",\"@id\":\"https:\/\/compuviper.mx\/tienda\/#\/schema\/logo\/image\/\",\"url\":\"https:\/\/compuviper.mx\/tienda\/wp-content\/uploads\/2021\/08\/Logo-Compuviper-10.png\",\"contentUrl\":\"https:\/\/compuviper.mx\/tienda\/wp-content\/uploads\/2021\/08\/Logo-Compuviper-10.png\",\"width\":1000,\"height\":500,\"caption\":\"Compuviper\"},\"image\":{\"@id\":\"https:\/\/compuviper.mx\/tienda\/#\/schema\/logo\/image\/\"},\"sameAs\":[\"https:\/\/www.facebook.com\/compuviper\",\"https:\/\/www.youtube.com\/channel\/UCf73dERp9Y3cfOq7q8BhLjA?view_as=subscriber\"]}]}<\/script>\n<meta property=\"product:brand\" content=\"MANHATTAN\" \/>\n<meta property=\"product:price:amount\" content=\"214\" \/>\n<meta property=\"product:price:currency\" content=\"MXN\" \/>\n<meta property=\"og:availability\" content=\"instock\" \/>\n<meta property=\"product:availability\" content=\"instock\" \/>\n<meta property=\"product:retailer_item_id\" content=\"440448\" \/>\n<meta property=\"product:condition\" content=\"new\" \/>\n<!-- \/ Yoast SEO plugin. -->","yoast_head_json":{"title":"[ Manhattan ] &#129351; 440448 Candado Laptop \/\/\/combinacion 2.0m, 4 Digitos, Plateado","description":"Compra 440448 Candado Laptop \/\/\/combinacion 2.0m, 4 Digitos, Plateado + Env\u00edo a domicilio + Pago seguro + Garant\u00eda","robots":{"index":"index","follow":"follow","max-snippet":"max-snippet:-1","max-image-preview":"max-image-preview:large","max-video-preview":"max-video-preview:-1"},"canonical":"https:\/\/compuviper.mx\/tienda\/producto\/manhattan-440448-candado-laptop-combinacion-2-0m-4-digitos-plateado\/","og_locale":"es_MX","og_type":"article","og_title":"[ Manhattan ] &#129351; 440448 Candado Laptop \/\/\/combinacion 2.0m, 4 Digitos, Plateado","og_description":"Compra 440448 Candado Laptop \/\/\/combinacion 2.0m, 4 Digitos, Plateado + Env\u00edo a domicilio + Pago seguro + Garant\u00eda","og_url":"https:\/\/compuviper.mx\/tienda\/producto\/manhattan-440448-candado-laptop-combinacion-2-0m-4-digitos-plateado\/","og_site_name":"Compuviper","article_publisher":"https:\/\/www.facebook.com\/compuviper","og_image":[{"width":200,"height":200,"url":"https:\/\/compuviper.mx\/tienda\/wp-content\/uploads\/2023\/12\/Candado-laptop-manhattan440448combinacion-2.0m-4-digitos-plateado.jpg","type":"image\/jpeg"}],"twitter_card":"summary_large_image","twitter_misc":{"Precio":"&#36;214 con IVA","Availability":"In stock"},"schema":{"@context":"https:\/\/schema.org","@graph":[{"@type":"WebPage","@id":"https:\/\/compuviper.mx\/tienda\/producto\/manhattan-440448-candado-laptop-combinacion-2-0m-4-digitos-plateado\/","url":"https:\/\/compuviper.mx\/tienda\/producto\/manhattan-440448-candado-laptop-combinacion-2-0m-4-digitos-plateado\/","name":"[ Manhattan ] &#129351; 440448 Candado Laptop \/\/\/combinacion 2.0m, 4 Digitos, Plateado","isPartOf":{"@id":"https:\/\/compuviper.mx\/tienda\/#website"},"datePublished":"2026-04-02T05:10:49+00:00","dateModified":"2026-04-02T05:10:49+00:00","description":"Compra 440448 Candado Laptop \/\/\/combinacion 2.0m, 4 Digitos, Plateado + Env\u00edo a domicilio + Pago seguro + Garant\u00eda","breadcrumb":{"@id":"https:\/\/compuviper.mx\/tienda\/producto\/manhattan-440448-candado-laptop-combinacion-2-0m-4-digitos-plateado\/#breadcrumb"},"inLanguage":"es-MX","potentialAction":[{"@type":"ReadAction","target":["https:\/\/compuviper.mx\/tienda\/producto\/manhattan-440448-candado-laptop-combinacion-2-0m-4-digitos-plateado\/"]}]},{"@type":"BreadcrumbList","@id":"https:\/\/compuviper.mx\/tienda\/producto\/manhattan-440448-candado-laptop-combinacion-2-0m-4-digitos-plateado\/#breadcrumb","itemListElement":[{"@type":"ListItem","position":1,"name":"Inicio","item":"https:\/\/compuviper.mx\/tienda\/"},{"@type":"ListItem","position":2,"name":"Productos","item":"https:\/\/compuviper.mx\/tienda\/productos\/"},{"@type":"ListItem","position":3,"name":"Accesorios","item":"https:\/\/compuviper.mx\/tienda\/categoria-producto\/accesorios\/"},{"@type":"ListItem","position":4,"name":"Portatil","item":"https:\/\/compuviper.mx\/tienda\/categoria-producto\/accesorios\/portatil\/"},{"@type":"ListItem","position":5,"name":"Manhattan 440448 Candado Laptop \/\/\/combinacion 2.0m, 4 Digitos, Plateado"}]},{"@type":"WebSite","@id":"https:\/\/compuviper.mx\/tienda\/#website","url":"https:\/\/compuviper.mx\/tienda\/","name":"Compuviper","description":"Proveedor de Computadoras, Laptops, Servidores, Monitores, Puntos de Venta, Teclados,   Impresoras, T\u00f3ner, C\u00e1maras de Seguridad y m\u00e1s en tu tienda en l\u00ednea","publisher":{"@id":"https:\/\/compuviper.mx\/tienda\/#organization"},"potentialAction":[{"@type":"SearchAction","target":{"@type":"EntryPoint","urlTemplate":"https:\/\/compuviper.mx\/tienda\/?s={search_term_string}"},"query-input":"required name=search_term_string"}],"inLanguage":"es-MX"},{"@type":"Organization","@id":"https:\/\/compuviper.mx\/tienda\/#organization","name":"Compuviper","url":"https:\/\/compuviper.mx\/tienda\/","logo":{"@type":"ImageObject","inLanguage":"es-MX","@id":"https:\/\/compuviper.mx\/tienda\/#\/schema\/logo\/image\/","url":"https:\/\/compuviper.mx\/tienda\/wp-content\/uploads\/2021\/08\/Logo-Compuviper-10.png","contentUrl":"https:\/\/compuviper.mx\/tienda\/wp-content\/uploads\/2021\/08\/Logo-Compuviper-10.png","width":1000,"height":500,"caption":"Compuviper"},"image":{"@id":"https:\/\/compuviper.mx\/tienda\/#\/schema\/logo\/image\/"},"sameAs":["https:\/\/www.facebook.com\/compuviper","https:\/\/www.youtube.com\/channel\/UCf73dERp9Y3cfOq7q8BhLjA?view_as=subscriber"]}]},"product_brand":"MANHATTAN","product_price_amount":"214","product_price_currency":"MXN","og_availability":"instock","product_availability":"instock","product_retailer_item_id":"440448","product_condition":"new"},"_links":{"self":[{"href":"https:\/\/compuviper.mx\/tienda\/wp-json\/wp\/v2\/product\/210907"}],"collection":[{"href":"https:\/\/compuviper.mx\/tienda\/wp-json\/wp\/v2\/product"}],"about":[{"href":"https:\/\/compuviper.mx\/tienda\/wp-json\/wp\/v2\/types\/product"}],"replies":[{"embeddable":true,"href":"https:\/\/compuviper.mx\/tienda\/wp-json\/wp\/v2\/comments?post=210907"}],"wp:featuredmedia":[{"embeddable":true,"href":"https:\/\/compuviper.mx\/tienda\/wp-json\/wp\/v2\/media\/210908"}],"wp:attachment":[{"href":"https:\/\/compuviper.mx\/tienda\/wp-json\/wp\/v2\/media?parent=210907"}],"wp:term":[{"taxonomy":"product_cat","embeddable":true,"href":"https:\/\/compuviper.mx\/tienda\/wp-json\/wp\/v2\/product_cat?post=210907"},{"taxonomy":"product_tag","embeddable":true,"href":"https:\/\/compuviper.mx\/tienda\/wp-json\/wp\/v2\/product_tag?post=210907"}],"curies":[{"name":"wp","href":"https:\/\/api.w.org\/{rel}","templated":true}]}}