{"id":210881,"date":"2026-04-01T23:10:43","date_gmt":"2026-04-02T05:10:43","guid":{"rendered":"https:\/\/compuviper.mx\/tienda\/producto\/peerless-av-aec0507-accesorio-peerless-columna-de-extensin-ajustables-para-videoproyectores-o-monitores-capacidad-hasta-227-kg\/"},"modified":"2026-04-01T23:10:43","modified_gmt":"2026-04-02T05:10:43","slug":"peerless-av-aec0507-accesorio-peerless-columna-de-extensin-ajustables-para-videoproyectores-o-monitores-capacidad-hasta-227-kg","status":"publish","type":"product","link":"https:\/\/compuviper.mx\/tienda\/producto\/peerless-av-aec0507-accesorio-peerless-columna-de-extensin-ajustables-para-videoproyectores-o-monitores-capacidad-hasta-227-kg\/","title":{"rendered":"Peerless-av Aec0507 Accesorio Peerless Columna De Extensi?n Ajustables  Para Videoproyectores O Monitores Capacidad Hasta 227 Kg"},"content":{"rendered":"<table class=\"descripcion\">\n<tr>\n<td>Capacidad de carga  900lb (226.8kg)<\/td>\n<\/tr>\n<tr>\n<td>Color    negro<\/td>\n<\/tr>\n<tr>\n<td>Terminar   la capa del polvo<\/td>\n<\/tr>\n<tr>\n<td>Distancia desde el techo 60 &#8211; 84 (1524 &#8211; 2133 mm)<\/td>\n<\/tr>\n<tr>\n<td>Peso de envio   10.4lb (1kg)<\/td>\n<\/tr>\n<tr>\n<td>Dimensiones del empaque 3 x 74.75 x 3 (76.2 x 1,549 x 76.2 mm)<\/td>\n<\/tr>\n<tr>\n<td>Codigo upc   735029302506<\/td>\n<\/tr>\n<tr>\n<td>Ofrece una discreta gesti\u00f3n de cables.<\/td>\n<\/tr>\n<tr>\n<td>Construcci\u00f3n de aluminio liviano para una f\u00e1cil instalaci\u00f3n y menor costo de flete<\/td>\n<\/tr>\n<tr>\n<td>Ajuste de altura en incrementos de 1 (25 mm)<\/td>\n<\/tr>\n<tr>\n<td>Columna de aluminio de 1-1 \/ 2 -11.5 npt (38 mm) roscada en ambos extremos<\/td>\n<\/tr>\n<tr>\n<td>El dise\u00f1o de ajuste con muescas permite un f\u00e1cil ajuste de altura y bloqueo de posici\u00f3n<\/td>\n<\/tr>\n<\/table>\n","protected":false},"excerpt":{"rendered":"<p>Dise\u00f1ada para integrarse y funcionar en casi cualquier entorno, nuestra l\u00ednea de columnas ajustables aec var\u00eda en longitudes de 6-9 a 10-12 . Ya sea para una oficina o para montar desde un techo alto de catedral, la columna ajustable soporta a 500 lb, lo que lo hace ideal para aplicaciones de exhibici\u00f3n, venta minorista o se\u00f1alizaci\u00f3n digital. El dise\u00f1o de la ranura de ajuste facilita los ajustes incrementales de altura para encontrar la posici\u00f3n perfecta y luego bloquearla de manera segura. La forma del cilindro de la columna aec ofrece convenientemente un amplio espacio interno para el cable gesti\u00f3n de m\u00faltiples cables, dando finalmente un aspecto limpio a cualquier instalaci\u00f3n.<\/p>\n","protected":false},"featured_media":210882,"comment_status":"open","ping_status":"open","template":"","meta":[],"product_cat":[2321,2265],"product_tag":[1904],"acf":[],"yoast_head":"<!-- This site is optimized with the Yoast SEO plugin v21.7 - https:\/\/yoast.com\/wordpress\/plugins\/seo\/ -->\n<title>[ Peerless-av ] &#129351; Aec0507 Accesorio Peerless Columna De Extensi\u00f3n Ajustables Para Videoproyectores O Monitores Capacidad Hasta 227 Kg<\/title>\n<meta name=\"description\" content=\"Compra Aec0507 Accesorio Peerless Columna De Extensi\u00f3n Ajustables Para Videoproyectores O Monitores Capacidad Hasta 227 Kg + Env\u00edo a domicilio + Pago seguro + Garant\u00eda\" \/>\n<meta name=\"robots\" content=\"index, follow, max-snippet:-1, max-image-preview:large, max-video-preview:-1\" \/>\n<link rel=\"canonical\" href=\"https:\/\/compuviper.mx\/tienda\/producto\/peerless-av-aec0507-accesorio-peerless-columna-de-extensin-ajustables-para-videoproyectores-o-monitores-capacidad-hasta-227-kg\/\" \/>\n<meta property=\"og:locale\" content=\"es_MX\" \/>\n<meta property=\"og:type\" content=\"article\" \/>\n<meta property=\"og:title\" content=\"[ Peerless-av ] &#129351; Aec0507 Accesorio Peerless Columna De Extensi\u00f3n Ajustables Para Videoproyectores O Monitores Capacidad Hasta 227 Kg\" \/>\n<meta property=\"og:description\" content=\"Compra Aec0507 Accesorio Peerless Columna De Extensi\u00f3n Ajustables Para Videoproyectores O Monitores Capacidad Hasta 227 Kg + Env\u00edo a domicilio + Pago seguro + Garant\u00eda\" \/>\n<meta property=\"og:url\" content=\"https:\/\/compuviper.mx\/tienda\/producto\/peerless-av-aec0507-accesorio-peerless-columna-de-extensin-ajustables-para-videoproyectores-o-monitores-capacidad-hasta-227-kg\/\" \/>\n<meta property=\"og:site_name\" content=\"Compuviper\" \/>\n<meta property=\"article:publisher\" content=\"https:\/\/www.facebook.com\/compuviper\" \/>\n<meta property=\"og:image\" content=\"https:\/\/compuviper.mx\/tienda\/wp-content\/uploads\/2023\/12\/Accesorio-peerless-columna-de-extension-ajustables-aec0507-para-videoproyectores-o-monitores-capacidad-hasta-227-kg.jpg\" \/>\n\t<meta property=\"og:image:width\" content=\"200\" \/>\n\t<meta property=\"og:image:height\" content=\"200\" \/>\n\t<meta property=\"og:image:type\" content=\"image\/jpeg\" \/>\n<meta name=\"twitter:card\" content=\"summary_large_image\" \/>\n<meta name=\"twitter:label1\" content=\"Precio\" \/>\n\t<meta name=\"twitter:data1\" content=\"&#36;4,889 con IVA\" \/>\n\t<meta name=\"twitter:label2\" content=\"Availability\" \/>\n\t<meta name=\"twitter:data2\" content=\"On backorder\" \/>\n<script type=\"application\/ld+json\" class=\"yoast-schema-graph\">{\"@context\":\"https:\/\/schema.org\",\"@graph\":[{\"@type\":\"WebPage\",\"@id\":\"https:\/\/compuviper.mx\/tienda\/producto\/peerless-av-aec0507-accesorio-peerless-columna-de-extensin-ajustables-para-videoproyectores-o-monitores-capacidad-hasta-227-kg\/\",\"url\":\"https:\/\/compuviper.mx\/tienda\/producto\/peerless-av-aec0507-accesorio-peerless-columna-de-extensin-ajustables-para-videoproyectores-o-monitores-capacidad-hasta-227-kg\/\",\"name\":\"[ Peerless-av ] &#129351; Aec0507 Accesorio Peerless Columna De Extensi\u00f3n Ajustables Para Videoproyectores O Monitores Capacidad Hasta 227 Kg\",\"isPartOf\":{\"@id\":\"https:\/\/compuviper.mx\/tienda\/#website\"},\"datePublished\":\"2026-04-02T05:10:43+00:00\",\"dateModified\":\"2026-04-02T05:10:43+00:00\",\"description\":\"Compra Aec0507 Accesorio Peerless Columna De Extensi\u00f3n Ajustables Para Videoproyectores O Monitores Capacidad Hasta 227 Kg + Env\u00edo a domicilio + Pago seguro + Garant\u00eda\",\"breadcrumb\":{\"@id\":\"https:\/\/compuviper.mx\/tienda\/producto\/peerless-av-aec0507-accesorio-peerless-columna-de-extensin-ajustables-para-videoproyectores-o-monitores-capacidad-hasta-227-kg\/#breadcrumb\"},\"inLanguage\":\"es-MX\",\"potentialAction\":[{\"@type\":\"ReadAction\",\"target\":[\"https:\/\/compuviper.mx\/tienda\/producto\/peerless-av-aec0507-accesorio-peerless-columna-de-extensin-ajustables-para-videoproyectores-o-monitores-capacidad-hasta-227-kg\/\"]}]},{\"@type\":\"BreadcrumbList\",\"@id\":\"https:\/\/compuviper.mx\/tienda\/producto\/peerless-av-aec0507-accesorio-peerless-columna-de-extensin-ajustables-para-videoproyectores-o-monitores-capacidad-hasta-227-kg\/#breadcrumb\",\"itemListElement\":[{\"@type\":\"ListItem\",\"position\":1,\"name\":\"Inicio\",\"item\":\"https:\/\/compuviper.mx\/tienda\/\"},{\"@type\":\"ListItem\",\"position\":2,\"name\":\"Productos\",\"item\":\"https:\/\/compuviper.mx\/tienda\/productos\/\"},{\"@type\":\"ListItem\",\"position\":3,\"name\":\"Soportes Y Bases P\/tv\/ Proyectores\/dvd\/consolas\/bocinas\/pantallas\/monotores\",\"item\":\"https:\/\/compuviper.mx\/tienda\/categoria-producto\/soportes-y-bases-p-tv-proyectores-dvd-consolas-bocinas-pantallas-monotores\/\"},{\"@type\":\"ListItem\",\"position\":4,\"name\":\"Soporte Y Base Para Tv\/pantallas\/monitores\/kiosko\",\"item\":\"https:\/\/compuviper.mx\/tienda\/categoria-producto\/soportes-y-bases-p-tv-proyectores-dvd-consolas-bocinas-pantallas-monotores\/soporte-y-base-para-tv-pantallas-monitores-kiosko\/\"},{\"@type\":\"ListItem\",\"position\":5,\"name\":\"Peerless-av Aec0507 Accesorio Peerless Columna De Extensi?n Ajustables Para Videoproyectores O Monitores Capacidad Hasta 227 Kg\"}]},{\"@type\":\"WebSite\",\"@id\":\"https:\/\/compuviper.mx\/tienda\/#website\",\"url\":\"https:\/\/compuviper.mx\/tienda\/\",\"name\":\"Compuviper\",\"description\":\"Proveedor de Computadoras, Laptops, Servidores, Monitores, Puntos de Venta, Teclados,   Impresoras, T\u00f3ner, C\u00e1maras de Seguridad y m\u00e1s en tu tienda en l\u00ednea\",\"publisher\":{\"@id\":\"https:\/\/compuviper.mx\/tienda\/#organization\"},\"potentialAction\":[{\"@type\":\"SearchAction\",\"target\":{\"@type\":\"EntryPoint\",\"urlTemplate\":\"https:\/\/compuviper.mx\/tienda\/?s={search_term_string}\"},\"query-input\":\"required name=search_term_string\"}],\"inLanguage\":\"es-MX\"},{\"@type\":\"Organization\",\"@id\":\"https:\/\/compuviper.mx\/tienda\/#organization\",\"name\":\"Compuviper\",\"url\":\"https:\/\/compuviper.mx\/tienda\/\",\"logo\":{\"@type\":\"ImageObject\",\"inLanguage\":\"es-MX\",\"@id\":\"https:\/\/compuviper.mx\/tienda\/#\/schema\/logo\/image\/\",\"url\":\"https:\/\/compuviper.mx\/tienda\/wp-content\/uploads\/2021\/08\/Logo-Compuviper-10.png\",\"contentUrl\":\"https:\/\/compuviper.mx\/tienda\/wp-content\/uploads\/2021\/08\/Logo-Compuviper-10.png\",\"width\":1000,\"height\":500,\"caption\":\"Compuviper\"},\"image\":{\"@id\":\"https:\/\/compuviper.mx\/tienda\/#\/schema\/logo\/image\/\"},\"sameAs\":[\"https:\/\/www.facebook.com\/compuviper\",\"https:\/\/www.youtube.com\/channel\/UCf73dERp9Y3cfOq7q8BhLjA?view_as=subscriber\"]}]}<\/script>\n<meta property=\"product:brand\" content=\"PEERLESS-AV\" \/>\n<meta property=\"product:price:amount\" content=\"4889\" \/>\n<meta property=\"product:price:currency\" content=\"MXN\" \/>\n<meta property=\"og:availability\" content=\"backorder\" \/>\n<meta property=\"product:availability\" content=\"available for order\" \/>\n<meta property=\"product:retailer_item_id\" content=\"AEC0507\" \/>\n<meta property=\"product:condition\" content=\"new\" \/>\n<!-- \/ Yoast SEO plugin. -->","yoast_head_json":{"title":"[ Peerless-av ] &#129351; Aec0507 Accesorio Peerless Columna De Extensi\u00f3n Ajustables Para Videoproyectores O Monitores Capacidad Hasta 227 Kg","description":"Compra Aec0507 Accesorio Peerless Columna De Extensi\u00f3n Ajustables Para Videoproyectores O Monitores Capacidad Hasta 227 Kg + Env\u00edo a domicilio + Pago seguro + Garant\u00eda","robots":{"index":"index","follow":"follow","max-snippet":"max-snippet:-1","max-image-preview":"max-image-preview:large","max-video-preview":"max-video-preview:-1"},"canonical":"https:\/\/compuviper.mx\/tienda\/producto\/peerless-av-aec0507-accesorio-peerless-columna-de-extensin-ajustables-para-videoproyectores-o-monitores-capacidad-hasta-227-kg\/","og_locale":"es_MX","og_type":"article","og_title":"[ Peerless-av ] &#129351; Aec0507 Accesorio Peerless Columna De Extensi\u00f3n Ajustables Para Videoproyectores O Monitores Capacidad Hasta 227 Kg","og_description":"Compra Aec0507 Accesorio Peerless Columna De Extensi\u00f3n Ajustables Para Videoproyectores O Monitores Capacidad Hasta 227 Kg + Env\u00edo a domicilio + Pago seguro + Garant\u00eda","og_url":"https:\/\/compuviper.mx\/tienda\/producto\/peerless-av-aec0507-accesorio-peerless-columna-de-extensin-ajustables-para-videoproyectores-o-monitores-capacidad-hasta-227-kg\/","og_site_name":"Compuviper","article_publisher":"https:\/\/www.facebook.com\/compuviper","og_image":[{"width":200,"height":200,"url":"https:\/\/compuviper.mx\/tienda\/wp-content\/uploads\/2023\/12\/Accesorio-peerless-columna-de-extension-ajustables-aec0507-para-videoproyectores-o-monitores-capacidad-hasta-227-kg.jpg","type":"image\/jpeg"}],"twitter_card":"summary_large_image","twitter_misc":{"Precio":"&#36;4,889 con IVA","Availability":"On backorder"},"schema":{"@context":"https:\/\/schema.org","@graph":[{"@type":"WebPage","@id":"https:\/\/compuviper.mx\/tienda\/producto\/peerless-av-aec0507-accesorio-peerless-columna-de-extensin-ajustables-para-videoproyectores-o-monitores-capacidad-hasta-227-kg\/","url":"https:\/\/compuviper.mx\/tienda\/producto\/peerless-av-aec0507-accesorio-peerless-columna-de-extensin-ajustables-para-videoproyectores-o-monitores-capacidad-hasta-227-kg\/","name":"[ Peerless-av ] &#129351; Aec0507 Accesorio Peerless Columna De Extensi\u00f3n Ajustables Para Videoproyectores O Monitores Capacidad Hasta 227 Kg","isPartOf":{"@id":"https:\/\/compuviper.mx\/tienda\/#website"},"datePublished":"2026-04-02T05:10:43+00:00","dateModified":"2026-04-02T05:10:43+00:00","description":"Compra Aec0507 Accesorio Peerless Columna De Extensi\u00f3n Ajustables Para Videoproyectores O Monitores Capacidad Hasta 227 Kg + Env\u00edo a domicilio + Pago seguro + Garant\u00eda","breadcrumb":{"@id":"https:\/\/compuviper.mx\/tienda\/producto\/peerless-av-aec0507-accesorio-peerless-columna-de-extensin-ajustables-para-videoproyectores-o-monitores-capacidad-hasta-227-kg\/#breadcrumb"},"inLanguage":"es-MX","potentialAction":[{"@type":"ReadAction","target":["https:\/\/compuviper.mx\/tienda\/producto\/peerless-av-aec0507-accesorio-peerless-columna-de-extensin-ajustables-para-videoproyectores-o-monitores-capacidad-hasta-227-kg\/"]}]},{"@type":"BreadcrumbList","@id":"https:\/\/compuviper.mx\/tienda\/producto\/peerless-av-aec0507-accesorio-peerless-columna-de-extensin-ajustables-para-videoproyectores-o-monitores-capacidad-hasta-227-kg\/#breadcrumb","itemListElement":[{"@type":"ListItem","position":1,"name":"Inicio","item":"https:\/\/compuviper.mx\/tienda\/"},{"@type":"ListItem","position":2,"name":"Productos","item":"https:\/\/compuviper.mx\/tienda\/productos\/"},{"@type":"ListItem","position":3,"name":"Soportes Y Bases P\/tv\/ Proyectores\/dvd\/consolas\/bocinas\/pantallas\/monotores","item":"https:\/\/compuviper.mx\/tienda\/categoria-producto\/soportes-y-bases-p-tv-proyectores-dvd-consolas-bocinas-pantallas-monotores\/"},{"@type":"ListItem","position":4,"name":"Soporte Y Base Para Tv\/pantallas\/monitores\/kiosko","item":"https:\/\/compuviper.mx\/tienda\/categoria-producto\/soportes-y-bases-p-tv-proyectores-dvd-consolas-bocinas-pantallas-monotores\/soporte-y-base-para-tv-pantallas-monitores-kiosko\/"},{"@type":"ListItem","position":5,"name":"Peerless-av Aec0507 Accesorio Peerless Columna De Extensi?n Ajustables Para Videoproyectores O Monitores Capacidad Hasta 227 Kg"}]},{"@type":"WebSite","@id":"https:\/\/compuviper.mx\/tienda\/#website","url":"https:\/\/compuviper.mx\/tienda\/","name":"Compuviper","description":"Proveedor de Computadoras, Laptops, Servidores, Monitores, Puntos de Venta, Teclados,   Impresoras, T\u00f3ner, C\u00e1maras de Seguridad y m\u00e1s en tu tienda en l\u00ednea","publisher":{"@id":"https:\/\/compuviper.mx\/tienda\/#organization"},"potentialAction":[{"@type":"SearchAction","target":{"@type":"EntryPoint","urlTemplate":"https:\/\/compuviper.mx\/tienda\/?s={search_term_string}"},"query-input":"required name=search_term_string"}],"inLanguage":"es-MX"},{"@type":"Organization","@id":"https:\/\/compuviper.mx\/tienda\/#organization","name":"Compuviper","url":"https:\/\/compuviper.mx\/tienda\/","logo":{"@type":"ImageObject","inLanguage":"es-MX","@id":"https:\/\/compuviper.mx\/tienda\/#\/schema\/logo\/image\/","url":"https:\/\/compuviper.mx\/tienda\/wp-content\/uploads\/2021\/08\/Logo-Compuviper-10.png","contentUrl":"https:\/\/compuviper.mx\/tienda\/wp-content\/uploads\/2021\/08\/Logo-Compuviper-10.png","width":1000,"height":500,"caption":"Compuviper"},"image":{"@id":"https:\/\/compuviper.mx\/tienda\/#\/schema\/logo\/image\/"},"sameAs":["https:\/\/www.facebook.com\/compuviper","https:\/\/www.youtube.com\/channel\/UCf73dERp9Y3cfOq7q8BhLjA?view_as=subscriber"]}]},"product_brand":"PEERLESS-AV","product_price_amount":"4889","product_price_currency":"MXN","og_availability":"backorder","product_availability":"available for order","product_retailer_item_id":"AEC0507","product_condition":"new"},"_links":{"self":[{"href":"https:\/\/compuviper.mx\/tienda\/wp-json\/wp\/v2\/product\/210881"}],"collection":[{"href":"https:\/\/compuviper.mx\/tienda\/wp-json\/wp\/v2\/product"}],"about":[{"href":"https:\/\/compuviper.mx\/tienda\/wp-json\/wp\/v2\/types\/product"}],"replies":[{"embeddable":true,"href":"https:\/\/compuviper.mx\/tienda\/wp-json\/wp\/v2\/comments?post=210881"}],"wp:featuredmedia":[{"embeddable":true,"href":"https:\/\/compuviper.mx\/tienda\/wp-json\/wp\/v2\/media\/210882"}],"wp:attachment":[{"href":"https:\/\/compuviper.mx\/tienda\/wp-json\/wp\/v2\/media?parent=210881"}],"wp:term":[{"taxonomy":"product_cat","embeddable":true,"href":"https:\/\/compuviper.mx\/tienda\/wp-json\/wp\/v2\/product_cat?post=210881"},{"taxonomy":"product_tag","embeddable":true,"href":"https:\/\/compuviper.mx\/tienda\/wp-json\/wp\/v2\/product_tag?post=210881"}],"curies":[{"name":"wp","href":"https:\/\/api.w.org\/{rel}","templated":true}]}}