{"id":210536,"date":"2026-04-15T23:08:12","date_gmt":"2026-04-16T05:08:12","guid":{"rendered":"https:\/\/compuviper.mx\/tienda\/producto\/manhattan-461795-soporte-para-tv-con-trpode-45-a-65-de-hasta-32-kg-giro-de-180-altura-ajustable\/"},"modified":"2026-04-15T23:08:12","modified_gmt":"2026-04-16T05:08:12","slug":"manhattan-461795-soporte-para-tv-con-trpode-45-a-65-de-hasta-32-kg-giro-de-180-altura-ajustable","status":"publish","type":"product","link":"https:\/\/compuviper.mx\/tienda\/producto\/manhattan-461795-soporte-para-tv-con-trpode-45-a-65-de-hasta-32-kg-giro-de-180-altura-ajustable\/","title":{"rendered":"Manhattan 461795 Soporte  , , Para Tv Con Tr?pode , 45 A 65 De Hasta 32 Kg, Giro De +\/- 180 ?, Altura  Ajustable"},"content":{"rendered":"<table class=\"descripcion\">\n<tr>\n<td>General<\/td>\n<\/tr>\n<tr>\n<td>Dise\u00f1ado para la mayor\u00eda de las pantallas planas y curvas de 45 &#8211; 65<\/td>\n<\/tr>\n<tr>\n<td>Capacidad de peso: 32 kg (70.4 lbs.)<\/td>\n<\/tr>\n<tr>\n<td>Giro: +\/- 180 \u00b0<\/td>\n<\/tr>\n<tr>\n<td>Altura ajustable: a lo largo del poste de 600 mm (24 pulg.)<\/td>\n<\/tr>\n<tr>\n<td>Dimensiones (largo x ancho x alto): 420 x 880 x 1385 mm (16.54 x 34.65 x 54.53 pulg.)<\/td>\n<\/tr>\n<tr>\n<td>Distancia entre las patas delanteras: 880 mm (34.65 pulg.); distancia entre las patas delanteras y traseras: 420 mm (16.54 pulg.)<\/td>\n<\/tr>\n<tr>\n<td>Peso: 5.13 kg (11.31 libras)<\/td>\n<\/tr>\n<tr>\n<td>Est\u00e1ndares vesa: 200&#215;200, 300&#215;200, 300&#215;300, 400&#215;200, 400&#215;300, 400&#215;400, 600&#215;400<\/td>\n<\/tr>\n<tr>\n<td>Contenido del paquete<\/td>\n<\/tr>\n<tr>\n<td>Soporte para tv con tr\u00edpode<\/td>\n<\/tr>\n<tr>\n<td>Clips organizadores de cables<\/td>\n<\/tr>\n<tr>\n<td>Cables de seguridad opcionales para fijar el tr\u00edpode a la pared<\/td>\n<\/tr>\n<tr>\n<td>Piezas para montaje e instrucciones<\/td>\n<\/tr>\n<\/table>\n","protected":false},"excerpt":{"rendered":"<p>Highlights. Soporte independiente para una pantalla de 45 a 65 de hasta 32 kg. Giro de hasta +\/- 180 \u00b0 y altura ajustable a lo largo del poste de 600 mm (24 pulg.) para vistas optimizadas. Construcci\u00f3n de acero con aluminio de alta calidad, dise\u00f1o port\u00e1til para mover su pantalla entre habitaciones. Patas resistentes de madera de nogal que lo hacen elegante para complementar la decoraci\u00f3n de su pantalla. Bases de goma para evitar que se resbale, proteger el suelo de rayones y mantener el movimiento sin ruido. Organizaci\u00f3n de cables con clips de sujeci\u00f3n en la pata posterior para un aspecto limpio y organizado. Incluye cables de seguridad opcionales a prueba de ca\u00eddas que se fijan a la pared para evitar percances de ni\u00f1os o mascotas y otros accidentes. Cumple con los est\u00e1ndares vesa: 200&#215;200, 300&#215;200, 300&#215;300, 400&#215;200, 400&#215;300, 400&#215;400, 600&#215;400. 3 a\u00f1os de garant\u00eda<\/p>\n","protected":false},"featured_media":210537,"comment_status":"open","ping_status":"open","template":"","meta":[],"product_cat":[2321,2265],"product_tag":[1487],"acf":[],"yoast_head":"<!-- This site is optimized with the Yoast SEO plugin v21.7 - https:\/\/yoast.com\/wordpress\/plugins\/seo\/ -->\n<title>[ Manhattan ] &#129351; 461795 Soporte , , Para Tv Con Tr\u00edpode , 45 A 65 De Hasta 32 Kg, Giro De +\/- 180 \u00b0, Altura Ajustable<\/title>\n<meta name=\"description\" content=\"Compra 461795 Soporte , , Para Tv Con Tr\u00edpode , 45 A 65 De Hasta 32 Kg, Giro De +\/- 180 \u00b0, Altura Ajustable + Env\u00edo a domicilio + Pago seguro + Garant\u00eda\" \/>\n<meta name=\"robots\" content=\"index, follow, max-snippet:-1, max-image-preview:large, max-video-preview:-1\" \/>\n<link rel=\"canonical\" href=\"https:\/\/compuviper.mx\/tienda\/producto\/manhattan-461795-soporte-para-tv-con-trpode-45-a-65-de-hasta-32-kg-giro-de-180-altura-ajustable\/\" \/>\n<meta property=\"og:locale\" content=\"es_MX\" \/>\n<meta property=\"og:type\" content=\"article\" \/>\n<meta property=\"og:title\" content=\"[ Manhattan ] &#129351; 461795 Soporte , , Para Tv Con Tr\u00edpode , 45 A 65 De Hasta 32 Kg, Giro De +\/- 180 \u00b0, Altura Ajustable\" \/>\n<meta property=\"og:description\" content=\"Compra 461795 Soporte , , Para Tv Con Tr\u00edpode , 45 A 65 De Hasta 32 Kg, Giro De +\/- 180 \u00b0, Altura Ajustable + Env\u00edo a domicilio + Pago seguro + Garant\u00eda\" \/>\n<meta property=\"og:url\" content=\"https:\/\/compuviper.mx\/tienda\/producto\/manhattan-461795-soporte-para-tv-con-trpode-45-a-65-de-hasta-32-kg-giro-de-180-altura-ajustable\/\" \/>\n<meta property=\"og:site_name\" content=\"Compuviper\" \/>\n<meta property=\"article:publisher\" content=\"https:\/\/www.facebook.com\/compuviper\" \/>\n<meta property=\"og:image\" content=\"https:\/\/compuviper.mx\/tienda\/wp-content\/uploads\/2023\/12\/Soporte-manhattan-461795-para-tv-con-tripode-45-a-65-de-hasta-32-kg-giro-de-180-\u00b0-altura-ajustable.jpg\" \/>\n\t<meta property=\"og:image:width\" content=\"200\" \/>\n\t<meta property=\"og:image:height\" content=\"200\" \/>\n\t<meta property=\"og:image:type\" content=\"image\/jpeg\" \/>\n<meta name=\"twitter:card\" content=\"summary_large_image\" \/>\n<meta name=\"twitter:label1\" content=\"Precio\" \/>\n\t<meta name=\"twitter:data1\" content=\"&#36;1,871 con IVA\" \/>\n\t<meta name=\"twitter:label2\" content=\"Availability\" \/>\n\t<meta name=\"twitter:data2\" content=\"In stock\" \/>\n<script type=\"application\/ld+json\" class=\"yoast-schema-graph\">{\"@context\":\"https:\/\/schema.org\",\"@graph\":[{\"@type\":\"WebPage\",\"@id\":\"https:\/\/compuviper.mx\/tienda\/producto\/manhattan-461795-soporte-para-tv-con-trpode-45-a-65-de-hasta-32-kg-giro-de-180-altura-ajustable\/\",\"url\":\"https:\/\/compuviper.mx\/tienda\/producto\/manhattan-461795-soporte-para-tv-con-trpode-45-a-65-de-hasta-32-kg-giro-de-180-altura-ajustable\/\",\"name\":\"[ Manhattan ] &#129351; 461795 Soporte , , Para Tv Con Tr\u00edpode , 45 A 65 De Hasta 32 Kg, Giro De +\/- 180 \u00b0, Altura Ajustable\",\"isPartOf\":{\"@id\":\"https:\/\/compuviper.mx\/tienda\/#website\"},\"datePublished\":\"2026-04-16T05:08:12+00:00\",\"dateModified\":\"2026-04-16T05:08:12+00:00\",\"description\":\"Compra 461795 Soporte , , Para Tv Con Tr\u00edpode , 45 A 65 De Hasta 32 Kg, Giro De +\/- 180 \u00b0, Altura Ajustable + Env\u00edo a domicilio + Pago seguro + Garant\u00eda\",\"breadcrumb\":{\"@id\":\"https:\/\/compuviper.mx\/tienda\/producto\/manhattan-461795-soporte-para-tv-con-trpode-45-a-65-de-hasta-32-kg-giro-de-180-altura-ajustable\/#breadcrumb\"},\"inLanguage\":\"es-MX\",\"potentialAction\":[{\"@type\":\"ReadAction\",\"target\":[\"https:\/\/compuviper.mx\/tienda\/producto\/manhattan-461795-soporte-para-tv-con-trpode-45-a-65-de-hasta-32-kg-giro-de-180-altura-ajustable\/\"]}]},{\"@type\":\"BreadcrumbList\",\"@id\":\"https:\/\/compuviper.mx\/tienda\/producto\/manhattan-461795-soporte-para-tv-con-trpode-45-a-65-de-hasta-32-kg-giro-de-180-altura-ajustable\/#breadcrumb\",\"itemListElement\":[{\"@type\":\"ListItem\",\"position\":1,\"name\":\"Inicio\",\"item\":\"https:\/\/compuviper.mx\/tienda\/\"},{\"@type\":\"ListItem\",\"position\":2,\"name\":\"Productos\",\"item\":\"https:\/\/compuviper.mx\/tienda\/productos\/\"},{\"@type\":\"ListItem\",\"position\":3,\"name\":\"Soportes Y Bases P\/tv\/ Proyectores\/dvd\/consolas\/bocinas\/pantallas\/monotores\",\"item\":\"https:\/\/compuviper.mx\/tienda\/categoria-producto\/soportes-y-bases-p-tv-proyectores-dvd-consolas-bocinas-pantallas-monotores\/\"},{\"@type\":\"ListItem\",\"position\":4,\"name\":\"Soporte Y Base Para Tv\/pantallas\/monitores\/kiosko\",\"item\":\"https:\/\/compuviper.mx\/tienda\/categoria-producto\/soportes-y-bases-p-tv-proyectores-dvd-consolas-bocinas-pantallas-monotores\/soporte-y-base-para-tv-pantallas-monitores-kiosko\/\"},{\"@type\":\"ListItem\",\"position\":5,\"name\":\"Manhattan 461795 Soporte , , Para Tv Con Tr?pode , 45 A 65 De Hasta 32 Kg, Giro De +\/- 180 ?, Altura Ajustable\"}]},{\"@type\":\"WebSite\",\"@id\":\"https:\/\/compuviper.mx\/tienda\/#website\",\"url\":\"https:\/\/compuviper.mx\/tienda\/\",\"name\":\"Compuviper\",\"description\":\"Proveedor de Computadoras, Laptops, Servidores, Monitores, Puntos de Venta, Teclados,   Impresoras, T\u00f3ner, C\u00e1maras de Seguridad y m\u00e1s en tu tienda en l\u00ednea\",\"publisher\":{\"@id\":\"https:\/\/compuviper.mx\/tienda\/#organization\"},\"potentialAction\":[{\"@type\":\"SearchAction\",\"target\":{\"@type\":\"EntryPoint\",\"urlTemplate\":\"https:\/\/compuviper.mx\/tienda\/?s={search_term_string}\"},\"query-input\":\"required name=search_term_string\"}],\"inLanguage\":\"es-MX\"},{\"@type\":\"Organization\",\"@id\":\"https:\/\/compuviper.mx\/tienda\/#organization\",\"name\":\"Compuviper\",\"url\":\"https:\/\/compuviper.mx\/tienda\/\",\"logo\":{\"@type\":\"ImageObject\",\"inLanguage\":\"es-MX\",\"@id\":\"https:\/\/compuviper.mx\/tienda\/#\/schema\/logo\/image\/\",\"url\":\"https:\/\/compuviper.mx\/tienda\/wp-content\/uploads\/2021\/08\/Logo-Compuviper-10.png\",\"contentUrl\":\"https:\/\/compuviper.mx\/tienda\/wp-content\/uploads\/2021\/08\/Logo-Compuviper-10.png\",\"width\":1000,\"height\":500,\"caption\":\"Compuviper\"},\"image\":{\"@id\":\"https:\/\/compuviper.mx\/tienda\/#\/schema\/logo\/image\/\"},\"sameAs\":[\"https:\/\/www.facebook.com\/compuviper\",\"https:\/\/www.youtube.com\/channel\/UCf73dERp9Y3cfOq7q8BhLjA?view_as=subscriber\"]}]}<\/script>\n<meta property=\"product:brand\" content=\"MANHATTAN\" \/>\n<meta property=\"product:price:amount\" content=\"1871\" \/>\n<meta property=\"product:price:currency\" content=\"MXN\" \/>\n<meta property=\"og:availability\" content=\"instock\" \/>\n<meta property=\"product:availability\" content=\"instock\" \/>\n<meta property=\"product:retailer_item_id\" content=\"461795\" \/>\n<meta property=\"product:condition\" content=\"new\" \/>\n<!-- \/ Yoast SEO plugin. -->","yoast_head_json":{"title":"[ Manhattan ] &#129351; 461795 Soporte , , Para Tv Con Tr\u00edpode , 45 A 65 De Hasta 32 Kg, Giro De +\/- 180 \u00b0, Altura Ajustable","description":"Compra 461795 Soporte , , Para Tv Con Tr\u00edpode , 45 A 65 De Hasta 32 Kg, Giro De +\/- 180 \u00b0, Altura Ajustable + Env\u00edo a domicilio + Pago seguro + Garant\u00eda","robots":{"index":"index","follow":"follow","max-snippet":"max-snippet:-1","max-image-preview":"max-image-preview:large","max-video-preview":"max-video-preview:-1"},"canonical":"https:\/\/compuviper.mx\/tienda\/producto\/manhattan-461795-soporte-para-tv-con-trpode-45-a-65-de-hasta-32-kg-giro-de-180-altura-ajustable\/","og_locale":"es_MX","og_type":"article","og_title":"[ Manhattan ] &#129351; 461795 Soporte , , Para Tv Con Tr\u00edpode , 45 A 65 De Hasta 32 Kg, Giro De +\/- 180 \u00b0, Altura Ajustable","og_description":"Compra 461795 Soporte , , Para Tv Con Tr\u00edpode , 45 A 65 De Hasta 32 Kg, Giro De +\/- 180 \u00b0, Altura Ajustable + Env\u00edo a domicilio + Pago seguro + Garant\u00eda","og_url":"https:\/\/compuviper.mx\/tienda\/producto\/manhattan-461795-soporte-para-tv-con-trpode-45-a-65-de-hasta-32-kg-giro-de-180-altura-ajustable\/","og_site_name":"Compuviper","article_publisher":"https:\/\/www.facebook.com\/compuviper","og_image":[{"width":200,"height":200,"url":"https:\/\/compuviper.mx\/tienda\/wp-content\/uploads\/2023\/12\/Soporte-manhattan-461795-para-tv-con-tripode-45-a-65-de-hasta-32-kg-giro-de-180-\u00b0-altura-ajustable.jpg","type":"image\/jpeg"}],"twitter_card":"summary_large_image","twitter_misc":{"Precio":"&#36;1,871 con IVA","Availability":"In stock"},"schema":{"@context":"https:\/\/schema.org","@graph":[{"@type":"WebPage","@id":"https:\/\/compuviper.mx\/tienda\/producto\/manhattan-461795-soporte-para-tv-con-trpode-45-a-65-de-hasta-32-kg-giro-de-180-altura-ajustable\/","url":"https:\/\/compuviper.mx\/tienda\/producto\/manhattan-461795-soporte-para-tv-con-trpode-45-a-65-de-hasta-32-kg-giro-de-180-altura-ajustable\/","name":"[ Manhattan ] &#129351; 461795 Soporte , , Para Tv Con Tr\u00edpode , 45 A 65 De Hasta 32 Kg, Giro De +\/- 180 \u00b0, Altura Ajustable","isPartOf":{"@id":"https:\/\/compuviper.mx\/tienda\/#website"},"datePublished":"2026-04-16T05:08:12+00:00","dateModified":"2026-04-16T05:08:12+00:00","description":"Compra 461795 Soporte , , Para Tv Con Tr\u00edpode , 45 A 65 De Hasta 32 Kg, Giro De +\/- 180 \u00b0, Altura Ajustable + Env\u00edo a domicilio + Pago seguro + Garant\u00eda","breadcrumb":{"@id":"https:\/\/compuviper.mx\/tienda\/producto\/manhattan-461795-soporte-para-tv-con-trpode-45-a-65-de-hasta-32-kg-giro-de-180-altura-ajustable\/#breadcrumb"},"inLanguage":"es-MX","potentialAction":[{"@type":"ReadAction","target":["https:\/\/compuviper.mx\/tienda\/producto\/manhattan-461795-soporte-para-tv-con-trpode-45-a-65-de-hasta-32-kg-giro-de-180-altura-ajustable\/"]}]},{"@type":"BreadcrumbList","@id":"https:\/\/compuviper.mx\/tienda\/producto\/manhattan-461795-soporte-para-tv-con-trpode-45-a-65-de-hasta-32-kg-giro-de-180-altura-ajustable\/#breadcrumb","itemListElement":[{"@type":"ListItem","position":1,"name":"Inicio","item":"https:\/\/compuviper.mx\/tienda\/"},{"@type":"ListItem","position":2,"name":"Productos","item":"https:\/\/compuviper.mx\/tienda\/productos\/"},{"@type":"ListItem","position":3,"name":"Soportes Y Bases P\/tv\/ Proyectores\/dvd\/consolas\/bocinas\/pantallas\/monotores","item":"https:\/\/compuviper.mx\/tienda\/categoria-producto\/soportes-y-bases-p-tv-proyectores-dvd-consolas-bocinas-pantallas-monotores\/"},{"@type":"ListItem","position":4,"name":"Soporte Y Base Para Tv\/pantallas\/monitores\/kiosko","item":"https:\/\/compuviper.mx\/tienda\/categoria-producto\/soportes-y-bases-p-tv-proyectores-dvd-consolas-bocinas-pantallas-monotores\/soporte-y-base-para-tv-pantallas-monitores-kiosko\/"},{"@type":"ListItem","position":5,"name":"Manhattan 461795 Soporte , , Para Tv Con Tr?pode , 45 A 65 De Hasta 32 Kg, Giro De +\/- 180 ?, Altura Ajustable"}]},{"@type":"WebSite","@id":"https:\/\/compuviper.mx\/tienda\/#website","url":"https:\/\/compuviper.mx\/tienda\/","name":"Compuviper","description":"Proveedor de Computadoras, Laptops, Servidores, Monitores, Puntos de Venta, Teclados,   Impresoras, T\u00f3ner, C\u00e1maras de Seguridad y m\u00e1s en tu tienda en l\u00ednea","publisher":{"@id":"https:\/\/compuviper.mx\/tienda\/#organization"},"potentialAction":[{"@type":"SearchAction","target":{"@type":"EntryPoint","urlTemplate":"https:\/\/compuviper.mx\/tienda\/?s={search_term_string}"},"query-input":"required name=search_term_string"}],"inLanguage":"es-MX"},{"@type":"Organization","@id":"https:\/\/compuviper.mx\/tienda\/#organization","name":"Compuviper","url":"https:\/\/compuviper.mx\/tienda\/","logo":{"@type":"ImageObject","inLanguage":"es-MX","@id":"https:\/\/compuviper.mx\/tienda\/#\/schema\/logo\/image\/","url":"https:\/\/compuviper.mx\/tienda\/wp-content\/uploads\/2021\/08\/Logo-Compuviper-10.png","contentUrl":"https:\/\/compuviper.mx\/tienda\/wp-content\/uploads\/2021\/08\/Logo-Compuviper-10.png","width":1000,"height":500,"caption":"Compuviper"},"image":{"@id":"https:\/\/compuviper.mx\/tienda\/#\/schema\/logo\/image\/"},"sameAs":["https:\/\/www.facebook.com\/compuviper","https:\/\/www.youtube.com\/channel\/UCf73dERp9Y3cfOq7q8BhLjA?view_as=subscriber"]}]},"product_brand":"MANHATTAN","product_price_amount":"1871","product_price_currency":"MXN","og_availability":"instock","product_availability":"instock","product_retailer_item_id":"461795","product_condition":"new"},"_links":{"self":[{"href":"https:\/\/compuviper.mx\/tienda\/wp-json\/wp\/v2\/product\/210536"}],"collection":[{"href":"https:\/\/compuviper.mx\/tienda\/wp-json\/wp\/v2\/product"}],"about":[{"href":"https:\/\/compuviper.mx\/tienda\/wp-json\/wp\/v2\/types\/product"}],"replies":[{"embeddable":true,"href":"https:\/\/compuviper.mx\/tienda\/wp-json\/wp\/v2\/comments?post=210536"}],"wp:featuredmedia":[{"embeddable":true,"href":"https:\/\/compuviper.mx\/tienda\/wp-json\/wp\/v2\/media\/210537"}],"wp:attachment":[{"href":"https:\/\/compuviper.mx\/tienda\/wp-json\/wp\/v2\/media?parent=210536"}],"wp:term":[{"taxonomy":"product_cat","embeddable":true,"href":"https:\/\/compuviper.mx\/tienda\/wp-json\/wp\/v2\/product_cat?post=210536"},{"taxonomy":"product_tag","embeddable":true,"href":"https:\/\/compuviper.mx\/tienda\/wp-json\/wp\/v2\/product_tag?post=210536"}],"curies":[{"name":"wp","href":"https:\/\/api.w.org\/{rel}","templated":true}]}}