{"id":167999,"date":"2026-04-07T23:09:14","date_gmt":"2026-04-08T05:09:14","guid":{"rendered":"https:\/\/compuviper.mx\/tienda\/producto\/manhattan-439947-maletn-cambridge-para-porttiles-de-15-6\/"},"modified":"2026-04-07T23:09:14","modified_gmt":"2026-04-08T05:09:14","slug":"manhattan-439947-maletin-portafolio-15-6-cambridge","status":"publish","type":"product","link":"https:\/\/compuviper.mx\/tienda\/producto\/manhattan-439947-maletin-portafolio-15-6-cambridge\/","title":{"rendered":"Manhattan 439947 Maletin Portafolio,,, 15.6 Cambridge"},"content":{"rendered":"<table class=\"descripcion\">\n<tr>\n<td>Exterior<\/td>\n<\/tr>\n<tr>\n<td>Poli\u00e9ster<\/td>\n<\/tr>\n<tr>\n<td>Tejido 600d<\/td>\n<\/tr>\n<tr>\n<td>Dos cierres, apertura total de la parte principal<\/td>\n<\/tr>\n<tr>\n<td>Bolsillo de almacenamiento delantero, solapa con dos cierres de velcro<\/td>\n<\/tr>\n<tr>\n<td>Bolsillo trasero de almacenamiento, un cierre de gancho y lazo<\/td>\n<\/tr>\n<tr>\n<td>Asa<\/td>\n<\/tr>\n<tr>\n<td>La correa del hombro<\/td>\n<\/tr>\n<tr>\n<td>Interior<\/td>\n<\/tr>\n<tr>\n<td>100% poli\u00e9ster con espuma de polietileno (epe)<\/td>\n<\/tr>\n<tr>\n<td>Compartimento para port\u00e1til para dispositivos de hasta 15,6.<\/td>\n<\/tr>\n<tr>\n<td>Tres bolsillos de malla<\/td>\n<\/tr>\n<tr>\n<td>Tres portabol\u00edgrafos<\/td>\n<\/tr>\n<tr>\n<td>Un bolsillo para tarjetas de visita<\/td>\n<\/tr>\n<tr>\n<td>Dise\u00f1o:<\/td>\n<\/tr>\n<tr>\n<td>Dimensiones exteriores: 400 x 320 x 70 mm (15,75 x 12,6 x 2,76 pulg.)<\/td>\n<\/tr>\n<tr>\n<td>Dimensiones interiores: 390 x 310 x 60 mm (15.35 x 12.2 x 2.36 in.)<\/td>\n<\/tr>\n<tr>\n<td>Peso: 500 g<\/td>\n<\/tr>\n<\/table>\n","protected":false},"excerpt":{"rendered":"<p>Highlights. Dise\u00f1o inteligente y esencial que se adapta a la mayor\u00eda de los port\u00e1tiles de hasta 15,6. Abertura completa con dos cremalleras para un c\u00f3modo acceso al compartimento principal. Material exterior duradero que protege contra el clima, los derrames y el desgaste. Mango reforzado y correa de hombro antideslizante para un transporte f\u00e1cil y seguro. Grandes bolsillos delanteros, traseros e interiores para accesorios. Gran bolsillo frontal con solapa y cierre de velcro. Gran bolsillo trasero con cierre de velcro para un r\u00e1pido acceso en movimiento. Un gran bolsillo interior para archivos, accesorios y m\u00e1s. Tres bolsillos interiores compactos de malla para art\u00edculos m\u00e1s peque\u00f1os. Tres portabol\u00edgrafos interiores. Un compartimento interior para tarjetas de visita para mantener sus tarjetas listas y sin arrugas. Ideal para laptops, ultrabooks\u0099, macbooks\u00ae y m\u00e1s. Un gran compa\u00f1ero de viaje en el aire que ofrece el tama\u00f1o perfecto para almacenar en los compartimentos superiores. Tres a\u00f1os de garant\u00eda<\/p>\n","protected":false},"featured_media":168735,"comment_status":"open","ping_status":"open","template":"","meta":[],"product_cat":[1483,1482],"product_tag":[1487],"acf":[],"yoast_head":"<!-- This site is optimized with the Yoast SEO plugin v21.7 - https:\/\/yoast.com\/wordpress\/plugins\/seo\/ -->\n<title>[ Manhattan ] &#129351; 439947 Maletin Portafolio,,, 15.6 Cambridge<\/title>\n<meta name=\"description\" content=\"Compra 439947 Maletin Portafolio,,, 15.6 Cambridge + Env\u00edo a domicilio + Pago seguro + Garant\u00eda\" \/>\n<meta name=\"robots\" content=\"index, follow, max-snippet:-1, max-image-preview:large, max-video-preview:-1\" \/>\n<link rel=\"canonical\" href=\"https:\/\/compuviper.mx\/tienda\/producto\/manhattan-439947-maletin-portafolio-15-6-cambridge\/\" \/>\n<meta property=\"og:locale\" content=\"es_MX\" \/>\n<meta property=\"og:type\" content=\"article\" \/>\n<meta property=\"og:title\" content=\"[ Manhattan ] &#129351; 439947 Maletin Portafolio,,, 15.6 Cambridge\" \/>\n<meta property=\"og:description\" content=\"Compra 439947 Maletin Portafolio,,, 15.6 Cambridge + Env\u00edo a domicilio + Pago seguro + Garant\u00eda\" \/>\n<meta property=\"og:url\" content=\"https:\/\/compuviper.mx\/tienda\/producto\/manhattan-439947-maletin-portafolio-15-6-cambridge\/\" \/>\n<meta property=\"og:site_name\" content=\"Compuviper\" \/>\n<meta property=\"article:publisher\" content=\"https:\/\/www.facebook.com\/compuviper\" \/>\n<meta property=\"og:image\" content=\"https:\/\/compuviper.mx\/tienda\/wp-content\/uploads\/2023\/03\/Maletin-cambridge-manhattan-para-portatiles-de-15.6.jpg\" \/>\n\t<meta property=\"og:image:width\" content=\"200\" \/>\n\t<meta property=\"og:image:height\" content=\"200\" \/>\n\t<meta property=\"og:image:type\" content=\"image\/jpeg\" \/>\n<meta name=\"twitter:card\" content=\"summary_large_image\" \/>\n<meta name=\"twitter:label1\" content=\"Precio\" \/>\n\t<meta name=\"twitter:data1\" content=\"&#36;222 con IVA\" \/>\n\t<meta name=\"twitter:label2\" content=\"Availability\" \/>\n\t<meta name=\"twitter:data2\" content=\"In stock\" \/>\n<script type=\"application\/ld+json\" class=\"yoast-schema-graph\">{\"@context\":\"https:\/\/schema.org\",\"@graph\":[{\"@type\":\"WebPage\",\"@id\":\"https:\/\/compuviper.mx\/tienda\/producto\/manhattan-439947-maletin-portafolio-15-6-cambridge\/\",\"url\":\"https:\/\/compuviper.mx\/tienda\/producto\/manhattan-439947-maletin-portafolio-15-6-cambridge\/\",\"name\":\"[ Manhattan ] &#129351; 439947 Maletin Portafolio,,, 15.6 Cambridge\",\"isPartOf\":{\"@id\":\"https:\/\/compuviper.mx\/tienda\/#website\"},\"datePublished\":\"2026-04-08T05:09:14+00:00\",\"dateModified\":\"2026-04-08T05:09:14+00:00\",\"description\":\"Compra 439947 Maletin Portafolio,,, 15.6 Cambridge + Env\u00edo a domicilio + Pago seguro + Garant\u00eda\",\"breadcrumb\":{\"@id\":\"https:\/\/compuviper.mx\/tienda\/producto\/manhattan-439947-maletin-portafolio-15-6-cambridge\/#breadcrumb\"},\"inLanguage\":\"es-MX\",\"potentialAction\":[{\"@type\":\"ReadAction\",\"target\":[\"https:\/\/compuviper.mx\/tienda\/producto\/manhattan-439947-maletin-portafolio-15-6-cambridge\/\"]}]},{\"@type\":\"BreadcrumbList\",\"@id\":\"https:\/\/compuviper.mx\/tienda\/producto\/manhattan-439947-maletin-portafolio-15-6-cambridge\/#breadcrumb\",\"itemListElement\":[{\"@type\":\"ListItem\",\"position\":1,\"name\":\"Inicio\",\"item\":\"https:\/\/compuviper.mx\/tienda\/\"},{\"@type\":\"ListItem\",\"position\":2,\"name\":\"Productos\",\"item\":\"https:\/\/compuviper.mx\/tienda\/productos\/\"},{\"@type\":\"ListItem\",\"position\":3,\"name\":\"Maletines\",\"item\":\"https:\/\/compuviper.mx\/tienda\/categoria-producto\/maletines\/\"},{\"@type\":\"ListItem\",\"position\":4,\"name\":\"Maletin Clasico\",\"item\":\"https:\/\/compuviper.mx\/tienda\/categoria-producto\/maletines\/maletin-clasico\/\"},{\"@type\":\"ListItem\",\"position\":5,\"name\":\"Manhattan 439947 Maletin Portafolio,,, 15.6 Cambridge\"}]},{\"@type\":\"WebSite\",\"@id\":\"https:\/\/compuviper.mx\/tienda\/#website\",\"url\":\"https:\/\/compuviper.mx\/tienda\/\",\"name\":\"Compuviper\",\"description\":\"Proveedor de Computadoras, Laptops, Servidores, Monitores, Puntos de Venta, Teclados,   Impresoras, T\u00f3ner, C\u00e1maras de Seguridad y m\u00e1s en tu tienda en l\u00ednea\",\"publisher\":{\"@id\":\"https:\/\/compuviper.mx\/tienda\/#organization\"},\"potentialAction\":[{\"@type\":\"SearchAction\",\"target\":{\"@type\":\"EntryPoint\",\"urlTemplate\":\"https:\/\/compuviper.mx\/tienda\/?s={search_term_string}\"},\"query-input\":\"required name=search_term_string\"}],\"inLanguage\":\"es-MX\"},{\"@type\":\"Organization\",\"@id\":\"https:\/\/compuviper.mx\/tienda\/#organization\",\"name\":\"Compuviper\",\"url\":\"https:\/\/compuviper.mx\/tienda\/\",\"logo\":{\"@type\":\"ImageObject\",\"inLanguage\":\"es-MX\",\"@id\":\"https:\/\/compuviper.mx\/tienda\/#\/schema\/logo\/image\/\",\"url\":\"https:\/\/compuviper.mx\/tienda\/wp-content\/uploads\/2021\/08\/Logo-Compuviper-10.png\",\"contentUrl\":\"https:\/\/compuviper.mx\/tienda\/wp-content\/uploads\/2021\/08\/Logo-Compuviper-10.png\",\"width\":1000,\"height\":500,\"caption\":\"Compuviper\"},\"image\":{\"@id\":\"https:\/\/compuviper.mx\/tienda\/#\/schema\/logo\/image\/\"},\"sameAs\":[\"https:\/\/www.facebook.com\/compuviper\",\"https:\/\/www.youtube.com\/channel\/UCf73dERp9Y3cfOq7q8BhLjA?view_as=subscriber\"]}]}<\/script>\n<meta property=\"product:brand\" content=\"MANHATTAN\" \/>\n<meta property=\"product:price:amount\" content=\"222\" \/>\n<meta property=\"product:price:currency\" content=\"MXN\" \/>\n<meta property=\"og:availability\" content=\"instock\" \/>\n<meta property=\"product:availability\" content=\"instock\" \/>\n<meta property=\"product:retailer_item_id\" content=\"439947\" \/>\n<meta property=\"product:condition\" content=\"new\" \/>\n<!-- \/ Yoast SEO plugin. -->","yoast_head_json":{"title":"[ Manhattan ] &#129351; 439947 Maletin Portafolio,,, 15.6 Cambridge","description":"Compra 439947 Maletin Portafolio,,, 15.6 Cambridge + Env\u00edo a domicilio + Pago seguro + Garant\u00eda","robots":{"index":"index","follow":"follow","max-snippet":"max-snippet:-1","max-image-preview":"max-image-preview:large","max-video-preview":"max-video-preview:-1"},"canonical":"https:\/\/compuviper.mx\/tienda\/producto\/manhattan-439947-maletin-portafolio-15-6-cambridge\/","og_locale":"es_MX","og_type":"article","og_title":"[ Manhattan ] &#129351; 439947 Maletin Portafolio,,, 15.6 Cambridge","og_description":"Compra 439947 Maletin Portafolio,,, 15.6 Cambridge + Env\u00edo a domicilio + Pago seguro + Garant\u00eda","og_url":"https:\/\/compuviper.mx\/tienda\/producto\/manhattan-439947-maletin-portafolio-15-6-cambridge\/","og_site_name":"Compuviper","article_publisher":"https:\/\/www.facebook.com\/compuviper","og_image":[{"width":200,"height":200,"url":"https:\/\/compuviper.mx\/tienda\/wp-content\/uploads\/2023\/03\/Maletin-cambridge-manhattan-para-portatiles-de-15.6.jpg","type":"image\/jpeg"}],"twitter_card":"summary_large_image","twitter_misc":{"Precio":"&#36;222 con IVA","Availability":"In stock"},"schema":{"@context":"https:\/\/schema.org","@graph":[{"@type":"WebPage","@id":"https:\/\/compuviper.mx\/tienda\/producto\/manhattan-439947-maletin-portafolio-15-6-cambridge\/","url":"https:\/\/compuviper.mx\/tienda\/producto\/manhattan-439947-maletin-portafolio-15-6-cambridge\/","name":"[ Manhattan ] &#129351; 439947 Maletin Portafolio,,, 15.6 Cambridge","isPartOf":{"@id":"https:\/\/compuviper.mx\/tienda\/#website"},"datePublished":"2026-04-08T05:09:14+00:00","dateModified":"2026-04-08T05:09:14+00:00","description":"Compra 439947 Maletin Portafolio,,, 15.6 Cambridge + Env\u00edo a domicilio + Pago seguro + Garant\u00eda","breadcrumb":{"@id":"https:\/\/compuviper.mx\/tienda\/producto\/manhattan-439947-maletin-portafolio-15-6-cambridge\/#breadcrumb"},"inLanguage":"es-MX","potentialAction":[{"@type":"ReadAction","target":["https:\/\/compuviper.mx\/tienda\/producto\/manhattan-439947-maletin-portafolio-15-6-cambridge\/"]}]},{"@type":"BreadcrumbList","@id":"https:\/\/compuviper.mx\/tienda\/producto\/manhattan-439947-maletin-portafolio-15-6-cambridge\/#breadcrumb","itemListElement":[{"@type":"ListItem","position":1,"name":"Inicio","item":"https:\/\/compuviper.mx\/tienda\/"},{"@type":"ListItem","position":2,"name":"Productos","item":"https:\/\/compuviper.mx\/tienda\/productos\/"},{"@type":"ListItem","position":3,"name":"Maletines","item":"https:\/\/compuviper.mx\/tienda\/categoria-producto\/maletines\/"},{"@type":"ListItem","position":4,"name":"Maletin Clasico","item":"https:\/\/compuviper.mx\/tienda\/categoria-producto\/maletines\/maletin-clasico\/"},{"@type":"ListItem","position":5,"name":"Manhattan 439947 Maletin Portafolio,,, 15.6 Cambridge"}]},{"@type":"WebSite","@id":"https:\/\/compuviper.mx\/tienda\/#website","url":"https:\/\/compuviper.mx\/tienda\/","name":"Compuviper","description":"Proveedor de Computadoras, Laptops, Servidores, Monitores, Puntos de Venta, Teclados,   Impresoras, T\u00f3ner, C\u00e1maras de Seguridad y m\u00e1s en tu tienda en l\u00ednea","publisher":{"@id":"https:\/\/compuviper.mx\/tienda\/#organization"},"potentialAction":[{"@type":"SearchAction","target":{"@type":"EntryPoint","urlTemplate":"https:\/\/compuviper.mx\/tienda\/?s={search_term_string}"},"query-input":"required name=search_term_string"}],"inLanguage":"es-MX"},{"@type":"Organization","@id":"https:\/\/compuviper.mx\/tienda\/#organization","name":"Compuviper","url":"https:\/\/compuviper.mx\/tienda\/","logo":{"@type":"ImageObject","inLanguage":"es-MX","@id":"https:\/\/compuviper.mx\/tienda\/#\/schema\/logo\/image\/","url":"https:\/\/compuviper.mx\/tienda\/wp-content\/uploads\/2021\/08\/Logo-Compuviper-10.png","contentUrl":"https:\/\/compuviper.mx\/tienda\/wp-content\/uploads\/2021\/08\/Logo-Compuviper-10.png","width":1000,"height":500,"caption":"Compuviper"},"image":{"@id":"https:\/\/compuviper.mx\/tienda\/#\/schema\/logo\/image\/"},"sameAs":["https:\/\/www.facebook.com\/compuviper","https:\/\/www.youtube.com\/channel\/UCf73dERp9Y3cfOq7q8BhLjA?view_as=subscriber"]}]},"product_brand":"MANHATTAN","product_price_amount":"222","product_price_currency":"MXN","og_availability":"instock","product_availability":"instock","product_retailer_item_id":"439947","product_condition":"new"},"_links":{"self":[{"href":"https:\/\/compuviper.mx\/tienda\/wp-json\/wp\/v2\/product\/167999"}],"collection":[{"href":"https:\/\/compuviper.mx\/tienda\/wp-json\/wp\/v2\/product"}],"about":[{"href":"https:\/\/compuviper.mx\/tienda\/wp-json\/wp\/v2\/types\/product"}],"replies":[{"embeddable":true,"href":"https:\/\/compuviper.mx\/tienda\/wp-json\/wp\/v2\/comments?post=167999"}],"wp:featuredmedia":[{"embeddable":true,"href":"https:\/\/compuviper.mx\/tienda\/wp-json\/wp\/v2\/media\/168735"}],"wp:attachment":[{"href":"https:\/\/compuviper.mx\/tienda\/wp-json\/wp\/v2\/media?parent=167999"}],"wp:term":[{"taxonomy":"product_cat","embeddable":true,"href":"https:\/\/compuviper.mx\/tienda\/wp-json\/wp\/v2\/product_cat?post=167999"},{"taxonomy":"product_tag","embeddable":true,"href":"https:\/\/compuviper.mx\/tienda\/wp-json\/wp\/v2\/product_tag?post=167999"}],"curies":[{"name":"wp","href":"https:\/\/api.w.org\/{rel}","templated":true}]}}