{"id":167059,"date":"2026-04-06T23:08:27","date_gmt":"2026-04-07T05:08:27","guid":{"rendered":"https:\/\/compuviper.mx\/tienda\/producto\/manhattan-130578-docking-station-usb-c-11-en-1-con-mst-para-tres-monitores\/"},"modified":"2026-04-06T23:08:27","modified_gmt":"2026-04-07T05:08:27","slug":"manhattan-130578-docking-usb-c-11-ptos-hdmi-mini-dp-vga-usb-c-pd-3xusbv3-2-red-audio-sd-micro-sd","status":"publish","type":"product","link":"https:\/\/compuviper.mx\/tienda\/producto\/manhattan-130578-docking-usb-c-11-ptos-hdmi-mini-dp-vga-usb-c-pd-3xusbv3-2-red-audio-sd-micro-sd\/","title":{"rendered":"Manhattan 130578 Docking Usb,,,-c 11 Ptos, Hdmi\/mini Dp\/vga, Usb-c Pd\/3xusbv3.2, Red\/audio\/sd\/micro Sd"},"content":{"rendered":"<table class=\"descripcion\">\n<tr>\n<td>Normas y certificaciones<\/td>\n<\/tr>\n<tr>\n<td>Dp 1.2 alt mode por usb-c<\/td>\n<\/tr>\n<tr>\n<td>Usb 3.2 gen 1<\/td>\n<\/tr>\n<tr>\n<td>Hdmi 1.4<\/td>\n<\/tr>\n<tr>\n<td>Hdcp 1.4<\/td>\n<\/tr>\n<tr>\n<td>Ce<\/td>\n<\/tr>\n<tr>\n<td>Fcc<\/td>\n<\/tr>\n<tr>\n<td>Rohs<\/td>\n<\/tr>\n<tr>\n<td>Ukca<\/td>\n<\/tr>\n<tr>\n<td>Generalidades<\/td>\n<\/tr>\n<tr>\n<td>Resoluciones de v\u00eddeo m\u00e1ximas:<\/td>\n<\/tr>\n<tr>\n<td>&#8211; hdmi: 4k@30hz<\/td>\n<\/tr>\n<tr>\n<td>&#8211; mini displayport: 4k@30hz<\/td>\n<\/tr>\n<tr>\n<td>&#8211; vga: 1080p@60hz<\/td>\n<\/tr>\n<tr>\n<td>&#8211; si se utilizan dos puertos de v\u00eddeo a la vez, la resoluci\u00f3n m\u00e1xima por pantalla es de 4k@30hz<\/td>\n<\/tr>\n<tr>\n<td>&#8211; si se utilizan los tres puertos de v\u00eddeo a la vez, la resoluci\u00f3n m\u00e1xima por pantalla es de 1080p@60hz<\/td>\n<\/tr>\n<tr>\n<td>Velocidad de transferencia de datos de los puertos usb-a: 5 gbps<\/td>\n<\/tr>\n<tr>\n<td>Tarjetas flash compatibles: microsd, sd, sdhc y sdxc de hasta 2 tb<\/td>\n<\/tr>\n<tr>\n<td>Funcionamiento con alimentaci\u00f3n por bus (excepto las funciones de carga)<\/td>\n<\/tr>\n<tr>\n<td>Puerto de carga usb-c pd: 100,0 w (20.0 v a 5.0 a) m\u00e1x.<\/td>\n<\/tr>\n<tr>\n<td>Carga usb-a: 7.5 w (5 v a 1.5 a) m\u00e1x.<\/td>\n<\/tr>\n<tr>\n<td>Soporte de salida de audio: 48 khz, 16 bits est\u00e9reo<\/td>\n<\/tr>\n<tr>\n<td>Conectores<\/td>\n<\/tr>\n<tr>\n<td>Un usb-c de 24 pines, macho<\/td>\n<\/tr>\n<tr>\n<td>1 entrada hdmi de 19-pines, hembra<\/td>\n<\/tr>\n<tr>\n<td>Un mini displayport de 20 pines, hembra<\/td>\n<\/tr>\n<tr>\n<td>Un vga de 15 pines, hembra<\/td>\n<\/tr>\n<tr>\n<td>1 entrada 10\/100\/1000 mbps rj45, hembra<\/td>\n<\/tr>\n<tr>\n<td>3 entradas usb-a de 4 pines, hembra<\/td>\n<\/tr>\n<tr>\n<td>1 entrada para memorias sd<\/td>\n<\/tr>\n<tr>\n<td>Una ranura de memoria microsd<\/td>\n<\/tr>\n<tr>\n<td>Un audio est\u00e9reo de 3.5 mm, hembra<\/td>\n<\/tr>\n<tr>\n<td>1 entrada usb-c 24 pines, entrega de energ\u00eda, hembra<\/td>\n<\/tr>\n<tr>\n<td>F\u00edsico<\/td>\n<\/tr>\n<tr>\n<td>Gabinete de aluminio<\/td>\n<\/tr>\n<tr>\n<td>Dimensiones (l x w x h): 80 x 280 x 17 mm (3.15 x 11.02 x 0.67 in.)<\/td>\n<\/tr>\n<tr>\n<td>Peso neto: 245 g (0.54 lbs.)<\/td>\n<\/tr>\n<tr>\n<td>Peso bruto: 355 g (0.78 lbs.)<\/td>\n<\/tr>\n<tr>\n<td>Longitud del cable: 20 cm (8 pulgadas)<\/td>\n<\/tr>\n<tr>\n<td>Di\u00e1metro del cable: 34 awg<\/td>\n<\/tr>\n<tr>\n<td>Entorno de funcionamiento<\/td>\n<\/tr>\n<tr>\n<td>Temperatura de funcionamiento: 0 &#8211; 45\u00b0c (32 &#8211; 113\u00b0f)<\/td>\n<\/tr>\n<tr>\n<td>Temperatura de almacenamiento: -10 &#8211; 70\u00b0c (14 &#8211; 158\u00b0f)<\/td>\n<\/tr>\n<tr>\n<td>Humedad (sin condensaci\u00f3n): 5 &#8211; 90% hr<\/td>\n<\/tr>\n<tr>\n<td>Requisitos del sistema<\/td>\n<\/tr>\n<tr>\n<td>Windows xp\/vista\/7\/8.1\/10, linux o mac 9.x\/10.x o versiones superiores<\/td>\n<\/tr>\n<tr>\n<td>Contenido del paquete<\/td>\n<\/tr>\n<tr>\n<td>Docking station usb-c 11 en 1 con mst para tres monitores<\/td>\n<\/tr>\n<tr>\n<td>Instrucciones<\/td>\n<\/tr>\n<\/table>\n","protected":false},"excerpt":{"rendered":"<p>Docking station usb-c con carga mst y pd de manhattan: controle tres monitores a la vez y aproveche 11 conexiones a su dispositivo. Aumente su productividad con su computadora de escritorio, laptop o tablet con esta estaci\u00f3n de conexi\u00f3n altamente vers\u00e1til de manhattan. Su tecnolog\u00eda multi-stream transport (mst) te ayuda a realizar m\u00faltiples tareas en tres monitores al mismo tiempo, ya que incluye un puerto hdmi, displayport y vga. Utilice las conexiones hdmi y mini displayport para im\u00e1genes 4k@30hz o la conexi\u00f3n vga para 1080p@60hz. Conexiones a todos tus perif\u00e9ricos. Con tres puertos usb para ratones, teclados y unidades flash, un puerto est\u00e9reo de 3.5 mm para auriculares y dos ranuras para tarjetas sd\/microsd, esta estaci\u00f3n de acoplamiento satisface f\u00e1cilmente todas sus demandas de conectividad. Adem\u00e1s, su puerto gigabit rj45 proporciona la conexi\u00f3n de red por cable que falta en la mayor\u00eda de los ultrabooks y macbooks\u00ae modernos. Hasta 100 w de potencia de carga con usb-c power delivery (pd. El puerto usb-c pd incluido te permite cargar tu port\u00e1til con una potencia de hasta 100 w y, al mismo tiempo, cargar otros dispositivos m\u00f3viles, como tel\u00e9fonos inteligentes o tabletas, a trav\u00e9s de los puertos usb-a. La funci\u00f3n power delivery tambi\u00e9n proporciona una carga m\u00e1s r\u00e1pida que los cargadores est\u00e1ndar, ya que determina las necesidades de energ\u00eda de los dispositivos compatibles y las suministra al ritmo m\u00e1s r\u00e1pido y seguro. Lleva tu tel\u00e9fono a la pantalla grande. Conecta cualquier tel\u00e9fono inteligente android 9 y posterior que admita salida de video a trav\u00e9s de usb-c para disfrutar a\u00fan m\u00e1s de tus aplicaciones y medios. Mire un video en su monitor o hojee las diapositivas de su presentaci\u00f3n, todo desde su tel\u00e9fono. Un adaptador multipuerto dise\u00f1ado para acompa\u00f1arte dondequiera que vayas. La resistente carcasa de aluminio convierte a este adaptador multipuerto en el compa\u00f1ero de viaje perfecto. A pesar de sus enormes opciones de conectividad, sigue siendo lo suficientemente compacto como para transportarlo junto con tu laptop en tu mochila o simplemente llevarlo en tu bolso. Crea una configuraci\u00f3n multipantalla, carga tus dispositivos y conecta todos tus perif\u00e9ricos. Salida de v\u00eddeo doble con resoluciones de hasta 4k@30hz, o salida de v\u00eddeo triple con resoluciones de hasta 1080p@60hz. Resoluci\u00f3n uhd de hasta 4k@30hz (3840 \u00d7 2160) en la conexi\u00f3n hdmi. Hasta 4k@30hz uhd (3840 \u00d7 2160) en la conexi\u00f3n mini displayport. Hasta 1080p@60hz de resoluci\u00f3n full hd (1920 x 1080) en la conexi\u00f3n vga. Utiliza el transporte multi-stream (mst) para los modos de visualizaci\u00f3n en windows\u00ae (mirror o fully extended) y mac\u00ae (mirror only. Un puerto gigabit ethernet (10\/100\/1000) para descargas m\u00e1s r\u00e1pidas, streaming de medios y juegos. Tres puertos usb 3.2 gen 1 tipo a con tasas de transferencia superspeed de hasta 5 gbps y carga de hasta 7.5 w (5 v \/ 1.5 a. Puertos usb-a para conectar el mouse, el teclado, las memorias flash y m\u00e1s, o para cargar y sincronizar dispositivos m\u00f3viles. Ranuras para tarjetas sd y microsd con funci\u00f3n de lectura\/escritura; las ranuras admiten tarjetas de hasta 2 tb y velocidades de transferencia de datos de hasta 832 mbps. Admite la funci\u00f3n usb power delivery (pd) de hasta 100 w; requiere un cargador pd externo &#8211; disponible en manhattan. Toma de 3.5 mm para un sonido est\u00e9reo de alta calidad; admite tanto un micr\u00f3fono (entrada de audio) como auriculares (salida de audio. Compatible con todos las computadoras de escritorio, laptops y tabletas compatibles con usb-c dp-alt-mode, incluidos apple\u00ae macbook\u00ae, cromebook\u00bf, pixel\u00bf y m\u00e1s. Compatible con displayport 1.2 modo alternativo (modo alt dp. Permite que tu smartphone funcione como una pc de escritorio al mismo tiempo que se carga (la configuraci\u00f3n de escritorio requiere dispositivos con android 9 o superior que ofrezcan salida de v\u00eddeo a trav\u00e9s de usb-c. Se puede colocar debajo de la laptop, no ocupa espacio adicional en el escritorio. Cable integrado y resistente de 20 cm (8 pulgadas) con funda de aluminio moldeada, perfecto para laptops con puerto usb-c a la izquierda. Carcasa de aluminio robusta y elegante, ideal tanto para el lugar de trabajo como para los viajes. Pies de goma para evitar el deslizamiento y proteger el escritorio de los ara\u00f1azos. Instalaci\u00f3n plug-and-play; compatible con windows\u00ae, macos\u00ae, linux\u00ae,chrome os  y android<\/p>\n","protected":false},"featured_media":168724,"comment_status":"open","ping_status":"open","template":"","meta":[],"product_cat":[1485,1581],"product_tag":[1487],"acf":[],"yoast_head":"<!-- This site is optimized with the Yoast SEO plugin v21.7 - https:\/\/yoast.com\/wordpress\/plugins\/seo\/ -->\n<title>[ Manhattan ] &#129351; 130578 Docking Usb,,,-c 11 Ptos, Hdmi\/mini Dp\/vga, Usb-c Pd\/3xusbv3.2, Red\/audio\/sd\/micro Sd<\/title>\n<meta name=\"description\" content=\"Compra 130578 Docking Usb,,,-c 11 Ptos, Hdmi\/mini Dp\/vga, Usb-c Pd\/3xusbv3.2, Red\/audio\/sd\/micro Sd + Env\u00edo a domicilio + Pago seguro + Garant\u00eda\" \/>\n<meta name=\"robots\" content=\"index, follow, max-snippet:-1, max-image-preview:large, max-video-preview:-1\" \/>\n<link rel=\"canonical\" href=\"https:\/\/compuviper.mx\/tienda\/producto\/manhattan-130578-docking-usb-c-11-ptos-hdmi-mini-dp-vga-usb-c-pd-3xusbv3-2-red-audio-sd-micro-sd\/\" \/>\n<meta property=\"og:locale\" content=\"es_MX\" \/>\n<meta property=\"og:type\" content=\"article\" \/>\n<meta property=\"og:title\" content=\"[ Manhattan ] &#129351; 130578 Docking Usb,,,-c 11 Ptos, Hdmi\/mini Dp\/vga, Usb-c Pd\/3xusbv3.2, Red\/audio\/sd\/micro Sd\" \/>\n<meta property=\"og:description\" content=\"Compra 130578 Docking Usb,,,-c 11 Ptos, Hdmi\/mini Dp\/vga, Usb-c Pd\/3xusbv3.2, Red\/audio\/sd\/micro Sd + Env\u00edo a domicilio + Pago seguro + Garant\u00eda\" \/>\n<meta property=\"og:url\" content=\"https:\/\/compuviper.mx\/tienda\/producto\/manhattan-130578-docking-usb-c-11-ptos-hdmi-mini-dp-vga-usb-c-pd-3xusbv3-2-red-audio-sd-micro-sd\/\" \/>\n<meta property=\"og:site_name\" content=\"Compuviper\" \/>\n<meta property=\"article:publisher\" content=\"https:\/\/www.facebook.com\/compuviper\" \/>\n<meta property=\"og:image\" content=\"https:\/\/compuviper.mx\/tienda\/wp-content\/uploads\/2023\/03\/Docking-station-manhattan-usb-c-11-en-1-con-mst-para-tres-monitores.jpg\" \/>\n\t<meta property=\"og:image:width\" content=\"200\" \/>\n\t<meta property=\"og:image:height\" content=\"200\" \/>\n\t<meta property=\"og:image:type\" content=\"image\/jpeg\" \/>\n<meta name=\"twitter:card\" content=\"summary_large_image\" \/>\n<meta name=\"twitter:label1\" content=\"Precio\" \/>\n\t<meta name=\"twitter:data1\" content=\"&#36;2,340 con IVA\" \/>\n\t<meta name=\"twitter:label2\" content=\"Availability\" \/>\n\t<meta name=\"twitter:data2\" content=\"On backorder\" \/>\n<script type=\"application\/ld+json\" class=\"yoast-schema-graph\">{\"@context\":\"https:\/\/schema.org\",\"@graph\":[{\"@type\":\"WebPage\",\"@id\":\"https:\/\/compuviper.mx\/tienda\/producto\/manhattan-130578-docking-usb-c-11-ptos-hdmi-mini-dp-vga-usb-c-pd-3xusbv3-2-red-audio-sd-micro-sd\/\",\"url\":\"https:\/\/compuviper.mx\/tienda\/producto\/manhattan-130578-docking-usb-c-11-ptos-hdmi-mini-dp-vga-usb-c-pd-3xusbv3-2-red-audio-sd-micro-sd\/\",\"name\":\"[ Manhattan ] &#129351; 130578 Docking Usb,,,-c 11 Ptos, Hdmi\/mini Dp\/vga, Usb-c Pd\/3xusbv3.2, Red\/audio\/sd\/micro Sd\",\"isPartOf\":{\"@id\":\"https:\/\/compuviper.mx\/tienda\/#website\"},\"datePublished\":\"2026-04-07T05:08:27+00:00\",\"dateModified\":\"2026-04-07T05:08:27+00:00\",\"description\":\"Compra 130578 Docking Usb,,,-c 11 Ptos, Hdmi\/mini Dp\/vga, Usb-c Pd\/3xusbv3.2, Red\/audio\/sd\/micro Sd + Env\u00edo a domicilio + Pago seguro + Garant\u00eda\",\"breadcrumb\":{\"@id\":\"https:\/\/compuviper.mx\/tienda\/producto\/manhattan-130578-docking-usb-c-11-ptos-hdmi-mini-dp-vga-usb-c-pd-3xusbv3-2-red-audio-sd-micro-sd\/#breadcrumb\"},\"inLanguage\":\"es-MX\",\"potentialAction\":[{\"@type\":\"ReadAction\",\"target\":[\"https:\/\/compuviper.mx\/tienda\/producto\/manhattan-130578-docking-usb-c-11-ptos-hdmi-mini-dp-vga-usb-c-pd-3xusbv3-2-red-audio-sd-micro-sd\/\"]}]},{\"@type\":\"BreadcrumbList\",\"@id\":\"https:\/\/compuviper.mx\/tienda\/producto\/manhattan-130578-docking-usb-c-11-ptos-hdmi-mini-dp-vga-usb-c-pd-3xusbv3-2-red-audio-sd-micro-sd\/#breadcrumb\",\"itemListElement\":[{\"@type\":\"ListItem\",\"position\":1,\"name\":\"Inicio\",\"item\":\"https:\/\/compuviper.mx\/tienda\/\"},{\"@type\":\"ListItem\",\"position\":2,\"name\":\"Productos\",\"item\":\"https:\/\/compuviper.mx\/tienda\/productos\/\"},{\"@type\":\"ListItem\",\"position\":3,\"name\":\"Accesorios\",\"item\":\"https:\/\/compuviper.mx\/tienda\/categoria-producto\/accesorios\/\"},{\"@type\":\"ListItem\",\"position\":4,\"name\":\"Redes\",\"item\":\"https:\/\/compuviper.mx\/tienda\/categoria-producto\/accesorios\/redes-accesorios\/\"},{\"@type\":\"ListItem\",\"position\":5,\"name\":\"Manhattan 130578 Docking Usb,,,-c 11 Ptos, Hdmi\/mini Dp\/vga, Usb-c Pd\/3xusbv3.2, Red\/audio\/sd\/micro Sd\"}]},{\"@type\":\"WebSite\",\"@id\":\"https:\/\/compuviper.mx\/tienda\/#website\",\"url\":\"https:\/\/compuviper.mx\/tienda\/\",\"name\":\"Compuviper\",\"description\":\"Proveedor de Computadoras, Laptops, Servidores, Monitores, Puntos de Venta, Teclados,   Impresoras, T\u00f3ner, C\u00e1maras de Seguridad y m\u00e1s en tu tienda en l\u00ednea\",\"publisher\":{\"@id\":\"https:\/\/compuviper.mx\/tienda\/#organization\"},\"potentialAction\":[{\"@type\":\"SearchAction\",\"target\":{\"@type\":\"EntryPoint\",\"urlTemplate\":\"https:\/\/compuviper.mx\/tienda\/?s={search_term_string}\"},\"query-input\":\"required name=search_term_string\"}],\"inLanguage\":\"es-MX\"},{\"@type\":\"Organization\",\"@id\":\"https:\/\/compuviper.mx\/tienda\/#organization\",\"name\":\"Compuviper\",\"url\":\"https:\/\/compuviper.mx\/tienda\/\",\"logo\":{\"@type\":\"ImageObject\",\"inLanguage\":\"es-MX\",\"@id\":\"https:\/\/compuviper.mx\/tienda\/#\/schema\/logo\/image\/\",\"url\":\"https:\/\/compuviper.mx\/tienda\/wp-content\/uploads\/2021\/08\/Logo-Compuviper-10.png\",\"contentUrl\":\"https:\/\/compuviper.mx\/tienda\/wp-content\/uploads\/2021\/08\/Logo-Compuviper-10.png\",\"width\":1000,\"height\":500,\"caption\":\"Compuviper\"},\"image\":{\"@id\":\"https:\/\/compuviper.mx\/tienda\/#\/schema\/logo\/image\/\"},\"sameAs\":[\"https:\/\/www.facebook.com\/compuviper\",\"https:\/\/www.youtube.com\/channel\/UCf73dERp9Y3cfOq7q8BhLjA?view_as=subscriber\"]}]}<\/script>\n<meta property=\"product:brand\" content=\"MANHATTAN\" \/>\n<meta property=\"product:price:amount\" content=\"2340\" \/>\n<meta property=\"product:price:currency\" content=\"MXN\" \/>\n<meta property=\"og:availability\" content=\"backorder\" \/>\n<meta property=\"product:availability\" content=\"available for order\" \/>\n<meta property=\"product:retailer_item_id\" content=\"130578\" \/>\n<meta property=\"product:condition\" content=\"new\" \/>\n<!-- \/ Yoast SEO plugin. -->","yoast_head_json":{"title":"[ Manhattan ] &#129351; 130578 Docking Usb,,,-c 11 Ptos, Hdmi\/mini Dp\/vga, Usb-c Pd\/3xusbv3.2, Red\/audio\/sd\/micro Sd","description":"Compra 130578 Docking Usb,,,-c 11 Ptos, Hdmi\/mini Dp\/vga, Usb-c Pd\/3xusbv3.2, Red\/audio\/sd\/micro Sd + Env\u00edo a domicilio + Pago seguro + Garant\u00eda","robots":{"index":"index","follow":"follow","max-snippet":"max-snippet:-1","max-image-preview":"max-image-preview:large","max-video-preview":"max-video-preview:-1"},"canonical":"https:\/\/compuviper.mx\/tienda\/producto\/manhattan-130578-docking-usb-c-11-ptos-hdmi-mini-dp-vga-usb-c-pd-3xusbv3-2-red-audio-sd-micro-sd\/","og_locale":"es_MX","og_type":"article","og_title":"[ Manhattan ] &#129351; 130578 Docking Usb,,,-c 11 Ptos, Hdmi\/mini Dp\/vga, Usb-c Pd\/3xusbv3.2, Red\/audio\/sd\/micro Sd","og_description":"Compra 130578 Docking Usb,,,-c 11 Ptos, Hdmi\/mini Dp\/vga, Usb-c Pd\/3xusbv3.2, Red\/audio\/sd\/micro Sd + Env\u00edo a domicilio + Pago seguro + Garant\u00eda","og_url":"https:\/\/compuviper.mx\/tienda\/producto\/manhattan-130578-docking-usb-c-11-ptos-hdmi-mini-dp-vga-usb-c-pd-3xusbv3-2-red-audio-sd-micro-sd\/","og_site_name":"Compuviper","article_publisher":"https:\/\/www.facebook.com\/compuviper","og_image":[{"width":200,"height":200,"url":"https:\/\/compuviper.mx\/tienda\/wp-content\/uploads\/2023\/03\/Docking-station-manhattan-usb-c-11-en-1-con-mst-para-tres-monitores.jpg","type":"image\/jpeg"}],"twitter_card":"summary_large_image","twitter_misc":{"Precio":"&#36;2,340 con IVA","Availability":"On backorder"},"schema":{"@context":"https:\/\/schema.org","@graph":[{"@type":"WebPage","@id":"https:\/\/compuviper.mx\/tienda\/producto\/manhattan-130578-docking-usb-c-11-ptos-hdmi-mini-dp-vga-usb-c-pd-3xusbv3-2-red-audio-sd-micro-sd\/","url":"https:\/\/compuviper.mx\/tienda\/producto\/manhattan-130578-docking-usb-c-11-ptos-hdmi-mini-dp-vga-usb-c-pd-3xusbv3-2-red-audio-sd-micro-sd\/","name":"[ Manhattan ] &#129351; 130578 Docking Usb,,,-c 11 Ptos, Hdmi\/mini Dp\/vga, Usb-c Pd\/3xusbv3.2, Red\/audio\/sd\/micro Sd","isPartOf":{"@id":"https:\/\/compuviper.mx\/tienda\/#website"},"datePublished":"2026-04-07T05:08:27+00:00","dateModified":"2026-04-07T05:08:27+00:00","description":"Compra 130578 Docking Usb,,,-c 11 Ptos, Hdmi\/mini Dp\/vga, Usb-c Pd\/3xusbv3.2, Red\/audio\/sd\/micro Sd + Env\u00edo a domicilio + Pago seguro + Garant\u00eda","breadcrumb":{"@id":"https:\/\/compuviper.mx\/tienda\/producto\/manhattan-130578-docking-usb-c-11-ptos-hdmi-mini-dp-vga-usb-c-pd-3xusbv3-2-red-audio-sd-micro-sd\/#breadcrumb"},"inLanguage":"es-MX","potentialAction":[{"@type":"ReadAction","target":["https:\/\/compuviper.mx\/tienda\/producto\/manhattan-130578-docking-usb-c-11-ptos-hdmi-mini-dp-vga-usb-c-pd-3xusbv3-2-red-audio-sd-micro-sd\/"]}]},{"@type":"BreadcrumbList","@id":"https:\/\/compuviper.mx\/tienda\/producto\/manhattan-130578-docking-usb-c-11-ptos-hdmi-mini-dp-vga-usb-c-pd-3xusbv3-2-red-audio-sd-micro-sd\/#breadcrumb","itemListElement":[{"@type":"ListItem","position":1,"name":"Inicio","item":"https:\/\/compuviper.mx\/tienda\/"},{"@type":"ListItem","position":2,"name":"Productos","item":"https:\/\/compuviper.mx\/tienda\/productos\/"},{"@type":"ListItem","position":3,"name":"Accesorios","item":"https:\/\/compuviper.mx\/tienda\/categoria-producto\/accesorios\/"},{"@type":"ListItem","position":4,"name":"Redes","item":"https:\/\/compuviper.mx\/tienda\/categoria-producto\/accesorios\/redes-accesorios\/"},{"@type":"ListItem","position":5,"name":"Manhattan 130578 Docking Usb,,,-c 11 Ptos, Hdmi\/mini Dp\/vga, Usb-c Pd\/3xusbv3.2, Red\/audio\/sd\/micro Sd"}]},{"@type":"WebSite","@id":"https:\/\/compuviper.mx\/tienda\/#website","url":"https:\/\/compuviper.mx\/tienda\/","name":"Compuviper","description":"Proveedor de Computadoras, Laptops, Servidores, Monitores, Puntos de Venta, Teclados,   Impresoras, T\u00f3ner, C\u00e1maras de Seguridad y m\u00e1s en tu tienda en l\u00ednea","publisher":{"@id":"https:\/\/compuviper.mx\/tienda\/#organization"},"potentialAction":[{"@type":"SearchAction","target":{"@type":"EntryPoint","urlTemplate":"https:\/\/compuviper.mx\/tienda\/?s={search_term_string}"},"query-input":"required name=search_term_string"}],"inLanguage":"es-MX"},{"@type":"Organization","@id":"https:\/\/compuviper.mx\/tienda\/#organization","name":"Compuviper","url":"https:\/\/compuviper.mx\/tienda\/","logo":{"@type":"ImageObject","inLanguage":"es-MX","@id":"https:\/\/compuviper.mx\/tienda\/#\/schema\/logo\/image\/","url":"https:\/\/compuviper.mx\/tienda\/wp-content\/uploads\/2021\/08\/Logo-Compuviper-10.png","contentUrl":"https:\/\/compuviper.mx\/tienda\/wp-content\/uploads\/2021\/08\/Logo-Compuviper-10.png","width":1000,"height":500,"caption":"Compuviper"},"image":{"@id":"https:\/\/compuviper.mx\/tienda\/#\/schema\/logo\/image\/"},"sameAs":["https:\/\/www.facebook.com\/compuviper","https:\/\/www.youtube.com\/channel\/UCf73dERp9Y3cfOq7q8BhLjA?view_as=subscriber"]}]},"product_brand":"MANHATTAN","product_price_amount":"2340","product_price_currency":"MXN","og_availability":"backorder","product_availability":"available for order","product_retailer_item_id":"130578","product_condition":"new"},"_links":{"self":[{"href":"https:\/\/compuviper.mx\/tienda\/wp-json\/wp\/v2\/product\/167059"}],"collection":[{"href":"https:\/\/compuviper.mx\/tienda\/wp-json\/wp\/v2\/product"}],"about":[{"href":"https:\/\/compuviper.mx\/tienda\/wp-json\/wp\/v2\/types\/product"}],"replies":[{"embeddable":true,"href":"https:\/\/compuviper.mx\/tienda\/wp-json\/wp\/v2\/comments?post=167059"}],"wp:featuredmedia":[{"embeddable":true,"href":"https:\/\/compuviper.mx\/tienda\/wp-json\/wp\/v2\/media\/168724"}],"wp:attachment":[{"href":"https:\/\/compuviper.mx\/tienda\/wp-json\/wp\/v2\/media?parent=167059"}],"wp:term":[{"taxonomy":"product_cat","embeddable":true,"href":"https:\/\/compuviper.mx\/tienda\/wp-json\/wp\/v2\/product_cat?post=167059"},{"taxonomy":"product_tag","embeddable":true,"href":"https:\/\/compuviper.mx\/tienda\/wp-json\/wp\/v2\/product_tag?post=167059"}],"curies":[{"name":"wp","href":"https:\/\/api.w.org\/{rel}","templated":true}]}}