{"id":167056,"date":"2026-04-23T23:06:33","date_gmt":"2026-04-24T05:06:33","guid":{"rendered":"https:\/\/compuviper.mx\/tienda\/producto\/manhattan-130615-docking-station-para-conexin-usb-c-8-en-1-con-entrega-de-energa\/"},"modified":"2026-04-23T23:06:34","modified_gmt":"2026-04-24T05:06:34","slug":"manhattan-130615-docking-usb-c-8-ptos-hdmi-usb-c-pd-2xusbv3-2-usbv2-0-redsd-micro-sdd","status":"publish","type":"product","link":"https:\/\/compuviper.mx\/tienda\/producto\/manhattan-130615-docking-usb-c-8-ptos-hdmi-usb-c-pd-2xusbv3-2-usbv2-0-redsd-micro-sdd\/","title":{"rendered":"Manhattan 130615 Docking Usb,,,-c  8 Ptos, Hdmi, Usb-c Pd\/2xusbv3.2\/usbv2.0, Red,sd\/micro Sdd"},"content":{"rendered":"<table class=\"descripcion\">\n<tr>\n<td>Normas y certificaciones<\/td>\n<\/tr>\n<tr>\n<td>Dp 1.2 alt mode sobre usb-c<\/td>\n<\/tr>\n<tr>\n<td>Usb 3.2 gen 1<\/td>\n<\/tr>\n<tr>\n<td>Usb 2.0<\/td>\n<\/tr>\n<tr>\n<td>Hdmi 1.4<\/td>\n<\/tr>\n<tr>\n<td>Hdcp 1.4<\/td>\n<\/tr>\n<tr>\n<td>Ce<\/td>\n<\/tr>\n<tr>\n<td>Fcc<\/td>\n<\/tr>\n<tr>\n<td>Rohs<\/td>\n<\/tr>\n<tr>\n<td>Reach<\/td>\n<\/tr>\n<tr>\n<td>Ukca<\/td>\n<\/tr>\n<tr>\n<td>Generalidades<\/td>\n<\/tr>\n<tr>\n<td>Velocidad de transferencia de datos del puerto usb-a: 5 gbps m\u00e1x.<\/td>\n<\/tr>\n<tr>\n<td>Funcionamiento con alimentaci\u00f3n por bus (excepto las funciones de carga)<\/td>\n<\/tr>\n<tr>\n<td>Puerto de carga usb-c pd: 100.0 w (20.0 v a 5.0 a) m\u00e1x.<\/td>\n<\/tr>\n<tr>\n<td>Carga de usb-a: 4,5 w (5,0 v a 0,9 a) m\u00e1x.<\/td>\n<\/tr>\n<tr>\n<td>Conexiones<\/td>\n<\/tr>\n<tr>\n<td>Un usb-c de 24 pines, macho<\/td>\n<\/tr>\n<tr>\n<td>Un hdmi de 19 pines, hembra<\/td>\n<\/tr>\n<tr>\n<td>Un rj45 10\/100\/1000 mbps, hembra<\/td>\n<\/tr>\n<tr>\n<td>Tres usb-a de 9 pines, hembra<\/td>\n<\/tr>\n<tr>\n<td>Una ranura de memoria sd<\/td>\n<\/tr>\n<tr>\n<td>Una ranura de memoria microsd<\/td>\n<\/tr>\n<tr>\n<td>Un usb-c de 24 pines, power delivery, hembra<\/td>\n<\/tr>\n<tr>\n<td>F\u00edsico<\/td>\n<\/tr>\n<tr>\n<td>Dimensiones (l x w x h): 98 x 46 x 15 mm<\/td>\n<\/tr>\n<tr>\n<td>Peso neto: 79 g<\/td>\n<\/tr>\n<tr>\n<td>Peso bruto: 110 g<\/td>\n<\/tr>\n<tr>\n<td>Longitud del cable: 15 cm<\/td>\n<\/tr>\n<tr>\n<td>Di\u00e1metro del cable: 28 awg<\/td>\n<\/tr>\n<tr>\n<td>Carcasa de aluminio<\/td>\n<\/tr>\n<tr>\n<td>Entorno de funcionamiento<\/td>\n<\/tr>\n<tr>\n<td>Temperatura de funcionamiento: 0 &#8211; 60\u00b0c<\/td>\n<\/tr>\n<tr>\n<td>Temperatura de almacenamiento: -10 &#8211; 90\u00b0c<\/td>\n<\/tr>\n<tr>\n<td>Humedad (sin condensaci\u00f3n): 10 &#8211; 90% hr<\/td>\n<\/tr>\n<tr>\n<td>Requisitos del sistema<\/td>\n<\/tr>\n<tr>\n<td>Windows 7\/8.1\/10\/11, chrome os, macos o android<\/td>\n<\/tr>\n<tr>\n<td>Contenido del paquete<\/td>\n<\/tr>\n<tr>\n<td>Docking station para conexi\u00f3n usb-c 8 en 1 con entrega de energ\u00eda<\/td>\n<\/tr>\n<tr>\n<td>Instrucciones<\/td>\n<\/tr>\n<\/table>\n","protected":false},"excerpt":{"rendered":"<p>Highlights. Se conecta a tu pantalla, la red y a los perif\u00e9ricos, a la vez que carga los dispositivos. Un puerto hdmi con resoluci\u00f3n de definici\u00f3n ultraalta (uhd) 4k a 30 hz (3840 x 2160. Un puerto gigabit ethernet (10\/100\/1000) para acelerar las descargas, la transmisi\u00f3n multimedia y los juegos. Es compatible con la funci\u00f3n de usb con entrega de energ\u00eda (pd) de hasta 100 w; las cargas de pd externas est\u00e1n disponibles de manhattan. Dos usb 3.2 de gen. 1 (anteriormente usb 3.0) con puertos tipo a, con velocidad de transferencia superspeed de 5 gbps y cargas de hasta 4,5 w (5 v\/0,9 a. Un usb 2.0 con puerto tipo a con velocidad de transferencia de hasta 480 mbps y cargas de hasta 2,5 w (5 v\/0,5 a. Puertos usb-a para conectar ratones, teclados, unidades flash y m\u00e1s, o para cargar y sincronizar dispositivos m\u00f3viles. Ranuras para tarjetas sd y microsd con funci\u00f3n de lectura y escritura; las ranuras son compatibles con tarjetas de hasta 2 tb y velocidad de transferencia de datos de hasta 5 gbps. Compatible con displayport 1.2 modo alternativo (modo alt dp. Compatible con todos las computadoras de escritorio, laptops y tabletas compatibles con usb-c dp-alt-mode, incluidos apple\u00ae macbook\u00ae, cromebook\u0099, pixel\u0099 y m\u00e1s. Permite que tu smartphone funcione como una pc de escritorio al mismo tiempo que se carga (la configuraci\u00f3n de escritorio requiere dispositivos con android 9 o superior que ofrezcan salida de v\u00eddeo a trav\u00e9s de usb-c. Cable integrado y resistente de 15 cm. Carcasa de aluminio robusta y elegante, ideal tanto para el escritorio como para los viajes. Dise\u00f1o port\u00e1til, compacto y ligero que entra f\u00e1cilmente en el bolsillo de la funda de una computadora port\u00e1til. Instalaci\u00f3n plug-and-play; compatible con windows\u00ae, macos\u00ae, chrome os\u0099 y android\u0099. Hdcp 1.4 compliant. Tres a\u00f1os de garant\u00eda<\/p>\n","protected":false},"featured_media":168721,"comment_status":"open","ping_status":"open","template":"","meta":[],"product_cat":[1485,1581],"product_tag":[1487],"acf":[],"yoast_head":"<!-- This site is optimized with the Yoast SEO plugin v21.7 - https:\/\/yoast.com\/wordpress\/plugins\/seo\/ -->\n<title>[ Manhattan ] &#129351; 130615 Docking Usb,,,-c 8 Ptos, Hdmi, Usb-c Pd\/2xusbv3.2\/usbv2.0, Red,sd\/micro Sdd<\/title>\n<meta name=\"description\" content=\"Compra 130615 Docking Usb,,,-c 8 Ptos, Hdmi, Usb-c Pd\/2xusbv3.2\/usbv2.0, Red,sd\/micro Sdd + Env\u00edo a domicilio + Pago seguro + Garant\u00eda\" \/>\n<meta name=\"robots\" content=\"index, follow, max-snippet:-1, max-image-preview:large, max-video-preview:-1\" \/>\n<link rel=\"canonical\" href=\"https:\/\/compuviper.mx\/tienda\/producto\/manhattan-130615-docking-usb-c-8-ptos-hdmi-usb-c-pd-2xusbv3-2-usbv2-0-redsd-micro-sdd\/\" \/>\n<meta property=\"og:locale\" content=\"es_MX\" \/>\n<meta property=\"og:type\" content=\"article\" \/>\n<meta property=\"og:title\" content=\"[ Manhattan ] &#129351; 130615 Docking Usb,,,-c 8 Ptos, Hdmi, Usb-c Pd\/2xusbv3.2\/usbv2.0, Red,sd\/micro Sdd\" \/>\n<meta property=\"og:description\" content=\"Compra 130615 Docking Usb,,,-c 8 Ptos, Hdmi, Usb-c Pd\/2xusbv3.2\/usbv2.0, Red,sd\/micro Sdd + Env\u00edo a domicilio + Pago seguro + Garant\u00eda\" \/>\n<meta property=\"og:url\" content=\"https:\/\/compuviper.mx\/tienda\/producto\/manhattan-130615-docking-usb-c-8-ptos-hdmi-usb-c-pd-2xusbv3-2-usbv2-0-redsd-micro-sdd\/\" \/>\n<meta property=\"og:site_name\" content=\"Compuviper\" \/>\n<meta property=\"article:publisher\" content=\"https:\/\/www.facebook.com\/compuviper\" \/>\n<meta property=\"article:modified_time\" content=\"2026-04-24T05:06:34+00:00\" \/>\n<meta property=\"og:image\" content=\"https:\/\/compuviper.mx\/tienda\/wp-content\/uploads\/2023\/03\/Docking-station-manhattan-para-conexion-usb-c-8-en-1-con-entrega-de-energia.jpg\" \/>\n\t<meta property=\"og:image:width\" content=\"200\" \/>\n\t<meta property=\"og:image:height\" content=\"200\" \/>\n\t<meta property=\"og:image:type\" content=\"image\/jpeg\" \/>\n<meta name=\"twitter:card\" content=\"summary_large_image\" \/>\n<meta name=\"twitter:label1\" content=\"Precio\" \/>\n\t<meta name=\"twitter:data1\" content=\"&#36;1,055 con IVA\" \/>\n\t<meta name=\"twitter:label2\" content=\"Availability\" \/>\n\t<meta name=\"twitter:data2\" content=\"In stock\" \/>\n<script type=\"application\/ld+json\" class=\"yoast-schema-graph\">{\"@context\":\"https:\/\/schema.org\",\"@graph\":[{\"@type\":\"WebPage\",\"@id\":\"https:\/\/compuviper.mx\/tienda\/producto\/manhattan-130615-docking-usb-c-8-ptos-hdmi-usb-c-pd-2xusbv3-2-usbv2-0-redsd-micro-sdd\/\",\"url\":\"https:\/\/compuviper.mx\/tienda\/producto\/manhattan-130615-docking-usb-c-8-ptos-hdmi-usb-c-pd-2xusbv3-2-usbv2-0-redsd-micro-sdd\/\",\"name\":\"[ Manhattan ] &#129351; 130615 Docking Usb,,,-c 8 Ptos, Hdmi, Usb-c Pd\/2xusbv3.2\/usbv2.0, Red,sd\/micro Sdd\",\"isPartOf\":{\"@id\":\"https:\/\/compuviper.mx\/tienda\/#website\"},\"datePublished\":\"2026-04-24T05:06:33+00:00\",\"dateModified\":\"2026-04-24T05:06:34+00:00\",\"description\":\"Compra 130615 Docking Usb,,,-c 8 Ptos, Hdmi, Usb-c Pd\/2xusbv3.2\/usbv2.0, Red,sd\/micro Sdd + Env\u00edo a domicilio + Pago seguro + Garant\u00eda\",\"breadcrumb\":{\"@id\":\"https:\/\/compuviper.mx\/tienda\/producto\/manhattan-130615-docking-usb-c-8-ptos-hdmi-usb-c-pd-2xusbv3-2-usbv2-0-redsd-micro-sdd\/#breadcrumb\"},\"inLanguage\":\"es-MX\",\"potentialAction\":[{\"@type\":\"ReadAction\",\"target\":[\"https:\/\/compuviper.mx\/tienda\/producto\/manhattan-130615-docking-usb-c-8-ptos-hdmi-usb-c-pd-2xusbv3-2-usbv2-0-redsd-micro-sdd\/\"]}]},{\"@type\":\"BreadcrumbList\",\"@id\":\"https:\/\/compuviper.mx\/tienda\/producto\/manhattan-130615-docking-usb-c-8-ptos-hdmi-usb-c-pd-2xusbv3-2-usbv2-0-redsd-micro-sdd\/#breadcrumb\",\"itemListElement\":[{\"@type\":\"ListItem\",\"position\":1,\"name\":\"Inicio\",\"item\":\"https:\/\/compuviper.mx\/tienda\/\"},{\"@type\":\"ListItem\",\"position\":2,\"name\":\"Productos\",\"item\":\"https:\/\/compuviper.mx\/tienda\/productos\/\"},{\"@type\":\"ListItem\",\"position\":3,\"name\":\"Accesorios\",\"item\":\"https:\/\/compuviper.mx\/tienda\/categoria-producto\/accesorios\/\"},{\"@type\":\"ListItem\",\"position\":4,\"name\":\"Redes\",\"item\":\"https:\/\/compuviper.mx\/tienda\/categoria-producto\/accesorios\/redes-accesorios\/\"},{\"@type\":\"ListItem\",\"position\":5,\"name\":\"Manhattan 130615 Docking Usb,,,-c 8 Ptos, Hdmi, Usb-c Pd\/2xusbv3.2\/usbv2.0, Red,sd\/micro Sdd\"}]},{\"@type\":\"WebSite\",\"@id\":\"https:\/\/compuviper.mx\/tienda\/#website\",\"url\":\"https:\/\/compuviper.mx\/tienda\/\",\"name\":\"Compuviper\",\"description\":\"Proveedor de Computadoras, Laptops, Servidores, Monitores, Puntos de Venta, Teclados,   Impresoras, T\u00f3ner, C\u00e1maras de Seguridad y m\u00e1s en tu tienda en l\u00ednea\",\"publisher\":{\"@id\":\"https:\/\/compuviper.mx\/tienda\/#organization\"},\"potentialAction\":[{\"@type\":\"SearchAction\",\"target\":{\"@type\":\"EntryPoint\",\"urlTemplate\":\"https:\/\/compuviper.mx\/tienda\/?s={search_term_string}\"},\"query-input\":\"required name=search_term_string\"}],\"inLanguage\":\"es-MX\"},{\"@type\":\"Organization\",\"@id\":\"https:\/\/compuviper.mx\/tienda\/#organization\",\"name\":\"Compuviper\",\"url\":\"https:\/\/compuviper.mx\/tienda\/\",\"logo\":{\"@type\":\"ImageObject\",\"inLanguage\":\"es-MX\",\"@id\":\"https:\/\/compuviper.mx\/tienda\/#\/schema\/logo\/image\/\",\"url\":\"https:\/\/compuviper.mx\/tienda\/wp-content\/uploads\/2021\/08\/Logo-Compuviper-10.png\",\"contentUrl\":\"https:\/\/compuviper.mx\/tienda\/wp-content\/uploads\/2021\/08\/Logo-Compuviper-10.png\",\"width\":1000,\"height\":500,\"caption\":\"Compuviper\"},\"image\":{\"@id\":\"https:\/\/compuviper.mx\/tienda\/#\/schema\/logo\/image\/\"},\"sameAs\":[\"https:\/\/www.facebook.com\/compuviper\",\"https:\/\/www.youtube.com\/channel\/UCf73dERp9Y3cfOq7q8BhLjA?view_as=subscriber\"]}]}<\/script>\n<meta property=\"product:brand\" content=\"MANHATTAN\" \/>\n<meta property=\"product:price:amount\" content=\"1055\" \/>\n<meta property=\"product:price:currency\" content=\"MXN\" \/>\n<meta property=\"og:availability\" content=\"instock\" \/>\n<meta property=\"product:availability\" content=\"instock\" \/>\n<meta property=\"product:retailer_item_id\" content=\"130615\" \/>\n<meta property=\"product:condition\" content=\"new\" \/>\n<!-- \/ Yoast SEO plugin. -->","yoast_head_json":{"title":"[ Manhattan ] &#129351; 130615 Docking Usb,,,-c 8 Ptos, Hdmi, Usb-c Pd\/2xusbv3.2\/usbv2.0, Red,sd\/micro Sdd","description":"Compra 130615 Docking Usb,,,-c 8 Ptos, Hdmi, Usb-c Pd\/2xusbv3.2\/usbv2.0, Red,sd\/micro Sdd + Env\u00edo a domicilio + Pago seguro + Garant\u00eda","robots":{"index":"index","follow":"follow","max-snippet":"max-snippet:-1","max-image-preview":"max-image-preview:large","max-video-preview":"max-video-preview:-1"},"canonical":"https:\/\/compuviper.mx\/tienda\/producto\/manhattan-130615-docking-usb-c-8-ptos-hdmi-usb-c-pd-2xusbv3-2-usbv2-0-redsd-micro-sdd\/","og_locale":"es_MX","og_type":"article","og_title":"[ Manhattan ] &#129351; 130615 Docking Usb,,,-c 8 Ptos, Hdmi, Usb-c Pd\/2xusbv3.2\/usbv2.0, Red,sd\/micro Sdd","og_description":"Compra 130615 Docking Usb,,,-c 8 Ptos, Hdmi, Usb-c Pd\/2xusbv3.2\/usbv2.0, Red,sd\/micro Sdd + Env\u00edo a domicilio + Pago seguro + Garant\u00eda","og_url":"https:\/\/compuviper.mx\/tienda\/producto\/manhattan-130615-docking-usb-c-8-ptos-hdmi-usb-c-pd-2xusbv3-2-usbv2-0-redsd-micro-sdd\/","og_site_name":"Compuviper","article_publisher":"https:\/\/www.facebook.com\/compuviper","article_modified_time":"2026-04-24T05:06:34+00:00","og_image":[{"width":200,"height":200,"url":"https:\/\/compuviper.mx\/tienda\/wp-content\/uploads\/2023\/03\/Docking-station-manhattan-para-conexion-usb-c-8-en-1-con-entrega-de-energia.jpg","type":"image\/jpeg"}],"twitter_card":"summary_large_image","twitter_misc":{"Precio":"&#36;1,055 con IVA","Availability":"In stock"},"schema":{"@context":"https:\/\/schema.org","@graph":[{"@type":"WebPage","@id":"https:\/\/compuviper.mx\/tienda\/producto\/manhattan-130615-docking-usb-c-8-ptos-hdmi-usb-c-pd-2xusbv3-2-usbv2-0-redsd-micro-sdd\/","url":"https:\/\/compuviper.mx\/tienda\/producto\/manhattan-130615-docking-usb-c-8-ptos-hdmi-usb-c-pd-2xusbv3-2-usbv2-0-redsd-micro-sdd\/","name":"[ Manhattan ] &#129351; 130615 Docking Usb,,,-c 8 Ptos, Hdmi, Usb-c Pd\/2xusbv3.2\/usbv2.0, Red,sd\/micro Sdd","isPartOf":{"@id":"https:\/\/compuviper.mx\/tienda\/#website"},"datePublished":"2026-04-24T05:06:33+00:00","dateModified":"2026-04-24T05:06:34+00:00","description":"Compra 130615 Docking Usb,,,-c 8 Ptos, Hdmi, Usb-c Pd\/2xusbv3.2\/usbv2.0, Red,sd\/micro Sdd + Env\u00edo a domicilio + Pago seguro + Garant\u00eda","breadcrumb":{"@id":"https:\/\/compuviper.mx\/tienda\/producto\/manhattan-130615-docking-usb-c-8-ptos-hdmi-usb-c-pd-2xusbv3-2-usbv2-0-redsd-micro-sdd\/#breadcrumb"},"inLanguage":"es-MX","potentialAction":[{"@type":"ReadAction","target":["https:\/\/compuviper.mx\/tienda\/producto\/manhattan-130615-docking-usb-c-8-ptos-hdmi-usb-c-pd-2xusbv3-2-usbv2-0-redsd-micro-sdd\/"]}]},{"@type":"BreadcrumbList","@id":"https:\/\/compuviper.mx\/tienda\/producto\/manhattan-130615-docking-usb-c-8-ptos-hdmi-usb-c-pd-2xusbv3-2-usbv2-0-redsd-micro-sdd\/#breadcrumb","itemListElement":[{"@type":"ListItem","position":1,"name":"Inicio","item":"https:\/\/compuviper.mx\/tienda\/"},{"@type":"ListItem","position":2,"name":"Productos","item":"https:\/\/compuviper.mx\/tienda\/productos\/"},{"@type":"ListItem","position":3,"name":"Accesorios","item":"https:\/\/compuviper.mx\/tienda\/categoria-producto\/accesorios\/"},{"@type":"ListItem","position":4,"name":"Redes","item":"https:\/\/compuviper.mx\/tienda\/categoria-producto\/accesorios\/redes-accesorios\/"},{"@type":"ListItem","position":5,"name":"Manhattan 130615 Docking Usb,,,-c 8 Ptos, Hdmi, Usb-c Pd\/2xusbv3.2\/usbv2.0, Red,sd\/micro Sdd"}]},{"@type":"WebSite","@id":"https:\/\/compuviper.mx\/tienda\/#website","url":"https:\/\/compuviper.mx\/tienda\/","name":"Compuviper","description":"Proveedor de Computadoras, Laptops, Servidores, Monitores, Puntos de Venta, Teclados,   Impresoras, T\u00f3ner, C\u00e1maras de Seguridad y m\u00e1s en tu tienda en l\u00ednea","publisher":{"@id":"https:\/\/compuviper.mx\/tienda\/#organization"},"potentialAction":[{"@type":"SearchAction","target":{"@type":"EntryPoint","urlTemplate":"https:\/\/compuviper.mx\/tienda\/?s={search_term_string}"},"query-input":"required name=search_term_string"}],"inLanguage":"es-MX"},{"@type":"Organization","@id":"https:\/\/compuviper.mx\/tienda\/#organization","name":"Compuviper","url":"https:\/\/compuviper.mx\/tienda\/","logo":{"@type":"ImageObject","inLanguage":"es-MX","@id":"https:\/\/compuviper.mx\/tienda\/#\/schema\/logo\/image\/","url":"https:\/\/compuviper.mx\/tienda\/wp-content\/uploads\/2021\/08\/Logo-Compuviper-10.png","contentUrl":"https:\/\/compuviper.mx\/tienda\/wp-content\/uploads\/2021\/08\/Logo-Compuviper-10.png","width":1000,"height":500,"caption":"Compuviper"},"image":{"@id":"https:\/\/compuviper.mx\/tienda\/#\/schema\/logo\/image\/"},"sameAs":["https:\/\/www.facebook.com\/compuviper","https:\/\/www.youtube.com\/channel\/UCf73dERp9Y3cfOq7q8BhLjA?view_as=subscriber"]}]},"product_brand":"MANHATTAN","product_price_amount":"1055","product_price_currency":"MXN","og_availability":"instock","product_availability":"instock","product_retailer_item_id":"130615","product_condition":"new"},"_links":{"self":[{"href":"https:\/\/compuviper.mx\/tienda\/wp-json\/wp\/v2\/product\/167056"}],"collection":[{"href":"https:\/\/compuviper.mx\/tienda\/wp-json\/wp\/v2\/product"}],"about":[{"href":"https:\/\/compuviper.mx\/tienda\/wp-json\/wp\/v2\/types\/product"}],"replies":[{"embeddable":true,"href":"https:\/\/compuviper.mx\/tienda\/wp-json\/wp\/v2\/comments?post=167056"}],"wp:featuredmedia":[{"embeddable":true,"href":"https:\/\/compuviper.mx\/tienda\/wp-json\/wp\/v2\/media\/168721"}],"wp:attachment":[{"href":"https:\/\/compuviper.mx\/tienda\/wp-json\/wp\/v2\/media?parent=167056"}],"wp:term":[{"taxonomy":"product_cat","embeddable":true,"href":"https:\/\/compuviper.mx\/tienda\/wp-json\/wp\/v2\/product_cat?post=167056"},{"taxonomy":"product_tag","embeddable":true,"href":"https:\/\/compuviper.mx\/tienda\/wp-json\/wp\/v2\/product_tag?post=167056"}],"curies":[{"name":"wp","href":"https:\/\/api.w.org\/{rel}","templated":true}]}}