{"id":166138,"date":"2026-04-01T23:09:25","date_gmt":"2026-04-02T05:09:25","guid":{"rendered":"https:\/\/compuviper.mx\/tienda\/producto\/manhattan-406291-cargador-de-pared-usb-c-de-hasta-20-w-puerto-de-carga-usb-a-qc-carga-rpida-3-0-de-hasta-18-w-formato-compacto\/"},"modified":"2026-04-01T23:09:26","modified_gmt":"2026-04-02T05:09:26","slug":"manhattan-406291-cargador-pared-20w-usb-c-pd-20w-y-usb-a-qc-18w","status":"publish","type":"product","link":"https:\/\/compuviper.mx\/tienda\/producto\/manhattan-406291-cargador-pared-20w-usb-c-pd-20w-y-usb-a-qc-18w\/","title":{"rendered":"Manhattan 406291 Cargador Pared,,, 20w, Usb-c Pd 20w Y Usb-a Qc 18w"},"content":{"rendered":"<table class=\"descripcion\">\n<tr>\n<td>Normas y certificaciones<\/td>\n<\/tr>\n<tr>\n<td>Ce<\/td>\n<\/tr>\n<tr>\n<td>Rohs<\/td>\n<\/tr>\n<tr>\n<td>Reach<\/td>\n<\/tr>\n<tr>\n<td>Fcc<\/td>\n<\/tr>\n<tr>\n<td>Etl<\/td>\n<\/tr>\n<tr>\n<td>Ukca<\/td>\n<\/tr>\n<tr>\n<td>El\u00e9ctrico<\/td>\n<\/tr>\n<tr>\n<td>Entrada de ca: 100.0 &#8211; 240.0 v, 0.7 a, 50 &#8211; 60 hz<\/td>\n<\/tr>\n<tr>\n<td>Ajustes de voltaje\/corriente (m\u00e1ximo):<\/td>\n<\/tr>\n<tr>\n<td>&#8211; salida usb-c pd de 20.0 w:<\/td>\n<\/tr>\n<tr>\n<td>&#8211; 5.0 v \/ 3.0 a<\/td>\n<\/tr>\n<tr>\n<td>&#8211; 9.0 v \/ 2.22 a<\/td>\n<\/tr>\n<tr>\n<td>&#8211; 12.0 v \/ 1.66 a<\/td>\n<\/tr>\n<tr>\n<td>&#8211; salida usb-a qc 3.0 de 18.0 w:<\/td>\n<\/tr>\n<tr>\n<td>&#8211; 5.0 v \/ 3.0 a<\/td>\n<\/tr>\n<tr>\n<td>&#8211; 9.0 v \/ 2.0 a<\/td>\n<\/tr>\n<tr>\n<td>&#8211; 12.0 v \/ 1.5 a<\/td>\n<\/tr>\n<tr>\n<td>&#8211; salida simult\u00e1nea compartida usb-c y usb-a de 15.0 w:<\/td>\n<\/tr>\n<tr>\n<td>&#8211; 5.0 v \/ 3.0 a<\/td>\n<\/tr>\n<tr>\n<td>Dispositivos compatibles, incluidos, entre otros: iphone\u00ae 13, 13 pro, 13 pro max, 13 mini, se 2022, 12, 12 mini, 12 pro, 12 pro max, x, xs, xs max, xr, 8 plus, 8; ipad\u00ae 10.2 \/ ipad mini\u00ae 8.3 \/ ipad pro\u00ae 12.9 \/ ipad pro 10.5 \/ ipad pro 11\/ ipad mini 5, samsung\u00ae galaxy\u00ae s22, s22 ultra, s21, s20, s10 , s10 plus, s10e, s9, s9 plus, note 9, s8, s8 plus, note 8, s7 edge, s7, s6 edge plus, note 5; google\u0099 pixel\u0099 6, 6xl, 5, 5xl, 4, 4 xl, 3, 3 xl; lg v60 thinq, v50 thinq, v50, v40 thinq, v35, v30+, v30, g8 thinq, g8, g6; airpods\u00ae y airpods pro\u00ae, tel\u00e9fonos de huawei\u00ae, asus\u00ae sony\u00ae y m\u00e1s<\/td>\n<\/tr>\n<tr>\n<td>Caracter\u00edsticas de protecci\u00f3n<\/td>\n<\/tr>\n<tr>\n<td>Cortocircuito (scp) con modo de recuperaci\u00f3n autom\u00e1tica<\/td>\n<\/tr>\n<tr>\n<td>Sobrevoltaje (ovp) con modo de autorecuperaci\u00f3n<\/td>\n<\/tr>\n<tr>\n<td>Sobrecorriente (ocp) \u0097 l\u00edmite de corriente: 150% (m\u00e1x.)<\/td>\n<\/tr>\n<tr>\n<td>Sobretemperatura (otp)<\/td>\n<\/tr>\n<tr>\n<td>F\u00edsico<\/td>\n<\/tr>\n<tr>\n<td>Dimensiones (l x an x al): 59 x 30 x 43 mm (2.32 x 1.18 x 1.7 pulg.)<\/td>\n<\/tr>\n<tr>\n<td>Peso neto: 44 g (1,55 onzas)<\/td>\n<\/tr>\n<tr>\n<td>Peso bruto: 60 g (2,12 onzas)<\/td>\n<\/tr>\n<tr>\n<td>Chasis: pl\u00e1stico<\/td>\n<\/tr>\n<tr>\n<td>Entorno de funcionamiento<\/td>\n<\/tr>\n<tr>\n<td>Temperatura de funcionamiento: 0 &#8211; 40\u00b0c (32 &#8211; 104\u00b0f)<\/td>\n<\/tr>\n<tr>\n<td>Temperatura de almacenamiento: -20 &#8211; 65\u00b0c (-4 &#8211; 149\u00b0f)<\/td>\n<\/tr>\n<tr>\n<td>Humedad (sin condensaci\u00f3n): 10 &#8211; 90%<\/td>\n<\/tr>\n<tr>\n<td>Contenido del paquete<\/td>\n<\/tr>\n<tr>\n<td>Cargador de pared mini para carga de energ\u00eda por usb de 2 puertos &#8211; 20 w<\/td>\n<\/tr>\n<tr>\n<td>Instrucciones<\/td>\n<\/tr>\n<\/table>\n","protected":false},"excerpt":{"rendered":"<p>Highlights. Cargador r\u00e1pido 2 en 1 compacto pero potente para tel\u00e9fonos, tabletas, videoconsolas port\u00e1tiles y otros dispositivos m\u00f3viles. Puerto usb-c power delivery (pd 3.0) que suministra hasta 20 w. Puerto usb-a quick charge\u0099 (qc 3.0) que proporciona hasta 18 w. 15 w de potencia compartida cuando se utilizan ambos puertos simult\u00e1neamente. Puerto pd de 20 w, ideal para cargar los iphone\u00ae series 12 y 13 a m\u00e1xima velocidad. Protecci\u00f3n contra sobrecarga, sobrecorriente y t\u00e9rmica. Dise\u00f1o compacto, port\u00e1til y ligero para facilitar los viajes. Tres a\u00f1os de garant\u00eda<\/p>\n","protected":false},"featured_media":168699,"comment_status":"open","ping_status":"open","template":"","meta":[],"product_cat":[2180,1508],"product_tag":[1487],"acf":[],"yoast_head":"<!-- This site is optimized with the Yoast SEO plugin v21.7 - https:\/\/yoast.com\/wordpress\/plugins\/seo\/ -->\n<title>[ Manhattan ] &#129351; 406291 Cargador Pared,,, 20w, Usb-c Pd 20w Y Usb-a Qc 18w<\/title>\n<meta name=\"description\" content=\"Compra 406291 Cargador Pared,,, 20w, Usb-c Pd 20w Y Usb-a Qc 18w + Env\u00edo a domicilio + Pago seguro + Garant\u00eda\" \/>\n<meta name=\"robots\" content=\"index, follow, max-snippet:-1, max-image-preview:large, max-video-preview:-1\" \/>\n<link rel=\"canonical\" href=\"https:\/\/compuviper.mx\/tienda\/producto\/manhattan-406291-cargador-pared-20w-usb-c-pd-20w-y-usb-a-qc-18w\/\" \/>\n<meta property=\"og:locale\" content=\"es_MX\" \/>\n<meta property=\"og:type\" content=\"article\" \/>\n<meta property=\"og:title\" content=\"[ Manhattan ] &#129351; 406291 Cargador Pared,,, 20w, Usb-c Pd 20w Y Usb-a Qc 18w\" \/>\n<meta property=\"og:description\" content=\"Compra 406291 Cargador Pared,,, 20w, Usb-c Pd 20w Y Usb-a Qc 18w + Env\u00edo a domicilio + Pago seguro + Garant\u00eda\" \/>\n<meta property=\"og:url\" content=\"https:\/\/compuviper.mx\/tienda\/producto\/manhattan-406291-cargador-pared-20w-usb-c-pd-20w-y-usb-a-qc-18w\/\" \/>\n<meta property=\"og:site_name\" content=\"Compuviper\" \/>\n<meta property=\"article:publisher\" content=\"https:\/\/www.facebook.com\/compuviper\" \/>\n<meta property=\"article:modified_time\" content=\"2026-04-02T05:09:26+00:00\" \/>\n<meta property=\"og:image\" content=\"https:\/\/compuviper.mx\/tienda\/wp-content\/uploads\/2023\/03\/Cargador-de-pared-manhattan-usb-c-de-hasta-20-w-puerto-de-carga-usb-a-qc-carga-rapida-3.0-de-hasta-18-w-formato-compacto.jpg\" \/>\n\t<meta property=\"og:image:width\" content=\"200\" \/>\n\t<meta property=\"og:image:height\" content=\"200\" \/>\n\t<meta property=\"og:image:type\" content=\"image\/jpeg\" \/>\n<meta name=\"twitter:card\" content=\"summary_large_image\" \/>\n<meta name=\"twitter:label1\" content=\"Precio\" \/>\n\t<meta name=\"twitter:data1\" content=\"&#36;183 con IVA\" \/>\n\t<meta name=\"twitter:label2\" content=\"Availability\" \/>\n\t<meta name=\"twitter:data2\" content=\"In stock\" \/>\n<script type=\"application\/ld+json\" class=\"yoast-schema-graph\">{\"@context\":\"https:\/\/schema.org\",\"@graph\":[{\"@type\":\"WebPage\",\"@id\":\"https:\/\/compuviper.mx\/tienda\/producto\/manhattan-406291-cargador-pared-20w-usb-c-pd-20w-y-usb-a-qc-18w\/\",\"url\":\"https:\/\/compuviper.mx\/tienda\/producto\/manhattan-406291-cargador-pared-20w-usb-c-pd-20w-y-usb-a-qc-18w\/\",\"name\":\"[ Manhattan ] &#129351; 406291 Cargador Pared,,, 20w, Usb-c Pd 20w Y Usb-a Qc 18w\",\"isPartOf\":{\"@id\":\"https:\/\/compuviper.mx\/tienda\/#website\"},\"datePublished\":\"2026-04-02T05:09:25+00:00\",\"dateModified\":\"2026-04-02T05:09:26+00:00\",\"description\":\"Compra 406291 Cargador Pared,,, 20w, Usb-c Pd 20w Y Usb-a Qc 18w + Env\u00edo a domicilio + Pago seguro + Garant\u00eda\",\"breadcrumb\":{\"@id\":\"https:\/\/compuviper.mx\/tienda\/producto\/manhattan-406291-cargador-pared-20w-usb-c-pd-20w-y-usb-a-qc-18w\/#breadcrumb\"},\"inLanguage\":\"es-MX\",\"potentialAction\":[{\"@type\":\"ReadAction\",\"target\":[\"https:\/\/compuviper.mx\/tienda\/producto\/manhattan-406291-cargador-pared-20w-usb-c-pd-20w-y-usb-a-qc-18w\/\"]}]},{\"@type\":\"BreadcrumbList\",\"@id\":\"https:\/\/compuviper.mx\/tienda\/producto\/manhattan-406291-cargador-pared-20w-usb-c-pd-20w-y-usb-a-qc-18w\/#breadcrumb\",\"itemListElement\":[{\"@type\":\"ListItem\",\"position\":1,\"name\":\"Inicio\",\"item\":\"https:\/\/compuviper.mx\/tienda\/\"},{\"@type\":\"ListItem\",\"position\":2,\"name\":\"Productos\",\"item\":\"https:\/\/compuviper.mx\/tienda\/productos\/\"},{\"@type\":\"ListItem\",\"position\":3,\"name\":\"Energia\",\"item\":\"https:\/\/compuviper.mx\/tienda\/categoria-producto\/energia\/\"},{\"@type\":\"ListItem\",\"position\":4,\"name\":\"Clavijas\",\"item\":\"https:\/\/compuviper.mx\/tienda\/categoria-producto\/energia\/clavijas\/\"},{\"@type\":\"ListItem\",\"position\":5,\"name\":\"Manhattan 406291 Cargador Pared,,, 20w, Usb-c Pd 20w Y Usb-a Qc 18w\"}]},{\"@type\":\"WebSite\",\"@id\":\"https:\/\/compuviper.mx\/tienda\/#website\",\"url\":\"https:\/\/compuviper.mx\/tienda\/\",\"name\":\"Compuviper\",\"description\":\"Proveedor de Computadoras, Laptops, Servidores, Monitores, Puntos de Venta, Teclados,   Impresoras, T\u00f3ner, C\u00e1maras de Seguridad y m\u00e1s en tu tienda en l\u00ednea\",\"publisher\":{\"@id\":\"https:\/\/compuviper.mx\/tienda\/#organization\"},\"potentialAction\":[{\"@type\":\"SearchAction\",\"target\":{\"@type\":\"EntryPoint\",\"urlTemplate\":\"https:\/\/compuviper.mx\/tienda\/?s={search_term_string}\"},\"query-input\":\"required name=search_term_string\"}],\"inLanguage\":\"es-MX\"},{\"@type\":\"Organization\",\"@id\":\"https:\/\/compuviper.mx\/tienda\/#organization\",\"name\":\"Compuviper\",\"url\":\"https:\/\/compuviper.mx\/tienda\/\",\"logo\":{\"@type\":\"ImageObject\",\"inLanguage\":\"es-MX\",\"@id\":\"https:\/\/compuviper.mx\/tienda\/#\/schema\/logo\/image\/\",\"url\":\"https:\/\/compuviper.mx\/tienda\/wp-content\/uploads\/2021\/08\/Logo-Compuviper-10.png\",\"contentUrl\":\"https:\/\/compuviper.mx\/tienda\/wp-content\/uploads\/2021\/08\/Logo-Compuviper-10.png\",\"width\":1000,\"height\":500,\"caption\":\"Compuviper\"},\"image\":{\"@id\":\"https:\/\/compuviper.mx\/tienda\/#\/schema\/logo\/image\/\"},\"sameAs\":[\"https:\/\/www.facebook.com\/compuviper\",\"https:\/\/www.youtube.com\/channel\/UCf73dERp9Y3cfOq7q8BhLjA?view_as=subscriber\"]}]}<\/script>\n<meta property=\"product:brand\" content=\"MANHATTAN\" \/>\n<meta property=\"product:price:amount\" content=\"183\" \/>\n<meta property=\"product:price:currency\" content=\"MXN\" \/>\n<meta property=\"og:availability\" content=\"instock\" \/>\n<meta property=\"product:availability\" content=\"instock\" \/>\n<meta property=\"product:retailer_item_id\" content=\"406291\" \/>\n<meta property=\"product:condition\" content=\"new\" \/>\n<!-- \/ Yoast SEO plugin. -->","yoast_head_json":{"title":"[ Manhattan ] &#129351; 406291 Cargador Pared,,, 20w, Usb-c Pd 20w Y Usb-a Qc 18w","description":"Compra 406291 Cargador Pared,,, 20w, Usb-c Pd 20w Y Usb-a Qc 18w + Env\u00edo a domicilio + Pago seguro + Garant\u00eda","robots":{"index":"index","follow":"follow","max-snippet":"max-snippet:-1","max-image-preview":"max-image-preview:large","max-video-preview":"max-video-preview:-1"},"canonical":"https:\/\/compuviper.mx\/tienda\/producto\/manhattan-406291-cargador-pared-20w-usb-c-pd-20w-y-usb-a-qc-18w\/","og_locale":"es_MX","og_type":"article","og_title":"[ Manhattan ] &#129351; 406291 Cargador Pared,,, 20w, Usb-c Pd 20w Y Usb-a Qc 18w","og_description":"Compra 406291 Cargador Pared,,, 20w, Usb-c Pd 20w Y Usb-a Qc 18w + Env\u00edo a domicilio + Pago seguro + Garant\u00eda","og_url":"https:\/\/compuviper.mx\/tienda\/producto\/manhattan-406291-cargador-pared-20w-usb-c-pd-20w-y-usb-a-qc-18w\/","og_site_name":"Compuviper","article_publisher":"https:\/\/www.facebook.com\/compuviper","article_modified_time":"2026-04-02T05:09:26+00:00","og_image":[{"width":200,"height":200,"url":"https:\/\/compuviper.mx\/tienda\/wp-content\/uploads\/2023\/03\/Cargador-de-pared-manhattan-usb-c-de-hasta-20-w-puerto-de-carga-usb-a-qc-carga-rapida-3.0-de-hasta-18-w-formato-compacto.jpg","type":"image\/jpeg"}],"twitter_card":"summary_large_image","twitter_misc":{"Precio":"&#36;183 con IVA","Availability":"In stock"},"schema":{"@context":"https:\/\/schema.org","@graph":[{"@type":"WebPage","@id":"https:\/\/compuviper.mx\/tienda\/producto\/manhattan-406291-cargador-pared-20w-usb-c-pd-20w-y-usb-a-qc-18w\/","url":"https:\/\/compuviper.mx\/tienda\/producto\/manhattan-406291-cargador-pared-20w-usb-c-pd-20w-y-usb-a-qc-18w\/","name":"[ Manhattan ] &#129351; 406291 Cargador Pared,,, 20w, Usb-c Pd 20w Y Usb-a Qc 18w","isPartOf":{"@id":"https:\/\/compuviper.mx\/tienda\/#website"},"datePublished":"2026-04-02T05:09:25+00:00","dateModified":"2026-04-02T05:09:26+00:00","description":"Compra 406291 Cargador Pared,,, 20w, Usb-c Pd 20w Y Usb-a Qc 18w + Env\u00edo a domicilio + Pago seguro + Garant\u00eda","breadcrumb":{"@id":"https:\/\/compuviper.mx\/tienda\/producto\/manhattan-406291-cargador-pared-20w-usb-c-pd-20w-y-usb-a-qc-18w\/#breadcrumb"},"inLanguage":"es-MX","potentialAction":[{"@type":"ReadAction","target":["https:\/\/compuviper.mx\/tienda\/producto\/manhattan-406291-cargador-pared-20w-usb-c-pd-20w-y-usb-a-qc-18w\/"]}]},{"@type":"BreadcrumbList","@id":"https:\/\/compuviper.mx\/tienda\/producto\/manhattan-406291-cargador-pared-20w-usb-c-pd-20w-y-usb-a-qc-18w\/#breadcrumb","itemListElement":[{"@type":"ListItem","position":1,"name":"Inicio","item":"https:\/\/compuviper.mx\/tienda\/"},{"@type":"ListItem","position":2,"name":"Productos","item":"https:\/\/compuviper.mx\/tienda\/productos\/"},{"@type":"ListItem","position":3,"name":"Energia","item":"https:\/\/compuviper.mx\/tienda\/categoria-producto\/energia\/"},{"@type":"ListItem","position":4,"name":"Clavijas","item":"https:\/\/compuviper.mx\/tienda\/categoria-producto\/energia\/clavijas\/"},{"@type":"ListItem","position":5,"name":"Manhattan 406291 Cargador Pared,,, 20w, Usb-c Pd 20w Y Usb-a Qc 18w"}]},{"@type":"WebSite","@id":"https:\/\/compuviper.mx\/tienda\/#website","url":"https:\/\/compuviper.mx\/tienda\/","name":"Compuviper","description":"Proveedor de Computadoras, Laptops, Servidores, Monitores, Puntos de Venta, Teclados,   Impresoras, T\u00f3ner, C\u00e1maras de Seguridad y m\u00e1s en tu tienda en l\u00ednea","publisher":{"@id":"https:\/\/compuviper.mx\/tienda\/#organization"},"potentialAction":[{"@type":"SearchAction","target":{"@type":"EntryPoint","urlTemplate":"https:\/\/compuviper.mx\/tienda\/?s={search_term_string}"},"query-input":"required name=search_term_string"}],"inLanguage":"es-MX"},{"@type":"Organization","@id":"https:\/\/compuviper.mx\/tienda\/#organization","name":"Compuviper","url":"https:\/\/compuviper.mx\/tienda\/","logo":{"@type":"ImageObject","inLanguage":"es-MX","@id":"https:\/\/compuviper.mx\/tienda\/#\/schema\/logo\/image\/","url":"https:\/\/compuviper.mx\/tienda\/wp-content\/uploads\/2021\/08\/Logo-Compuviper-10.png","contentUrl":"https:\/\/compuviper.mx\/tienda\/wp-content\/uploads\/2021\/08\/Logo-Compuviper-10.png","width":1000,"height":500,"caption":"Compuviper"},"image":{"@id":"https:\/\/compuviper.mx\/tienda\/#\/schema\/logo\/image\/"},"sameAs":["https:\/\/www.facebook.com\/compuviper","https:\/\/www.youtube.com\/channel\/UCf73dERp9Y3cfOq7q8BhLjA?view_as=subscriber"]}]},"product_brand":"MANHATTAN","product_price_amount":"183","product_price_currency":"MXN","og_availability":"instock","product_availability":"instock","product_retailer_item_id":"406291","product_condition":"new"},"_links":{"self":[{"href":"https:\/\/compuviper.mx\/tienda\/wp-json\/wp\/v2\/product\/166138"}],"collection":[{"href":"https:\/\/compuviper.mx\/tienda\/wp-json\/wp\/v2\/product"}],"about":[{"href":"https:\/\/compuviper.mx\/tienda\/wp-json\/wp\/v2\/types\/product"}],"replies":[{"embeddable":true,"href":"https:\/\/compuviper.mx\/tienda\/wp-json\/wp\/v2\/comments?post=166138"}],"wp:featuredmedia":[{"embeddable":true,"href":"https:\/\/compuviper.mx\/tienda\/wp-json\/wp\/v2\/media\/168699"}],"wp:attachment":[{"href":"https:\/\/compuviper.mx\/tienda\/wp-json\/wp\/v2\/media?parent=166138"}],"wp:term":[{"taxonomy":"product_cat","embeddable":true,"href":"https:\/\/compuviper.mx\/tienda\/wp-json\/wp\/v2\/product_cat?post=166138"},{"taxonomy":"product_tag","embeddable":true,"href":"https:\/\/compuviper.mx\/tienda\/wp-json\/wp\/v2\/product_tag?post=166138"}],"curies":[{"name":"wp","href":"https:\/\/api.w.org\/{rel}","templated":true}]}}