{"id":166136,"date":"2026-04-07T23:09:02","date_gmt":"2026-04-08T05:09:02","guid":{"rendered":"https:\/\/compuviper.mx\/tienda\/producto\/manhattan-153706-adaptador-usb-c-a-hdmi-15-cm-4k-60hz\/"},"modified":"2026-04-07T23:09:02","modified_gmt":"2026-04-08T05:09:02","slug":"manhattan-153706-convertidorusb-c-a-hdmi-h-4k60hz","status":"publish","type":"product","link":"https:\/\/compuviper.mx\/tienda\/producto\/manhattan-153706-convertidorusb-c-a-hdmi-h-4k60hz\/","title":{"rendered":"Manhattan 153706 Convertidor,,,usb-c A Hdmi H, 4k60hz"},"content":{"rendered":"<table class=\"descripcion\">\n<tr>\n<td>Caracter\u00edsticas<\/td>\n<\/tr>\n<tr>\n<td>Longitud de cable 0.15 m<\/td>\n<\/tr>\n<tr>\n<td>Conector 1 usb tipo c<\/td>\n<\/tr>\n<tr>\n<td>Conector 2 hdmi<\/td>\n<\/tr>\n<tr>\n<td>G\u00e9nero del conector 1 macho<\/td>\n<\/tr>\n<tr>\n<td>G\u00e9nero del conector 2 hembra<\/td>\n<\/tr>\n<tr>\n<td>Factor de forma de conector 1 derecho<\/td>\n<\/tr>\n<tr>\n<td>Factor de forma de conector 2 derecho<\/td>\n<\/tr>\n<tr>\n<td>Hdcp si<\/td>\n<\/tr>\n<tr>\n<td>Hdcp versi\u00f3n 2.2<\/td>\n<\/tr>\n<tr>\n<td>M\u00e1xima resoluci\u00f3n 3840 x 2160 pixeles<\/td>\n<\/tr>\n<tr>\n<td>M\u00e1xima velocidad de actualizaci\u00f3n 60 hz<\/td>\n<\/tr>\n<tr>\n<td>Color del producto negro, plata<\/td>\n<\/tr>\n<tr>\n<td>Awg calibre del cable 34<\/td>\n<\/tr>\n<tr>\n<td>Sistemas operativos windows soportados windows 10, windows 11, windows 7, windows 8.1<\/td>\n<\/tr>\n<tr>\n<td>Sistemas operativos linux soportados si<\/td>\n<\/tr>\n<tr>\n<td>Otros sistemas operativos soportados android<\/td>\n<\/tr>\n<tr>\n<td>Certificaci\u00f3n ce fcc rohs reach ukca<\/td>\n<\/tr>\n<tr>\n<td>Condiciones ambientales<\/td>\n<\/tr>\n<tr>\n<td>Intervalo de temperatura operativa (t-t) 0 &#8211; 40 \u00b0c<\/td>\n<\/tr>\n<tr>\n<td>Intervalo de temperatura de almacenaje -10 &#8211; 85 \u00b0c<\/td>\n<\/tr>\n<tr>\n<td>Intervalo de humedad relativa para funcionamiento 10 &#8211; 90%<\/td>\n<\/tr>\n<tr>\n<td>Peso y dimensiones<\/td>\n<\/tr>\n<tr>\n<td>Peso 18 g<\/td>\n<\/tr>\n<tr>\n<td>Ancho 22 mm<\/td>\n<\/tr>\n<tr>\n<td>Profundidad 194 mm<\/td>\n<\/tr>\n<tr>\n<td>Altura 10 mm<\/td>\n<\/tr>\n<tr>\n<td>Empaquetado de datos<\/td>\n<\/tr>\n<tr>\n<td>Cantidad por paquete 1 pieza(s)<\/td>\n<\/tr>\n<tr>\n<td>Peso del paquete 24 g<\/td>\n<\/tr>\n<\/table>\n","protected":false},"excerpt":{"rendered":"<p>Carcasa de aluminio resistente y elegante, ideal tanto para escritorio como para viajes. &#8211; dise\u00f1o port\u00e1til, compacto y liviano que cabe f\u00e1cilmente en los bolsillos de las bolsas de las computadoras port\u00e1tiles. &#8211; compatible con hdcp 2.2. &#8211; instalaci\u00f3n plug-and-play; compatible con windows\u00ae, macos\u00ae, linux\u00ae, chromeos\u0099, ipados\u00ae y android?. Resoluciones de hasta ultra alta definici\u00f3n (uhd) 4k@60hz (3840\u00d72160. &#8211; compatible con cualquier dispositivo usb-c que admita el modo dp alt, incluidos tel\u00e9fonos inteligentes, apple\u00ae macbooks\u00ae, chromebooks\u0099, pixels\u0099, tabletas y m\u00e1s. &#8211; admite los modos de visualizaci\u00f3n extended o mirror en windows\u00ae y mirror en mac?. &#8211; sirve como tarjeta gr\u00e1fica externa, lo que permite agregar hasta dos pantallas externas a su sistema (requiere un adaptador por pantalla. &#8211; cable resistente integrado de 15 cm (6 pulg.. &#8211; alimentado por bus: no se necesita fuente de alimentaci\u00f3n externa<\/p>\n","protected":false},"featured_media":168697,"comment_status":"open","ping_status":"open","template":"","meta":[],"product_cat":[1485,1506],"product_tag":[1487],"acf":[],"yoast_head":"<!-- This site is optimized with the Yoast SEO plugin v21.7 - https:\/\/yoast.com\/wordpress\/plugins\/seo\/ -->\n<title>[ Manhattan ] &#129351; 153706 Convertidor,,,usb-c A Hdmi H, 4k60hz<\/title>\n<meta name=\"description\" content=\"Compra 153706 Convertidor,,,usb-c A Hdmi H, 4k60hz + Env\u00edo a domicilio + Pago seguro + Garant\u00eda\" \/>\n<meta name=\"robots\" content=\"index, follow, max-snippet:-1, max-image-preview:large, max-video-preview:-1\" \/>\n<link rel=\"canonical\" href=\"https:\/\/compuviper.mx\/tienda\/producto\/manhattan-153706-convertidorusb-c-a-hdmi-h-4k60hz\/\" \/>\n<meta property=\"og:locale\" content=\"es_MX\" \/>\n<meta property=\"og:type\" content=\"article\" \/>\n<meta property=\"og:title\" content=\"[ Manhattan ] &#129351; 153706 Convertidor,,,usb-c A Hdmi H, 4k60hz\" \/>\n<meta property=\"og:description\" content=\"Compra 153706 Convertidor,,,usb-c A Hdmi H, 4k60hz + Env\u00edo a domicilio + Pago seguro + Garant\u00eda\" \/>\n<meta property=\"og:url\" content=\"https:\/\/compuviper.mx\/tienda\/producto\/manhattan-153706-convertidorusb-c-a-hdmi-h-4k60hz\/\" \/>\n<meta property=\"og:site_name\" content=\"Compuviper\" \/>\n<meta property=\"article:publisher\" content=\"https:\/\/www.facebook.com\/compuviper\" \/>\n<meta property=\"og:image\" content=\"https:\/\/compuviper.mx\/tienda\/wp-content\/uploads\/2023\/03\/Adaptador-manhattan-usb-c-a-hdmi-15-cm-4k-60hz.jpg\" \/>\n\t<meta property=\"og:image:width\" content=\"200\" \/>\n\t<meta property=\"og:image:height\" content=\"200\" \/>\n\t<meta property=\"og:image:type\" content=\"image\/jpeg\" \/>\n<meta name=\"twitter:card\" content=\"summary_large_image\" \/>\n<meta name=\"twitter:label1\" content=\"Precio\" \/>\n\t<meta name=\"twitter:data1\" content=\"&#36;370 con IVA\" \/>\n\t<meta name=\"twitter:label2\" content=\"Availability\" \/>\n\t<meta name=\"twitter:data2\" content=\"In stock\" \/>\n<script type=\"application\/ld+json\" class=\"yoast-schema-graph\">{\"@context\":\"https:\/\/schema.org\",\"@graph\":[{\"@type\":\"WebPage\",\"@id\":\"https:\/\/compuviper.mx\/tienda\/producto\/manhattan-153706-convertidorusb-c-a-hdmi-h-4k60hz\/\",\"url\":\"https:\/\/compuviper.mx\/tienda\/producto\/manhattan-153706-convertidorusb-c-a-hdmi-h-4k60hz\/\",\"name\":\"[ Manhattan ] &#129351; 153706 Convertidor,,,usb-c A Hdmi H, 4k60hz\",\"isPartOf\":{\"@id\":\"https:\/\/compuviper.mx\/tienda\/#website\"},\"datePublished\":\"2026-04-08T05:09:02+00:00\",\"dateModified\":\"2026-04-08T05:09:02+00:00\",\"description\":\"Compra 153706 Convertidor,,,usb-c A Hdmi H, 4k60hz + Env\u00edo a domicilio + Pago seguro + Garant\u00eda\",\"breadcrumb\":{\"@id\":\"https:\/\/compuviper.mx\/tienda\/producto\/manhattan-153706-convertidorusb-c-a-hdmi-h-4k60hz\/#breadcrumb\"},\"inLanguage\":\"es-MX\",\"potentialAction\":[{\"@type\":\"ReadAction\",\"target\":[\"https:\/\/compuviper.mx\/tienda\/producto\/manhattan-153706-convertidorusb-c-a-hdmi-h-4k60hz\/\"]}]},{\"@type\":\"BreadcrumbList\",\"@id\":\"https:\/\/compuviper.mx\/tienda\/producto\/manhattan-153706-convertidorusb-c-a-hdmi-h-4k60hz\/#breadcrumb\",\"itemListElement\":[{\"@type\":\"ListItem\",\"position\":1,\"name\":\"Inicio\",\"item\":\"https:\/\/compuviper.mx\/tienda\/\"},{\"@type\":\"ListItem\",\"position\":2,\"name\":\"Productos\",\"item\":\"https:\/\/compuviper.mx\/tienda\/productos\/\"},{\"@type\":\"ListItem\",\"position\":3,\"name\":\"Accesorios\",\"item\":\"https:\/\/compuviper.mx\/tienda\/categoria-producto\/accesorios\/\"},{\"@type\":\"ListItem\",\"position\":4,\"name\":\"Conectividad\",\"item\":\"https:\/\/compuviper.mx\/tienda\/categoria-producto\/accesorios\/conectividad\/\"},{\"@type\":\"ListItem\",\"position\":5,\"name\":\"Manhattan 153706 Convertidor,,,usb-c A Hdmi H, 4k60hz\"}]},{\"@type\":\"WebSite\",\"@id\":\"https:\/\/compuviper.mx\/tienda\/#website\",\"url\":\"https:\/\/compuviper.mx\/tienda\/\",\"name\":\"Compuviper\",\"description\":\"Proveedor de Computadoras, Laptops, Servidores, Monitores, Puntos de Venta, Teclados,   Impresoras, T\u00f3ner, C\u00e1maras de Seguridad y m\u00e1s en tu tienda en l\u00ednea\",\"publisher\":{\"@id\":\"https:\/\/compuviper.mx\/tienda\/#organization\"},\"potentialAction\":[{\"@type\":\"SearchAction\",\"target\":{\"@type\":\"EntryPoint\",\"urlTemplate\":\"https:\/\/compuviper.mx\/tienda\/?s={search_term_string}\"},\"query-input\":\"required name=search_term_string\"}],\"inLanguage\":\"es-MX\"},{\"@type\":\"Organization\",\"@id\":\"https:\/\/compuviper.mx\/tienda\/#organization\",\"name\":\"Compuviper\",\"url\":\"https:\/\/compuviper.mx\/tienda\/\",\"logo\":{\"@type\":\"ImageObject\",\"inLanguage\":\"es-MX\",\"@id\":\"https:\/\/compuviper.mx\/tienda\/#\/schema\/logo\/image\/\",\"url\":\"https:\/\/compuviper.mx\/tienda\/wp-content\/uploads\/2021\/08\/Logo-Compuviper-10.png\",\"contentUrl\":\"https:\/\/compuviper.mx\/tienda\/wp-content\/uploads\/2021\/08\/Logo-Compuviper-10.png\",\"width\":1000,\"height\":500,\"caption\":\"Compuviper\"},\"image\":{\"@id\":\"https:\/\/compuviper.mx\/tienda\/#\/schema\/logo\/image\/\"},\"sameAs\":[\"https:\/\/www.facebook.com\/compuviper\",\"https:\/\/www.youtube.com\/channel\/UCf73dERp9Y3cfOq7q8BhLjA?view_as=subscriber\"]}]}<\/script>\n<meta property=\"product:brand\" content=\"MANHATTAN\" \/>\n<meta property=\"product:price:amount\" content=\"370\" \/>\n<meta property=\"product:price:currency\" content=\"MXN\" \/>\n<meta property=\"og:availability\" content=\"instock\" \/>\n<meta property=\"product:availability\" content=\"instock\" \/>\n<meta property=\"product:retailer_item_id\" content=\"153706\" \/>\n<meta property=\"product:condition\" content=\"new\" \/>\n<!-- \/ Yoast SEO plugin. -->","yoast_head_json":{"title":"[ Manhattan ] &#129351; 153706 Convertidor,,,usb-c A Hdmi H, 4k60hz","description":"Compra 153706 Convertidor,,,usb-c A Hdmi H, 4k60hz + Env\u00edo a domicilio + Pago seguro + Garant\u00eda","robots":{"index":"index","follow":"follow","max-snippet":"max-snippet:-1","max-image-preview":"max-image-preview:large","max-video-preview":"max-video-preview:-1"},"canonical":"https:\/\/compuviper.mx\/tienda\/producto\/manhattan-153706-convertidorusb-c-a-hdmi-h-4k60hz\/","og_locale":"es_MX","og_type":"article","og_title":"[ Manhattan ] &#129351; 153706 Convertidor,,,usb-c A Hdmi H, 4k60hz","og_description":"Compra 153706 Convertidor,,,usb-c A Hdmi H, 4k60hz + Env\u00edo a domicilio + Pago seguro + Garant\u00eda","og_url":"https:\/\/compuviper.mx\/tienda\/producto\/manhattan-153706-convertidorusb-c-a-hdmi-h-4k60hz\/","og_site_name":"Compuviper","article_publisher":"https:\/\/www.facebook.com\/compuviper","og_image":[{"width":200,"height":200,"url":"https:\/\/compuviper.mx\/tienda\/wp-content\/uploads\/2023\/03\/Adaptador-manhattan-usb-c-a-hdmi-15-cm-4k-60hz.jpg","type":"image\/jpeg"}],"twitter_card":"summary_large_image","twitter_misc":{"Precio":"&#36;370 con IVA","Availability":"In stock"},"schema":{"@context":"https:\/\/schema.org","@graph":[{"@type":"WebPage","@id":"https:\/\/compuviper.mx\/tienda\/producto\/manhattan-153706-convertidorusb-c-a-hdmi-h-4k60hz\/","url":"https:\/\/compuviper.mx\/tienda\/producto\/manhattan-153706-convertidorusb-c-a-hdmi-h-4k60hz\/","name":"[ Manhattan ] &#129351; 153706 Convertidor,,,usb-c A Hdmi H, 4k60hz","isPartOf":{"@id":"https:\/\/compuviper.mx\/tienda\/#website"},"datePublished":"2026-04-08T05:09:02+00:00","dateModified":"2026-04-08T05:09:02+00:00","description":"Compra 153706 Convertidor,,,usb-c A Hdmi H, 4k60hz + Env\u00edo a domicilio + Pago seguro + Garant\u00eda","breadcrumb":{"@id":"https:\/\/compuviper.mx\/tienda\/producto\/manhattan-153706-convertidorusb-c-a-hdmi-h-4k60hz\/#breadcrumb"},"inLanguage":"es-MX","potentialAction":[{"@type":"ReadAction","target":["https:\/\/compuviper.mx\/tienda\/producto\/manhattan-153706-convertidorusb-c-a-hdmi-h-4k60hz\/"]}]},{"@type":"BreadcrumbList","@id":"https:\/\/compuviper.mx\/tienda\/producto\/manhattan-153706-convertidorusb-c-a-hdmi-h-4k60hz\/#breadcrumb","itemListElement":[{"@type":"ListItem","position":1,"name":"Inicio","item":"https:\/\/compuviper.mx\/tienda\/"},{"@type":"ListItem","position":2,"name":"Productos","item":"https:\/\/compuviper.mx\/tienda\/productos\/"},{"@type":"ListItem","position":3,"name":"Accesorios","item":"https:\/\/compuviper.mx\/tienda\/categoria-producto\/accesorios\/"},{"@type":"ListItem","position":4,"name":"Conectividad","item":"https:\/\/compuviper.mx\/tienda\/categoria-producto\/accesorios\/conectividad\/"},{"@type":"ListItem","position":5,"name":"Manhattan 153706 Convertidor,,,usb-c A Hdmi H, 4k60hz"}]},{"@type":"WebSite","@id":"https:\/\/compuviper.mx\/tienda\/#website","url":"https:\/\/compuviper.mx\/tienda\/","name":"Compuviper","description":"Proveedor de Computadoras, Laptops, Servidores, Monitores, Puntos de Venta, Teclados,   Impresoras, T\u00f3ner, C\u00e1maras de Seguridad y m\u00e1s en tu tienda en l\u00ednea","publisher":{"@id":"https:\/\/compuviper.mx\/tienda\/#organization"},"potentialAction":[{"@type":"SearchAction","target":{"@type":"EntryPoint","urlTemplate":"https:\/\/compuviper.mx\/tienda\/?s={search_term_string}"},"query-input":"required name=search_term_string"}],"inLanguage":"es-MX"},{"@type":"Organization","@id":"https:\/\/compuviper.mx\/tienda\/#organization","name":"Compuviper","url":"https:\/\/compuviper.mx\/tienda\/","logo":{"@type":"ImageObject","inLanguage":"es-MX","@id":"https:\/\/compuviper.mx\/tienda\/#\/schema\/logo\/image\/","url":"https:\/\/compuviper.mx\/tienda\/wp-content\/uploads\/2021\/08\/Logo-Compuviper-10.png","contentUrl":"https:\/\/compuviper.mx\/tienda\/wp-content\/uploads\/2021\/08\/Logo-Compuviper-10.png","width":1000,"height":500,"caption":"Compuviper"},"image":{"@id":"https:\/\/compuviper.mx\/tienda\/#\/schema\/logo\/image\/"},"sameAs":["https:\/\/www.facebook.com\/compuviper","https:\/\/www.youtube.com\/channel\/UCf73dERp9Y3cfOq7q8BhLjA?view_as=subscriber"]}]},"product_brand":"MANHATTAN","product_price_amount":"370","product_price_currency":"MXN","og_availability":"instock","product_availability":"instock","product_retailer_item_id":"153706","product_condition":"new"},"_links":{"self":[{"href":"https:\/\/compuviper.mx\/tienda\/wp-json\/wp\/v2\/product\/166136"}],"collection":[{"href":"https:\/\/compuviper.mx\/tienda\/wp-json\/wp\/v2\/product"}],"about":[{"href":"https:\/\/compuviper.mx\/tienda\/wp-json\/wp\/v2\/types\/product"}],"replies":[{"embeddable":true,"href":"https:\/\/compuviper.mx\/tienda\/wp-json\/wp\/v2\/comments?post=166136"}],"wp:featuredmedia":[{"embeddable":true,"href":"https:\/\/compuviper.mx\/tienda\/wp-json\/wp\/v2\/media\/168697"}],"wp:attachment":[{"href":"https:\/\/compuviper.mx\/tienda\/wp-json\/wp\/v2\/media?parent=166136"}],"wp:term":[{"taxonomy":"product_cat","embeddable":true,"href":"https:\/\/compuviper.mx\/tienda\/wp-json\/wp\/v2\/product_cat?post=166136"},{"taxonomy":"product_tag","embeddable":true,"href":"https:\/\/compuviper.mx\/tienda\/wp-json\/wp\/v2\/product_tag?post=166136"}],"curies":[{"name":"wp","href":"https:\/\/api.w.org\/{rel}","templated":true}]}}