{"id":165733,"date":"2026-04-17T23:08:59","date_gmt":"2026-04-18T05:08:59","guid":{"rendered":"https:\/\/compuviper.mx\/tienda\/producto\/manhattan-153478-docking-station-usb-c-11-puertos-para-3-monitores-mst-usb-cmacho-a-hdmi-dp-y-vga-hembra-2-usb-a-3-2-gen-1-1-puerto-usb-a-2-0usb-c-pd-rj45sdaudio-3-5\/"},"modified":"2026-04-17T23:08:59","modified_gmt":"2026-04-18T05:08:59","slug":"manhattan-153478-docking-usb-c-11-ptos-hdmi-dp-vga-usb-c-pd-2xusbv3-2-usbv2-0-red-audio-sd-micro-sd","status":"publish","type":"product","link":"https:\/\/compuviper.mx\/tienda\/producto\/manhattan-153478-docking-usb-c-11-ptos-hdmi-dp-vga-usb-c-pd-2xusbv3-2-usbv2-0-red-audio-sd-micro-sd\/","title":{"rendered":"Manhattan 153478 Docking Usb,,,-c 11 Ptos, Hdmi\/dp\/vga, Usb-c Pd\/2xusbv3.2\/usbv2.0, Red\/audio\/sd\/micro Sd"},"content":{"rendered":"<table class=\"descripcion\">\n<tr>\n<td>Est\u00e1ndares y certificaciones<\/td>\n<\/tr>\n<tr>\n<td>Dp 1.2 sobre usb-c<\/td>\n<\/tr>\n<tr>\n<td>Usb 3.1 gen 1<\/td>\n<\/tr>\n<tr>\n<td>Hdmi 1.4<\/td>\n<\/tr>\n<tr>\n<td>Hdcp 1.4<\/td>\n<\/tr>\n<tr>\n<td>Ce (conformidad europea)<\/td>\n<\/tr>\n<tr>\n<td>Fcc (comisi\u00f3n federal de comunicaciones)<\/td>\n<\/tr>\n<tr>\n<td>Rohs<\/td>\n<\/tr>\n<tr>\n<td>General<\/td>\n<\/tr>\n<tr>\n<td>Resoluciones de video: 640&#215;480, 800&#215;600, 1024&#215;768, 1920&#215;1200, 1920&#215;1080, 3840x2160p<\/td>\n<\/tr>\n<tr>\n<td>Velocidad de transferencia de los puertos usb-a 1 y 2: 5 gbps<\/td>\n<\/tr>\n<tr>\n<td>Velocidad de transferencia del puerto usb-a 3: 480 mbps<\/td>\n<\/tr>\n<tr>\n<td>Tarjetas de memoria compatibles: sd \/ sdhc \/ sdxc \/ extreme sd \/ extreme ii sd \/ extreme iii sd \/ ultra sd \/ ultra ii sd \/ ultra ii sd p plus \/ sd-ultra-x \/ ultra speed sd \/ sd pro \/ sd elite pro \/ hs sd \/ mmc \/ mmc 4.0 \/ hs mmc \/ hs rs mmc \/ rs mmc \/ rs mmc 4.0 \/ mmc mobile<\/td>\n<\/tr>\n<tr>\n<td>Tarjetas de memoria compatibles: sd, sdhc y sdxc de hasta 128 gb<\/td>\n<\/tr>\n<tr>\n<td>Calibre del cable: 34 awg<\/td>\n<\/tr>\n<tr>\n<td>Alimentado por bus<\/td>\n<\/tr>\n<tr>\n<td>Puerto de carga usb-c pd: 100 w (20 v a 5 a)<\/td>\n<\/tr>\n<tr>\n<td>Carga usb-a: dos puertos bc 1.2: 7.5 w (5 v a 1.5 a)<\/td>\n<\/tr>\n<tr>\n<td>Blindaje de mylar y aluminio<\/td>\n<\/tr>\n<tr>\n<td>Voltaje de ruptura: 300 v dc<\/td>\n<\/tr>\n<tr>\n<td>Resistencia de aislamiento:10 m\u00bf<\/td>\n<\/tr>\n<tr>\n<td>Resistencia conductiva: 5 \u00bf<\/td>\n<\/tr>\n<tr>\n<td>Conexiones<\/td>\n<\/tr>\n<tr>\n<td>Un usb-c de 24 pines, macho<\/td>\n<\/tr>\n<tr>\n<td>1 hdmi de 19 pines, hembra<\/td>\n<\/tr>\n<tr>\n<td>1 displayport de 20 pines, hembra<\/td>\n<\/tr>\n<tr>\n<td>1 vga de 15 pines, hembra<\/td>\n<\/tr>\n<tr>\n<td>1 rj45 10\/100\/1000 mbps, hembra<\/td>\n<\/tr>\n<tr>\n<td>3 usb-a de 4 pines, hembra<\/td>\n<\/tr>\n<tr>\n<td>1 entrada para memorias sd<\/td>\n<\/tr>\n<tr>\n<td>1 entrada para memoria mini sd<\/td>\n<\/tr>\n<tr>\n<td>1 jack de audio de 3.5 mm, hembra<\/td>\n<\/tr>\n<tr>\n<td>1 entrada usb-c 24 pines, power delivery, hembra<\/td>\n<\/tr>\n<tr>\n<td>Caracter\u00edsticas f\u00edsicas<\/td>\n<\/tr>\n<tr>\n<td>Carcasa: 260 x 87 x 25 mm<\/td>\n<\/tr>\n<tr>\n<td>Longitud del cable: 20 cm (8 in.)<\/td>\n<\/tr>\n<tr>\n<td>Peso: 340 g<\/td>\n<\/tr>\n<tr>\n<td>Carcasa: aluminio<\/td>\n<\/tr>\n<tr>\n<td>Ambiente de operaci\u00f3n<\/td>\n<\/tr>\n<tr>\n<td>Temperatura de funcionamiento: 0 \u00bf 50\u00b0c<\/td>\n<\/tr>\n<tr>\n<td>Temperatura de almacenamiento: -10 \u00bf 70\u00b0c (-4 \u00bf 158\u00b0f)<\/td>\n<\/tr>\n<tr>\n<td>Humedad (sin condensaci\u00f3n): 5 \u00bf 90% rh<\/td>\n<\/tr>\n<tr>\n<td>Requerimientos del sistema<\/td>\n<\/tr>\n<tr>\n<td>Windows 7\/8.1\/10, linux o mac 10.7.1 o superior<\/td>\n<\/tr>\n<tr>\n<td>Contenido del empaque<\/td>\n<\/tr>\n<tr>\n<td>Docking station de usb-c a 11 puertos, para tres monitores, con mst<\/td>\n<\/tr>\n<tr>\n<td>Gu\u00eda de instrucciones r\u00e1pidas<\/td>\n<\/tr>\n<\/table>\n","protected":false},"excerpt":{"rendered":"<p>Highlights. Estaci\u00f3n de acoplamiento multifunci\u00f3n que conecta un dispositivo usb-c a hdmi, displayport y vga simult\u00e1neamente, dos puertos usb 3.2 gen 1 tipo a, un puerto usb 2.0 tipo a, un puerto ethernet 10\/100\/1000 mbps, un puerto est\u00e9reo de 3.5 mm, un puerto de alimentaci\u00f3n usb-c y un lector de tarjetas sd. Salida de v\u00eddeo doble con resoluciones de hasta 1080p a 60hz o salida de v\u00eddeo triple con resoluciones de hasta 720p a 60hz. Resoluci\u00f3n de hasta 4k@30hz (uhd) en conexi\u00f3n hdmi. Resoluci\u00f3n de hasta 4k@30hz (uhd) en la conexi\u00f3n displayport. Resoluci\u00f3n de hasta 1080p@60hz (full hd) en conexi\u00f3n vga. Modos de visualizaci\u00f3n en espejo o escritorio extendido con transportaci\u00f3n multi-stream (mst. Permite que tu tel\u00e9fono inteligente funcione como una computadora de escritorio * y al mismo tiempo lo carga. Un puerto gigabit ethernet (10\/100\/1000) para descargas m\u00e1s r\u00e1pidas, streaming de medios y juegos. Dos puertos usb 3.2 gen 1 y uno usb 2.0 tipo a para conectar ratones, teclados, unidades flash y m\u00e1s, o para cargar y sincronizar dispositivos m\u00f3viles. Puertos usb-a de s\u00fapervelocidad que ofrecen velocidades de transmisi\u00f3n de datos de 5 gbps y admiten bc 1.2 para cargar hasta 7.5 w (5 v \/ 1.5 a. Ranuras para tarjetas sd y micro sd con funci\u00f3n de lectura \/ escritura; admite detecci\u00f3n autom\u00e1tica de tarjetas y velocidades de transferencia de datos de hasta 832 mbps. Soporta la funci\u00f3n de suministro de energ\u00eda (pd) por usb hasta 100 w; requiere un cargador externo de pd &#8211; disponible en manhattan. Conector de 3.5 mm para sonido est\u00e9reo de alta calidad; admite tanto un micr\u00f3fono (entrada de audio) como auriculares (salida de audio. Carcasa de aluminio para mayor durabilidad; el convertidor es el compa\u00f1ero de escritorio o de viaje perfecto. Soporte plegable para colocar tu tel\u00e9fono en la estaci\u00f3n de acoplamiento. Compatible con todos las computadoras de escritorio, port\u00e1tiles y tabletas compatibles con usb-c dp-alt-mode, incluidos apple\u00ae macbook\u00ae, cromebook\u00bf, pixel\u00bf y m\u00e1s. Compatible con displayport 1.2 modo alternativo (modo alt dp. Completamente blindado para reducir interferencias tales como &#8220;emi. Cable resistente con funda de pvc moldeada y chaqueta protectora trenzada de nylon. Plug and play. * la configuraci\u00f3n de escritorio requiere dispositivos con android 9 o superior que ofrezcan salida de video a trav\u00e9s de usb-c. Tres a\u00f1os de garant\u00eda<\/p>\n","protected":false},"featured_media":168688,"comment_status":"open","ping_status":"open","template":"","meta":[],"product_cat":[1485,1506],"product_tag":[1487],"acf":[],"yoast_head":"<!-- This site is optimized with the Yoast SEO plugin v21.7 - https:\/\/yoast.com\/wordpress\/plugins\/seo\/ -->\n<title>[ Manhattan ] &#129351; 153478 Docking Usb,,,-c 11 Ptos, Hdmi\/dp\/vga, Usb-c Pd\/2xusbv3.2\/usbv2.0, Red\/audio\/sd\/micro Sd<\/title>\n<meta name=\"description\" content=\"Compra 153478 Docking Usb,,,-c 11 Ptos, Hdmi\/dp\/vga, Usb-c Pd\/2xusbv3.2\/usbv2.0, Red\/audio\/sd\/micro Sd + Env\u00edo a domicilio + Pago seguro + Garant\u00eda\" \/>\n<meta name=\"robots\" content=\"index, follow, max-snippet:-1, max-image-preview:large, max-video-preview:-1\" \/>\n<link rel=\"canonical\" href=\"https:\/\/compuviper.mx\/tienda\/producto\/manhattan-153478-docking-usb-c-11-ptos-hdmi-dp-vga-usb-c-pd-2xusbv3-2-usbv2-0-red-audio-sd-micro-sd\/\" \/>\n<meta property=\"og:locale\" content=\"es_MX\" \/>\n<meta property=\"og:type\" content=\"article\" \/>\n<meta property=\"og:title\" content=\"[ Manhattan ] &#129351; 153478 Docking Usb,,,-c 11 Ptos, Hdmi\/dp\/vga, Usb-c Pd\/2xusbv3.2\/usbv2.0, Red\/audio\/sd\/micro Sd\" \/>\n<meta property=\"og:description\" content=\"Compra 153478 Docking Usb,,,-c 11 Ptos, Hdmi\/dp\/vga, Usb-c Pd\/2xusbv3.2\/usbv2.0, Red\/audio\/sd\/micro Sd + Env\u00edo a domicilio + Pago seguro + Garant\u00eda\" \/>\n<meta property=\"og:url\" content=\"https:\/\/compuviper.mx\/tienda\/producto\/manhattan-153478-docking-usb-c-11-ptos-hdmi-dp-vga-usb-c-pd-2xusbv3-2-usbv2-0-red-audio-sd-micro-sd\/\" \/>\n<meta property=\"og:site_name\" content=\"Compuviper\" \/>\n<meta property=\"article:publisher\" content=\"https:\/\/www.facebook.com\/compuviper\" \/>\n<meta property=\"og:image\" content=\"https:\/\/compuviper.mx\/tienda\/wp-content\/uploads\/2023\/03\/Docking-station-manhattan-usb-c-11-puertos-para-3-monitores-mst-usb-cmacho-a-hdmi-dp-y-vga-hembra-2-usb-a-3.2-gen-1-1-puerto-usb-a-2.0usb-c-pd-rj45sdaudio-3.5.jpg\" \/>\n\t<meta property=\"og:image:width\" content=\"200\" \/>\n\t<meta property=\"og:image:height\" content=\"200\" \/>\n\t<meta property=\"og:image:type\" content=\"image\/jpeg\" \/>\n<meta name=\"twitter:card\" content=\"summary_large_image\" \/>\n<meta name=\"twitter:label1\" content=\"Precio\" \/>\n\t<meta name=\"twitter:data1\" content=\"&#36;2,154 con IVA\" \/>\n\t<meta name=\"twitter:label2\" content=\"Availability\" \/>\n\t<meta name=\"twitter:data2\" content=\"In stock\" \/>\n<script type=\"application\/ld+json\" class=\"yoast-schema-graph\">{\"@context\":\"https:\/\/schema.org\",\"@graph\":[{\"@type\":\"WebPage\",\"@id\":\"https:\/\/compuviper.mx\/tienda\/producto\/manhattan-153478-docking-usb-c-11-ptos-hdmi-dp-vga-usb-c-pd-2xusbv3-2-usbv2-0-red-audio-sd-micro-sd\/\",\"url\":\"https:\/\/compuviper.mx\/tienda\/producto\/manhattan-153478-docking-usb-c-11-ptos-hdmi-dp-vga-usb-c-pd-2xusbv3-2-usbv2-0-red-audio-sd-micro-sd\/\",\"name\":\"[ Manhattan ] &#129351; 153478 Docking Usb,,,-c 11 Ptos, Hdmi\/dp\/vga, Usb-c Pd\/2xusbv3.2\/usbv2.0, Red\/audio\/sd\/micro Sd\",\"isPartOf\":{\"@id\":\"https:\/\/compuviper.mx\/tienda\/#website\"},\"datePublished\":\"2026-04-18T05:08:59+00:00\",\"dateModified\":\"2026-04-18T05:08:59+00:00\",\"description\":\"Compra 153478 Docking Usb,,,-c 11 Ptos, Hdmi\/dp\/vga, Usb-c Pd\/2xusbv3.2\/usbv2.0, Red\/audio\/sd\/micro Sd + Env\u00edo a domicilio + Pago seguro + Garant\u00eda\",\"breadcrumb\":{\"@id\":\"https:\/\/compuviper.mx\/tienda\/producto\/manhattan-153478-docking-usb-c-11-ptos-hdmi-dp-vga-usb-c-pd-2xusbv3-2-usbv2-0-red-audio-sd-micro-sd\/#breadcrumb\"},\"inLanguage\":\"es-MX\",\"potentialAction\":[{\"@type\":\"ReadAction\",\"target\":[\"https:\/\/compuviper.mx\/tienda\/producto\/manhattan-153478-docking-usb-c-11-ptos-hdmi-dp-vga-usb-c-pd-2xusbv3-2-usbv2-0-red-audio-sd-micro-sd\/\"]}]},{\"@type\":\"BreadcrumbList\",\"@id\":\"https:\/\/compuviper.mx\/tienda\/producto\/manhattan-153478-docking-usb-c-11-ptos-hdmi-dp-vga-usb-c-pd-2xusbv3-2-usbv2-0-red-audio-sd-micro-sd\/#breadcrumb\",\"itemListElement\":[{\"@type\":\"ListItem\",\"position\":1,\"name\":\"Inicio\",\"item\":\"https:\/\/compuviper.mx\/tienda\/\"},{\"@type\":\"ListItem\",\"position\":2,\"name\":\"Productos\",\"item\":\"https:\/\/compuviper.mx\/tienda\/productos\/\"},{\"@type\":\"ListItem\",\"position\":3,\"name\":\"Accesorios\",\"item\":\"https:\/\/compuviper.mx\/tienda\/categoria-producto\/accesorios\/\"},{\"@type\":\"ListItem\",\"position\":4,\"name\":\"Conectividad\",\"item\":\"https:\/\/compuviper.mx\/tienda\/categoria-producto\/accesorios\/conectividad\/\"},{\"@type\":\"ListItem\",\"position\":5,\"name\":\"Manhattan 153478 Docking Usb,,,-c 11 Ptos, Hdmi\/dp\/vga, Usb-c Pd\/2xusbv3.2\/usbv2.0, Red\/audio\/sd\/micro Sd\"}]},{\"@type\":\"WebSite\",\"@id\":\"https:\/\/compuviper.mx\/tienda\/#website\",\"url\":\"https:\/\/compuviper.mx\/tienda\/\",\"name\":\"Compuviper\",\"description\":\"Proveedor de Computadoras, Laptops, Servidores, Monitores, Puntos de Venta, Teclados,   Impresoras, T\u00f3ner, C\u00e1maras de Seguridad y m\u00e1s en tu tienda en l\u00ednea\",\"publisher\":{\"@id\":\"https:\/\/compuviper.mx\/tienda\/#organization\"},\"potentialAction\":[{\"@type\":\"SearchAction\",\"target\":{\"@type\":\"EntryPoint\",\"urlTemplate\":\"https:\/\/compuviper.mx\/tienda\/?s={search_term_string}\"},\"query-input\":\"required name=search_term_string\"}],\"inLanguage\":\"es-MX\"},{\"@type\":\"Organization\",\"@id\":\"https:\/\/compuviper.mx\/tienda\/#organization\",\"name\":\"Compuviper\",\"url\":\"https:\/\/compuviper.mx\/tienda\/\",\"logo\":{\"@type\":\"ImageObject\",\"inLanguage\":\"es-MX\",\"@id\":\"https:\/\/compuviper.mx\/tienda\/#\/schema\/logo\/image\/\",\"url\":\"https:\/\/compuviper.mx\/tienda\/wp-content\/uploads\/2021\/08\/Logo-Compuviper-10.png\",\"contentUrl\":\"https:\/\/compuviper.mx\/tienda\/wp-content\/uploads\/2021\/08\/Logo-Compuviper-10.png\",\"width\":1000,\"height\":500,\"caption\":\"Compuviper\"},\"image\":{\"@id\":\"https:\/\/compuviper.mx\/tienda\/#\/schema\/logo\/image\/\"},\"sameAs\":[\"https:\/\/www.facebook.com\/compuviper\",\"https:\/\/www.youtube.com\/channel\/UCf73dERp9Y3cfOq7q8BhLjA?view_as=subscriber\"]}]}<\/script>\n<meta property=\"product:brand\" content=\"MANHATTAN\" \/>\n<meta property=\"product:price:amount\" content=\"2154\" \/>\n<meta property=\"product:price:currency\" content=\"MXN\" \/>\n<meta property=\"og:availability\" content=\"instock\" \/>\n<meta property=\"product:availability\" content=\"instock\" \/>\n<meta property=\"product:retailer_item_id\" content=\"153478\" \/>\n<meta property=\"product:condition\" content=\"new\" \/>\n<!-- \/ Yoast SEO plugin. -->","yoast_head_json":{"title":"[ Manhattan ] &#129351; 153478 Docking Usb,,,-c 11 Ptos, Hdmi\/dp\/vga, Usb-c Pd\/2xusbv3.2\/usbv2.0, Red\/audio\/sd\/micro Sd","description":"Compra 153478 Docking Usb,,,-c 11 Ptos, Hdmi\/dp\/vga, Usb-c Pd\/2xusbv3.2\/usbv2.0, Red\/audio\/sd\/micro Sd + Env\u00edo a domicilio + Pago seguro + Garant\u00eda","robots":{"index":"index","follow":"follow","max-snippet":"max-snippet:-1","max-image-preview":"max-image-preview:large","max-video-preview":"max-video-preview:-1"},"canonical":"https:\/\/compuviper.mx\/tienda\/producto\/manhattan-153478-docking-usb-c-11-ptos-hdmi-dp-vga-usb-c-pd-2xusbv3-2-usbv2-0-red-audio-sd-micro-sd\/","og_locale":"es_MX","og_type":"article","og_title":"[ Manhattan ] &#129351; 153478 Docking Usb,,,-c 11 Ptos, Hdmi\/dp\/vga, Usb-c Pd\/2xusbv3.2\/usbv2.0, Red\/audio\/sd\/micro Sd","og_description":"Compra 153478 Docking Usb,,,-c 11 Ptos, Hdmi\/dp\/vga, Usb-c Pd\/2xusbv3.2\/usbv2.0, Red\/audio\/sd\/micro Sd + Env\u00edo a domicilio + Pago seguro + Garant\u00eda","og_url":"https:\/\/compuviper.mx\/tienda\/producto\/manhattan-153478-docking-usb-c-11-ptos-hdmi-dp-vga-usb-c-pd-2xusbv3-2-usbv2-0-red-audio-sd-micro-sd\/","og_site_name":"Compuviper","article_publisher":"https:\/\/www.facebook.com\/compuviper","og_image":[{"width":200,"height":200,"url":"https:\/\/compuviper.mx\/tienda\/wp-content\/uploads\/2023\/03\/Docking-station-manhattan-usb-c-11-puertos-para-3-monitores-mst-usb-cmacho-a-hdmi-dp-y-vga-hembra-2-usb-a-3.2-gen-1-1-puerto-usb-a-2.0usb-c-pd-rj45sdaudio-3.5.jpg","type":"image\/jpeg"}],"twitter_card":"summary_large_image","twitter_misc":{"Precio":"&#36;2,154 con IVA","Availability":"In stock"},"schema":{"@context":"https:\/\/schema.org","@graph":[{"@type":"WebPage","@id":"https:\/\/compuviper.mx\/tienda\/producto\/manhattan-153478-docking-usb-c-11-ptos-hdmi-dp-vga-usb-c-pd-2xusbv3-2-usbv2-0-red-audio-sd-micro-sd\/","url":"https:\/\/compuviper.mx\/tienda\/producto\/manhattan-153478-docking-usb-c-11-ptos-hdmi-dp-vga-usb-c-pd-2xusbv3-2-usbv2-0-red-audio-sd-micro-sd\/","name":"[ Manhattan ] &#129351; 153478 Docking Usb,,,-c 11 Ptos, Hdmi\/dp\/vga, Usb-c Pd\/2xusbv3.2\/usbv2.0, Red\/audio\/sd\/micro Sd","isPartOf":{"@id":"https:\/\/compuviper.mx\/tienda\/#website"},"datePublished":"2026-04-18T05:08:59+00:00","dateModified":"2026-04-18T05:08:59+00:00","description":"Compra 153478 Docking Usb,,,-c 11 Ptos, Hdmi\/dp\/vga, Usb-c Pd\/2xusbv3.2\/usbv2.0, Red\/audio\/sd\/micro Sd + Env\u00edo a domicilio + Pago seguro + Garant\u00eda","breadcrumb":{"@id":"https:\/\/compuviper.mx\/tienda\/producto\/manhattan-153478-docking-usb-c-11-ptos-hdmi-dp-vga-usb-c-pd-2xusbv3-2-usbv2-0-red-audio-sd-micro-sd\/#breadcrumb"},"inLanguage":"es-MX","potentialAction":[{"@type":"ReadAction","target":["https:\/\/compuviper.mx\/tienda\/producto\/manhattan-153478-docking-usb-c-11-ptos-hdmi-dp-vga-usb-c-pd-2xusbv3-2-usbv2-0-red-audio-sd-micro-sd\/"]}]},{"@type":"BreadcrumbList","@id":"https:\/\/compuviper.mx\/tienda\/producto\/manhattan-153478-docking-usb-c-11-ptos-hdmi-dp-vga-usb-c-pd-2xusbv3-2-usbv2-0-red-audio-sd-micro-sd\/#breadcrumb","itemListElement":[{"@type":"ListItem","position":1,"name":"Inicio","item":"https:\/\/compuviper.mx\/tienda\/"},{"@type":"ListItem","position":2,"name":"Productos","item":"https:\/\/compuviper.mx\/tienda\/productos\/"},{"@type":"ListItem","position":3,"name":"Accesorios","item":"https:\/\/compuviper.mx\/tienda\/categoria-producto\/accesorios\/"},{"@type":"ListItem","position":4,"name":"Conectividad","item":"https:\/\/compuviper.mx\/tienda\/categoria-producto\/accesorios\/conectividad\/"},{"@type":"ListItem","position":5,"name":"Manhattan 153478 Docking Usb,,,-c 11 Ptos, Hdmi\/dp\/vga, Usb-c Pd\/2xusbv3.2\/usbv2.0, Red\/audio\/sd\/micro Sd"}]},{"@type":"WebSite","@id":"https:\/\/compuviper.mx\/tienda\/#website","url":"https:\/\/compuviper.mx\/tienda\/","name":"Compuviper","description":"Proveedor de Computadoras, Laptops, Servidores, Monitores, Puntos de Venta, Teclados,   Impresoras, T\u00f3ner, C\u00e1maras de Seguridad y m\u00e1s en tu tienda en l\u00ednea","publisher":{"@id":"https:\/\/compuviper.mx\/tienda\/#organization"},"potentialAction":[{"@type":"SearchAction","target":{"@type":"EntryPoint","urlTemplate":"https:\/\/compuviper.mx\/tienda\/?s={search_term_string}"},"query-input":"required name=search_term_string"}],"inLanguage":"es-MX"},{"@type":"Organization","@id":"https:\/\/compuviper.mx\/tienda\/#organization","name":"Compuviper","url":"https:\/\/compuviper.mx\/tienda\/","logo":{"@type":"ImageObject","inLanguage":"es-MX","@id":"https:\/\/compuviper.mx\/tienda\/#\/schema\/logo\/image\/","url":"https:\/\/compuviper.mx\/tienda\/wp-content\/uploads\/2021\/08\/Logo-Compuviper-10.png","contentUrl":"https:\/\/compuviper.mx\/tienda\/wp-content\/uploads\/2021\/08\/Logo-Compuviper-10.png","width":1000,"height":500,"caption":"Compuviper"},"image":{"@id":"https:\/\/compuviper.mx\/tienda\/#\/schema\/logo\/image\/"},"sameAs":["https:\/\/www.facebook.com\/compuviper","https:\/\/www.youtube.com\/channel\/UCf73dERp9Y3cfOq7q8BhLjA?view_as=subscriber"]}]},"product_brand":"MANHATTAN","product_price_amount":"2154","product_price_currency":"MXN","og_availability":"instock","product_availability":"instock","product_retailer_item_id":"153478","product_condition":"new"},"_links":{"self":[{"href":"https:\/\/compuviper.mx\/tienda\/wp-json\/wp\/v2\/product\/165733"}],"collection":[{"href":"https:\/\/compuviper.mx\/tienda\/wp-json\/wp\/v2\/product"}],"about":[{"href":"https:\/\/compuviper.mx\/tienda\/wp-json\/wp\/v2\/types\/product"}],"replies":[{"embeddable":true,"href":"https:\/\/compuviper.mx\/tienda\/wp-json\/wp\/v2\/comments?post=165733"}],"wp:featuredmedia":[{"embeddable":true,"href":"https:\/\/compuviper.mx\/tienda\/wp-json\/wp\/v2\/media\/168688"}],"wp:attachment":[{"href":"https:\/\/compuviper.mx\/tienda\/wp-json\/wp\/v2\/media?parent=165733"}],"wp:term":[{"taxonomy":"product_cat","embeddable":true,"href":"https:\/\/compuviper.mx\/tienda\/wp-json\/wp\/v2\/product_cat?post=165733"},{"taxonomy":"product_tag","embeddable":true,"href":"https:\/\/compuviper.mx\/tienda\/wp-json\/wp\/v2\/product_tag?post=165733"}],"curies":[{"name":"wp","href":"https:\/\/api.w.org\/{rel}","templated":true}]}}