{"id":165677,"date":"2026-04-08T23:07:52","date_gmt":"2026-04-09T05:07:52","guid":{"rendered":"https:\/\/compuviper.mx\/tienda\/producto\/targus-asf125w9usz-filtro-de-privacidad-12-5-pulgadas-widescreen-lap-color-traslucido\/"},"modified":"2026-04-08T23:07:53","modified_gmt":"2026-04-09T05:07:53","slug":"targus-asf125w9usz-filtro-de-privacidad-12-5-pulgadas-widescreen-lap-color-traslucido","status":"publish","type":"product","link":"https:\/\/compuviper.mx\/tienda\/producto\/targus-asf125w9usz-filtro-de-privacidad-12-5-pulgadas-widescreen-lap-color-traslucido\/","title":{"rendered":"Targus Asf125w9usz Filtro De Privacidad   12.5 Pulgadas Widescreen Lap Color Traslucido"},"content":{"rendered":"<table class=\"descripcion\">\n<tr>\n<td>\u0095 protege la informacion privada con angulos de vision restringidos a 30\u00b0 desde cualquier lado<\/td>\n<\/tr>\n<tr>\n<td>\u0095 filtra la luz azul, minimizando la fatiga visual<\/td>\n<\/tr>\n<tr>\n<td>\u0095 antimicrobiano: ayuda a prevenir el crecimiento de bacterias en la pantalla de privacidad<\/td>\n<\/tr>\n<tr>\n<td>\u0095 el revestimiento antirreflectante bloquea el resplandor de la pantalla para una experiencia de visualizacion comoda<\/td>\n<\/tr>\n<tr>\n<td>\u0095 mas de un 12 % mas brillante que las soluciones de la competencia para una mayor claridad y visibilidad<\/td>\n<\/tr>\n<tr>\n<td>\u0095 lados brillantes o mate para adaptarse a sus preferencias de visualizacion<\/td>\n<\/tr>\n<tr>\n<td>\u0095 tiras adhesivas de silicona reutilizables para una instalaci\u00f3n r\u00e1pida y facil<\/td>\n<\/tr>\n<tr>\n<td>\u0095 garantia limitada de 2 anos<\/td>\n<\/tr>\n<\/table>\n","protected":false},"excerpt":{"rendered":"<p>La pantalla de privacidad para portatiles targus de 12,5 esta disenada para adaptarse a portatiles de pantalla ancha de 12,5. Para proteger su informacion, las pequenas persianas verticales en la superficie de la pantalla reducen el angulo de vision para que los datos solo sean visibles directamente en frente del monitor hasta 30 grados del centro de la pantalla. Los espectadores solo ver\u00e1n una pantalla oscura y poco clara cuando intenten ver la informacion desde un angulo lateral. Ademas de brindar seguridad, la pantalla de privacidad tambien bloquea el resplandor para ayudar a reducir la fatiga visual. La pantalla de privacidad de la computadora port\u00e1til targus se puede colocar facilmente usando tiras adhesivas transparentes disenadas para pantallas lcd o con las guias de lengueta incluidas que se adhieren al borde de la pantalla lcd para mantener la pantalla en su lugar. Los usuarios pueden colocar las pestanas para que la pantalla se deslice facilmente hacia adentro y hacia afuera. Altamente portatil y facil de usar, la pantalla de privacidad targus protege la informacion valiosa en una computadora port\u00e1til y un monitor lcd de los espectadores.<\/p>\n","protected":false},"featured_media":168683,"comment_status":"open","ping_status":"open","template":"","meta":[],"product_cat":[1485,1496],"product_tag":[2159],"acf":[],"yoast_head":"<!-- This site is optimized with the Yoast SEO plugin v21.7 - https:\/\/yoast.com\/wordpress\/plugins\/seo\/ -->\n<title>[ Targus ] &#129351; Asf125w9usz Filtro De Privacidad 12.5 Pulgadas Widescreen Lap Color Traslucido<\/title>\n<meta name=\"description\" content=\"Compra Asf125w9usz Filtro De Privacidad 12.5 Pulgadas Widescreen Lap Color Traslucido + Env\u00edo a domicilio + Pago seguro + Garant\u00eda\" \/>\n<meta name=\"robots\" content=\"index, follow, max-snippet:-1, max-image-preview:large, max-video-preview:-1\" \/>\n<link rel=\"canonical\" href=\"https:\/\/compuviper.mx\/tienda\/producto\/targus-asf125w9usz-filtro-de-privacidad-12-5-pulgadas-widescreen-lap-color-traslucido\/\" \/>\n<meta property=\"og:locale\" content=\"es_MX\" \/>\n<meta property=\"og:type\" content=\"article\" \/>\n<meta property=\"og:title\" content=\"[ Targus ] &#129351; Asf125w9usz Filtro De Privacidad 12.5 Pulgadas Widescreen Lap Color Traslucido\" \/>\n<meta property=\"og:description\" content=\"Compra Asf125w9usz Filtro De Privacidad 12.5 Pulgadas Widescreen Lap Color Traslucido + Env\u00edo a domicilio + Pago seguro + Garant\u00eda\" \/>\n<meta property=\"og:url\" content=\"https:\/\/compuviper.mx\/tienda\/producto\/targus-asf125w9usz-filtro-de-privacidad-12-5-pulgadas-widescreen-lap-color-traslucido\/\" \/>\n<meta property=\"og:site_name\" content=\"Compuviper\" \/>\n<meta property=\"article:publisher\" content=\"https:\/\/www.facebook.com\/compuviper\" \/>\n<meta property=\"article:modified_time\" content=\"2026-04-09T05:07:53+00:00\" \/>\n<meta property=\"og:image\" content=\"https:\/\/compuviper.mx\/tienda\/wp-content\/uploads\/2023\/03\/Filtro-de-privacidad-targus-asf125w9usz-12.5-pulgadas-widescreen-lap-color-traslucido.jpg\" \/>\n\t<meta property=\"og:image:width\" content=\"200\" \/>\n\t<meta property=\"og:image:height\" content=\"200\" \/>\n\t<meta property=\"og:image:type\" content=\"image\/jpeg\" \/>\n<meta name=\"twitter:card\" content=\"summary_large_image\" \/>\n<meta name=\"twitter:label1\" content=\"Precio\" \/>\n\t<meta name=\"twitter:data1\" content=\"&#36;461 con IVA\" \/>\n\t<meta name=\"twitter:label2\" content=\"Availability\" \/>\n\t<meta name=\"twitter:data2\" content=\"In stock\" \/>\n<script type=\"application\/ld+json\" class=\"yoast-schema-graph\">{\"@context\":\"https:\/\/schema.org\",\"@graph\":[{\"@type\":\"WebPage\",\"@id\":\"https:\/\/compuviper.mx\/tienda\/producto\/targus-asf125w9usz-filtro-de-privacidad-12-5-pulgadas-widescreen-lap-color-traslucido\/\",\"url\":\"https:\/\/compuviper.mx\/tienda\/producto\/targus-asf125w9usz-filtro-de-privacidad-12-5-pulgadas-widescreen-lap-color-traslucido\/\",\"name\":\"[ Targus ] &#129351; Asf125w9usz Filtro De Privacidad 12.5 Pulgadas Widescreen Lap Color Traslucido\",\"isPartOf\":{\"@id\":\"https:\/\/compuviper.mx\/tienda\/#website\"},\"datePublished\":\"2026-04-09T05:07:52+00:00\",\"dateModified\":\"2026-04-09T05:07:53+00:00\",\"description\":\"Compra Asf125w9usz Filtro De Privacidad 12.5 Pulgadas Widescreen Lap Color Traslucido + Env\u00edo a domicilio + Pago seguro + Garant\u00eda\",\"breadcrumb\":{\"@id\":\"https:\/\/compuviper.mx\/tienda\/producto\/targus-asf125w9usz-filtro-de-privacidad-12-5-pulgadas-widescreen-lap-color-traslucido\/#breadcrumb\"},\"inLanguage\":\"es-MX\",\"potentialAction\":[{\"@type\":\"ReadAction\",\"target\":[\"https:\/\/compuviper.mx\/tienda\/producto\/targus-asf125w9usz-filtro-de-privacidad-12-5-pulgadas-widescreen-lap-color-traslucido\/\"]}]},{\"@type\":\"BreadcrumbList\",\"@id\":\"https:\/\/compuviper.mx\/tienda\/producto\/targus-asf125w9usz-filtro-de-privacidad-12-5-pulgadas-widescreen-lap-color-traslucido\/#breadcrumb\",\"itemListElement\":[{\"@type\":\"ListItem\",\"position\":1,\"name\":\"Inicio\",\"item\":\"https:\/\/compuviper.mx\/tienda\/\"},{\"@type\":\"ListItem\",\"position\":2,\"name\":\"Productos\",\"item\":\"https:\/\/compuviper.mx\/tienda\/productos\/\"},{\"@type\":\"ListItem\",\"position\":3,\"name\":\"Accesorios\",\"item\":\"https:\/\/compuviper.mx\/tienda\/categoria-producto\/accesorios\/\"},{\"@type\":\"ListItem\",\"position\":4,\"name\":\"Oficina\",\"item\":\"https:\/\/compuviper.mx\/tienda\/categoria-producto\/accesorios\/oficina\/\"},{\"@type\":\"ListItem\",\"position\":5,\"name\":\"Targus Asf125w9usz Filtro De Privacidad 12.5 Pulgadas Widescreen Lap Color Traslucido\"}]},{\"@type\":\"WebSite\",\"@id\":\"https:\/\/compuviper.mx\/tienda\/#website\",\"url\":\"https:\/\/compuviper.mx\/tienda\/\",\"name\":\"Compuviper\",\"description\":\"Proveedor de Computadoras, Laptops, Servidores, Monitores, Puntos de Venta, Teclados,   Impresoras, T\u00f3ner, C\u00e1maras de Seguridad y m\u00e1s en tu tienda en l\u00ednea\",\"publisher\":{\"@id\":\"https:\/\/compuviper.mx\/tienda\/#organization\"},\"potentialAction\":[{\"@type\":\"SearchAction\",\"target\":{\"@type\":\"EntryPoint\",\"urlTemplate\":\"https:\/\/compuviper.mx\/tienda\/?s={search_term_string}\"},\"query-input\":\"required name=search_term_string\"}],\"inLanguage\":\"es-MX\"},{\"@type\":\"Organization\",\"@id\":\"https:\/\/compuviper.mx\/tienda\/#organization\",\"name\":\"Compuviper\",\"url\":\"https:\/\/compuviper.mx\/tienda\/\",\"logo\":{\"@type\":\"ImageObject\",\"inLanguage\":\"es-MX\",\"@id\":\"https:\/\/compuviper.mx\/tienda\/#\/schema\/logo\/image\/\",\"url\":\"https:\/\/compuviper.mx\/tienda\/wp-content\/uploads\/2021\/08\/Logo-Compuviper-10.png\",\"contentUrl\":\"https:\/\/compuviper.mx\/tienda\/wp-content\/uploads\/2021\/08\/Logo-Compuviper-10.png\",\"width\":1000,\"height\":500,\"caption\":\"Compuviper\"},\"image\":{\"@id\":\"https:\/\/compuviper.mx\/tienda\/#\/schema\/logo\/image\/\"},\"sameAs\":[\"https:\/\/www.facebook.com\/compuviper\",\"https:\/\/www.youtube.com\/channel\/UCf73dERp9Y3cfOq7q8BhLjA?view_as=subscriber\"]}]}<\/script>\n<meta property=\"product:brand\" content=\"Targus\" \/>\n<meta property=\"product:price:amount\" content=\"461\" \/>\n<meta property=\"product:price:currency\" content=\"MXN\" \/>\n<meta property=\"og:availability\" content=\"instock\" \/>\n<meta property=\"product:availability\" content=\"instock\" \/>\n<meta property=\"product:retailer_item_id\" content=\"ASF125W9USZ\" \/>\n<meta property=\"product:condition\" content=\"new\" \/>\n<!-- \/ Yoast SEO plugin. -->","yoast_head_json":{"title":"[ Targus ] &#129351; Asf125w9usz Filtro De Privacidad 12.5 Pulgadas Widescreen Lap Color Traslucido","description":"Compra Asf125w9usz Filtro De Privacidad 12.5 Pulgadas Widescreen Lap Color Traslucido + Env\u00edo a domicilio + Pago seguro + Garant\u00eda","robots":{"index":"index","follow":"follow","max-snippet":"max-snippet:-1","max-image-preview":"max-image-preview:large","max-video-preview":"max-video-preview:-1"},"canonical":"https:\/\/compuviper.mx\/tienda\/producto\/targus-asf125w9usz-filtro-de-privacidad-12-5-pulgadas-widescreen-lap-color-traslucido\/","og_locale":"es_MX","og_type":"article","og_title":"[ Targus ] &#129351; Asf125w9usz Filtro De Privacidad 12.5 Pulgadas Widescreen Lap Color Traslucido","og_description":"Compra Asf125w9usz Filtro De Privacidad 12.5 Pulgadas Widescreen Lap Color Traslucido + Env\u00edo a domicilio + Pago seguro + Garant\u00eda","og_url":"https:\/\/compuviper.mx\/tienda\/producto\/targus-asf125w9usz-filtro-de-privacidad-12-5-pulgadas-widescreen-lap-color-traslucido\/","og_site_name":"Compuviper","article_publisher":"https:\/\/www.facebook.com\/compuviper","article_modified_time":"2026-04-09T05:07:53+00:00","og_image":[{"width":200,"height":200,"url":"https:\/\/compuviper.mx\/tienda\/wp-content\/uploads\/2023\/03\/Filtro-de-privacidad-targus-asf125w9usz-12.5-pulgadas-widescreen-lap-color-traslucido.jpg","type":"image\/jpeg"}],"twitter_card":"summary_large_image","twitter_misc":{"Precio":"&#36;461 con IVA","Availability":"In stock"},"schema":{"@context":"https:\/\/schema.org","@graph":[{"@type":"WebPage","@id":"https:\/\/compuviper.mx\/tienda\/producto\/targus-asf125w9usz-filtro-de-privacidad-12-5-pulgadas-widescreen-lap-color-traslucido\/","url":"https:\/\/compuviper.mx\/tienda\/producto\/targus-asf125w9usz-filtro-de-privacidad-12-5-pulgadas-widescreen-lap-color-traslucido\/","name":"[ Targus ] &#129351; Asf125w9usz Filtro De Privacidad 12.5 Pulgadas Widescreen Lap Color Traslucido","isPartOf":{"@id":"https:\/\/compuviper.mx\/tienda\/#website"},"datePublished":"2026-04-09T05:07:52+00:00","dateModified":"2026-04-09T05:07:53+00:00","description":"Compra Asf125w9usz Filtro De Privacidad 12.5 Pulgadas Widescreen Lap Color Traslucido + Env\u00edo a domicilio + Pago seguro + Garant\u00eda","breadcrumb":{"@id":"https:\/\/compuviper.mx\/tienda\/producto\/targus-asf125w9usz-filtro-de-privacidad-12-5-pulgadas-widescreen-lap-color-traslucido\/#breadcrumb"},"inLanguage":"es-MX","potentialAction":[{"@type":"ReadAction","target":["https:\/\/compuviper.mx\/tienda\/producto\/targus-asf125w9usz-filtro-de-privacidad-12-5-pulgadas-widescreen-lap-color-traslucido\/"]}]},{"@type":"BreadcrumbList","@id":"https:\/\/compuviper.mx\/tienda\/producto\/targus-asf125w9usz-filtro-de-privacidad-12-5-pulgadas-widescreen-lap-color-traslucido\/#breadcrumb","itemListElement":[{"@type":"ListItem","position":1,"name":"Inicio","item":"https:\/\/compuviper.mx\/tienda\/"},{"@type":"ListItem","position":2,"name":"Productos","item":"https:\/\/compuviper.mx\/tienda\/productos\/"},{"@type":"ListItem","position":3,"name":"Accesorios","item":"https:\/\/compuviper.mx\/tienda\/categoria-producto\/accesorios\/"},{"@type":"ListItem","position":4,"name":"Oficina","item":"https:\/\/compuviper.mx\/tienda\/categoria-producto\/accesorios\/oficina\/"},{"@type":"ListItem","position":5,"name":"Targus Asf125w9usz Filtro De Privacidad 12.5 Pulgadas Widescreen Lap Color Traslucido"}]},{"@type":"WebSite","@id":"https:\/\/compuviper.mx\/tienda\/#website","url":"https:\/\/compuviper.mx\/tienda\/","name":"Compuviper","description":"Proveedor de Computadoras, Laptops, Servidores, Monitores, Puntos de Venta, Teclados,   Impresoras, T\u00f3ner, C\u00e1maras de Seguridad y m\u00e1s en tu tienda en l\u00ednea","publisher":{"@id":"https:\/\/compuviper.mx\/tienda\/#organization"},"potentialAction":[{"@type":"SearchAction","target":{"@type":"EntryPoint","urlTemplate":"https:\/\/compuviper.mx\/tienda\/?s={search_term_string}"},"query-input":"required name=search_term_string"}],"inLanguage":"es-MX"},{"@type":"Organization","@id":"https:\/\/compuviper.mx\/tienda\/#organization","name":"Compuviper","url":"https:\/\/compuviper.mx\/tienda\/","logo":{"@type":"ImageObject","inLanguage":"es-MX","@id":"https:\/\/compuviper.mx\/tienda\/#\/schema\/logo\/image\/","url":"https:\/\/compuviper.mx\/tienda\/wp-content\/uploads\/2021\/08\/Logo-Compuviper-10.png","contentUrl":"https:\/\/compuviper.mx\/tienda\/wp-content\/uploads\/2021\/08\/Logo-Compuviper-10.png","width":1000,"height":500,"caption":"Compuviper"},"image":{"@id":"https:\/\/compuviper.mx\/tienda\/#\/schema\/logo\/image\/"},"sameAs":["https:\/\/www.facebook.com\/compuviper","https:\/\/www.youtube.com\/channel\/UCf73dERp9Y3cfOq7q8BhLjA?view_as=subscriber"]}]},"product_brand":"Targus","product_price_amount":"461","product_price_currency":"MXN","og_availability":"instock","product_availability":"instock","product_retailer_item_id":"ASF125W9USZ","product_condition":"new"},"_links":{"self":[{"href":"https:\/\/compuviper.mx\/tienda\/wp-json\/wp\/v2\/product\/165677"}],"collection":[{"href":"https:\/\/compuviper.mx\/tienda\/wp-json\/wp\/v2\/product"}],"about":[{"href":"https:\/\/compuviper.mx\/tienda\/wp-json\/wp\/v2\/types\/product"}],"replies":[{"embeddable":true,"href":"https:\/\/compuviper.mx\/tienda\/wp-json\/wp\/v2\/comments?post=165677"}],"wp:featuredmedia":[{"embeddable":true,"href":"https:\/\/compuviper.mx\/tienda\/wp-json\/wp\/v2\/media\/168683"}],"wp:attachment":[{"href":"https:\/\/compuviper.mx\/tienda\/wp-json\/wp\/v2\/media?parent=165677"}],"wp:term":[{"taxonomy":"product_cat","embeddable":true,"href":"https:\/\/compuviper.mx\/tienda\/wp-json\/wp\/v2\/product_cat?post=165677"},{"taxonomy":"product_tag","embeddable":true,"href":"https:\/\/compuviper.mx\/tienda\/wp-json\/wp\/v2\/product_tag?post=165677"}],"curies":[{"name":"wp","href":"https:\/\/api.w.org\/{rel}","templated":true}]}}