{"id":161379,"date":"2026-04-07T23:08:47","date_gmt":"2026-04-08T05:08:47","guid":{"rendered":"https:\/\/compuviper.mx\/tienda\/producto\/targus-asp96rglx-cable-de-seguridad-con-candado-cable-combinacion-univ-reinic-negro\/"},"modified":"2026-04-07T23:08:47","modified_gmt":"2026-04-08T05:08:47","slug":"targus-asp96rglx-candado-de-seguridad-con-candado-cable-combinacion-univ-reinic-negro","status":"publish","type":"product","link":"https:\/\/compuviper.mx\/tienda\/producto\/targus-asp96rglx-candado-de-seguridad-con-candado-cable-combinacion-univ-reinic-negro\/","title":{"rendered":"Targus Asp96rglx Candado De Seguridad   Con Candado Cable Combinacion Univ Reinic Negro"},"content":{"rendered":"<table class=\"descripcion\">\n<tr>\n<td>Cable de seguridad targus asp96rglx con candado cable combinacion univ reinic negro tiene el candado correcto para proteger su dispositivo con el candado de combinacion universal reiniciable targus defcon\u00ae ultimate. tiene un diseno unico para adaptarse a practicamente cualquier ranura de bloqueo, incluidas kensington\u00ae nano, kensington k-slot y las ranuras de bloqueo en forma de cuna noble de gran tamano. el diseno facil de usar tiene un cable de acero galvanizado de 6,5 pies a prueba de cortes y resistente a la corrosion y un cable con manguito con bucle de paso y cabezal de bloqueo giratorio. casi imposible de destruir,<\/td>\n<\/tr>\n<\/table>\n","protected":false},"excerpt":{"rendered":"<p>Cable de seguridad targus asp96rglx con candado cable combinacion univ reinic negro un elemento disuasorio adicional para los ladrones que buscan preservar el valor de reventa. Ofreciendo la libertad de llevar llaves, el codigo de 4 digitos reiniciable permite hasta 10,000 combinaciones unicas seleccionables por el usuario. Perfecto para entornos de dispositivos mixtos, este candado resistente es tan conveniente como fuerte, lo que lo convierte en una opcion ideal para la oficina, la escuela, los otros hoteles u areas de alto riesgo. Descanse tranquilo con una proteccion robusta para su computadora portatil hoy. Tenga la seguridad de que sera compatible con el que reciba manana.<\/p>\n","protected":false},"featured_media":164357,"comment_status":"open","ping_status":"open","template":"","meta":[],"product_cat":[1485,1515],"product_tag":[2159],"acf":[],"yoast_head":"<!-- This site is optimized with the Yoast SEO plugin v21.7 - https:\/\/yoast.com\/wordpress\/plugins\/seo\/ -->\n<title>[ Targus ] &#129351; Asp96rglx Candado De Seguridad Con Candado Cable Combinacion Univ Reinic Negro<\/title>\n<meta name=\"description\" content=\"Compra Asp96rglx Candado De Seguridad Con Candado Cable Combinacion Univ Reinic Negro + Env\u00edo a domicilio + Pago seguro + Garant\u00eda\" \/>\n<meta name=\"robots\" content=\"index, follow, max-snippet:-1, max-image-preview:large, max-video-preview:-1\" \/>\n<link rel=\"canonical\" href=\"https:\/\/compuviper.mx\/tienda\/producto\/targus-asp96rglx-candado-de-seguridad-con-candado-cable-combinacion-univ-reinic-negro\/\" \/>\n<meta property=\"og:locale\" content=\"es_MX\" \/>\n<meta property=\"og:type\" content=\"article\" \/>\n<meta property=\"og:title\" content=\"[ Targus ] &#129351; Asp96rglx Candado De Seguridad Con Candado Cable Combinacion Univ Reinic Negro\" \/>\n<meta property=\"og:description\" content=\"Compra Asp96rglx Candado De Seguridad Con Candado Cable Combinacion Univ Reinic Negro + Env\u00edo a domicilio + Pago seguro + Garant\u00eda\" \/>\n<meta property=\"og:url\" content=\"https:\/\/compuviper.mx\/tienda\/producto\/targus-asp96rglx-candado-de-seguridad-con-candado-cable-combinacion-univ-reinic-negro\/\" \/>\n<meta property=\"og:site_name\" content=\"Compuviper\" \/>\n<meta property=\"article:publisher\" content=\"https:\/\/www.facebook.com\/compuviper\" \/>\n<meta property=\"og:image\" content=\"https:\/\/compuviper.mx\/tienda\/wp-content\/uploads\/2023\/02\/Cable-de-seguridad-targus-asp96rglx-con-candado-cable-combinacion-univ-reinic-negro.jpg\" \/>\n\t<meta property=\"og:image:width\" content=\"200\" \/>\n\t<meta property=\"og:image:height\" content=\"200\" \/>\n\t<meta property=\"og:image:type\" content=\"image\/jpeg\" \/>\n<meta name=\"twitter:card\" content=\"summary_large_image\" \/>\n<meta name=\"twitter:label1\" content=\"Precio\" \/>\n\t<meta name=\"twitter:data1\" content=\"&#36;428 con IVA\" \/>\n\t<meta name=\"twitter:label2\" content=\"Availability\" \/>\n\t<meta name=\"twitter:data2\" content=\"Out of stock\" \/>\n<script type=\"application\/ld+json\" class=\"yoast-schema-graph\">{\"@context\":\"https:\/\/schema.org\",\"@graph\":[{\"@type\":\"WebPage\",\"@id\":\"https:\/\/compuviper.mx\/tienda\/producto\/targus-asp96rglx-candado-de-seguridad-con-candado-cable-combinacion-univ-reinic-negro\/\",\"url\":\"https:\/\/compuviper.mx\/tienda\/producto\/targus-asp96rglx-candado-de-seguridad-con-candado-cable-combinacion-univ-reinic-negro\/\",\"name\":\"[ Targus ] &#129351; Asp96rglx Candado De Seguridad Con Candado Cable Combinacion Univ Reinic Negro\",\"isPartOf\":{\"@id\":\"https:\/\/compuviper.mx\/tienda\/#website\"},\"datePublished\":\"2026-04-08T05:08:47+00:00\",\"dateModified\":\"2026-04-08T05:08:47+00:00\",\"description\":\"Compra Asp96rglx Candado De Seguridad Con Candado Cable Combinacion Univ Reinic Negro + Env\u00edo a domicilio + Pago seguro + Garant\u00eda\",\"breadcrumb\":{\"@id\":\"https:\/\/compuviper.mx\/tienda\/producto\/targus-asp96rglx-candado-de-seguridad-con-candado-cable-combinacion-univ-reinic-negro\/#breadcrumb\"},\"inLanguage\":\"es-MX\",\"potentialAction\":[{\"@type\":\"ReadAction\",\"target\":[\"https:\/\/compuviper.mx\/tienda\/producto\/targus-asp96rglx-candado-de-seguridad-con-candado-cable-combinacion-univ-reinic-negro\/\"]}]},{\"@type\":\"BreadcrumbList\",\"@id\":\"https:\/\/compuviper.mx\/tienda\/producto\/targus-asp96rglx-candado-de-seguridad-con-candado-cable-combinacion-univ-reinic-negro\/#breadcrumb\",\"itemListElement\":[{\"@type\":\"ListItem\",\"position\":1,\"name\":\"Inicio\",\"item\":\"https:\/\/compuviper.mx\/tienda\/\"},{\"@type\":\"ListItem\",\"position\":2,\"name\":\"Productos\",\"item\":\"https:\/\/compuviper.mx\/tienda\/productos\/\"},{\"@type\":\"ListItem\",\"position\":3,\"name\":\"Accesorios\",\"item\":\"https:\/\/compuviper.mx\/tienda\/categoria-producto\/accesorios\/\"},{\"@type\":\"ListItem\",\"position\":4,\"name\":\"Seguridad\",\"item\":\"https:\/\/compuviper.mx\/tienda\/categoria-producto\/accesorios\/seguridad\/\"},{\"@type\":\"ListItem\",\"position\":5,\"name\":\"Targus Asp96rglx Candado De Seguridad Con Candado Cable Combinacion Univ Reinic Negro\"}]},{\"@type\":\"WebSite\",\"@id\":\"https:\/\/compuviper.mx\/tienda\/#website\",\"url\":\"https:\/\/compuviper.mx\/tienda\/\",\"name\":\"Compuviper\",\"description\":\"Proveedor de Computadoras, Laptops, Servidores, Monitores, Puntos de Venta, Teclados,   Impresoras, T\u00f3ner, C\u00e1maras de Seguridad y m\u00e1s en tu tienda en l\u00ednea\",\"publisher\":{\"@id\":\"https:\/\/compuviper.mx\/tienda\/#organization\"},\"potentialAction\":[{\"@type\":\"SearchAction\",\"target\":{\"@type\":\"EntryPoint\",\"urlTemplate\":\"https:\/\/compuviper.mx\/tienda\/?s={search_term_string}\"},\"query-input\":\"required name=search_term_string\"}],\"inLanguage\":\"es-MX\"},{\"@type\":\"Organization\",\"@id\":\"https:\/\/compuviper.mx\/tienda\/#organization\",\"name\":\"Compuviper\",\"url\":\"https:\/\/compuviper.mx\/tienda\/\",\"logo\":{\"@type\":\"ImageObject\",\"inLanguage\":\"es-MX\",\"@id\":\"https:\/\/compuviper.mx\/tienda\/#\/schema\/logo\/image\/\",\"url\":\"https:\/\/compuviper.mx\/tienda\/wp-content\/uploads\/2021\/08\/Logo-Compuviper-10.png\",\"contentUrl\":\"https:\/\/compuviper.mx\/tienda\/wp-content\/uploads\/2021\/08\/Logo-Compuviper-10.png\",\"width\":1000,\"height\":500,\"caption\":\"Compuviper\"},\"image\":{\"@id\":\"https:\/\/compuviper.mx\/tienda\/#\/schema\/logo\/image\/\"},\"sameAs\":[\"https:\/\/www.facebook.com\/compuviper\",\"https:\/\/www.youtube.com\/channel\/UCf73dERp9Y3cfOq7q8BhLjA?view_as=subscriber\"]}]}<\/script>\n<meta property=\"product:brand\" content=\"Targus\" \/>\n<meta property=\"product:price:amount\" content=\"428\" \/>\n<meta property=\"product:price:currency\" content=\"MXN\" \/>\n<meta property=\"og:availability\" content=\"out of stock\" \/>\n<meta property=\"product:availability\" content=\"out of stock\" \/>\n<meta property=\"product:retailer_item_id\" content=\"ASP96RGLX\" \/>\n<meta property=\"product:condition\" content=\"new\" \/>\n<!-- \/ Yoast SEO plugin. -->","yoast_head_json":{"title":"[ Targus ] &#129351; Asp96rglx Candado De Seguridad Con Candado Cable Combinacion Univ Reinic Negro","description":"Compra Asp96rglx Candado De Seguridad Con Candado Cable Combinacion Univ Reinic Negro + Env\u00edo a domicilio + Pago seguro + Garant\u00eda","robots":{"index":"index","follow":"follow","max-snippet":"max-snippet:-1","max-image-preview":"max-image-preview:large","max-video-preview":"max-video-preview:-1"},"canonical":"https:\/\/compuviper.mx\/tienda\/producto\/targus-asp96rglx-candado-de-seguridad-con-candado-cable-combinacion-univ-reinic-negro\/","og_locale":"es_MX","og_type":"article","og_title":"[ Targus ] &#129351; Asp96rglx Candado De Seguridad Con Candado Cable Combinacion Univ Reinic Negro","og_description":"Compra Asp96rglx Candado De Seguridad Con Candado Cable Combinacion Univ Reinic Negro + Env\u00edo a domicilio + Pago seguro + Garant\u00eda","og_url":"https:\/\/compuviper.mx\/tienda\/producto\/targus-asp96rglx-candado-de-seguridad-con-candado-cable-combinacion-univ-reinic-negro\/","og_site_name":"Compuviper","article_publisher":"https:\/\/www.facebook.com\/compuviper","og_image":[{"width":200,"height":200,"url":"https:\/\/compuviper.mx\/tienda\/wp-content\/uploads\/2023\/02\/Cable-de-seguridad-targus-asp96rglx-con-candado-cable-combinacion-univ-reinic-negro.jpg","type":"image\/jpeg"}],"twitter_card":"summary_large_image","twitter_misc":{"Precio":"&#36;428 con IVA","Availability":"Out of stock"},"schema":{"@context":"https:\/\/schema.org","@graph":[{"@type":"WebPage","@id":"https:\/\/compuviper.mx\/tienda\/producto\/targus-asp96rglx-candado-de-seguridad-con-candado-cable-combinacion-univ-reinic-negro\/","url":"https:\/\/compuviper.mx\/tienda\/producto\/targus-asp96rglx-candado-de-seguridad-con-candado-cable-combinacion-univ-reinic-negro\/","name":"[ Targus ] &#129351; Asp96rglx Candado De Seguridad Con Candado Cable Combinacion Univ Reinic Negro","isPartOf":{"@id":"https:\/\/compuviper.mx\/tienda\/#website"},"datePublished":"2026-04-08T05:08:47+00:00","dateModified":"2026-04-08T05:08:47+00:00","description":"Compra Asp96rglx Candado De Seguridad Con Candado Cable Combinacion Univ Reinic Negro + Env\u00edo a domicilio + Pago seguro + Garant\u00eda","breadcrumb":{"@id":"https:\/\/compuviper.mx\/tienda\/producto\/targus-asp96rglx-candado-de-seguridad-con-candado-cable-combinacion-univ-reinic-negro\/#breadcrumb"},"inLanguage":"es-MX","potentialAction":[{"@type":"ReadAction","target":["https:\/\/compuviper.mx\/tienda\/producto\/targus-asp96rglx-candado-de-seguridad-con-candado-cable-combinacion-univ-reinic-negro\/"]}]},{"@type":"BreadcrumbList","@id":"https:\/\/compuviper.mx\/tienda\/producto\/targus-asp96rglx-candado-de-seguridad-con-candado-cable-combinacion-univ-reinic-negro\/#breadcrumb","itemListElement":[{"@type":"ListItem","position":1,"name":"Inicio","item":"https:\/\/compuviper.mx\/tienda\/"},{"@type":"ListItem","position":2,"name":"Productos","item":"https:\/\/compuviper.mx\/tienda\/productos\/"},{"@type":"ListItem","position":3,"name":"Accesorios","item":"https:\/\/compuviper.mx\/tienda\/categoria-producto\/accesorios\/"},{"@type":"ListItem","position":4,"name":"Seguridad","item":"https:\/\/compuviper.mx\/tienda\/categoria-producto\/accesorios\/seguridad\/"},{"@type":"ListItem","position":5,"name":"Targus Asp96rglx Candado De Seguridad Con Candado Cable Combinacion Univ Reinic Negro"}]},{"@type":"WebSite","@id":"https:\/\/compuviper.mx\/tienda\/#website","url":"https:\/\/compuviper.mx\/tienda\/","name":"Compuviper","description":"Proveedor de Computadoras, Laptops, Servidores, Monitores, Puntos de Venta, Teclados,   Impresoras, T\u00f3ner, C\u00e1maras de Seguridad y m\u00e1s en tu tienda en l\u00ednea","publisher":{"@id":"https:\/\/compuviper.mx\/tienda\/#organization"},"potentialAction":[{"@type":"SearchAction","target":{"@type":"EntryPoint","urlTemplate":"https:\/\/compuviper.mx\/tienda\/?s={search_term_string}"},"query-input":"required name=search_term_string"}],"inLanguage":"es-MX"},{"@type":"Organization","@id":"https:\/\/compuviper.mx\/tienda\/#organization","name":"Compuviper","url":"https:\/\/compuviper.mx\/tienda\/","logo":{"@type":"ImageObject","inLanguage":"es-MX","@id":"https:\/\/compuviper.mx\/tienda\/#\/schema\/logo\/image\/","url":"https:\/\/compuviper.mx\/tienda\/wp-content\/uploads\/2021\/08\/Logo-Compuviper-10.png","contentUrl":"https:\/\/compuviper.mx\/tienda\/wp-content\/uploads\/2021\/08\/Logo-Compuviper-10.png","width":1000,"height":500,"caption":"Compuviper"},"image":{"@id":"https:\/\/compuviper.mx\/tienda\/#\/schema\/logo\/image\/"},"sameAs":["https:\/\/www.facebook.com\/compuviper","https:\/\/www.youtube.com\/channel\/UCf73dERp9Y3cfOq7q8BhLjA?view_as=subscriber"]}]},"product_brand":"Targus","product_price_amount":"428","product_price_currency":"MXN","og_availability":"out of stock","product_availability":"out of stock","product_retailer_item_id":"ASP96RGLX","product_condition":"new"},"_links":{"self":[{"href":"https:\/\/compuviper.mx\/tienda\/wp-json\/wp\/v2\/product\/161379"}],"collection":[{"href":"https:\/\/compuviper.mx\/tienda\/wp-json\/wp\/v2\/product"}],"about":[{"href":"https:\/\/compuviper.mx\/tienda\/wp-json\/wp\/v2\/types\/product"}],"replies":[{"embeddable":true,"href":"https:\/\/compuviper.mx\/tienda\/wp-json\/wp\/v2\/comments?post=161379"}],"wp:featuredmedia":[{"embeddable":true,"href":"https:\/\/compuviper.mx\/tienda\/wp-json\/wp\/v2\/media\/164357"}],"wp:attachment":[{"href":"https:\/\/compuviper.mx\/tienda\/wp-json\/wp\/v2\/media?parent=161379"}],"wp:term":[{"taxonomy":"product_cat","embeddable":true,"href":"https:\/\/compuviper.mx\/tienda\/wp-json\/wp\/v2\/product_cat?post=161379"},{"taxonomy":"product_tag","embeddable":true,"href":"https:\/\/compuviper.mx\/tienda\/wp-json\/wp\/v2\/product_tag?post=161379"}],"curies":[{"name":"wp","href":"https:\/\/api.w.org\/{rel}","templated":true}]}}