{"id":159375,"date":"2026-04-01T23:09:02","date_gmt":"2026-04-02T05:09:02","guid":{"rendered":"https:\/\/compuviper.mx\/tienda\/producto\/peerless-av-pjr125-por-soporte-universal-para-vdeoproyector-vertical-peerless-de-alta-resistencia-con-capacidad-hasta-56-7-kg\/"},"modified":"2026-04-01T23:09:02","modified_gmt":"2026-04-02T05:09:02","slug":"peerless-av-pjr125-por-soporte-universal-para-vdeoproyector-vertical-peerless-de-alta-resistencia-con-capacidad-hasta-56-7-kg","status":"publish","type":"product","link":"https:\/\/compuviper.mx\/tienda\/producto\/peerless-av-pjr125-por-soporte-universal-para-vdeoproyector-vertical-peerless-de-alta-resistencia-con-capacidad-hasta-56-7-kg\/","title":{"rendered":"Peerless-av Pjr125-por Soporte Universal Para V?deoproyector Vertical Peerless  De Alta Resistencia Con Capacidad Hasta 56.7 Kg"},"content":{"rendered":"<table class=\"descripcion\">\n<tr>\n<td>Especificaciones del producto<\/td>\n<\/tr>\n<tr>\n<td>Capacidad de peso125 libras (56,7 kg)<\/td>\n<\/tr>\n<tr>\n<td>Color negro<\/td>\n<\/tr>\n<tr>\n<td>Caracter\u00edsticas de seguridad<\/td>\n<\/tr>\n<tr>\n<td>Hardware de seguridadinclinaci\u00f3n+5\u00b0\/-15\u00b0<\/td>\n<\/tr>\n<tr>\n<td>Gui\u00f1ada giratoria 360\u00b0<\/td>\n<\/tr>\n<tr>\n<td>Distancia desde el techo 8,98 (228 mm)<\/td>\n<\/tr>\n<tr>\n<td>Dimensiones del producto 460 x 228 x 512 mm<\/td>\n<\/tr>\n<tr>\n<td>Peso del producto 4,99 kg<\/td>\n<\/tr>\n<tr>\n<td>Tama\u00f1o del empaque 406 x 305 x 356 mm<\/td>\n<\/tr>\n<tr>\n<td>Peso del empaque 5,90 kg<\/td>\n<\/tr>\n<tr>\n<td>C\u00f3digo upc 735029324911<\/td>\n<\/tr>\n<\/table>\n","protected":false},"excerpt":{"rendered":"<p>L soporte de proyector universal vertical de peerless-av es la soluci\u00f3n perfecta para instalar un proyector en varias orientaciones. Si el proyector es necesario en orientaci\u00f3n vertical para publicidad digital, o instalado hacia el suelo para una exposici\u00f3n interactiva en un museo, el modelo pjr125-por ofrece flexibilidad de colocaci\u00f3n. Las caracter\u00edsticas de inclinaci\u00f3n, movimiento y giro pueden bloquearse para evitar hasta los cambios m\u00e1s m\u00ednimos de la imagen. Seis patas universales totalmente ajustables ofrecen soporte adicional para proyectores con m\u00e1s de cuatro orificios de montaje. La caracter\u00edstica hook-and-hang\u0099 ofrece un amplio espacio cuando se fija un proyector al soporte, y aleja el peso del instalador durante los ajustes.<\/p>\n","protected":false},"featured_media":164300,"comment_status":"open","ping_status":"open","template":"","meta":[],"product_cat":[2267,2265],"product_tag":[1904],"acf":[],"yoast_head":"<!-- This site is optimized with the Yoast SEO plugin v21.7 - https:\/\/yoast.com\/wordpress\/plugins\/seo\/ -->\n<title>[ Peerless-av ] &#129351; Pjr125-por Soporte Universal Para V\u00eddeoproyector Vertical Peerless De Alta Resistencia Con Capacidad Hasta 56.7 Kg<\/title>\n<meta name=\"description\" content=\"Compra Pjr125-por Soporte Universal Para V\u00eddeoproyector Vertical Peerless De Alta Resistencia Con Capacidad Hasta 56.7 Kg + Env\u00edo a domicilio + Pago seguro + Garant\u00eda\" \/>\n<meta name=\"robots\" content=\"index, follow, max-snippet:-1, max-image-preview:large, max-video-preview:-1\" \/>\n<link rel=\"canonical\" href=\"https:\/\/compuviper.mx\/tienda\/producto\/peerless-av-pjr125-por-soporte-universal-para-vdeoproyector-vertical-peerless-de-alta-resistencia-con-capacidad-hasta-56-7-kg\/\" \/>\n<meta property=\"og:locale\" content=\"es_MX\" \/>\n<meta property=\"og:type\" content=\"article\" \/>\n<meta property=\"og:title\" content=\"[ Peerless-av ] &#129351; Pjr125-por Soporte Universal Para V\u00eddeoproyector Vertical Peerless De Alta Resistencia Con Capacidad Hasta 56.7 Kg\" \/>\n<meta property=\"og:description\" content=\"Compra Pjr125-por Soporte Universal Para V\u00eddeoproyector Vertical Peerless De Alta Resistencia Con Capacidad Hasta 56.7 Kg + Env\u00edo a domicilio + Pago seguro + Garant\u00eda\" \/>\n<meta property=\"og:url\" content=\"https:\/\/compuviper.mx\/tienda\/producto\/peerless-av-pjr125-por-soporte-universal-para-vdeoproyector-vertical-peerless-de-alta-resistencia-con-capacidad-hasta-56-7-kg\/\" \/>\n<meta property=\"og:site_name\" content=\"Compuviper\" \/>\n<meta property=\"article:publisher\" content=\"https:\/\/www.facebook.com\/compuviper\" \/>\n<meta property=\"og:image\" content=\"https:\/\/compuviper.mx\/tienda\/wp-content\/uploads\/2023\/02\/Soporte-universal-para-videoproyector-vertical-peerless-pjr125-por-de-alta-resistencia-con-capacidad-hasta-56.7-kg.jpg\" \/>\n\t<meta property=\"og:image:width\" content=\"200\" \/>\n\t<meta property=\"og:image:height\" content=\"200\" \/>\n\t<meta property=\"og:image:type\" content=\"image\/jpeg\" \/>\n<meta name=\"twitter:card\" content=\"summary_large_image\" \/>\n<meta name=\"twitter:label1\" content=\"Precio\" \/>\n\t<meta name=\"twitter:data1\" content=\"&#36;8,356 con IVA\" \/>\n\t<meta name=\"twitter:label2\" content=\"Availability\" \/>\n\t<meta name=\"twitter:data2\" content=\"On backorder\" \/>\n<script type=\"application\/ld+json\" class=\"yoast-schema-graph\">{\"@context\":\"https:\/\/schema.org\",\"@graph\":[{\"@type\":\"WebPage\",\"@id\":\"https:\/\/compuviper.mx\/tienda\/producto\/peerless-av-pjr125-por-soporte-universal-para-vdeoproyector-vertical-peerless-de-alta-resistencia-con-capacidad-hasta-56-7-kg\/\",\"url\":\"https:\/\/compuviper.mx\/tienda\/producto\/peerless-av-pjr125-por-soporte-universal-para-vdeoproyector-vertical-peerless-de-alta-resistencia-con-capacidad-hasta-56-7-kg\/\",\"name\":\"[ Peerless-av ] &#129351; Pjr125-por Soporte Universal Para V\u00eddeoproyector Vertical Peerless De Alta Resistencia Con Capacidad Hasta 56.7 Kg\",\"isPartOf\":{\"@id\":\"https:\/\/compuviper.mx\/tienda\/#website\"},\"datePublished\":\"2026-04-02T05:09:02+00:00\",\"dateModified\":\"2026-04-02T05:09:02+00:00\",\"description\":\"Compra Pjr125-por Soporte Universal Para V\u00eddeoproyector Vertical Peerless De Alta Resistencia Con Capacidad Hasta 56.7 Kg + Env\u00edo a domicilio + Pago seguro + Garant\u00eda\",\"breadcrumb\":{\"@id\":\"https:\/\/compuviper.mx\/tienda\/producto\/peerless-av-pjr125-por-soporte-universal-para-vdeoproyector-vertical-peerless-de-alta-resistencia-con-capacidad-hasta-56-7-kg\/#breadcrumb\"},\"inLanguage\":\"es-MX\",\"potentialAction\":[{\"@type\":\"ReadAction\",\"target\":[\"https:\/\/compuviper.mx\/tienda\/producto\/peerless-av-pjr125-por-soporte-universal-para-vdeoproyector-vertical-peerless-de-alta-resistencia-con-capacidad-hasta-56-7-kg\/\"]}]},{\"@type\":\"BreadcrumbList\",\"@id\":\"https:\/\/compuviper.mx\/tienda\/producto\/peerless-av-pjr125-por-soporte-universal-para-vdeoproyector-vertical-peerless-de-alta-resistencia-con-capacidad-hasta-56-7-kg\/#breadcrumb\",\"itemListElement\":[{\"@type\":\"ListItem\",\"position\":1,\"name\":\"Inicio\",\"item\":\"https:\/\/compuviper.mx\/tienda\/\"},{\"@type\":\"ListItem\",\"position\":2,\"name\":\"Productos\",\"item\":\"https:\/\/compuviper.mx\/tienda\/productos\/\"},{\"@type\":\"ListItem\",\"position\":3,\"name\":\"Soportes Y Bases P\/tv\/ Proyectores\/dvd\/consolas\/bocinas\/pantallas\/monotores\",\"item\":\"https:\/\/compuviper.mx\/tienda\/categoria-producto\/soportes-y-bases-p-tv-proyectores-dvd-consolas-bocinas-pantallas-monotores\/\"},{\"@type\":\"ListItem\",\"position\":4,\"name\":\"Soporte Y Base Para Proyector\",\"item\":\"https:\/\/compuviper.mx\/tienda\/categoria-producto\/soportes-y-bases-p-tv-proyectores-dvd-consolas-bocinas-pantallas-monotores\/soporte-y-base-para-proyector-soportes-y-bases-p-tv-proyectores-dvd-consolas-bocinas-pantallas-monotores\/\"},{\"@type\":\"ListItem\",\"position\":5,\"name\":\"Peerless-av Pjr125-por Soporte Universal Para V?deoproyector Vertical Peerless De Alta Resistencia Con Capacidad Hasta 56.7 Kg\"}]},{\"@type\":\"WebSite\",\"@id\":\"https:\/\/compuviper.mx\/tienda\/#website\",\"url\":\"https:\/\/compuviper.mx\/tienda\/\",\"name\":\"Compuviper\",\"description\":\"Proveedor de Computadoras, Laptops, Servidores, Monitores, Puntos de Venta, Teclados,   Impresoras, T\u00f3ner, C\u00e1maras de Seguridad y m\u00e1s en tu tienda en l\u00ednea\",\"publisher\":{\"@id\":\"https:\/\/compuviper.mx\/tienda\/#organization\"},\"potentialAction\":[{\"@type\":\"SearchAction\",\"target\":{\"@type\":\"EntryPoint\",\"urlTemplate\":\"https:\/\/compuviper.mx\/tienda\/?s={search_term_string}\"},\"query-input\":\"required name=search_term_string\"}],\"inLanguage\":\"es-MX\"},{\"@type\":\"Organization\",\"@id\":\"https:\/\/compuviper.mx\/tienda\/#organization\",\"name\":\"Compuviper\",\"url\":\"https:\/\/compuviper.mx\/tienda\/\",\"logo\":{\"@type\":\"ImageObject\",\"inLanguage\":\"es-MX\",\"@id\":\"https:\/\/compuviper.mx\/tienda\/#\/schema\/logo\/image\/\",\"url\":\"https:\/\/compuviper.mx\/tienda\/wp-content\/uploads\/2021\/08\/Logo-Compuviper-10.png\",\"contentUrl\":\"https:\/\/compuviper.mx\/tienda\/wp-content\/uploads\/2021\/08\/Logo-Compuviper-10.png\",\"width\":1000,\"height\":500,\"caption\":\"Compuviper\"},\"image\":{\"@id\":\"https:\/\/compuviper.mx\/tienda\/#\/schema\/logo\/image\/\"},\"sameAs\":[\"https:\/\/www.facebook.com\/compuviper\",\"https:\/\/www.youtube.com\/channel\/UCf73dERp9Y3cfOq7q8BhLjA?view_as=subscriber\"]}]}<\/script>\n<meta property=\"product:brand\" content=\"PEERLESS-AV\" \/>\n<meta property=\"product:price:amount\" content=\"8356\" \/>\n<meta property=\"product:price:currency\" content=\"MXN\" \/>\n<meta property=\"og:availability\" content=\"backorder\" \/>\n<meta property=\"product:availability\" content=\"available for order\" \/>\n<meta property=\"product:retailer_item_id\" content=\"PJR125-POR\" \/>\n<meta property=\"product:condition\" content=\"new\" \/>\n<!-- \/ Yoast SEO plugin. -->","yoast_head_json":{"title":"[ Peerless-av ] &#129351; Pjr125-por Soporte Universal Para V\u00eddeoproyector Vertical Peerless De Alta Resistencia Con Capacidad Hasta 56.7 Kg","description":"Compra Pjr125-por Soporte Universal Para V\u00eddeoproyector Vertical Peerless De Alta Resistencia Con Capacidad Hasta 56.7 Kg + Env\u00edo a domicilio + Pago seguro + Garant\u00eda","robots":{"index":"index","follow":"follow","max-snippet":"max-snippet:-1","max-image-preview":"max-image-preview:large","max-video-preview":"max-video-preview:-1"},"canonical":"https:\/\/compuviper.mx\/tienda\/producto\/peerless-av-pjr125-por-soporte-universal-para-vdeoproyector-vertical-peerless-de-alta-resistencia-con-capacidad-hasta-56-7-kg\/","og_locale":"es_MX","og_type":"article","og_title":"[ Peerless-av ] &#129351; Pjr125-por Soporte Universal Para V\u00eddeoproyector Vertical Peerless De Alta Resistencia Con Capacidad Hasta 56.7 Kg","og_description":"Compra Pjr125-por Soporte Universal Para V\u00eddeoproyector Vertical Peerless De Alta Resistencia Con Capacidad Hasta 56.7 Kg + Env\u00edo a domicilio + Pago seguro + Garant\u00eda","og_url":"https:\/\/compuviper.mx\/tienda\/producto\/peerless-av-pjr125-por-soporte-universal-para-vdeoproyector-vertical-peerless-de-alta-resistencia-con-capacidad-hasta-56-7-kg\/","og_site_name":"Compuviper","article_publisher":"https:\/\/www.facebook.com\/compuviper","og_image":[{"width":200,"height":200,"url":"https:\/\/compuviper.mx\/tienda\/wp-content\/uploads\/2023\/02\/Soporte-universal-para-videoproyector-vertical-peerless-pjr125-por-de-alta-resistencia-con-capacidad-hasta-56.7-kg.jpg","type":"image\/jpeg"}],"twitter_card":"summary_large_image","twitter_misc":{"Precio":"&#36;8,356 con IVA","Availability":"On backorder"},"schema":{"@context":"https:\/\/schema.org","@graph":[{"@type":"WebPage","@id":"https:\/\/compuviper.mx\/tienda\/producto\/peerless-av-pjr125-por-soporte-universal-para-vdeoproyector-vertical-peerless-de-alta-resistencia-con-capacidad-hasta-56-7-kg\/","url":"https:\/\/compuviper.mx\/tienda\/producto\/peerless-av-pjr125-por-soporte-universal-para-vdeoproyector-vertical-peerless-de-alta-resistencia-con-capacidad-hasta-56-7-kg\/","name":"[ Peerless-av ] &#129351; Pjr125-por Soporte Universal Para V\u00eddeoproyector Vertical Peerless De Alta Resistencia Con Capacidad Hasta 56.7 Kg","isPartOf":{"@id":"https:\/\/compuviper.mx\/tienda\/#website"},"datePublished":"2026-04-02T05:09:02+00:00","dateModified":"2026-04-02T05:09:02+00:00","description":"Compra Pjr125-por Soporte Universal Para V\u00eddeoproyector Vertical Peerless De Alta Resistencia Con Capacidad Hasta 56.7 Kg + Env\u00edo a domicilio + Pago seguro + Garant\u00eda","breadcrumb":{"@id":"https:\/\/compuviper.mx\/tienda\/producto\/peerless-av-pjr125-por-soporte-universal-para-vdeoproyector-vertical-peerless-de-alta-resistencia-con-capacidad-hasta-56-7-kg\/#breadcrumb"},"inLanguage":"es-MX","potentialAction":[{"@type":"ReadAction","target":["https:\/\/compuviper.mx\/tienda\/producto\/peerless-av-pjr125-por-soporte-universal-para-vdeoproyector-vertical-peerless-de-alta-resistencia-con-capacidad-hasta-56-7-kg\/"]}]},{"@type":"BreadcrumbList","@id":"https:\/\/compuviper.mx\/tienda\/producto\/peerless-av-pjr125-por-soporte-universal-para-vdeoproyector-vertical-peerless-de-alta-resistencia-con-capacidad-hasta-56-7-kg\/#breadcrumb","itemListElement":[{"@type":"ListItem","position":1,"name":"Inicio","item":"https:\/\/compuviper.mx\/tienda\/"},{"@type":"ListItem","position":2,"name":"Productos","item":"https:\/\/compuviper.mx\/tienda\/productos\/"},{"@type":"ListItem","position":3,"name":"Soportes Y Bases P\/tv\/ Proyectores\/dvd\/consolas\/bocinas\/pantallas\/monotores","item":"https:\/\/compuviper.mx\/tienda\/categoria-producto\/soportes-y-bases-p-tv-proyectores-dvd-consolas-bocinas-pantallas-monotores\/"},{"@type":"ListItem","position":4,"name":"Soporte Y Base Para Proyector","item":"https:\/\/compuviper.mx\/tienda\/categoria-producto\/soportes-y-bases-p-tv-proyectores-dvd-consolas-bocinas-pantallas-monotores\/soporte-y-base-para-proyector-soportes-y-bases-p-tv-proyectores-dvd-consolas-bocinas-pantallas-monotores\/"},{"@type":"ListItem","position":5,"name":"Peerless-av Pjr125-por Soporte Universal Para V?deoproyector Vertical Peerless De Alta Resistencia Con Capacidad Hasta 56.7 Kg"}]},{"@type":"WebSite","@id":"https:\/\/compuviper.mx\/tienda\/#website","url":"https:\/\/compuviper.mx\/tienda\/","name":"Compuviper","description":"Proveedor de Computadoras, Laptops, Servidores, Monitores, Puntos de Venta, Teclados,   Impresoras, T\u00f3ner, C\u00e1maras de Seguridad y m\u00e1s en tu tienda en l\u00ednea","publisher":{"@id":"https:\/\/compuviper.mx\/tienda\/#organization"},"potentialAction":[{"@type":"SearchAction","target":{"@type":"EntryPoint","urlTemplate":"https:\/\/compuviper.mx\/tienda\/?s={search_term_string}"},"query-input":"required name=search_term_string"}],"inLanguage":"es-MX"},{"@type":"Organization","@id":"https:\/\/compuviper.mx\/tienda\/#organization","name":"Compuviper","url":"https:\/\/compuviper.mx\/tienda\/","logo":{"@type":"ImageObject","inLanguage":"es-MX","@id":"https:\/\/compuviper.mx\/tienda\/#\/schema\/logo\/image\/","url":"https:\/\/compuviper.mx\/tienda\/wp-content\/uploads\/2021\/08\/Logo-Compuviper-10.png","contentUrl":"https:\/\/compuviper.mx\/tienda\/wp-content\/uploads\/2021\/08\/Logo-Compuviper-10.png","width":1000,"height":500,"caption":"Compuviper"},"image":{"@id":"https:\/\/compuviper.mx\/tienda\/#\/schema\/logo\/image\/"},"sameAs":["https:\/\/www.facebook.com\/compuviper","https:\/\/www.youtube.com\/channel\/UCf73dERp9Y3cfOq7q8BhLjA?view_as=subscriber"]}]},"product_brand":"PEERLESS-AV","product_price_amount":"8356","product_price_currency":"MXN","og_availability":"backorder","product_availability":"available for order","product_retailer_item_id":"PJR125-POR","product_condition":"new"},"_links":{"self":[{"href":"https:\/\/compuviper.mx\/tienda\/wp-json\/wp\/v2\/product\/159375"}],"collection":[{"href":"https:\/\/compuviper.mx\/tienda\/wp-json\/wp\/v2\/product"}],"about":[{"href":"https:\/\/compuviper.mx\/tienda\/wp-json\/wp\/v2\/types\/product"}],"replies":[{"embeddable":true,"href":"https:\/\/compuviper.mx\/tienda\/wp-json\/wp\/v2\/comments?post=159375"}],"wp:featuredmedia":[{"embeddable":true,"href":"https:\/\/compuviper.mx\/tienda\/wp-json\/wp\/v2\/media\/164300"}],"wp:attachment":[{"href":"https:\/\/compuviper.mx\/tienda\/wp-json\/wp\/v2\/media?parent=159375"}],"wp:term":[{"taxonomy":"product_cat","embeddable":true,"href":"https:\/\/compuviper.mx\/tienda\/wp-json\/wp\/v2\/product_cat?post=159375"},{"taxonomy":"product_tag","embeddable":true,"href":"https:\/\/compuviper.mx\/tienda\/wp-json\/wp\/v2\/product_tag?post=159375"}],"curies":[{"name":"wp","href":"https:\/\/api.w.org\/{rel}","templated":true}]}}