{"id":159372,"date":"2026-04-07T23:08:40","date_gmt":"2026-04-08T05:08:40","guid":{"rendered":"https:\/\/compuviper.mx\/tienda\/producto\/startech-com-ltulockkey-cable-de-2m-universal-3-en-1-con-candado-para-laptop-con-ranura-k-slot-nano-o-wedge-cable-antirrobo-en-acero-con-llave-mod\/"},"modified":"2026-04-07T23:08:40","modified_gmt":"2026-04-08T05:08:40","slug":"startech-com-ltulockkey-candado-de-seguridad-universal-3-en-1-seguro-para-laptop-con-ranura-k-slot-nano-o-wedge-cable-de-2m-antirrobo-en-acero-con-llave-mod","status":"publish","type":"product","link":"https:\/\/compuviper.mx\/tienda\/producto\/startech-com-ltulockkey-candado-de-seguridad-universal-3-en-1-seguro-para-laptop-con-ranura-k-slot-nano-o-wedge-cable-de-2m-antirrobo-en-acero-con-llave-mod\/","title":{"rendered":"Startech.com Ltulockkey Candado De Seguridad Universal 3 En 1 &#8211; Seguro Para Laptop Con Ranura K-slot, Nano O Wedge &#8211; Cable De 2m Antirrobo En Acero Con Llave &#8211;  Mod."},"content":{"rendered":"<table class=\"descripcion\">\n<tr>\n<td>Compatible lock slot: kensington standard slot k-slot<\/td>\n<\/tr>\n<tr>\n<td>Color: negro y plata<\/td>\n<\/tr>\n<tr>\n<td>Compatible lock slot: kensington nano slot<\/td>\n<\/tr>\n<tr>\n<td>Tipo de gabinete: steel and vinyl<\/td>\n<\/tr>\n<tr>\n<td>Ancho del producto: 22.600 mm<\/td>\n<\/tr>\n<tr>\n<td>Longitud del producto: 2050.000 mm<\/td>\n<\/tr>\n<tr>\n<td>Altura del producto: 12.500 mm<\/td>\n<\/tr>\n<tr>\n<td>Peso del producto: 130.000 g<\/td>\n<\/tr>\n<tr>\n<td>Compatible lock slot: noble wedge slot<\/td>\n<\/tr>\n<\/table>\n","protected":false},"excerpt":{"rendered":"<p>Encontrar el candado adecuado para su laptop y protegerlo contra robos es ahora mas facil que nunca. Este candado universal para laptop 3 en 1 con cable y apertura con llave funciona con la mayoria de ranuras para de seguridad. Los cabezales intercambiables del candado son compatibles con tres tipos de ranura de seguridad diferentes: kensington\u00ae k-slot \/ kensington\u00ae nano, noble\u00ae y wedgelock\u00ae. Ideal para mantener de forma segura su laptop, como hp notebook pc o dell xps, u otros dispositivos como monitores, estaciones de conexion\/docking stations, proyectores y cajas de disco duro.El diseno de apertura con llave evita tener que recordar la combinacion numerica, lo cual facilita una mayor seguridad en la oficina o al desplazarse.Practico sistema de presion de un boton para cierreahorre tiempo cada dia, gracias al sistema de presion de un boton para el cierre del candado. Solo tiene que presionar una vez y el candado queda configurado, sin necesidad de utilizar la llave.<\/p>\n","protected":false},"featured_media":164297,"comment_status":"open","ping_status":"open","template":"","meta":[],"product_cat":[1485,1515],"product_tag":[1590],"acf":[],"yoast_head":"<!-- This site is optimized with the Yoast SEO plugin v21.7 - https:\/\/yoast.com\/wordpress\/plugins\/seo\/ -->\n<title>[ Startech.com ] &#129351; Ltulockkey Candado De Seguridad Universal 3 En 1 - Seguro Para Laptop Con Ranura K-slot, Nano O Wedge - Cable De 2m Antirrobo En Acero Con Llave - Mod.<\/title>\n<meta name=\"description\" content=\"Compra Ltulockkey Candado De Seguridad Universal 3 En 1 - Seguro Para Laptop Con Ranura K-slot, Nano O Wedge - Cable De 2m Antirrobo En Acero Con Llave - Mod. + Env\u00edo a domicilio + Pago seguro + Garant\u00eda\" \/>\n<meta name=\"robots\" content=\"index, follow, max-snippet:-1, max-image-preview:large, max-video-preview:-1\" \/>\n<link rel=\"canonical\" href=\"https:\/\/compuviper.mx\/tienda\/producto\/startech-com-ltulockkey-candado-de-seguridad-universal-3-en-1-seguro-para-laptop-con-ranura-k-slot-nano-o-wedge-cable-de-2m-antirrobo-en-acero-con-llave-mod\/\" \/>\n<meta property=\"og:locale\" content=\"es_MX\" \/>\n<meta property=\"og:type\" content=\"article\" \/>\n<meta property=\"og:title\" content=\"[ Startech.com ] &#129351; Ltulockkey Candado De Seguridad Universal 3 En 1 - Seguro Para Laptop Con Ranura K-slot, Nano O Wedge - Cable De 2m Antirrobo En Acero Con Llave - Mod.\" \/>\n<meta property=\"og:description\" content=\"Compra Ltulockkey Candado De Seguridad Universal 3 En 1 - Seguro Para Laptop Con Ranura K-slot, Nano O Wedge - Cable De 2m Antirrobo En Acero Con Llave - Mod. + Env\u00edo a domicilio + Pago seguro + Garant\u00eda\" \/>\n<meta property=\"og:url\" content=\"https:\/\/compuviper.mx\/tienda\/producto\/startech-com-ltulockkey-candado-de-seguridad-universal-3-en-1-seguro-para-laptop-con-ranura-k-slot-nano-o-wedge-cable-de-2m-antirrobo-en-acero-con-llave-mod\/\" \/>\n<meta property=\"og:site_name\" content=\"Compuviper\" \/>\n<meta property=\"article:publisher\" content=\"https:\/\/www.facebook.com\/compuviper\" \/>\n<meta property=\"og:image\" content=\"https:\/\/compuviper.mx\/tienda\/wp-content\/uploads\/2023\/02\/Cable-de-2m-universal-3-en-1-con-candado-para-laptop-con-ranura-k-slot-nano-o-wedge-cable-antirrobo-en-acero-con-llave-startech.com-mod.-ltulockkey.jpg\" \/>\n\t<meta property=\"og:image:width\" content=\"200\" \/>\n\t<meta property=\"og:image:height\" content=\"200\" \/>\n\t<meta property=\"og:image:type\" content=\"image\/jpeg\" \/>\n<meta name=\"twitter:card\" content=\"summary_large_image\" \/>\n<meta name=\"twitter:label1\" content=\"Precio\" \/>\n\t<meta name=\"twitter:data1\" content=\"&#36;897 con IVA\" \/>\n\t<meta name=\"twitter:label2\" content=\"Availability\" \/>\n\t<meta name=\"twitter:data2\" content=\"Out of stock\" \/>\n<script type=\"application\/ld+json\" class=\"yoast-schema-graph\">{\"@context\":\"https:\/\/schema.org\",\"@graph\":[{\"@type\":\"WebPage\",\"@id\":\"https:\/\/compuviper.mx\/tienda\/producto\/startech-com-ltulockkey-candado-de-seguridad-universal-3-en-1-seguro-para-laptop-con-ranura-k-slot-nano-o-wedge-cable-de-2m-antirrobo-en-acero-con-llave-mod\/\",\"url\":\"https:\/\/compuviper.mx\/tienda\/producto\/startech-com-ltulockkey-candado-de-seguridad-universal-3-en-1-seguro-para-laptop-con-ranura-k-slot-nano-o-wedge-cable-de-2m-antirrobo-en-acero-con-llave-mod\/\",\"name\":\"[ Startech.com ] &#129351; Ltulockkey Candado De Seguridad Universal 3 En 1 - Seguro Para Laptop Con Ranura K-slot, Nano O Wedge - Cable De 2m Antirrobo En Acero Con Llave - Mod.\",\"isPartOf\":{\"@id\":\"https:\/\/compuviper.mx\/tienda\/#website\"},\"datePublished\":\"2026-04-08T05:08:40+00:00\",\"dateModified\":\"2026-04-08T05:08:40+00:00\",\"description\":\"Compra Ltulockkey Candado De Seguridad Universal 3 En 1 - Seguro Para Laptop Con Ranura K-slot, Nano O Wedge - Cable De 2m Antirrobo En Acero Con Llave - Mod. + Env\u00edo a domicilio + Pago seguro + Garant\u00eda\",\"breadcrumb\":{\"@id\":\"https:\/\/compuviper.mx\/tienda\/producto\/startech-com-ltulockkey-candado-de-seguridad-universal-3-en-1-seguro-para-laptop-con-ranura-k-slot-nano-o-wedge-cable-de-2m-antirrobo-en-acero-con-llave-mod\/#breadcrumb\"},\"inLanguage\":\"es-MX\",\"potentialAction\":[{\"@type\":\"ReadAction\",\"target\":[\"https:\/\/compuviper.mx\/tienda\/producto\/startech-com-ltulockkey-candado-de-seguridad-universal-3-en-1-seguro-para-laptop-con-ranura-k-slot-nano-o-wedge-cable-de-2m-antirrobo-en-acero-con-llave-mod\/\"]}]},{\"@type\":\"BreadcrumbList\",\"@id\":\"https:\/\/compuviper.mx\/tienda\/producto\/startech-com-ltulockkey-candado-de-seguridad-universal-3-en-1-seguro-para-laptop-con-ranura-k-slot-nano-o-wedge-cable-de-2m-antirrobo-en-acero-con-llave-mod\/#breadcrumb\",\"itemListElement\":[{\"@type\":\"ListItem\",\"position\":1,\"name\":\"Inicio\",\"item\":\"https:\/\/compuviper.mx\/tienda\/\"},{\"@type\":\"ListItem\",\"position\":2,\"name\":\"Productos\",\"item\":\"https:\/\/compuviper.mx\/tienda\/productos\/\"},{\"@type\":\"ListItem\",\"position\":3,\"name\":\"Accesorios\",\"item\":\"https:\/\/compuviper.mx\/tienda\/categoria-producto\/accesorios\/\"},{\"@type\":\"ListItem\",\"position\":4,\"name\":\"Seguridad\",\"item\":\"https:\/\/compuviper.mx\/tienda\/categoria-producto\/accesorios\/seguridad\/\"},{\"@type\":\"ListItem\",\"position\":5,\"name\":\"Startech.com Ltulockkey Candado De Seguridad Universal 3 En 1 &#8211; Seguro Para Laptop Con Ranura K-slot, Nano O Wedge &#8211; Cable De 2m Antirrobo En Acero Con Llave &#8211; Mod.\"}]},{\"@type\":\"WebSite\",\"@id\":\"https:\/\/compuviper.mx\/tienda\/#website\",\"url\":\"https:\/\/compuviper.mx\/tienda\/\",\"name\":\"Compuviper\",\"description\":\"Proveedor de Computadoras, Laptops, Servidores, Monitores, Puntos de Venta, Teclados,   Impresoras, T\u00f3ner, C\u00e1maras de Seguridad y m\u00e1s en tu tienda en l\u00ednea\",\"publisher\":{\"@id\":\"https:\/\/compuviper.mx\/tienda\/#organization\"},\"potentialAction\":[{\"@type\":\"SearchAction\",\"target\":{\"@type\":\"EntryPoint\",\"urlTemplate\":\"https:\/\/compuviper.mx\/tienda\/?s={search_term_string}\"},\"query-input\":\"required name=search_term_string\"}],\"inLanguage\":\"es-MX\"},{\"@type\":\"Organization\",\"@id\":\"https:\/\/compuviper.mx\/tienda\/#organization\",\"name\":\"Compuviper\",\"url\":\"https:\/\/compuviper.mx\/tienda\/\",\"logo\":{\"@type\":\"ImageObject\",\"inLanguage\":\"es-MX\",\"@id\":\"https:\/\/compuviper.mx\/tienda\/#\/schema\/logo\/image\/\",\"url\":\"https:\/\/compuviper.mx\/tienda\/wp-content\/uploads\/2021\/08\/Logo-Compuviper-10.png\",\"contentUrl\":\"https:\/\/compuviper.mx\/tienda\/wp-content\/uploads\/2021\/08\/Logo-Compuviper-10.png\",\"width\":1000,\"height\":500,\"caption\":\"Compuviper\"},\"image\":{\"@id\":\"https:\/\/compuviper.mx\/tienda\/#\/schema\/logo\/image\/\"},\"sameAs\":[\"https:\/\/www.facebook.com\/compuviper\",\"https:\/\/www.youtube.com\/channel\/UCf73dERp9Y3cfOq7q8BhLjA?view_as=subscriber\"]}]}<\/script>\n<meta property=\"product:brand\" content=\"STARTECH.COM\" \/>\n<meta property=\"product:price:amount\" content=\"897\" \/>\n<meta property=\"product:price:currency\" content=\"MXN\" \/>\n<meta property=\"og:availability\" content=\"out of stock\" \/>\n<meta property=\"product:availability\" content=\"out of stock\" \/>\n<meta property=\"product:retailer_item_id\" content=\"LTULOCKKEY\" \/>\n<meta property=\"product:condition\" content=\"new\" \/>\n<!-- \/ Yoast SEO plugin. -->","yoast_head_json":{"title":"[ Startech.com ] &#129351; Ltulockkey Candado De Seguridad Universal 3 En 1 - Seguro Para Laptop Con Ranura K-slot, Nano O Wedge - Cable De 2m Antirrobo En Acero Con Llave - Mod.","description":"Compra Ltulockkey Candado De Seguridad Universal 3 En 1 - Seguro Para Laptop Con Ranura K-slot, Nano O Wedge - Cable De 2m Antirrobo En Acero Con Llave - Mod. + Env\u00edo a domicilio + Pago seguro + Garant\u00eda","robots":{"index":"index","follow":"follow","max-snippet":"max-snippet:-1","max-image-preview":"max-image-preview:large","max-video-preview":"max-video-preview:-1"},"canonical":"https:\/\/compuviper.mx\/tienda\/producto\/startech-com-ltulockkey-candado-de-seguridad-universal-3-en-1-seguro-para-laptop-con-ranura-k-slot-nano-o-wedge-cable-de-2m-antirrobo-en-acero-con-llave-mod\/","og_locale":"es_MX","og_type":"article","og_title":"[ Startech.com ] &#129351; Ltulockkey Candado De Seguridad Universal 3 En 1 - Seguro Para Laptop Con Ranura K-slot, Nano O Wedge - Cable De 2m Antirrobo En Acero Con Llave - Mod.","og_description":"Compra Ltulockkey Candado De Seguridad Universal 3 En 1 - Seguro Para Laptop Con Ranura K-slot, Nano O Wedge - Cable De 2m Antirrobo En Acero Con Llave - Mod. + Env\u00edo a domicilio + Pago seguro + Garant\u00eda","og_url":"https:\/\/compuviper.mx\/tienda\/producto\/startech-com-ltulockkey-candado-de-seguridad-universal-3-en-1-seguro-para-laptop-con-ranura-k-slot-nano-o-wedge-cable-de-2m-antirrobo-en-acero-con-llave-mod\/","og_site_name":"Compuviper","article_publisher":"https:\/\/www.facebook.com\/compuviper","og_image":[{"width":200,"height":200,"url":"https:\/\/compuviper.mx\/tienda\/wp-content\/uploads\/2023\/02\/Cable-de-2m-universal-3-en-1-con-candado-para-laptop-con-ranura-k-slot-nano-o-wedge-cable-antirrobo-en-acero-con-llave-startech.com-mod.-ltulockkey.jpg","type":"image\/jpeg"}],"twitter_card":"summary_large_image","twitter_misc":{"Precio":"&#36;897 con IVA","Availability":"Out of stock"},"schema":{"@context":"https:\/\/schema.org","@graph":[{"@type":"WebPage","@id":"https:\/\/compuviper.mx\/tienda\/producto\/startech-com-ltulockkey-candado-de-seguridad-universal-3-en-1-seguro-para-laptop-con-ranura-k-slot-nano-o-wedge-cable-de-2m-antirrobo-en-acero-con-llave-mod\/","url":"https:\/\/compuviper.mx\/tienda\/producto\/startech-com-ltulockkey-candado-de-seguridad-universal-3-en-1-seguro-para-laptop-con-ranura-k-slot-nano-o-wedge-cable-de-2m-antirrobo-en-acero-con-llave-mod\/","name":"[ Startech.com ] &#129351; Ltulockkey Candado De Seguridad Universal 3 En 1 - Seguro Para Laptop Con Ranura K-slot, Nano O Wedge - Cable De 2m Antirrobo En Acero Con Llave - Mod.","isPartOf":{"@id":"https:\/\/compuviper.mx\/tienda\/#website"},"datePublished":"2026-04-08T05:08:40+00:00","dateModified":"2026-04-08T05:08:40+00:00","description":"Compra Ltulockkey Candado De Seguridad Universal 3 En 1 - Seguro Para Laptop Con Ranura K-slot, Nano O Wedge - Cable De 2m Antirrobo En Acero Con Llave - Mod. + Env\u00edo a domicilio + Pago seguro + Garant\u00eda","breadcrumb":{"@id":"https:\/\/compuviper.mx\/tienda\/producto\/startech-com-ltulockkey-candado-de-seguridad-universal-3-en-1-seguro-para-laptop-con-ranura-k-slot-nano-o-wedge-cable-de-2m-antirrobo-en-acero-con-llave-mod\/#breadcrumb"},"inLanguage":"es-MX","potentialAction":[{"@type":"ReadAction","target":["https:\/\/compuviper.mx\/tienda\/producto\/startech-com-ltulockkey-candado-de-seguridad-universal-3-en-1-seguro-para-laptop-con-ranura-k-slot-nano-o-wedge-cable-de-2m-antirrobo-en-acero-con-llave-mod\/"]}]},{"@type":"BreadcrumbList","@id":"https:\/\/compuviper.mx\/tienda\/producto\/startech-com-ltulockkey-candado-de-seguridad-universal-3-en-1-seguro-para-laptop-con-ranura-k-slot-nano-o-wedge-cable-de-2m-antirrobo-en-acero-con-llave-mod\/#breadcrumb","itemListElement":[{"@type":"ListItem","position":1,"name":"Inicio","item":"https:\/\/compuviper.mx\/tienda\/"},{"@type":"ListItem","position":2,"name":"Productos","item":"https:\/\/compuviper.mx\/tienda\/productos\/"},{"@type":"ListItem","position":3,"name":"Accesorios","item":"https:\/\/compuviper.mx\/tienda\/categoria-producto\/accesorios\/"},{"@type":"ListItem","position":4,"name":"Seguridad","item":"https:\/\/compuviper.mx\/tienda\/categoria-producto\/accesorios\/seguridad\/"},{"@type":"ListItem","position":5,"name":"Startech.com Ltulockkey Candado De Seguridad Universal 3 En 1 &#8211; Seguro Para Laptop Con Ranura K-slot, Nano O Wedge &#8211; Cable De 2m Antirrobo En Acero Con Llave &#8211; Mod."}]},{"@type":"WebSite","@id":"https:\/\/compuviper.mx\/tienda\/#website","url":"https:\/\/compuviper.mx\/tienda\/","name":"Compuviper","description":"Proveedor de Computadoras, Laptops, Servidores, Monitores, Puntos de Venta, Teclados,   Impresoras, T\u00f3ner, C\u00e1maras de Seguridad y m\u00e1s en tu tienda en l\u00ednea","publisher":{"@id":"https:\/\/compuviper.mx\/tienda\/#organization"},"potentialAction":[{"@type":"SearchAction","target":{"@type":"EntryPoint","urlTemplate":"https:\/\/compuviper.mx\/tienda\/?s={search_term_string}"},"query-input":"required name=search_term_string"}],"inLanguage":"es-MX"},{"@type":"Organization","@id":"https:\/\/compuviper.mx\/tienda\/#organization","name":"Compuviper","url":"https:\/\/compuviper.mx\/tienda\/","logo":{"@type":"ImageObject","inLanguage":"es-MX","@id":"https:\/\/compuviper.mx\/tienda\/#\/schema\/logo\/image\/","url":"https:\/\/compuviper.mx\/tienda\/wp-content\/uploads\/2021\/08\/Logo-Compuviper-10.png","contentUrl":"https:\/\/compuviper.mx\/tienda\/wp-content\/uploads\/2021\/08\/Logo-Compuviper-10.png","width":1000,"height":500,"caption":"Compuviper"},"image":{"@id":"https:\/\/compuviper.mx\/tienda\/#\/schema\/logo\/image\/"},"sameAs":["https:\/\/www.facebook.com\/compuviper","https:\/\/www.youtube.com\/channel\/UCf73dERp9Y3cfOq7q8BhLjA?view_as=subscriber"]}]},"product_brand":"STARTECH.COM","product_price_amount":"897","product_price_currency":"MXN","og_availability":"out of stock","product_availability":"out of stock","product_retailer_item_id":"LTULOCKKEY","product_condition":"new"},"_links":{"self":[{"href":"https:\/\/compuviper.mx\/tienda\/wp-json\/wp\/v2\/product\/159372"}],"collection":[{"href":"https:\/\/compuviper.mx\/tienda\/wp-json\/wp\/v2\/product"}],"about":[{"href":"https:\/\/compuviper.mx\/tienda\/wp-json\/wp\/v2\/types\/product"}],"replies":[{"embeddable":true,"href":"https:\/\/compuviper.mx\/tienda\/wp-json\/wp\/v2\/comments?post=159372"}],"wp:featuredmedia":[{"embeddable":true,"href":"https:\/\/compuviper.mx\/tienda\/wp-json\/wp\/v2\/media\/164297"}],"wp:attachment":[{"href":"https:\/\/compuviper.mx\/tienda\/wp-json\/wp\/v2\/media?parent=159372"}],"wp:term":[{"taxonomy":"product_cat","embeddable":true,"href":"https:\/\/compuviper.mx\/tienda\/wp-json\/wp\/v2\/product_cat?post=159372"},{"taxonomy":"product_tag","embeddable":true,"href":"https:\/\/compuviper.mx\/tienda\/wp-json\/wp\/v2\/product_tag?post=159372"}],"curies":[{"name":"wp","href":"https:\/\/api.w.org\/{rel}","templated":true}]}}