{"id":153895,"date":"2026-04-01T23:08:34","date_gmt":"2026-04-02T05:08:34","guid":{"rendered":"https:\/\/compuviper.mx\/tienda\/producto\/hikvision-ds-mh1710-n1-s-clip-de-metal-para-body-cam-compatible-con-ds-mh2311-ds-mcw405-ds-mcw407\/"},"modified":"2026-04-01T23:08:34","modified_gmt":"2026-04-02T05:08:34","slug":"hikvision-ds-mh1710-n1-s-clip-de-metal-para-body-cam-compatible-con-ds-mh2311-ds-mcw405-ds-mcw407","status":"publish","type":"product","link":"https:\/\/compuviper.mx\/tienda\/producto\/hikvision-ds-mh1710-n1-s-clip-de-metal-para-body-cam-compatible-con-ds-mh2311-ds-mcw405-ds-mcw407\/","title":{"rendered":"Hikvision Ds-mh1710-n1-s Clip De Metal Para Body Cam \/ Compatible Con Ds-mh2311 &#8211; Ds-mcw405 &#8211; Ds-mcw407"},"content":{"rendered":"<table class=\"descripcion\">\n<tr>\n<td>Peso: 20 gramos<\/td>\n<\/tr>\n<tr>\n<td>    material: metal<\/td>\n<\/tr>\n<tr>\n<td>    garant\u00eda: 2 a\u00f1os.<\/td>\n<\/tr>\n<\/table>\n","protected":false},"excerpt":{"rendered":"<p>Clip de metal para body cam serie ds-mh2311 &#8211; ds-mcw405 &#8211; ds-mcw407.     Color: negro<\/p>\n","protected":false},"featured_media":205653,"comment_status":"open","ping_status":"open","template":"","meta":[],"product_cat":[1485,2129],"product_tag":[1595],"acf":[],"yoast_head":"<!-- This site is optimized with the Yoast SEO plugin v21.7 - https:\/\/yoast.com\/wordpress\/plugins\/seo\/ -->\n<title>[ Hikvision ] &#129351; Ds-mh1710-n1-s Clip De Metal Para Body Cam \/ Compatible Con Ds-mh2311 - Ds-mcw405 - Ds-mcw407<\/title>\n<meta name=\"description\" content=\"Compra Ds-mh1710-n1-s Clip De Metal Para Body Cam \/ Compatible Con Ds-mh2311 - Ds-mcw405 - Ds-mcw407 + Env\u00edo a domicilio + Pago seguro + Garant\u00eda\" \/>\n<meta name=\"robots\" content=\"index, follow, max-snippet:-1, max-image-preview:large, max-video-preview:-1\" \/>\n<link rel=\"canonical\" href=\"https:\/\/compuviper.mx\/tienda\/producto\/hikvision-ds-mh1710-n1-s-clip-de-metal-para-body-cam-compatible-con-ds-mh2311-ds-mcw405-ds-mcw407\/\" \/>\n<meta property=\"og:locale\" content=\"es_MX\" \/>\n<meta property=\"og:type\" content=\"article\" \/>\n<meta property=\"og:title\" content=\"[ Hikvision ] &#129351; Ds-mh1710-n1-s Clip De Metal Para Body Cam \/ Compatible Con Ds-mh2311 - Ds-mcw405 - Ds-mcw407\" \/>\n<meta property=\"og:description\" content=\"Compra Ds-mh1710-n1-s Clip De Metal Para Body Cam \/ Compatible Con Ds-mh2311 - Ds-mcw405 - Ds-mcw407 + Env\u00edo a domicilio + Pago seguro + Garant\u00eda\" \/>\n<meta property=\"og:url\" content=\"https:\/\/compuviper.mx\/tienda\/producto\/hikvision-ds-mh1710-n1-s-clip-de-metal-para-body-cam-compatible-con-ds-mh2311-ds-mcw405-ds-mcw407\/\" \/>\n<meta property=\"og:site_name\" content=\"Compuviper\" \/>\n<meta property=\"article:publisher\" content=\"https:\/\/www.facebook.com\/compuviper\" \/>\n<meta property=\"og:image\" content=\"https:\/\/compuviper.mx\/tienda\/wp-content\/uploads\/2023\/09\/Clip-de-metal-para-body-cam-compatible-con-ds-mh2311-ds-mcw405-ds-mcw407.jpg\" \/>\n\t<meta property=\"og:image:width\" content=\"200\" \/>\n\t<meta property=\"og:image:height\" content=\"200\" \/>\n\t<meta property=\"og:image:type\" content=\"image\/jpeg\" \/>\n<meta name=\"twitter:card\" content=\"summary_large_image\" \/>\n<meta name=\"twitter:label1\" content=\"Precio\" \/>\n\t<meta name=\"twitter:data1\" content=\"&#36;404 con IVA\" \/>\n\t<meta name=\"twitter:label2\" content=\"Availability\" \/>\n\t<meta name=\"twitter:data2\" content=\"On backorder\" \/>\n<script type=\"application\/ld+json\" class=\"yoast-schema-graph\">{\"@context\":\"https:\/\/schema.org\",\"@graph\":[{\"@type\":\"WebPage\",\"@id\":\"https:\/\/compuviper.mx\/tienda\/producto\/hikvision-ds-mh1710-n1-s-clip-de-metal-para-body-cam-compatible-con-ds-mh2311-ds-mcw405-ds-mcw407\/\",\"url\":\"https:\/\/compuviper.mx\/tienda\/producto\/hikvision-ds-mh1710-n1-s-clip-de-metal-para-body-cam-compatible-con-ds-mh2311-ds-mcw405-ds-mcw407\/\",\"name\":\"[ Hikvision ] &#129351; Ds-mh1710-n1-s Clip De Metal Para Body Cam \/ Compatible Con Ds-mh2311 - Ds-mcw405 - Ds-mcw407\",\"isPartOf\":{\"@id\":\"https:\/\/compuviper.mx\/tienda\/#website\"},\"datePublished\":\"2026-04-02T05:08:34+00:00\",\"dateModified\":\"2026-04-02T05:08:34+00:00\",\"description\":\"Compra Ds-mh1710-n1-s Clip De Metal Para Body Cam \/ Compatible Con Ds-mh2311 - Ds-mcw405 - Ds-mcw407 + Env\u00edo a domicilio + Pago seguro + Garant\u00eda\",\"breadcrumb\":{\"@id\":\"https:\/\/compuviper.mx\/tienda\/producto\/hikvision-ds-mh1710-n1-s-clip-de-metal-para-body-cam-compatible-con-ds-mh2311-ds-mcw405-ds-mcw407\/#breadcrumb\"},\"inLanguage\":\"es-MX\",\"potentialAction\":[{\"@type\":\"ReadAction\",\"target\":[\"https:\/\/compuviper.mx\/tienda\/producto\/hikvision-ds-mh1710-n1-s-clip-de-metal-para-body-cam-compatible-con-ds-mh2311-ds-mcw405-ds-mcw407\/\"]}]},{\"@type\":\"BreadcrumbList\",\"@id\":\"https:\/\/compuviper.mx\/tienda\/producto\/hikvision-ds-mh1710-n1-s-clip-de-metal-para-body-cam-compatible-con-ds-mh2311-ds-mcw405-ds-mcw407\/#breadcrumb\",\"itemListElement\":[{\"@type\":\"ListItem\",\"position\":1,\"name\":\"Inicio\",\"item\":\"https:\/\/compuviper.mx\/tienda\/\"},{\"@type\":\"ListItem\",\"position\":2,\"name\":\"Productos\",\"item\":\"https:\/\/compuviper.mx\/tienda\/productos\/\"},{\"@type\":\"ListItem\",\"position\":3,\"name\":\"Accesorios\",\"item\":\"https:\/\/compuviper.mx\/tienda\/categoria-producto\/accesorios\/\"},{\"@type\":\"ListItem\",\"position\":4,\"name\":\"Clip\",\"item\":\"https:\/\/compuviper.mx\/tienda\/categoria-producto\/accesorios\/clip\/\"},{\"@type\":\"ListItem\",\"position\":5,\"name\":\"Hikvision Ds-mh1710-n1-s Clip De Metal Para Body Cam \/ Compatible Con Ds-mh2311 &#8211; Ds-mcw405 &#8211; Ds-mcw407\"}]},{\"@type\":\"WebSite\",\"@id\":\"https:\/\/compuviper.mx\/tienda\/#website\",\"url\":\"https:\/\/compuviper.mx\/tienda\/\",\"name\":\"Compuviper\",\"description\":\"Proveedor de Computadoras, Laptops, Servidores, Monitores, Puntos de Venta, Teclados,   Impresoras, T\u00f3ner, C\u00e1maras de Seguridad y m\u00e1s en tu tienda en l\u00ednea\",\"publisher\":{\"@id\":\"https:\/\/compuviper.mx\/tienda\/#organization\"},\"potentialAction\":[{\"@type\":\"SearchAction\",\"target\":{\"@type\":\"EntryPoint\",\"urlTemplate\":\"https:\/\/compuviper.mx\/tienda\/?s={search_term_string}\"},\"query-input\":\"required name=search_term_string\"}],\"inLanguage\":\"es-MX\"},{\"@type\":\"Organization\",\"@id\":\"https:\/\/compuviper.mx\/tienda\/#organization\",\"name\":\"Compuviper\",\"url\":\"https:\/\/compuviper.mx\/tienda\/\",\"logo\":{\"@type\":\"ImageObject\",\"inLanguage\":\"es-MX\",\"@id\":\"https:\/\/compuviper.mx\/tienda\/#\/schema\/logo\/image\/\",\"url\":\"https:\/\/compuviper.mx\/tienda\/wp-content\/uploads\/2021\/08\/Logo-Compuviper-10.png\",\"contentUrl\":\"https:\/\/compuviper.mx\/tienda\/wp-content\/uploads\/2021\/08\/Logo-Compuviper-10.png\",\"width\":1000,\"height\":500,\"caption\":\"Compuviper\"},\"image\":{\"@id\":\"https:\/\/compuviper.mx\/tienda\/#\/schema\/logo\/image\/\"},\"sameAs\":[\"https:\/\/www.facebook.com\/compuviper\",\"https:\/\/www.youtube.com\/channel\/UCf73dERp9Y3cfOq7q8BhLjA?view_as=subscriber\"]}]}<\/script>\n<meta property=\"product:brand\" content=\"HIKVISION\" \/>\n<meta property=\"product:price:amount\" content=\"404\" \/>\n<meta property=\"product:price:currency\" content=\"MXN\" \/>\n<meta property=\"og:availability\" content=\"backorder\" \/>\n<meta property=\"product:availability\" content=\"available for order\" \/>\n<meta property=\"product:retailer_item_id\" content=\"DS-MH1710-N1-S\" \/>\n<meta property=\"product:condition\" content=\"new\" \/>\n<!-- \/ Yoast SEO plugin. -->","yoast_head_json":{"title":"[ Hikvision ] &#129351; Ds-mh1710-n1-s Clip De Metal Para Body Cam \/ Compatible Con Ds-mh2311 - Ds-mcw405 - Ds-mcw407","description":"Compra Ds-mh1710-n1-s Clip De Metal Para Body Cam \/ Compatible Con Ds-mh2311 - Ds-mcw405 - Ds-mcw407 + Env\u00edo a domicilio + Pago seguro + Garant\u00eda","robots":{"index":"index","follow":"follow","max-snippet":"max-snippet:-1","max-image-preview":"max-image-preview:large","max-video-preview":"max-video-preview:-1"},"canonical":"https:\/\/compuviper.mx\/tienda\/producto\/hikvision-ds-mh1710-n1-s-clip-de-metal-para-body-cam-compatible-con-ds-mh2311-ds-mcw405-ds-mcw407\/","og_locale":"es_MX","og_type":"article","og_title":"[ Hikvision ] &#129351; Ds-mh1710-n1-s Clip De Metal Para Body Cam \/ Compatible Con Ds-mh2311 - Ds-mcw405 - Ds-mcw407","og_description":"Compra Ds-mh1710-n1-s Clip De Metal Para Body Cam \/ Compatible Con Ds-mh2311 - Ds-mcw405 - Ds-mcw407 + Env\u00edo a domicilio + Pago seguro + Garant\u00eda","og_url":"https:\/\/compuviper.mx\/tienda\/producto\/hikvision-ds-mh1710-n1-s-clip-de-metal-para-body-cam-compatible-con-ds-mh2311-ds-mcw405-ds-mcw407\/","og_site_name":"Compuviper","article_publisher":"https:\/\/www.facebook.com\/compuviper","og_image":[{"width":200,"height":200,"url":"https:\/\/compuviper.mx\/tienda\/wp-content\/uploads\/2023\/09\/Clip-de-metal-para-body-cam-compatible-con-ds-mh2311-ds-mcw405-ds-mcw407.jpg","type":"image\/jpeg"}],"twitter_card":"summary_large_image","twitter_misc":{"Precio":"&#36;404 con IVA","Availability":"On backorder"},"schema":{"@context":"https:\/\/schema.org","@graph":[{"@type":"WebPage","@id":"https:\/\/compuviper.mx\/tienda\/producto\/hikvision-ds-mh1710-n1-s-clip-de-metal-para-body-cam-compatible-con-ds-mh2311-ds-mcw405-ds-mcw407\/","url":"https:\/\/compuviper.mx\/tienda\/producto\/hikvision-ds-mh1710-n1-s-clip-de-metal-para-body-cam-compatible-con-ds-mh2311-ds-mcw405-ds-mcw407\/","name":"[ Hikvision ] &#129351; Ds-mh1710-n1-s Clip De Metal Para Body Cam \/ Compatible Con Ds-mh2311 - Ds-mcw405 - Ds-mcw407","isPartOf":{"@id":"https:\/\/compuviper.mx\/tienda\/#website"},"datePublished":"2026-04-02T05:08:34+00:00","dateModified":"2026-04-02T05:08:34+00:00","description":"Compra Ds-mh1710-n1-s Clip De Metal Para Body Cam \/ Compatible Con Ds-mh2311 - Ds-mcw405 - Ds-mcw407 + Env\u00edo a domicilio + Pago seguro + Garant\u00eda","breadcrumb":{"@id":"https:\/\/compuviper.mx\/tienda\/producto\/hikvision-ds-mh1710-n1-s-clip-de-metal-para-body-cam-compatible-con-ds-mh2311-ds-mcw405-ds-mcw407\/#breadcrumb"},"inLanguage":"es-MX","potentialAction":[{"@type":"ReadAction","target":["https:\/\/compuviper.mx\/tienda\/producto\/hikvision-ds-mh1710-n1-s-clip-de-metal-para-body-cam-compatible-con-ds-mh2311-ds-mcw405-ds-mcw407\/"]}]},{"@type":"BreadcrumbList","@id":"https:\/\/compuviper.mx\/tienda\/producto\/hikvision-ds-mh1710-n1-s-clip-de-metal-para-body-cam-compatible-con-ds-mh2311-ds-mcw405-ds-mcw407\/#breadcrumb","itemListElement":[{"@type":"ListItem","position":1,"name":"Inicio","item":"https:\/\/compuviper.mx\/tienda\/"},{"@type":"ListItem","position":2,"name":"Productos","item":"https:\/\/compuviper.mx\/tienda\/productos\/"},{"@type":"ListItem","position":3,"name":"Accesorios","item":"https:\/\/compuviper.mx\/tienda\/categoria-producto\/accesorios\/"},{"@type":"ListItem","position":4,"name":"Clip","item":"https:\/\/compuviper.mx\/tienda\/categoria-producto\/accesorios\/clip\/"},{"@type":"ListItem","position":5,"name":"Hikvision Ds-mh1710-n1-s Clip De Metal Para Body Cam \/ Compatible Con Ds-mh2311 &#8211; Ds-mcw405 &#8211; Ds-mcw407"}]},{"@type":"WebSite","@id":"https:\/\/compuviper.mx\/tienda\/#website","url":"https:\/\/compuviper.mx\/tienda\/","name":"Compuviper","description":"Proveedor de Computadoras, Laptops, Servidores, Monitores, Puntos de Venta, Teclados,   Impresoras, T\u00f3ner, C\u00e1maras de Seguridad y m\u00e1s en tu tienda en l\u00ednea","publisher":{"@id":"https:\/\/compuviper.mx\/tienda\/#organization"},"potentialAction":[{"@type":"SearchAction","target":{"@type":"EntryPoint","urlTemplate":"https:\/\/compuviper.mx\/tienda\/?s={search_term_string}"},"query-input":"required name=search_term_string"}],"inLanguage":"es-MX"},{"@type":"Organization","@id":"https:\/\/compuviper.mx\/tienda\/#organization","name":"Compuviper","url":"https:\/\/compuviper.mx\/tienda\/","logo":{"@type":"ImageObject","inLanguage":"es-MX","@id":"https:\/\/compuviper.mx\/tienda\/#\/schema\/logo\/image\/","url":"https:\/\/compuviper.mx\/tienda\/wp-content\/uploads\/2021\/08\/Logo-Compuviper-10.png","contentUrl":"https:\/\/compuviper.mx\/tienda\/wp-content\/uploads\/2021\/08\/Logo-Compuviper-10.png","width":1000,"height":500,"caption":"Compuviper"},"image":{"@id":"https:\/\/compuviper.mx\/tienda\/#\/schema\/logo\/image\/"},"sameAs":["https:\/\/www.facebook.com\/compuviper","https:\/\/www.youtube.com\/channel\/UCf73dERp9Y3cfOq7q8BhLjA?view_as=subscriber"]}]},"product_brand":"HIKVISION","product_price_amount":"404","product_price_currency":"MXN","og_availability":"backorder","product_availability":"available for order","product_retailer_item_id":"DS-MH1710-N1-S","product_condition":"new"},"_links":{"self":[{"href":"https:\/\/compuviper.mx\/tienda\/wp-json\/wp\/v2\/product\/153895"}],"collection":[{"href":"https:\/\/compuviper.mx\/tienda\/wp-json\/wp\/v2\/product"}],"about":[{"href":"https:\/\/compuviper.mx\/tienda\/wp-json\/wp\/v2\/types\/product"}],"replies":[{"embeddable":true,"href":"https:\/\/compuviper.mx\/tienda\/wp-json\/wp\/v2\/comments?post=153895"}],"wp:featuredmedia":[{"embeddable":true,"href":"https:\/\/compuviper.mx\/tienda\/wp-json\/wp\/v2\/media\/205653"}],"wp:attachment":[{"href":"https:\/\/compuviper.mx\/tienda\/wp-json\/wp\/v2\/media?parent=153895"}],"wp:term":[{"taxonomy":"product_cat","embeddable":true,"href":"https:\/\/compuviper.mx\/tienda\/wp-json\/wp\/v2\/product_cat?post=153895"},{"taxonomy":"product_tag","embeddable":true,"href":"https:\/\/compuviper.mx\/tienda\/wp-json\/wp\/v2\/product_tag?post=153895"}],"curies":[{"name":"wp","href":"https:\/\/api.w.org\/{rel}","templated":true}]}}