{"id":151987,"date":"2026-04-01T23:08:28","date_gmt":"2026-04-02T05:08:28","guid":{"rendered":"https:\/\/compuviper.mx\/tienda\/producto\/startech-com-mstmdp123hd-splitter-multiplicador-mst-mini-displayport-a-3-puertos-hdmi-hub-mst-adaptador-multimonitor-concentrador-mst-displayport-1-2-2x-4k-30hz-1x-1080p-windows-mod\/"},"modified":"2026-04-01T23:08:28","modified_gmt":"2026-04-02T05:08:28","slug":"startech-com-mstmdp123hd-splitter-multiplicador-mst-mini-displayport-a-3-puertos-hdmi-hub-mst-adaptador-multimonitor-concentrador-mst-displayport-1-2-2x-4k-30hz-1x-1080p-windows-mod","status":"publish","type":"product","link":"https:\/\/compuviper.mx\/tienda\/producto\/startech-com-mstmdp123hd-splitter-multiplicador-mst-mini-displayport-a-3-puertos-hdmi-hub-mst-adaptador-multimonitor-concentrador-mst-displayport-1-2-2x-4k-30hz-1x-1080p-windows-mod\/","title":{"rendered":"Startech.com Mstmdp123hd Splitter Multiplicador Mst Mini Displayport A 3 Puertos Hdmi &#8211; Hub Mst &#8211; Adaptador Multimonitor &#8211; Concentrador Mst Displayport 1.2 &#8211; 2x 4k 30hz &#8211; 1x 1080p &#8211; Windows &#8211;  Mod."},"content":{"rendered":"<table class=\"descripcion\">\n<tr>\n<td>Caracter\u00edsticas f\u00edsicas<\/td>\n<\/tr>\n<tr>\n<td>Peso: 120 g<\/td>\n<\/tr>\n<tr>\n<td>Color: negro<\/td>\n<\/tr>\n<tr>\n<td>Tipo de gabinete: pl\u00e1stico<\/td>\n<\/tr>\n<tr>\n<td>Longitud: 11.4 cm<\/td>\n<\/tr>\n<tr>\n<td>Ancho: 66 mm<\/td>\n<\/tr>\n<tr>\n<td>Altura: 1.4 cm<\/td>\n<\/tr>\n<tr>\n<td>Conector(es)<\/td>\n<\/tr>\n<tr>\n<td>Conector a: 1 &#8211; mini displayport (20 pines)<\/td>\n<\/tr>\n<tr>\n<td>Conector b: 3 &#8211; hdmi (19 pines)<\/td>\n<\/tr>\n<tr>\n<td>Hardware<\/td>\n<\/tr>\n<tr>\n<td>Adaptador: activo<\/td>\n<\/tr>\n<tr>\n<td>Entrada a\/v: mini displayport &#8211; 1.2<\/td>\n<\/tr>\n<tr>\n<td>Cantidad de puertos: 3<\/td>\n<\/tr>\n<tr>\n<td>Salida a\/v: hdmi &#8211; 1.4<\/td>\n<\/tr>\n<tr>\n<td>Soporte de audio: s\u00ed<\/td>\n<\/tr>\n<tr>\n<td>Id del conjunto de chips: megachips &#8211; stdp4320<\/td>\n<\/tr>\n<tr>\n<td>Rendimiento<\/td>\n<\/tr>\n<tr>\n<td>Especificaciones de audio: hdmi &#8211; 7.1 channel audio<\/td>\n<\/tr>\n<tr>\n<td>Maximum cable distance to display: 49.9 ft [15.2 m]<\/td>\n<\/tr>\n<tr>\n<td>Resoluci\u00f3n digital m\u00e1xima: 3840 x 2160 a 30hz<\/td>\n<\/tr>\n<tr>\n<td>Resoluciones admitidas:<\/td>\n<\/tr>\n<tr>\n<td>1024&#215;768<\/td>\n<\/tr>\n<tr>\n<td>1280&#215;720 (alta definici\u00f3n 720p)<\/td>\n<\/tr>\n<tr>\n<td>1920&#215;1080 (alta definici\u00f3n 1080p)<\/td>\n<\/tr>\n<tr>\n<td>1920&#215;1200<\/td>\n<\/tr>\n<tr>\n<td>2560&#215;1440<\/td>\n<\/tr>\n<tr>\n<td>2560&#215;1600<\/td>\n<\/tr>\n<tr>\n<td>3840 x 2160 (ultra hd 4k) a 30hz<\/td>\n<\/tr>\n<tr>\n<td>Pantalla plana soportada:s\u00ed<\/td>\n<\/tr>\n<tr>\n<td>Software<\/td>\n<\/tr>\n<tr>\n<td>Compatibilidad os: windows 11 \/ windows 10 (32\/64) \/ windows 8\/8.1 (32\/64) \/ windows 7(32\/64)<\/td>\n<\/tr>\n<\/table>\n","protected":false},"excerpt":{"rendered":"<p>Este concentrador mst le permite conectar tres monitores hdmi a su laptop equipada\u00a0con mini displayport. Mst funciona en cualquier dispositivo windows\u00ae compatible con displayport 1.2, como los modelos think pad de lenovo y surface de microsoft. Cuando el concentrador mst est\u00e1 conectado a versiones anteriores de displayport, como dp 1.1, funciona como multiplicador de video. Las generaciones m\u00e1s recientes de laptops son m\u00e1s port\u00e1tiles que nunca, aunque desafortunadamente esto significa que tienen menos salidas de video y una pantalla peque\u00f1a integrada. El concentrador mst resuelve estos problemas, ya que le permite conectar tres pantallas independientes a un solo puerto mdp de su computadora, lo cual facilita en gran medida el trabajo multitarea. Mediante el uso del concentrador mst es posible extender su escritorio a monitores adicionales y transmitir contenido independiente a cada pantalla.<\/p>\n","protected":false},"featured_media":152589,"comment_status":"open","ping_status":"open","template":"","meta":[],"product_cat":[1485,1506],"product_tag":[1590],"acf":[],"yoast_head":"<!-- This site is optimized with the Yoast SEO plugin v21.7 - https:\/\/yoast.com\/wordpress\/plugins\/seo\/ -->\n<title>[ Startech.com ] &#129351; Mstmdp123hd Splitter Multiplicador Mst Mini Displayport A 3 Puertos Hdmi - Hub Mst - Adaptador Multimonitor - Concentrador Mst Displayport 1.2 - 2x 4k 30hz - 1x 1080p - Windows - Mod.<\/title>\n<meta name=\"description\" content=\"Compra Mstmdp123hd Splitter Multiplicador Mst Mini Displayport A 3 Puertos Hdmi - Hub Mst - Adaptador Multimonitor - Concentrador Mst Displayport 1.2 - 2x 4k 30hz - 1x 1080p - Windows - Mod. + Env\u00edo a domicilio + Pago seguro + Garant\u00eda\" \/>\n<meta name=\"robots\" content=\"index, follow, max-snippet:-1, max-image-preview:large, max-video-preview:-1\" \/>\n<link rel=\"canonical\" href=\"https:\/\/compuviper.mx\/tienda\/producto\/startech-com-mstmdp123hd-splitter-multiplicador-mst-mini-displayport-a-3-puertos-hdmi-hub-mst-adaptador-multimonitor-concentrador-mst-displayport-1-2-2x-4k-30hz-1x-1080p-windows-mod\/\" \/>\n<meta property=\"og:locale\" content=\"es_MX\" \/>\n<meta property=\"og:type\" content=\"article\" \/>\n<meta property=\"og:title\" content=\"[ Startech.com ] &#129351; Mstmdp123hd Splitter Multiplicador Mst Mini Displayport A 3 Puertos Hdmi - Hub Mst - Adaptador Multimonitor - Concentrador Mst Displayport 1.2 - 2x 4k 30hz - 1x 1080p - Windows - Mod.\" \/>\n<meta property=\"og:description\" content=\"Compra Mstmdp123hd Splitter Multiplicador Mst Mini Displayport A 3 Puertos Hdmi - Hub Mst - Adaptador Multimonitor - Concentrador Mst Displayport 1.2 - 2x 4k 30hz - 1x 1080p - Windows - Mod. + Env\u00edo a domicilio + Pago seguro + Garant\u00eda\" \/>\n<meta property=\"og:url\" content=\"https:\/\/compuviper.mx\/tienda\/producto\/startech-com-mstmdp123hd-splitter-multiplicador-mst-mini-displayport-a-3-puertos-hdmi-hub-mst-adaptador-multimonitor-concentrador-mst-displayport-1-2-2x-4k-30hz-1x-1080p-windows-mod\/\" \/>\n<meta property=\"og:site_name\" content=\"Compuviper\" \/>\n<meta property=\"article:publisher\" content=\"https:\/\/www.facebook.com\/compuviper\" \/>\n<meta property=\"og:image\" content=\"https:\/\/compuviper.mx\/tienda\/wp-content\/uploads\/2022\/06\/Splitter-multiplicador-mst-mini-displayport-a-3-puertos-hdmi-hub-mst-adaptador-multimonitor-concentrador-mst-displayport-1.2-2x-4k-30hz-1x-1080p-windows-startech.com-mod.-mstmdp123hd.jpg\" \/>\n\t<meta property=\"og:image:width\" content=\"200\" \/>\n\t<meta property=\"og:image:height\" content=\"200\" \/>\n\t<meta property=\"og:image:type\" content=\"image\/jpeg\" \/>\n<meta name=\"twitter:card\" content=\"summary_large_image\" \/>\n<meta name=\"twitter:label1\" content=\"Precio\" \/>\n\t<meta name=\"twitter:data1\" content=\"&#36;1,560 con IVA\" \/>\n\t<meta name=\"twitter:label2\" content=\"Availability\" \/>\n\t<meta name=\"twitter:data2\" content=\"Out of stock\" \/>\n<script type=\"application\/ld+json\" class=\"yoast-schema-graph\">{\"@context\":\"https:\/\/schema.org\",\"@graph\":[{\"@type\":\"WebPage\",\"@id\":\"https:\/\/compuviper.mx\/tienda\/producto\/startech-com-mstmdp123hd-splitter-multiplicador-mst-mini-displayport-a-3-puertos-hdmi-hub-mst-adaptador-multimonitor-concentrador-mst-displayport-1-2-2x-4k-30hz-1x-1080p-windows-mod\/\",\"url\":\"https:\/\/compuviper.mx\/tienda\/producto\/startech-com-mstmdp123hd-splitter-multiplicador-mst-mini-displayport-a-3-puertos-hdmi-hub-mst-adaptador-multimonitor-concentrador-mst-displayport-1-2-2x-4k-30hz-1x-1080p-windows-mod\/\",\"name\":\"[ Startech.com ] &#129351; Mstmdp123hd Splitter Multiplicador Mst Mini Displayport A 3 Puertos Hdmi - Hub Mst - Adaptador Multimonitor - Concentrador Mst Displayport 1.2 - 2x 4k 30hz - 1x 1080p - Windows - Mod.\",\"isPartOf\":{\"@id\":\"https:\/\/compuviper.mx\/tienda\/#website\"},\"datePublished\":\"2026-04-02T05:08:28+00:00\",\"dateModified\":\"2026-04-02T05:08:28+00:00\",\"description\":\"Compra Mstmdp123hd Splitter Multiplicador Mst Mini Displayport A 3 Puertos Hdmi - Hub Mst - Adaptador Multimonitor - Concentrador Mst Displayport 1.2 - 2x 4k 30hz - 1x 1080p - Windows - Mod. + Env\u00edo a domicilio + Pago seguro + Garant\u00eda\",\"breadcrumb\":{\"@id\":\"https:\/\/compuviper.mx\/tienda\/producto\/startech-com-mstmdp123hd-splitter-multiplicador-mst-mini-displayport-a-3-puertos-hdmi-hub-mst-adaptador-multimonitor-concentrador-mst-displayport-1-2-2x-4k-30hz-1x-1080p-windows-mod\/#breadcrumb\"},\"inLanguage\":\"es-MX\",\"potentialAction\":[{\"@type\":\"ReadAction\",\"target\":[\"https:\/\/compuviper.mx\/tienda\/producto\/startech-com-mstmdp123hd-splitter-multiplicador-mst-mini-displayport-a-3-puertos-hdmi-hub-mst-adaptador-multimonitor-concentrador-mst-displayport-1-2-2x-4k-30hz-1x-1080p-windows-mod\/\"]}]},{\"@type\":\"BreadcrumbList\",\"@id\":\"https:\/\/compuviper.mx\/tienda\/producto\/startech-com-mstmdp123hd-splitter-multiplicador-mst-mini-displayport-a-3-puertos-hdmi-hub-mst-adaptador-multimonitor-concentrador-mst-displayport-1-2-2x-4k-30hz-1x-1080p-windows-mod\/#breadcrumb\",\"itemListElement\":[{\"@type\":\"ListItem\",\"position\":1,\"name\":\"Inicio\",\"item\":\"https:\/\/compuviper.mx\/tienda\/\"},{\"@type\":\"ListItem\",\"position\":2,\"name\":\"Productos\",\"item\":\"https:\/\/compuviper.mx\/tienda\/productos\/\"},{\"@type\":\"ListItem\",\"position\":3,\"name\":\"Accesorios\",\"item\":\"https:\/\/compuviper.mx\/tienda\/categoria-producto\/accesorios\/\"},{\"@type\":\"ListItem\",\"position\":4,\"name\":\"Conectividad\",\"item\":\"https:\/\/compuviper.mx\/tienda\/categoria-producto\/accesorios\/conectividad\/\"},{\"@type\":\"ListItem\",\"position\":5,\"name\":\"Startech.com Mstmdp123hd Splitter Multiplicador Mst Mini Displayport A 3 Puertos Hdmi &#8211; Hub Mst &#8211; Adaptador Multimonitor &#8211; Concentrador Mst Displayport 1.2 &#8211; 2x 4k 30hz &#8211; 1x 1080p &#8211; Windows &#8211; Mod.\"}]},{\"@type\":\"WebSite\",\"@id\":\"https:\/\/compuviper.mx\/tienda\/#website\",\"url\":\"https:\/\/compuviper.mx\/tienda\/\",\"name\":\"Compuviper\",\"description\":\"Proveedor de Computadoras, Laptops, Servidores, Monitores, Puntos de Venta, Teclados,   Impresoras, T\u00f3ner, C\u00e1maras de Seguridad y m\u00e1s en tu tienda en l\u00ednea\",\"publisher\":{\"@id\":\"https:\/\/compuviper.mx\/tienda\/#organization\"},\"potentialAction\":[{\"@type\":\"SearchAction\",\"target\":{\"@type\":\"EntryPoint\",\"urlTemplate\":\"https:\/\/compuviper.mx\/tienda\/?s={search_term_string}\"},\"query-input\":\"required name=search_term_string\"}],\"inLanguage\":\"es-MX\"},{\"@type\":\"Organization\",\"@id\":\"https:\/\/compuviper.mx\/tienda\/#organization\",\"name\":\"Compuviper\",\"url\":\"https:\/\/compuviper.mx\/tienda\/\",\"logo\":{\"@type\":\"ImageObject\",\"inLanguage\":\"es-MX\",\"@id\":\"https:\/\/compuviper.mx\/tienda\/#\/schema\/logo\/image\/\",\"url\":\"https:\/\/compuviper.mx\/tienda\/wp-content\/uploads\/2021\/08\/Logo-Compuviper-10.png\",\"contentUrl\":\"https:\/\/compuviper.mx\/tienda\/wp-content\/uploads\/2021\/08\/Logo-Compuviper-10.png\",\"width\":1000,\"height\":500,\"caption\":\"Compuviper\"},\"image\":{\"@id\":\"https:\/\/compuviper.mx\/tienda\/#\/schema\/logo\/image\/\"},\"sameAs\":[\"https:\/\/www.facebook.com\/compuviper\",\"https:\/\/www.youtube.com\/channel\/UCf73dERp9Y3cfOq7q8BhLjA?view_as=subscriber\"]}]}<\/script>\n<meta property=\"product:brand\" content=\"STARTECH.COM\" \/>\n<meta property=\"product:price:amount\" content=\"1560\" \/>\n<meta property=\"product:price:currency\" content=\"MXN\" \/>\n<meta property=\"og:availability\" content=\"out of stock\" \/>\n<meta property=\"product:availability\" content=\"out of stock\" \/>\n<meta property=\"product:retailer_item_id\" content=\"MSTMDP123HD\" \/>\n<meta property=\"product:condition\" content=\"new\" \/>\n<!-- \/ Yoast SEO plugin. -->","yoast_head_json":{"title":"[ Startech.com ] &#129351; Mstmdp123hd Splitter Multiplicador Mst Mini Displayport A 3 Puertos Hdmi - Hub Mst - Adaptador Multimonitor - Concentrador Mst Displayport 1.2 - 2x 4k 30hz - 1x 1080p - Windows - Mod.","description":"Compra Mstmdp123hd Splitter Multiplicador Mst Mini Displayport A 3 Puertos Hdmi - Hub Mst - Adaptador Multimonitor - Concentrador Mst Displayport 1.2 - 2x 4k 30hz - 1x 1080p - Windows - Mod. + Env\u00edo a domicilio + Pago seguro + Garant\u00eda","robots":{"index":"index","follow":"follow","max-snippet":"max-snippet:-1","max-image-preview":"max-image-preview:large","max-video-preview":"max-video-preview:-1"},"canonical":"https:\/\/compuviper.mx\/tienda\/producto\/startech-com-mstmdp123hd-splitter-multiplicador-mst-mini-displayport-a-3-puertos-hdmi-hub-mst-adaptador-multimonitor-concentrador-mst-displayport-1-2-2x-4k-30hz-1x-1080p-windows-mod\/","og_locale":"es_MX","og_type":"article","og_title":"[ Startech.com ] &#129351; Mstmdp123hd Splitter Multiplicador Mst Mini Displayport A 3 Puertos Hdmi - Hub Mst - Adaptador Multimonitor - Concentrador Mst Displayport 1.2 - 2x 4k 30hz - 1x 1080p - Windows - Mod.","og_description":"Compra Mstmdp123hd Splitter Multiplicador Mst Mini Displayport A 3 Puertos Hdmi - Hub Mst - Adaptador Multimonitor - Concentrador Mst Displayport 1.2 - 2x 4k 30hz - 1x 1080p - Windows - Mod. + Env\u00edo a domicilio + Pago seguro + Garant\u00eda","og_url":"https:\/\/compuviper.mx\/tienda\/producto\/startech-com-mstmdp123hd-splitter-multiplicador-mst-mini-displayport-a-3-puertos-hdmi-hub-mst-adaptador-multimonitor-concentrador-mst-displayport-1-2-2x-4k-30hz-1x-1080p-windows-mod\/","og_site_name":"Compuviper","article_publisher":"https:\/\/www.facebook.com\/compuviper","og_image":[{"width":200,"height":200,"url":"https:\/\/compuviper.mx\/tienda\/wp-content\/uploads\/2022\/06\/Splitter-multiplicador-mst-mini-displayport-a-3-puertos-hdmi-hub-mst-adaptador-multimonitor-concentrador-mst-displayport-1.2-2x-4k-30hz-1x-1080p-windows-startech.com-mod.-mstmdp123hd.jpg","type":"image\/jpeg"}],"twitter_card":"summary_large_image","twitter_misc":{"Precio":"&#36;1,560 con IVA","Availability":"Out of stock"},"schema":{"@context":"https:\/\/schema.org","@graph":[{"@type":"WebPage","@id":"https:\/\/compuviper.mx\/tienda\/producto\/startech-com-mstmdp123hd-splitter-multiplicador-mst-mini-displayport-a-3-puertos-hdmi-hub-mst-adaptador-multimonitor-concentrador-mst-displayport-1-2-2x-4k-30hz-1x-1080p-windows-mod\/","url":"https:\/\/compuviper.mx\/tienda\/producto\/startech-com-mstmdp123hd-splitter-multiplicador-mst-mini-displayport-a-3-puertos-hdmi-hub-mst-adaptador-multimonitor-concentrador-mst-displayport-1-2-2x-4k-30hz-1x-1080p-windows-mod\/","name":"[ Startech.com ] &#129351; Mstmdp123hd Splitter Multiplicador Mst Mini Displayport A 3 Puertos Hdmi - Hub Mst - Adaptador Multimonitor - Concentrador Mst Displayport 1.2 - 2x 4k 30hz - 1x 1080p - Windows - Mod.","isPartOf":{"@id":"https:\/\/compuviper.mx\/tienda\/#website"},"datePublished":"2026-04-02T05:08:28+00:00","dateModified":"2026-04-02T05:08:28+00:00","description":"Compra Mstmdp123hd Splitter Multiplicador Mst Mini Displayport A 3 Puertos Hdmi - Hub Mst - Adaptador Multimonitor - Concentrador Mst Displayport 1.2 - 2x 4k 30hz - 1x 1080p - Windows - Mod. + Env\u00edo a domicilio + Pago seguro + Garant\u00eda","breadcrumb":{"@id":"https:\/\/compuviper.mx\/tienda\/producto\/startech-com-mstmdp123hd-splitter-multiplicador-mst-mini-displayport-a-3-puertos-hdmi-hub-mst-adaptador-multimonitor-concentrador-mst-displayport-1-2-2x-4k-30hz-1x-1080p-windows-mod\/#breadcrumb"},"inLanguage":"es-MX","potentialAction":[{"@type":"ReadAction","target":["https:\/\/compuviper.mx\/tienda\/producto\/startech-com-mstmdp123hd-splitter-multiplicador-mst-mini-displayport-a-3-puertos-hdmi-hub-mst-adaptador-multimonitor-concentrador-mst-displayport-1-2-2x-4k-30hz-1x-1080p-windows-mod\/"]}]},{"@type":"BreadcrumbList","@id":"https:\/\/compuviper.mx\/tienda\/producto\/startech-com-mstmdp123hd-splitter-multiplicador-mst-mini-displayport-a-3-puertos-hdmi-hub-mst-adaptador-multimonitor-concentrador-mst-displayport-1-2-2x-4k-30hz-1x-1080p-windows-mod\/#breadcrumb","itemListElement":[{"@type":"ListItem","position":1,"name":"Inicio","item":"https:\/\/compuviper.mx\/tienda\/"},{"@type":"ListItem","position":2,"name":"Productos","item":"https:\/\/compuviper.mx\/tienda\/productos\/"},{"@type":"ListItem","position":3,"name":"Accesorios","item":"https:\/\/compuviper.mx\/tienda\/categoria-producto\/accesorios\/"},{"@type":"ListItem","position":4,"name":"Conectividad","item":"https:\/\/compuviper.mx\/tienda\/categoria-producto\/accesorios\/conectividad\/"},{"@type":"ListItem","position":5,"name":"Startech.com Mstmdp123hd Splitter Multiplicador Mst Mini Displayport A 3 Puertos Hdmi &#8211; Hub Mst &#8211; Adaptador Multimonitor &#8211; Concentrador Mst Displayport 1.2 &#8211; 2x 4k 30hz &#8211; 1x 1080p &#8211; Windows &#8211; Mod."}]},{"@type":"WebSite","@id":"https:\/\/compuviper.mx\/tienda\/#website","url":"https:\/\/compuviper.mx\/tienda\/","name":"Compuviper","description":"Proveedor de Computadoras, Laptops, Servidores, Monitores, Puntos de Venta, Teclados,   Impresoras, T\u00f3ner, C\u00e1maras de Seguridad y m\u00e1s en tu tienda en l\u00ednea","publisher":{"@id":"https:\/\/compuviper.mx\/tienda\/#organization"},"potentialAction":[{"@type":"SearchAction","target":{"@type":"EntryPoint","urlTemplate":"https:\/\/compuviper.mx\/tienda\/?s={search_term_string}"},"query-input":"required name=search_term_string"}],"inLanguage":"es-MX"},{"@type":"Organization","@id":"https:\/\/compuviper.mx\/tienda\/#organization","name":"Compuviper","url":"https:\/\/compuviper.mx\/tienda\/","logo":{"@type":"ImageObject","inLanguage":"es-MX","@id":"https:\/\/compuviper.mx\/tienda\/#\/schema\/logo\/image\/","url":"https:\/\/compuviper.mx\/tienda\/wp-content\/uploads\/2021\/08\/Logo-Compuviper-10.png","contentUrl":"https:\/\/compuviper.mx\/tienda\/wp-content\/uploads\/2021\/08\/Logo-Compuviper-10.png","width":1000,"height":500,"caption":"Compuviper"},"image":{"@id":"https:\/\/compuviper.mx\/tienda\/#\/schema\/logo\/image\/"},"sameAs":["https:\/\/www.facebook.com\/compuviper","https:\/\/www.youtube.com\/channel\/UCf73dERp9Y3cfOq7q8BhLjA?view_as=subscriber"]}]},"product_brand":"STARTECH.COM","product_price_amount":"1560","product_price_currency":"MXN","og_availability":"out of stock","product_availability":"out of stock","product_retailer_item_id":"MSTMDP123HD","product_condition":"new"},"_links":{"self":[{"href":"https:\/\/compuviper.mx\/tienda\/wp-json\/wp\/v2\/product\/151987"}],"collection":[{"href":"https:\/\/compuviper.mx\/tienda\/wp-json\/wp\/v2\/product"}],"about":[{"href":"https:\/\/compuviper.mx\/tienda\/wp-json\/wp\/v2\/types\/product"}],"replies":[{"embeddable":true,"href":"https:\/\/compuviper.mx\/tienda\/wp-json\/wp\/v2\/comments?post=151987"}],"wp:featuredmedia":[{"embeddable":true,"href":"https:\/\/compuviper.mx\/tienda\/wp-json\/wp\/v2\/media\/152589"}],"wp:attachment":[{"href":"https:\/\/compuviper.mx\/tienda\/wp-json\/wp\/v2\/media?parent=151987"}],"wp:term":[{"taxonomy":"product_cat","embeddable":true,"href":"https:\/\/compuviper.mx\/tienda\/wp-json\/wp\/v2\/product_cat?post=151987"},{"taxonomy":"product_tag","embeddable":true,"href":"https:\/\/compuviper.mx\/tienda\/wp-json\/wp\/v2\/product_tag?post=151987"}],"curies":[{"name":"wp","href":"https:\/\/api.w.org\/{rel}","templated":true}]}}