{"id":151986,"date":"2026-04-28T23:07:30","date_gmt":"2026-04-29T05:07:30","guid":{"rendered":"https:\/\/compuviper.mx\/tienda\/producto\/startech-com-m2-usb-c-nvme-sata-gabinete-externo-de-aluninio-usb-c-10gbps-a-nvme-m-2-o-ssd-m-2-sata-sin-herramientas-para-ssd-m-2-ngff-pcie-sata-cables-usb-c-o-usb-a-2230-2242-2260-2280-mod\/"},"modified":"2026-04-28T23:07:30","modified_gmt":"2026-04-29T05:07:30","slug":"startech-com-m2-usb-c-nvme-sata-gabinete-externo-usb-c-10gbps-a-nvme-m-2-o-ssd-m-2-sata-sin-herramientas-para-ssd-m-2-ngff-pcie-sata-de-aluminio-cables-usb-c-o-usb-a-2230-2242-2260-2280-mod","status":"publish","type":"product","link":"https:\/\/compuviper.mx\/tienda\/producto\/startech-com-m2-usb-c-nvme-sata-gabinete-externo-usb-c-10gbps-a-nvme-m-2-o-ssd-m-2-sata-sin-herramientas-para-ssd-m-2-ngff-pcie-sata-de-aluminio-cables-usb-c-o-usb-a-2230-2242-2260-2280-mod\/","title":{"rendered":"Startech.com M2-usb-c-nvme-sata Gabinete Externo Usb-c 10gbps A Nvme M.2 O Ssd M.2 Sata Sin Herramientas Para Ssd M.2 Ngff Pcie\/sata De Aluminio &#8211; Cables Usb C O Usb-a &#8211; 2230\/2242\/2260\/2280 &#8211;  Mod."},"content":{"rendered":"<table class=\"descripcion\">\n<tr>\n<td>Caracter\u00edsticas f\u00edsicas<\/td>\n<\/tr>\n<tr>\n<td>Color: gris espacial<\/td>\n<\/tr>\n<tr>\n<td>Altura: 1.4 cm<\/td>\n<\/tr>\n<tr>\n<td>Longitud: 10.5 cm<\/td>\n<\/tr>\n<tr>\n<td>Peso: 52.0 g<\/td>\n<\/tr>\n<tr>\n<td>Ancho: 3.5 cm<\/td>\n<\/tr>\n<tr>\n<td>Tipo de gabinete: aluminio<\/td>\n<\/tr>\n<tr>\n<td>Longitud del cable: 32 cm<\/td>\n<\/tr>\n<tr>\n<td>Conector(es)<\/td>\n<\/tr>\n<tr>\n<td>Conectores de la unidad: 1 &#8211; m.2 (pcie, sata, m-key, ngff)<\/td>\n<\/tr>\n<tr>\n<td>Conectores del host: 1 &#8211; usb 3.2 usb type c (10 pin, gen 2, 10 gbps)<\/td>\n<\/tr>\n<tr>\n<td>Hardware<\/td>\n<\/tr>\n<tr>\n<td>Interfaz: usb 3.2 gen 2<\/td>\n<\/tr>\n<tr>\n<td>Tipo de bus: usb 3.2 gen 2 10gbps<\/td>\n<\/tr>\n<tr>\n<td>Tama\u00f1o de la unidad: 22 mm &#8211; m.2 nvme<\/td>\n<\/tr>\n<tr>\n<td>Unidades compatibles: m.2 (pcie, nvme, m-key, ngff) \/ m.2 (sata, b+m-key, ngff)<\/td>\n<\/tr>\n<tr>\n<td>Instalaci\u00f3n de la unidad: fijo<\/td>\n<\/tr>\n<tr>\n<td>Altura(s) posible(s) de la unidad: 2230 \/ 2242 \/ 2260 \/ 2280<\/td>\n<\/tr>\n<tr>\n<td>Id del conjunto de chips: realtek &#8211; rtl9210b<\/td>\n<\/tr>\n<tr>\n<td>Observaciones \/ requisitos<\/td>\n<\/tr>\n<tr>\n<td>Nota: windows 7 y versiones anteriores de windows no son compatibles con trim en conjunto con dispositivos usb de almacenamiento.<\/td>\n<\/tr>\n<tr>\n<td>Rendimiento: tasa de transferencia de datos m\u00e1xima 10 gbps<\/td>\n<\/tr>\n<tr>\n<td>Compatibilidad con uasp: s\u00ed<\/td>\n<\/tr>\n<tr>\n<td>Trim support: s\u00ed<\/td>\n<\/tr>\n<tr>\n<td>4kn support: s\u00ed<\/td>\n<\/tr>\n<tr>\n<td>Tipo y velocidad: nvme (pcie gen 3)<\/td>\n<\/tr>\n<tr>\n<td>\u00edndice de inserci\u00f3n: usb-c: 10.000 ciclos \/ m.2: 60 ciclos<\/td>\n<\/tr>\n<\/table>\n","protected":false},"excerpt":{"rendered":"<p>Convierta su ssd pcie m.2 nvme o sata ahci m.2 en una soluci\u00f3n de almacenamiento externo altamente port\u00e1til basada en usb. Esta carcasa cuenta con usb 3.1 gen 2 (10gbps) con soporte uasp  and  pcie 3.0 que ofrece velocidades reales de transferencia de datos de lectura\/escritura de hasta 1gb por segundo. Este gabinete, que funciona tanto con unidades basadas en pcie como en sata, garantiza la compatibilidad con muchas unidades m.2, admitiendo tanto unidades m-key (pcie) como b+m-key (sata) de tama\u00f1o 2230\/2242\/2260\/2280. La carcasa tambi\u00e9n es compatible con unidades basadas en pcie 4.0, con un rendimiento reducido de pcie 3.0. Usb 3.1 gen 2 de 10gbps (tambi\u00e9n conocido como usb 3.2 gen 2&#215;1) es compatible con  usb 3.1 gen 1 de 5gbps (tambi\u00e9n conocido como usb 3.0), usb 2.0 y usb 1.1.<\/p>\n","protected":false},"featured_media":152588,"comment_status":"open","ping_status":"open","template":"","meta":[],"product_cat":[1485,1519],"product_tag":[1590],"acf":[],"yoast_head":"<!-- This site is optimized with the Yoast SEO plugin v21.7 - https:\/\/yoast.com\/wordpress\/plugins\/seo\/ -->\n<title>[ Startech.com ] &#129351; M2-usb-c-nvme-sata Gabinete Externo Usb-c 10gbps A Nvme M.2 O Ssd M.2 Sata Sin Herramientas Para Ssd M.2 Ngff Pcie\/sata De Aluminio - Cables Usb C O Usb-a - 2230\/2242\/2260\/2280 - Mod.<\/title>\n<meta name=\"description\" content=\"Compra M2-usb-c-nvme-sata Gabinete Externo Usb-c 10gbps A Nvme M.2 O Ssd M.2 Sata Sin Herramientas Para Ssd M.2 Ngff Pcie\/sata De Aluminio - Cables Usb C O Usb-a - 2230\/2242\/2260\/2280 - Mod. + Env\u00edo a domicilio + Pago seguro + Garant\u00eda\" \/>\n<meta name=\"robots\" content=\"index, follow, max-snippet:-1, max-image-preview:large, max-video-preview:-1\" \/>\n<link rel=\"canonical\" href=\"https:\/\/compuviper.mx\/tienda\/producto\/startech-com-m2-usb-c-nvme-sata-gabinete-externo-usb-c-10gbps-a-nvme-m-2-o-ssd-m-2-sata-sin-herramientas-para-ssd-m-2-ngff-pcie-sata-de-aluminio-cables-usb-c-o-usb-a-2230-2242-2260-2280-mod\/\" \/>\n<meta property=\"og:locale\" content=\"es_MX\" \/>\n<meta property=\"og:type\" content=\"article\" \/>\n<meta property=\"og:title\" content=\"[ Startech.com ] &#129351; M2-usb-c-nvme-sata Gabinete Externo Usb-c 10gbps A Nvme M.2 O Ssd M.2 Sata Sin Herramientas Para Ssd M.2 Ngff Pcie\/sata De Aluminio - Cables Usb C O Usb-a - 2230\/2242\/2260\/2280 - Mod.\" \/>\n<meta property=\"og:description\" content=\"Compra M2-usb-c-nvme-sata Gabinete Externo Usb-c 10gbps A Nvme M.2 O Ssd M.2 Sata Sin Herramientas Para Ssd M.2 Ngff Pcie\/sata De Aluminio - Cables Usb C O Usb-a - 2230\/2242\/2260\/2280 - Mod. + Env\u00edo a domicilio + Pago seguro + Garant\u00eda\" \/>\n<meta property=\"og:url\" content=\"https:\/\/compuviper.mx\/tienda\/producto\/startech-com-m2-usb-c-nvme-sata-gabinete-externo-usb-c-10gbps-a-nvme-m-2-o-ssd-m-2-sata-sin-herramientas-para-ssd-m-2-ngff-pcie-sata-de-aluminio-cables-usb-c-o-usb-a-2230-2242-2260-2280-mod\/\" \/>\n<meta property=\"og:site_name\" content=\"Compuviper\" \/>\n<meta property=\"article:publisher\" content=\"https:\/\/www.facebook.com\/compuviper\" \/>\n<meta property=\"og:image\" content=\"https:\/\/compuviper.mx\/tienda\/wp-content\/uploads\/2022\/06\/Gabinete-externo-de-aluninio-usb-c-10gbps-a-nvme-m.2-o-ssd-m.2-sata-sin-herramientas-para-ssd-m.2-ngff-pciesata-cables-usb-c-o-usb-a-2230224222602280-startech.com-mod.-m2-usb-c-nvme-sata.jpg\" \/>\n\t<meta property=\"og:image:width\" content=\"200\" \/>\n\t<meta property=\"og:image:height\" content=\"200\" \/>\n\t<meta property=\"og:image:type\" content=\"image\/jpeg\" \/>\n<meta name=\"twitter:card\" content=\"summary_large_image\" \/>\n<meta name=\"twitter:label1\" content=\"Precio\" \/>\n\t<meta name=\"twitter:data1\" content=\"&#36;1,203 con IVA\" \/>\n\t<meta name=\"twitter:label2\" content=\"Availability\" \/>\n\t<meta name=\"twitter:data2\" content=\"Out of stock\" \/>\n<script type=\"application\/ld+json\" class=\"yoast-schema-graph\">{\"@context\":\"https:\/\/schema.org\",\"@graph\":[{\"@type\":\"WebPage\",\"@id\":\"https:\/\/compuviper.mx\/tienda\/producto\/startech-com-m2-usb-c-nvme-sata-gabinete-externo-usb-c-10gbps-a-nvme-m-2-o-ssd-m-2-sata-sin-herramientas-para-ssd-m-2-ngff-pcie-sata-de-aluminio-cables-usb-c-o-usb-a-2230-2242-2260-2280-mod\/\",\"url\":\"https:\/\/compuviper.mx\/tienda\/producto\/startech-com-m2-usb-c-nvme-sata-gabinete-externo-usb-c-10gbps-a-nvme-m-2-o-ssd-m-2-sata-sin-herramientas-para-ssd-m-2-ngff-pcie-sata-de-aluminio-cables-usb-c-o-usb-a-2230-2242-2260-2280-mod\/\",\"name\":\"[ Startech.com ] &#129351; M2-usb-c-nvme-sata Gabinete Externo Usb-c 10gbps A Nvme M.2 O Ssd M.2 Sata Sin Herramientas Para Ssd M.2 Ngff Pcie\/sata De Aluminio - Cables Usb C O Usb-a - 2230\/2242\/2260\/2280 - Mod.\",\"isPartOf\":{\"@id\":\"https:\/\/compuviper.mx\/tienda\/#website\"},\"datePublished\":\"2026-04-29T05:07:30+00:00\",\"dateModified\":\"2026-04-29T05:07:30+00:00\",\"description\":\"Compra M2-usb-c-nvme-sata Gabinete Externo Usb-c 10gbps A Nvme M.2 O Ssd M.2 Sata Sin Herramientas Para Ssd M.2 Ngff Pcie\/sata De Aluminio - Cables Usb C O Usb-a - 2230\/2242\/2260\/2280 - Mod. + Env\u00edo a domicilio + Pago seguro + Garant\u00eda\",\"breadcrumb\":{\"@id\":\"https:\/\/compuviper.mx\/tienda\/producto\/startech-com-m2-usb-c-nvme-sata-gabinete-externo-usb-c-10gbps-a-nvme-m-2-o-ssd-m-2-sata-sin-herramientas-para-ssd-m-2-ngff-pcie-sata-de-aluminio-cables-usb-c-o-usb-a-2230-2242-2260-2280-mod\/#breadcrumb\"},\"inLanguage\":\"es-MX\",\"potentialAction\":[{\"@type\":\"ReadAction\",\"target\":[\"https:\/\/compuviper.mx\/tienda\/producto\/startech-com-m2-usb-c-nvme-sata-gabinete-externo-usb-c-10gbps-a-nvme-m-2-o-ssd-m-2-sata-sin-herramientas-para-ssd-m-2-ngff-pcie-sata-de-aluminio-cables-usb-c-o-usb-a-2230-2242-2260-2280-mod\/\"]}]},{\"@type\":\"BreadcrumbList\",\"@id\":\"https:\/\/compuviper.mx\/tienda\/producto\/startech-com-m2-usb-c-nvme-sata-gabinete-externo-usb-c-10gbps-a-nvme-m-2-o-ssd-m-2-sata-sin-herramientas-para-ssd-m-2-ngff-pcie-sata-de-aluminio-cables-usb-c-o-usb-a-2230-2242-2260-2280-mod\/#breadcrumb\",\"itemListElement\":[{\"@type\":\"ListItem\",\"position\":1,\"name\":\"Inicio\",\"item\":\"https:\/\/compuviper.mx\/tienda\/\"},{\"@type\":\"ListItem\",\"position\":2,\"name\":\"Productos\",\"item\":\"https:\/\/compuviper.mx\/tienda\/productos\/\"},{\"@type\":\"ListItem\",\"position\":3,\"name\":\"Accesorios\",\"item\":\"https:\/\/compuviper.mx\/tienda\/categoria-producto\/accesorios\/\"},{\"@type\":\"ListItem\",\"position\":4,\"name\":\"Gabinete De Discos Duros\",\"item\":\"https:\/\/compuviper.mx\/tienda\/categoria-producto\/accesorios\/gabinete-de-discos-duros\/\"},{\"@type\":\"ListItem\",\"position\":5,\"name\":\"Startech.com M2-usb-c-nvme-sata Gabinete Externo Usb-c 10gbps A Nvme M.2 O Ssd M.2 Sata Sin Herramientas Para Ssd M.2 Ngff Pcie\/sata De Aluminio &#8211; Cables Usb C O Usb-a &#8211; 2230\/2242\/2260\/2280 &#8211; Mod.\"}]},{\"@type\":\"WebSite\",\"@id\":\"https:\/\/compuviper.mx\/tienda\/#website\",\"url\":\"https:\/\/compuviper.mx\/tienda\/\",\"name\":\"Compuviper\",\"description\":\"Proveedor de Computadoras, Laptops, Servidores, Monitores, Puntos de Venta, Teclados,   Impresoras, T\u00f3ner, C\u00e1maras de Seguridad y m\u00e1s en tu tienda en l\u00ednea\",\"publisher\":{\"@id\":\"https:\/\/compuviper.mx\/tienda\/#organization\"},\"potentialAction\":[{\"@type\":\"SearchAction\",\"target\":{\"@type\":\"EntryPoint\",\"urlTemplate\":\"https:\/\/compuviper.mx\/tienda\/?s={search_term_string}\"},\"query-input\":\"required name=search_term_string\"}],\"inLanguage\":\"es-MX\"},{\"@type\":\"Organization\",\"@id\":\"https:\/\/compuviper.mx\/tienda\/#organization\",\"name\":\"Compuviper\",\"url\":\"https:\/\/compuviper.mx\/tienda\/\",\"logo\":{\"@type\":\"ImageObject\",\"inLanguage\":\"es-MX\",\"@id\":\"https:\/\/compuviper.mx\/tienda\/#\/schema\/logo\/image\/\",\"url\":\"https:\/\/compuviper.mx\/tienda\/wp-content\/uploads\/2021\/08\/Logo-Compuviper-10.png\",\"contentUrl\":\"https:\/\/compuviper.mx\/tienda\/wp-content\/uploads\/2021\/08\/Logo-Compuviper-10.png\",\"width\":1000,\"height\":500,\"caption\":\"Compuviper\"},\"image\":{\"@id\":\"https:\/\/compuviper.mx\/tienda\/#\/schema\/logo\/image\/\"},\"sameAs\":[\"https:\/\/www.facebook.com\/compuviper\",\"https:\/\/www.youtube.com\/channel\/UCf73dERp9Y3cfOq7q8BhLjA?view_as=subscriber\"]}]}<\/script>\n<meta property=\"product:brand\" content=\"STARTECH.COM\" \/>\n<meta property=\"product:price:amount\" content=\"1203\" \/>\n<meta property=\"product:price:currency\" content=\"MXN\" \/>\n<meta property=\"og:availability\" content=\"out of stock\" \/>\n<meta property=\"product:availability\" content=\"out of stock\" \/>\n<meta property=\"product:retailer_item_id\" content=\"M2-USB-C-NVME-SATA\" \/>\n<meta property=\"product:condition\" content=\"new\" \/>\n<!-- \/ Yoast SEO plugin. -->","yoast_head_json":{"title":"[ Startech.com ] &#129351; M2-usb-c-nvme-sata Gabinete Externo Usb-c 10gbps A Nvme M.2 O Ssd M.2 Sata Sin Herramientas Para Ssd M.2 Ngff Pcie\/sata De Aluminio - Cables Usb C O Usb-a - 2230\/2242\/2260\/2280 - Mod.","description":"Compra M2-usb-c-nvme-sata Gabinete Externo Usb-c 10gbps A Nvme M.2 O Ssd M.2 Sata Sin Herramientas Para Ssd M.2 Ngff Pcie\/sata De Aluminio - Cables Usb C O Usb-a - 2230\/2242\/2260\/2280 - Mod. + Env\u00edo a domicilio + Pago seguro + Garant\u00eda","robots":{"index":"index","follow":"follow","max-snippet":"max-snippet:-1","max-image-preview":"max-image-preview:large","max-video-preview":"max-video-preview:-1"},"canonical":"https:\/\/compuviper.mx\/tienda\/producto\/startech-com-m2-usb-c-nvme-sata-gabinete-externo-usb-c-10gbps-a-nvme-m-2-o-ssd-m-2-sata-sin-herramientas-para-ssd-m-2-ngff-pcie-sata-de-aluminio-cables-usb-c-o-usb-a-2230-2242-2260-2280-mod\/","og_locale":"es_MX","og_type":"article","og_title":"[ Startech.com ] &#129351; M2-usb-c-nvme-sata Gabinete Externo Usb-c 10gbps A Nvme M.2 O Ssd M.2 Sata Sin Herramientas Para Ssd M.2 Ngff Pcie\/sata De Aluminio - Cables Usb C O Usb-a - 2230\/2242\/2260\/2280 - Mod.","og_description":"Compra M2-usb-c-nvme-sata Gabinete Externo Usb-c 10gbps A Nvme M.2 O Ssd M.2 Sata Sin Herramientas Para Ssd M.2 Ngff Pcie\/sata De Aluminio - Cables Usb C O Usb-a - 2230\/2242\/2260\/2280 - Mod. + Env\u00edo a domicilio + Pago seguro + Garant\u00eda","og_url":"https:\/\/compuviper.mx\/tienda\/producto\/startech-com-m2-usb-c-nvme-sata-gabinete-externo-usb-c-10gbps-a-nvme-m-2-o-ssd-m-2-sata-sin-herramientas-para-ssd-m-2-ngff-pcie-sata-de-aluminio-cables-usb-c-o-usb-a-2230-2242-2260-2280-mod\/","og_site_name":"Compuviper","article_publisher":"https:\/\/www.facebook.com\/compuviper","og_image":[{"width":200,"height":200,"url":"https:\/\/compuviper.mx\/tienda\/wp-content\/uploads\/2022\/06\/Gabinete-externo-de-aluninio-usb-c-10gbps-a-nvme-m.2-o-ssd-m.2-sata-sin-herramientas-para-ssd-m.2-ngff-pciesata-cables-usb-c-o-usb-a-2230224222602280-startech.com-mod.-m2-usb-c-nvme-sata.jpg","type":"image\/jpeg"}],"twitter_card":"summary_large_image","twitter_misc":{"Precio":"&#36;1,203 con IVA","Availability":"Out of stock"},"schema":{"@context":"https:\/\/schema.org","@graph":[{"@type":"WebPage","@id":"https:\/\/compuviper.mx\/tienda\/producto\/startech-com-m2-usb-c-nvme-sata-gabinete-externo-usb-c-10gbps-a-nvme-m-2-o-ssd-m-2-sata-sin-herramientas-para-ssd-m-2-ngff-pcie-sata-de-aluminio-cables-usb-c-o-usb-a-2230-2242-2260-2280-mod\/","url":"https:\/\/compuviper.mx\/tienda\/producto\/startech-com-m2-usb-c-nvme-sata-gabinete-externo-usb-c-10gbps-a-nvme-m-2-o-ssd-m-2-sata-sin-herramientas-para-ssd-m-2-ngff-pcie-sata-de-aluminio-cables-usb-c-o-usb-a-2230-2242-2260-2280-mod\/","name":"[ Startech.com ] &#129351; M2-usb-c-nvme-sata Gabinete Externo Usb-c 10gbps A Nvme M.2 O Ssd M.2 Sata Sin Herramientas Para Ssd M.2 Ngff Pcie\/sata De Aluminio - Cables Usb C O Usb-a - 2230\/2242\/2260\/2280 - Mod.","isPartOf":{"@id":"https:\/\/compuviper.mx\/tienda\/#website"},"datePublished":"2026-04-29T05:07:30+00:00","dateModified":"2026-04-29T05:07:30+00:00","description":"Compra M2-usb-c-nvme-sata Gabinete Externo Usb-c 10gbps A Nvme M.2 O Ssd M.2 Sata Sin Herramientas Para Ssd M.2 Ngff Pcie\/sata De Aluminio - Cables Usb C O Usb-a - 2230\/2242\/2260\/2280 - Mod. + Env\u00edo a domicilio + Pago seguro + Garant\u00eda","breadcrumb":{"@id":"https:\/\/compuviper.mx\/tienda\/producto\/startech-com-m2-usb-c-nvme-sata-gabinete-externo-usb-c-10gbps-a-nvme-m-2-o-ssd-m-2-sata-sin-herramientas-para-ssd-m-2-ngff-pcie-sata-de-aluminio-cables-usb-c-o-usb-a-2230-2242-2260-2280-mod\/#breadcrumb"},"inLanguage":"es-MX","potentialAction":[{"@type":"ReadAction","target":["https:\/\/compuviper.mx\/tienda\/producto\/startech-com-m2-usb-c-nvme-sata-gabinete-externo-usb-c-10gbps-a-nvme-m-2-o-ssd-m-2-sata-sin-herramientas-para-ssd-m-2-ngff-pcie-sata-de-aluminio-cables-usb-c-o-usb-a-2230-2242-2260-2280-mod\/"]}]},{"@type":"BreadcrumbList","@id":"https:\/\/compuviper.mx\/tienda\/producto\/startech-com-m2-usb-c-nvme-sata-gabinete-externo-usb-c-10gbps-a-nvme-m-2-o-ssd-m-2-sata-sin-herramientas-para-ssd-m-2-ngff-pcie-sata-de-aluminio-cables-usb-c-o-usb-a-2230-2242-2260-2280-mod\/#breadcrumb","itemListElement":[{"@type":"ListItem","position":1,"name":"Inicio","item":"https:\/\/compuviper.mx\/tienda\/"},{"@type":"ListItem","position":2,"name":"Productos","item":"https:\/\/compuviper.mx\/tienda\/productos\/"},{"@type":"ListItem","position":3,"name":"Accesorios","item":"https:\/\/compuviper.mx\/tienda\/categoria-producto\/accesorios\/"},{"@type":"ListItem","position":4,"name":"Gabinete De Discos Duros","item":"https:\/\/compuviper.mx\/tienda\/categoria-producto\/accesorios\/gabinete-de-discos-duros\/"},{"@type":"ListItem","position":5,"name":"Startech.com M2-usb-c-nvme-sata Gabinete Externo Usb-c 10gbps A Nvme M.2 O Ssd M.2 Sata Sin Herramientas Para Ssd M.2 Ngff Pcie\/sata De Aluminio &#8211; Cables Usb C O Usb-a &#8211; 2230\/2242\/2260\/2280 &#8211; Mod."}]},{"@type":"WebSite","@id":"https:\/\/compuviper.mx\/tienda\/#website","url":"https:\/\/compuviper.mx\/tienda\/","name":"Compuviper","description":"Proveedor de Computadoras, Laptops, Servidores, Monitores, Puntos de Venta, Teclados,   Impresoras, T\u00f3ner, C\u00e1maras de Seguridad y m\u00e1s en tu tienda en l\u00ednea","publisher":{"@id":"https:\/\/compuviper.mx\/tienda\/#organization"},"potentialAction":[{"@type":"SearchAction","target":{"@type":"EntryPoint","urlTemplate":"https:\/\/compuviper.mx\/tienda\/?s={search_term_string}"},"query-input":"required name=search_term_string"}],"inLanguage":"es-MX"},{"@type":"Organization","@id":"https:\/\/compuviper.mx\/tienda\/#organization","name":"Compuviper","url":"https:\/\/compuviper.mx\/tienda\/","logo":{"@type":"ImageObject","inLanguage":"es-MX","@id":"https:\/\/compuviper.mx\/tienda\/#\/schema\/logo\/image\/","url":"https:\/\/compuviper.mx\/tienda\/wp-content\/uploads\/2021\/08\/Logo-Compuviper-10.png","contentUrl":"https:\/\/compuviper.mx\/tienda\/wp-content\/uploads\/2021\/08\/Logo-Compuviper-10.png","width":1000,"height":500,"caption":"Compuviper"},"image":{"@id":"https:\/\/compuviper.mx\/tienda\/#\/schema\/logo\/image\/"},"sameAs":["https:\/\/www.facebook.com\/compuviper","https:\/\/www.youtube.com\/channel\/UCf73dERp9Y3cfOq7q8BhLjA?view_as=subscriber"]}]},"product_brand":"STARTECH.COM","product_price_amount":"1203","product_price_currency":"MXN","og_availability":"out of stock","product_availability":"out of stock","product_retailer_item_id":"M2-USB-C-NVME-SATA","product_condition":"new"},"_links":{"self":[{"href":"https:\/\/compuviper.mx\/tienda\/wp-json\/wp\/v2\/product\/151986"}],"collection":[{"href":"https:\/\/compuviper.mx\/tienda\/wp-json\/wp\/v2\/product"}],"about":[{"href":"https:\/\/compuviper.mx\/tienda\/wp-json\/wp\/v2\/types\/product"}],"replies":[{"embeddable":true,"href":"https:\/\/compuviper.mx\/tienda\/wp-json\/wp\/v2\/comments?post=151986"}],"wp:featuredmedia":[{"embeddable":true,"href":"https:\/\/compuviper.mx\/tienda\/wp-json\/wp\/v2\/media\/152588"}],"wp:attachment":[{"href":"https:\/\/compuviper.mx\/tienda\/wp-json\/wp\/v2\/media?parent=151986"}],"wp:term":[{"taxonomy":"product_cat","embeddable":true,"href":"https:\/\/compuviper.mx\/tienda\/wp-json\/wp\/v2\/product_cat?post=151986"},{"taxonomy":"product_tag","embeddable":true,"href":"https:\/\/compuviper.mx\/tienda\/wp-json\/wp\/v2\/product_tag?post=151986"}],"curies":[{"name":"wp","href":"https:\/\/api.w.org\/{rel}","templated":true}]}}