{"id":151939,"date":"2026-04-17T23:08:03","date_gmt":"2026-04-18T05:08:03","guid":{"rendered":"https:\/\/compuviper.mx\/tienda\/producto\/manhattan-462211-soporte-para-laptop-con-montaje-vesa-ajustable\/"},"modified":"2026-04-17T23:08:04","modified_gmt":"2026-04-18T05:08:04","slug":"manhattan-462211-soporte-laptop-p-vesa-4kg-11-17-instalacin-en-soporte-de-monitor","status":"publish","type":"product","link":"https:\/\/compuviper.mx\/tienda\/producto\/manhattan-462211-soporte-laptop-p-vesa-4kg-11-17-instalacin-en-soporte-de-monitor\/","title":{"rendered":"Manhattan 462211 Soporte Laptop,., P\/vesa 4kg, 11 17, Instalaci?n En Soporte De Monitor"},"content":{"rendered":"<table class=\"descripcion\">\n<tr>\n<td>Sostiene una laptop de 11 a 17 de hasta 4 kg (8,8 lbs.), se acopla al<\/td>\n<\/tr>\n<tr>\n<td>Soporte del monitor con est\u00e1ndares vesa 75&#215;75 y 100&#215;100,<\/td>\n<\/tr>\n<tr>\n<td>Optimiza tu espacio de trabajo y aumente la productividad elevando<\/td>\n<\/tr>\n<tr>\n<td>Tu laptop fuera de tu escritorio. llevarlo a la altura de los ojos le ayuda a lograr<\/td>\n<\/tr>\n<tr>\n<td>Una postura adecuada y a evitar la tensi\u00f3n en la espalda y el cuello. acopla el<\/td>\n<\/tr>\n<tr>\n<td>Soporte a un soporte para un solo monitor para poder utilizar la laptop de pie, o<\/td>\n<\/tr>\n<tr>\n<td>Ac\u00f3plalo a un soporte con dos brazos para crear una configuraci\u00f3n de doble<\/td>\n<\/tr>\n<tr>\n<td>Pantalla junto con otro monitor. dos pantallas evitar\u00e1n la necesidad de cambiar<\/td>\n<\/tr>\n<tr>\n<td>Entre aplicaciones, ahorrando tiempo. idealmente emparejado con los soportes<\/td>\n<\/tr>\n<tr>\n<td>De resorte de gas de movimiento completo (disponibles en manhattan), este<\/td>\n<\/tr>\n<tr>\n<td>Soporte de laptop permite colocar su laptop con la m\u00e1xima flexibilidad<\/td>\n<\/tr>\n<\/table>\n","protected":false},"excerpt":{"rendered":"<p>M\u00e1xima compatibilidad y seguridad. Este soporte para laptops se acopla a cualquier soporte compatible con vesa. 75&#215;75\/100&#215;100 y admite cualquier marca de laptop de 11 a 17 y hasta 4 kg. (8,8 lbs. ), como hp\u00ae, apple\u00ae macbook\u00ae pro \/ air, lenovo\u00ae thinkpad\u00ae, asus\u00ae. Dell\u00ae, acer\u00ae, lg\u00ae, msi\u00ae, samsung\u00ae y m\u00e1s. Es perfecto para entornos de trabajo. M\u00e1s peque\u00f1os, como los cub\u00edculos, ya que proporciona todo lo que necesita. Utilizando menos espacio. Ventana para que tu dispositivo se mantenga fresco. El dise\u00f1o abierto con una base en forma de x proporciona circulaci\u00f3n de aire. Para ayudar a que tu laptop se enfr\u00ede adecuadamente, lo que es mucho mejor. Para su hardware que ponerlo plano en un escritorio, una mesa o una superficie. De tela como un sof\u00e1. El flujo de aire libre ayudar\u00e1 a que su dispositivo funcione. Al m\u00e1ximo rendimiento sin sobrecalentarse. Features. Optimizador ergon\u00f3mico del espacio de trabajo que eleva la laptop del. Escritorio a la altura de los ojos. Se acopla al soporte del monitor con est\u00e1ndares vesa 75&#215;75 y. 100&#215;100. Soporte con brazos extensibles para una laptop de 11 a 17 de hasta 4. Kg (8,8 lbs.. Las almohadillas de goma evitan el deslizamiento y protegen el. Dispositivo de los ara\u00f1azos. Incluye correas de seguridad para una capa adicional de protecci\u00f3n. Dise\u00f1o abierto para aumentar el flujo de aire para mantener la laptop. Fresca y evitar el sobrecalentamiento. Construcci\u00f3n robusta de acero con recubrimiento de polvo antiest\u00e1tico instalaci\u00f3n f\u00e1cil y r\u00e1pida, toda la torniller\u00eda incluida. Ideal para su uso con los soportes para monitores con resorte de gas. Manhattan, disponibles por separado. Especificaciones. General. \u0095 certificaciones: rohs. \u0095 dimensiones (largo x ancho x alto): 235 x 305-440 x 58 mm (9,25 x. 12,01-17,32 x 2,28 pulgadas. \u0095 peso neto: 550 g (1.21 lbs.. \u0095 peso bruto: 850 g (1.87 lbs.. \u0095 materiales: acero y pl\u00e1stico. \u0095 est\u00e1ndares vesa: 75&#215;75, 100&#215;100. Contenido del paquete. \u0095 soporte para laptop con montaje vesa ajustable. \u0095 dos correas de seguridad. \u0095 piezas para montaje y herramienta<\/p>\n","protected":false},"featured_media":153239,"comment_status":"open","ping_status":"open","template":"","meta":[],"product_cat":[1485,1486],"product_tag":[1487],"acf":[],"yoast_head":"<!-- This site is optimized with the Yoast SEO plugin v21.7 - https:\/\/yoast.com\/wordpress\/plugins\/seo\/ -->\n<title>[ Manhattan ] &#129351; 462211 Soporte Laptop,., P\/vesa 4kg, 11 17, Instalaci\u00f3n En Soporte De Monitor<\/title>\n<meta name=\"description\" content=\"Compra 462211 Soporte Laptop,., P\/vesa 4kg, 11 17, Instalaci\u00f3n En Soporte De Monitor + Env\u00edo a domicilio + Pago seguro + Garant\u00eda\" \/>\n<meta name=\"robots\" content=\"index, follow, max-snippet:-1, max-image-preview:large, max-video-preview:-1\" \/>\n<link rel=\"canonical\" href=\"https:\/\/compuviper.mx\/tienda\/producto\/manhattan-462211-soporte-laptop-p-vesa-4kg-11-17-instalacin-en-soporte-de-monitor\/\" \/>\n<meta property=\"og:locale\" content=\"es_MX\" \/>\n<meta property=\"og:type\" content=\"article\" \/>\n<meta property=\"og:title\" content=\"[ Manhattan ] &#129351; 462211 Soporte Laptop,., P\/vesa 4kg, 11 17, Instalaci\u00f3n En Soporte De Monitor\" \/>\n<meta property=\"og:description\" content=\"Compra 462211 Soporte Laptop,., P\/vesa 4kg, 11 17, Instalaci\u00f3n En Soporte De Monitor + Env\u00edo a domicilio + Pago seguro + Garant\u00eda\" \/>\n<meta property=\"og:url\" content=\"https:\/\/compuviper.mx\/tienda\/producto\/manhattan-462211-soporte-laptop-p-vesa-4kg-11-17-instalacin-en-soporte-de-monitor\/\" \/>\n<meta property=\"og:site_name\" content=\"Compuviper\" \/>\n<meta property=\"article:publisher\" content=\"https:\/\/www.facebook.com\/compuviper\" \/>\n<meta property=\"article:modified_time\" content=\"2026-04-18T05:08:04+00:00\" \/>\n<meta property=\"og:image\" content=\"https:\/\/compuviper.mx\/tienda\/wp-content\/uploads\/2022\/07\/Soporte-para-laptop-con-montaje-vesa-ajustable.jpg\" \/>\n\t<meta property=\"og:image:width\" content=\"200\" \/>\n\t<meta property=\"og:image:height\" content=\"200\" \/>\n\t<meta property=\"og:image:type\" content=\"image\/jpeg\" \/>\n<meta name=\"twitter:card\" content=\"summary_large_image\" \/>\n<meta name=\"twitter:label1\" content=\"Precio\" \/>\n\t<meta name=\"twitter:data1\" content=\"&#36;381 con IVA\" \/>\n\t<meta name=\"twitter:label2\" content=\"Availability\" \/>\n\t<meta name=\"twitter:data2\" content=\"In stock\" \/>\n<script type=\"application\/ld+json\" class=\"yoast-schema-graph\">{\"@context\":\"https:\/\/schema.org\",\"@graph\":[{\"@type\":\"WebPage\",\"@id\":\"https:\/\/compuviper.mx\/tienda\/producto\/manhattan-462211-soporte-laptop-p-vesa-4kg-11-17-instalacin-en-soporte-de-monitor\/\",\"url\":\"https:\/\/compuviper.mx\/tienda\/producto\/manhattan-462211-soporte-laptop-p-vesa-4kg-11-17-instalacin-en-soporte-de-monitor\/\",\"name\":\"[ Manhattan ] &#129351; 462211 Soporte Laptop,., P\/vesa 4kg, 11 17, Instalaci\u00f3n En Soporte De Monitor\",\"isPartOf\":{\"@id\":\"https:\/\/compuviper.mx\/tienda\/#website\"},\"datePublished\":\"2026-04-18T05:08:03+00:00\",\"dateModified\":\"2026-04-18T05:08:04+00:00\",\"description\":\"Compra 462211 Soporte Laptop,., P\/vesa 4kg, 11 17, Instalaci\u00f3n En Soporte De Monitor + Env\u00edo a domicilio + Pago seguro + Garant\u00eda\",\"breadcrumb\":{\"@id\":\"https:\/\/compuviper.mx\/tienda\/producto\/manhattan-462211-soporte-laptop-p-vesa-4kg-11-17-instalacin-en-soporte-de-monitor\/#breadcrumb\"},\"inLanguage\":\"es-MX\",\"potentialAction\":[{\"@type\":\"ReadAction\",\"target\":[\"https:\/\/compuviper.mx\/tienda\/producto\/manhattan-462211-soporte-laptop-p-vesa-4kg-11-17-instalacin-en-soporte-de-monitor\/\"]}]},{\"@type\":\"BreadcrumbList\",\"@id\":\"https:\/\/compuviper.mx\/tienda\/producto\/manhattan-462211-soporte-laptop-p-vesa-4kg-11-17-instalacin-en-soporte-de-monitor\/#breadcrumb\",\"itemListElement\":[{\"@type\":\"ListItem\",\"position\":1,\"name\":\"Inicio\",\"item\":\"https:\/\/compuviper.mx\/tienda\/\"},{\"@type\":\"ListItem\",\"position\":2,\"name\":\"Productos\",\"item\":\"https:\/\/compuviper.mx\/tienda\/productos\/\"},{\"@type\":\"ListItem\",\"position\":3,\"name\":\"Accesorios\",\"item\":\"https:\/\/compuviper.mx\/tienda\/categoria-producto\/accesorios\/\"},{\"@type\":\"ListItem\",\"position\":4,\"name\":\"Portatil\",\"item\":\"https:\/\/compuviper.mx\/tienda\/categoria-producto\/accesorios\/portatil\/\"},{\"@type\":\"ListItem\",\"position\":5,\"name\":\"Manhattan 462211 Soporte Laptop,., P\/vesa 4kg, 11 17, Instalaci?n En Soporte De Monitor\"}]},{\"@type\":\"WebSite\",\"@id\":\"https:\/\/compuviper.mx\/tienda\/#website\",\"url\":\"https:\/\/compuviper.mx\/tienda\/\",\"name\":\"Compuviper\",\"description\":\"Proveedor de Computadoras, Laptops, Servidores, Monitores, Puntos de Venta, Teclados,   Impresoras, T\u00f3ner, C\u00e1maras de Seguridad y m\u00e1s en tu tienda en l\u00ednea\",\"publisher\":{\"@id\":\"https:\/\/compuviper.mx\/tienda\/#organization\"},\"potentialAction\":[{\"@type\":\"SearchAction\",\"target\":{\"@type\":\"EntryPoint\",\"urlTemplate\":\"https:\/\/compuviper.mx\/tienda\/?s={search_term_string}\"},\"query-input\":\"required name=search_term_string\"}],\"inLanguage\":\"es-MX\"},{\"@type\":\"Organization\",\"@id\":\"https:\/\/compuviper.mx\/tienda\/#organization\",\"name\":\"Compuviper\",\"url\":\"https:\/\/compuviper.mx\/tienda\/\",\"logo\":{\"@type\":\"ImageObject\",\"inLanguage\":\"es-MX\",\"@id\":\"https:\/\/compuviper.mx\/tienda\/#\/schema\/logo\/image\/\",\"url\":\"https:\/\/compuviper.mx\/tienda\/wp-content\/uploads\/2021\/08\/Logo-Compuviper-10.png\",\"contentUrl\":\"https:\/\/compuviper.mx\/tienda\/wp-content\/uploads\/2021\/08\/Logo-Compuviper-10.png\",\"width\":1000,\"height\":500,\"caption\":\"Compuviper\"},\"image\":{\"@id\":\"https:\/\/compuviper.mx\/tienda\/#\/schema\/logo\/image\/\"},\"sameAs\":[\"https:\/\/www.facebook.com\/compuviper\",\"https:\/\/www.youtube.com\/channel\/UCf73dERp9Y3cfOq7q8BhLjA?view_as=subscriber\"]}]}<\/script>\n<meta property=\"product:brand\" content=\"MANHATTAN\" \/>\n<meta property=\"product:price:amount\" content=\"381\" \/>\n<meta property=\"product:price:currency\" content=\"MXN\" \/>\n<meta property=\"og:availability\" content=\"instock\" \/>\n<meta property=\"product:availability\" content=\"instock\" \/>\n<meta property=\"product:retailer_item_id\" content=\"462211\" \/>\n<meta property=\"product:condition\" content=\"new\" \/>\n<!-- \/ Yoast SEO plugin. -->","yoast_head_json":{"title":"[ Manhattan ] &#129351; 462211 Soporte Laptop,., P\/vesa 4kg, 11 17, Instalaci\u00f3n En Soporte De Monitor","description":"Compra 462211 Soporte Laptop,., P\/vesa 4kg, 11 17, Instalaci\u00f3n En Soporte De Monitor + Env\u00edo a domicilio + Pago seguro + Garant\u00eda","robots":{"index":"index","follow":"follow","max-snippet":"max-snippet:-1","max-image-preview":"max-image-preview:large","max-video-preview":"max-video-preview:-1"},"canonical":"https:\/\/compuviper.mx\/tienda\/producto\/manhattan-462211-soporte-laptop-p-vesa-4kg-11-17-instalacin-en-soporte-de-monitor\/","og_locale":"es_MX","og_type":"article","og_title":"[ Manhattan ] &#129351; 462211 Soporte Laptop,., P\/vesa 4kg, 11 17, Instalaci\u00f3n En Soporte De Monitor","og_description":"Compra 462211 Soporte Laptop,., P\/vesa 4kg, 11 17, Instalaci\u00f3n En Soporte De Monitor + Env\u00edo a domicilio + Pago seguro + Garant\u00eda","og_url":"https:\/\/compuviper.mx\/tienda\/producto\/manhattan-462211-soporte-laptop-p-vesa-4kg-11-17-instalacin-en-soporte-de-monitor\/","og_site_name":"Compuviper","article_publisher":"https:\/\/www.facebook.com\/compuviper","article_modified_time":"2026-04-18T05:08:04+00:00","og_image":[{"width":200,"height":200,"url":"https:\/\/compuviper.mx\/tienda\/wp-content\/uploads\/2022\/07\/Soporte-para-laptop-con-montaje-vesa-ajustable.jpg","type":"image\/jpeg"}],"twitter_card":"summary_large_image","twitter_misc":{"Precio":"&#36;381 con IVA","Availability":"In stock"},"schema":{"@context":"https:\/\/schema.org","@graph":[{"@type":"WebPage","@id":"https:\/\/compuviper.mx\/tienda\/producto\/manhattan-462211-soporte-laptop-p-vesa-4kg-11-17-instalacin-en-soporte-de-monitor\/","url":"https:\/\/compuviper.mx\/tienda\/producto\/manhattan-462211-soporte-laptop-p-vesa-4kg-11-17-instalacin-en-soporte-de-monitor\/","name":"[ Manhattan ] &#129351; 462211 Soporte Laptop,., P\/vesa 4kg, 11 17, Instalaci\u00f3n En Soporte De Monitor","isPartOf":{"@id":"https:\/\/compuviper.mx\/tienda\/#website"},"datePublished":"2026-04-18T05:08:03+00:00","dateModified":"2026-04-18T05:08:04+00:00","description":"Compra 462211 Soporte Laptop,., P\/vesa 4kg, 11 17, Instalaci\u00f3n En Soporte De Monitor + Env\u00edo a domicilio + Pago seguro + Garant\u00eda","breadcrumb":{"@id":"https:\/\/compuviper.mx\/tienda\/producto\/manhattan-462211-soporte-laptop-p-vesa-4kg-11-17-instalacin-en-soporte-de-monitor\/#breadcrumb"},"inLanguage":"es-MX","potentialAction":[{"@type":"ReadAction","target":["https:\/\/compuviper.mx\/tienda\/producto\/manhattan-462211-soporte-laptop-p-vesa-4kg-11-17-instalacin-en-soporte-de-monitor\/"]}]},{"@type":"BreadcrumbList","@id":"https:\/\/compuviper.mx\/tienda\/producto\/manhattan-462211-soporte-laptop-p-vesa-4kg-11-17-instalacin-en-soporte-de-monitor\/#breadcrumb","itemListElement":[{"@type":"ListItem","position":1,"name":"Inicio","item":"https:\/\/compuviper.mx\/tienda\/"},{"@type":"ListItem","position":2,"name":"Productos","item":"https:\/\/compuviper.mx\/tienda\/productos\/"},{"@type":"ListItem","position":3,"name":"Accesorios","item":"https:\/\/compuviper.mx\/tienda\/categoria-producto\/accesorios\/"},{"@type":"ListItem","position":4,"name":"Portatil","item":"https:\/\/compuviper.mx\/tienda\/categoria-producto\/accesorios\/portatil\/"},{"@type":"ListItem","position":5,"name":"Manhattan 462211 Soporte Laptop,., P\/vesa 4kg, 11 17, Instalaci?n En Soporte De Monitor"}]},{"@type":"WebSite","@id":"https:\/\/compuviper.mx\/tienda\/#website","url":"https:\/\/compuviper.mx\/tienda\/","name":"Compuviper","description":"Proveedor de Computadoras, Laptops, Servidores, Monitores, Puntos de Venta, Teclados,   Impresoras, T\u00f3ner, C\u00e1maras de Seguridad y m\u00e1s en tu tienda en l\u00ednea","publisher":{"@id":"https:\/\/compuviper.mx\/tienda\/#organization"},"potentialAction":[{"@type":"SearchAction","target":{"@type":"EntryPoint","urlTemplate":"https:\/\/compuviper.mx\/tienda\/?s={search_term_string}"},"query-input":"required name=search_term_string"}],"inLanguage":"es-MX"},{"@type":"Organization","@id":"https:\/\/compuviper.mx\/tienda\/#organization","name":"Compuviper","url":"https:\/\/compuviper.mx\/tienda\/","logo":{"@type":"ImageObject","inLanguage":"es-MX","@id":"https:\/\/compuviper.mx\/tienda\/#\/schema\/logo\/image\/","url":"https:\/\/compuviper.mx\/tienda\/wp-content\/uploads\/2021\/08\/Logo-Compuviper-10.png","contentUrl":"https:\/\/compuviper.mx\/tienda\/wp-content\/uploads\/2021\/08\/Logo-Compuviper-10.png","width":1000,"height":500,"caption":"Compuviper"},"image":{"@id":"https:\/\/compuviper.mx\/tienda\/#\/schema\/logo\/image\/"},"sameAs":["https:\/\/www.facebook.com\/compuviper","https:\/\/www.youtube.com\/channel\/UCf73dERp9Y3cfOq7q8BhLjA?view_as=subscriber"]}]},"product_brand":"MANHATTAN","product_price_amount":"381","product_price_currency":"MXN","og_availability":"instock","product_availability":"instock","product_retailer_item_id":"462211","product_condition":"new"},"_links":{"self":[{"href":"https:\/\/compuviper.mx\/tienda\/wp-json\/wp\/v2\/product\/151939"}],"collection":[{"href":"https:\/\/compuviper.mx\/tienda\/wp-json\/wp\/v2\/product"}],"about":[{"href":"https:\/\/compuviper.mx\/tienda\/wp-json\/wp\/v2\/types\/product"}],"replies":[{"embeddable":true,"href":"https:\/\/compuviper.mx\/tienda\/wp-json\/wp\/v2\/comments?post=151939"}],"wp:featuredmedia":[{"embeddable":true,"href":"https:\/\/compuviper.mx\/tienda\/wp-json\/wp\/v2\/media\/153239"}],"wp:attachment":[{"href":"https:\/\/compuviper.mx\/tienda\/wp-json\/wp\/v2\/media?parent=151939"}],"wp:term":[{"taxonomy":"product_cat","embeddable":true,"href":"https:\/\/compuviper.mx\/tienda\/wp-json\/wp\/v2\/product_cat?post=151939"},{"taxonomy":"product_tag","embeddable":true,"href":"https:\/\/compuviper.mx\/tienda\/wp-json\/wp\/v2\/product_tag?post=151939"}],"curies":[{"name":"wp","href":"https:\/\/api.w.org\/{rel}","templated":true}]}}